51.77.43.178 - - [10/Nov/2025:00:57:20 +0000] "GET /video/quang-cao-3d-khuyen-mai-100.html?fileloc=//proc/664/environ&path=//proc/664 HTTP/1.1" 200 2609 "-" "Mozilla/5.0 (compatible; MJ12bot/v1.4.8; http://mj12bot.com/)"
51.77.43.178 - - [10/Nov/2025:00:57:21 +0000] "GET /video/quang-cao-3d-khuyen-mai-100.html?fileloc=//proc/659/schedstat&path=//proc/659 HTTP/1.1" 200 2632 "-" "Mozilla/5.0 (compatible; MJ12bot/v1.4.8; http://mj12bot.com/)"
51.77.43.178 - - [10/Nov/2025:00:57:21 +0000] "GET /video/quang-cao-3d-khuyen-mai-100.html?fileloc=//proc/657/syscall&path=//proc/657 HTTP/1.1" 200 2608 "-" "Mozilla/5.0 (compatible; MJ12bot/v1.4.8; http://mj12bot.com/)"
51.77.43.178 - - [10/Nov/2025:00:57:22 +0000] "GET /video/quang-cao-3d-khuyen-mai-100.html?fileloc=//proc/664/comm&path=//proc/664 HTTP/1.1" 200 2609 "-" "Mozilla/5.0 (compatible; MJ12bot/v1.4.8; http://mj12bot.com/)"
74.7.227.189 - - [10/Nov/2025:00:57:22 +0000] "GET /?path=//sys/bus/node/devices/node0/memory5/subsystem/devices/memory2/node0/cpu0/driver/cpu0 HTTP/1.1" 200 3447 "-" "Mozilla/5.0 AppleWebKit/537.36 (KHTML, like Gecko; compatible; GPTBot/1.2; +https://openai.com/gptbot)"
74.7.227.51 - - [10/Nov/2025:00:57:22 +0000] "GET /166mzdaf3124.html?fileloc=/var/www/lamphim/data/logs/lamphimquangcao.net-backend.access.log.4.gz&path=/var/www/lamphim/data/logs HTTP/1.1" 200 2665 "-" "Mozilla/5.0 AppleWebKit/537.36 (KHTML, like Gecko; compatible; GPTBot/1.2; +https://openai.com/gptbot)"
51.77.43.178 - - [10/Nov/2025:00:57:22 +0000] "GET /video/quang-cao-3d-khuyen-mai-100.html?fileloc=//proc/664/oom_score&path=//proc/664 HTTP/1.1" 200 2613 "-" "Mozilla/5.0 (compatible; MJ12bot/v1.4.8; http://mj12bot.com/)"
51.77.43.178 - - [10/Nov/2025:00:57:23 +0000] "GET /video/quang-cao-3d-khuyen-mai-100.html?fileloc=//proc/659/arch_status&path=//proc/659 HTTP/1.1" 200 2608 "-" "Mozilla/5.0 (compatible; MJ12bot/v1.4.8; http://mj12bot.com/)"
18.208.11.93 - - [10/Nov/2025:00:57:24 +0000] "GET /our-works/tv-commercial/tvc-soffell-2/?path=//var/lib/initramfs-tools HTTP/1.1" 200 2988 "-" "Mozilla/5.0 AppleWebKit/537.36 (KHTML, like Gecko; compatible; Amazonbot/0.1; +https://developer.amazon.com/support/amazonbot) Chrome/119.0.6045.214 Safari/537.36"
51.77.43.178 - - [10/Nov/2025:00:57:25 +0000] "GET /video/quang-cao-3d-khuyen-mai-100.html?fileloc=//proc/661/smaps&path=//proc/661 HTTP/1.1" 200 2606 "-" "Mozilla/5.0 (compatible; MJ12bot/v1.4.8; http://mj12bot.com/)"
51.77.43.178 - - [10/Nov/2025:00:57:26 +0000] "GET /video/quang-cao-3d-khuyen-mai-100.html?fileloc=//proc/661/stat&path=//proc/661 HTTP/1.1" 200 2711 "-" "Mozilla/5.0 (compatible; MJ12bot/v1.4.8; http://mj12bot.com/)"
66.249.66.39 - - [10/Nov/2025:00:57:27 +0000] "GET /?products=1124160888 HTTP/1.1" 200 23523 "-" "Mozilla/5.0 (compatible; Googlebot/2.1; +http://www.google.com/bot.html)"
74.7.227.189 - - [10/Nov/2025:00:57:28 +0000] "GET /?path=//sys/bus/node/devices/node0/memory5/subsystem/devices/memory0/node0/cpu0/driver/cpu0/hotplug HTTP/1.1" 200 3128 "-" "Mozilla/5.0 AppleWebKit/537.36 (KHTML, like Gecko; compatible; GPTBot/1.2; +https://openai.com/gptbot)"
74.7.227.51 - - [10/Nov/2025:00:57:28 +0000] "GET /166mzdaf3124.html?fileloc=/var/www/lamphim/data/logs/lamphimquangcao.net-backend.access.log.3.gz&path=/var/www/lamphim/data/logs HTTP/1.1" 200 2665 "-" "Mozilla/5.0 AppleWebKit/537.36 (KHTML, like Gecko; compatible; GPTBot/1.2; +https://openai.com/gptbot)"
51.77.43.178 - - [10/Nov/2025:00:57:29 +0000] "GET /video/quang-cao-3d-khuyen-mai-100.html?fileloc=//proc/664/gid_map&path=//proc/664 HTTP/1.1" 200 2624 "-" "Mozilla/5.0 (compatible; MJ12bot/v1.4.8; http://mj12bot.com/)"
51.77.43.178 - - [10/Nov/2025:00:57:30 +0000] "GET /video/quang-cao-3d-khuyen-mai-100.html?fileloc=//proc/657/timerslack_ns&path=//proc/657 HTTP/1.1" 200 2611 "-" "Mozilla/5.0 (compatible; MJ12bot/v1.4.8; http://mj12bot.com/)"
51.77.43.178 - - [10/Nov/2025:00:57:32 +0000] "GET /video/quang-cao-3d-khuyen-mai-100.html?fileloc=//proc/664/coredump_filter&path=//proc/664 HTTP/1.1" 200 2619 "-" "Mozilla/5.0 (compatible; MJ12bot/v1.4.8; http://mj12bot.com/)"
44.215.210.112 - - [10/Nov/2025:00:57:33 +0000] "GET /our-works/tvc-relax-gaba/?path=//proc/self/root/mnt HTTP/1.1" 200 2674 "-" "Mozilla/5.0 AppleWebKit/537.36 (KHTML, like Gecko; compatible; Amazonbot/0.1; +https://developer.amazon.com/support/amazonbot) Chrome/119.0.6045.214 Safari/537.36"
51.77.43.178 - - [10/Nov/2025:00:57:34 +0000] "GET /video/quang-cao-3d-khuyen-mai-100.html?fileloc=//proc/664/oom_score_adj&path=//proc/664 HTTP/1.1" 200 2616 "-" "Mozilla/5.0 (compatible; MJ12bot/v1.4.8; http://mj12bot.com/)"
51.77.43.178 - - [10/Nov/2025:00:57:36 +0000] "GET /video/quang-cao-3d-khuyen-mai-100.html?fileloc=//proc/659/sessionid&path=//proc/659 HTTP/1.1" 200 2616 "-" "Mozilla/5.0 (compatible; MJ12bot/v1.4.8; http://mj12bot.com/)"
216.73.216.50 - - [10/Nov/2025:00:57:37 +0000] "GET /our-works/url%20=%3Cwidth%3Ex%3Cheight%3E%20%22optional%20title%22?path=%2F%2Fsys%2Fkernel%2Fslab%2Fvm_area_struct%2Fcgroup%2Fvm_area_struct%28890%3Afastpanel2.service%29 HTTP/1.1" 499 0 "-" "Mozilla/5.0 AppleWebKit/537.36 (KHTML, like Gecko; compatible; ClaudeBot/1.0; +claudebot@anthropic.com)"
51.77.43.178 - - [10/Nov/2025:00:57:37 +0000] "GET /video/quang-cao-3d-khuyen-mai-100.html?fileloc=//proc/661/oom_score_adj&path=//proc/661 HTTP/1.1" 200 2614 "-" "Mozilla/5.0 (compatible; MJ12bot/v1.4.8; http://mj12bot.com/)"
51.77.43.178 - - [10/Nov/2025:00:57:37 +0000] "GET /video/quang-cao-3d-khuyen-mai-100.html?fileloc=//proc/661/autogroup&path=//proc/661 HTTP/1.1" 200 2617 "-" "Mozilla/5.0 (compatible; MJ12bot/v1.4.8; http://mj12bot.com/)"
51.79.248.20 - - [10/Nov/2025:00:57:38 +0000] "GET /wp-content/upgrade-temp-backup/upgrade-temp-backup/index.php?ARRAY=7o2230223n313736323733393733382p2231223n22687474703n5p2s5p2s7n733634377631336o6s2r636p65726o742r70726s5p2s3s6p633q7068705s636s64655s6n6326743q313736323733363133382q3637616332646361323335616339393430393131393161306230393434353933222p2232223n226564386463313735326632393030396437393539336466386265323762333264222p2233223n226231616666386161376538363561333763653066363134633539323434666263222p226175746s5s66696p655s6r616q65223n6r756p6p2p226175746s5s70617373223n6r756p6p2p2262696r675s70617373223n2231362q33382q35382q36312q37332q38362q3239227q HTTP/1.0" 504 167 "-" "-"
3.235.215.92 - - [10/Nov/2025:00:57:38 +0000] "GET /our-works/tvc-relax-gaba/?path=//proc/self/root/mnt HTTP/1.1" 499 0 "-" "Mozilla/5.0 AppleWebKit/537.36 (KHTML, like Gecko; compatible; Amazonbot/0.1; +https://developer.amazon.com/support/amazonbot) Chrome/119.0.6045.214 Safari/537.36"
74.7.227.189 - - [10/Nov/2025:00:57:38 +0000] "GET /?path=//sys/bus/node/devices/node0/memory5/subsystem/devices/memory0/node0/cpu0/cache/index3 HTTP/1.1" 200 3451 "-" "Mozilla/5.0 AppleWebKit/537.36 (KHTML, like Gecko; compatible; GPTBot/1.2; +https://openai.com/gptbot)"
74.7.227.51 - - [10/Nov/2025:00:57:38 +0000] "GET /51iea40691.html?path=/var/www/lamphim/data HTTP/1.1" 200 3277 "-" "Mozilla/5.0 AppleWebKit/537.36 (KHTML, like Gecko; compatible; GPTBot/1.2; +https://openai.com/gptbot)"
51.77.43.178 - - [10/Nov/2025:00:57:39 +0000] "GET /video/quang-cao-3d-khuyen-mai-100.html?fileloc=//proc/661/smaps_rollup&path=//proc/661 HTTP/1.1" 200 2611 "-" "Mozilla/5.0 (compatible; MJ12bot/v1.4.8; http://mj12bot.com/)"
51.77.43.178 - - [10/Nov/2025:00:57:39 +0000] "GET /video/quang-cao-3d-khuyen-mai-100.html?fileloc=//proc/661/statm&path=//proc/661 HTTP/1.1" 200 2626 "-" "Mozilla/5.0 (compatible; MJ12bot/v1.4.8; http://mj12bot.com/)"
51.77.43.178 - - [10/Nov/2025:00:57:41 +0000] "GET /video/quang-cao-3d-khuyen-mai-100.html?fileloc=//proc/664/io&path=//proc/664 HTTP/1.1" 200 2605 "-" "Mozilla/5.0 (compatible; MJ12bot/v1.4.8; http://mj12bot.com/)"
51.77.43.178 - - [10/Nov/2025:00:57:41 +0000] "GET /video/quang-cao-3d-khuyen-mai-100.html?fileloc=//proc/657/uid_map&path=//proc/657 HTTP/1.1" 200 2624 "-" "Mozilla/5.0 (compatible; MJ12bot/v1.4.8; http://mj12bot.com/)"
34.227.156.153 - - [10/Nov/2025:00:57:41 +0000] "GET /our-works/intracom-riverside/?path=//usr/lib/software-properties HTTP/1.1" 200 2954 "-" "Mozilla/5.0 AppleWebKit/537.36 (KHTML, like Gecko; compatible; Amazonbot/0.1; +https://developer.amazon.com/support/amazonbot) Chrome/119.0.6045.214 Safari/537.36"
51.77.43.178 - - [10/Nov/2025:00:57:43 +0000] "GET /video/quang-cao-3d-khuyen-mai-100.html?fileloc=//proc/659/autogroup&path=//proc/659 HTTP/1.1" 200 2617 "-" "Mozilla/5.0 (compatible; MJ12bot/v1.4.8; http://mj12bot.com/)"
51.77.43.178 - - [10/Nov/2025:00:57:43 +0000] "GET /video/quang-cao-3d-khuyen-mai-100.html?fileloc=//proc/664/cpuset&path=//proc/664 HTTP/1.1" 200 2609 "-" "Mozilla/5.0 (compatible; MJ12bot/v1.4.8; http://mj12bot.com/)"
184.73.68.20 - - [10/Nov/2025:00:57:43 +0000] "GET /our-works/tvc-jokky/?fileloc=//sys/devices/cpu/type&path=//sys/devices/cpu HTTP/1.1" 200 2615 "-" "Mozilla/5.0 AppleWebKit/537.36 (KHTML, like Gecko; compatible; Amazonbot/0.1; +https://developer.amazon.com/support/amazonbot) Chrome/119.0.6045.214 Safari/537.36"
51.77.43.178 - - [10/Nov/2025:00:57:44 +0000] "GET /video/quang-cao-3d-khuyen-mai-100.html?fileloc=//proc/664/pagemap&path=//proc/664 HTTP/1.1" 200 2609 "-" "Mozilla/5.0 (compatible; MJ12bot/v1.4.8; http://mj12bot.com/)"
51.77.43.178 - - [10/Nov/2025:00:57:44 +0000] "GET /video/quang-cao-3d-khuyen-mai-100.html?fileloc=//proc/657/timers&path=//proc/657 HTTP/1.1" 200 2606 "-" "Mozilla/5.0 (compatible; MJ12bot/v1.4.8; http://mj12bot.com/)"
51.77.43.178 - - [10/Nov/2025:00:57:44 +0000] "GET /video/quang-cao-3d-khuyen-mai-100.html?fileloc=//proc/659/setgroups&path=//proc/659 HTTP/1.1" 200 2611 "-" "Mozilla/5.0 (compatible; MJ12bot/v1.4.8; http://mj12bot.com/)"
74.7.227.189 - - [10/Nov/2025:00:57:44 +0000] "GET /?path=//sys/bus/node/devices/node0/memory5/subsystem/devices/memory0/node0/cpu0/driver/cpu1/power HTTP/1.1" 200 3418 "-" "Mozilla/5.0 AppleWebKit/537.36 (KHTML, like Gecko; compatible; GPTBot/1.2; +https://openai.com/gptbot)"
74.7.227.51 - - [10/Nov/2025:00:57:45 +0000] "GET /81relo44877.html?path=/var/www/lamphim/data/tmp HTTP/1.1" 200 2969 "-" "Mozilla/5.0 AppleWebKit/537.36 (KHTML, like Gecko; compatible; GPTBot/1.2; +https://openai.com/gptbot)"
18.232.36.1 - - [10/Nov/2025:00:57:46 +0000] "GET /video/san-xuat-phim-quang-cao/?path=//run/snapd/lock HTTP/1.1" 200 3016 "-" "Mozilla/5.0 AppleWebKit/537.36 (KHTML, like Gecko; compatible; Amazonbot/0.1; +https://developer.amazon.com/support/amazonbot) Chrome/119.0.6045.214 Safari/537.36"
51.77.43.178 - - [10/Nov/2025:00:57:46 +0000] "GET /video/quang-cao-3d-khuyen-mai-100.html?fileloc=//proc/661/stack&path=//proc/661 HTTP/1.1" 200 2606 "-" "Mozilla/5.0 (compatible; MJ12bot/v1.4.8; http://mj12bot.com/)"
51.77.43.178 - - [10/Nov/2025:00:57:47 +0000] "GET /video/quang-cao-3d-khuyen-mai-100.html?fileloc=//proc/661/auxv&path=//proc/661 HTTP/1.1" 200 2606 "-" "Mozilla/5.0 (compatible; MJ12bot/v1.4.8; http://mj12bot.com/)"
51.77.43.178 - - [10/Nov/2025:00:57:47 +0000] "GET /video/quang-cao-3d-khuyen-mai-100.html?fileloc=//proc/661/pagemap&path=//proc/661 HTTP/1.1" 200 2607 "-" "Mozilla/5.0 (compatible; MJ12bot/v1.4.8; http://mj12bot.com/)"
51.77.43.178 - - [10/Nov/2025:00:57:47 +0000] "GET /video/quang-cao-3d-khuyen-mai-100.html?fileloc=//proc/664/limits&path=//proc/664 HTTP/1.1" 200 2871 "-" "Mozilla/5.0 (compatible; MJ12bot/v1.4.8; http://mj12bot.com/)"
3.232.82.72 - - [10/Nov/2025:00:57:47 +0000] "GET /video/san-xuat-phim-quang-cao/?path=//run/snapd/lock HTTP/1.1" 200 3016 "-" "Mozilla/5.0 AppleWebKit/537.36 (KHTML, like Gecko; compatible; Amazonbot/0.1; +https://developer.amazon.com/support/amazonbot) Chrome/119.0.6045.214 Safari/537.36"
51.77.43.178 - - [10/Nov/2025:00:57:48 +0000] "GET /video/quang-cao-3d-khuyen-mai-100.html?fileloc=//proc/659/arch_status&path=//proc/659 HTTP/1.1" 200 2608 "-" "Mozilla/5.0 (compatible; MJ12bot/v1.4.8; http://mj12bot.com/)"
74.7.227.189 - - [10/Nov/2025:00:57:50 +0000] "GET /?path=//sys/bus/node/devices/node0/memory1/subsystem/devices/memory6/node0/cpu0/cache/index2 HTTP/1.1" 200 3450 "-" "Mozilla/5.0 AppleWebKit/537.36 (KHTML, like Gecko; compatible; GPTBot/1.2; +https://openai.com/gptbot)"
51.77.43.178 - - [10/Nov/2025:00:57:51 +0000] "GET /video/quang-cao-3d-khuyen-mai-100.html?fileloc=//proc/661/status&path=//proc/661 HTTP/1.1" 200 3064 "-" "Mozilla/5.0 (compatible; MJ12bot/v1.4.8; http://mj12bot.com/)"
74.7.227.51 - - [10/Nov/2025:00:57:52 +0000] "GET /31hgd26535.html?path=/var/www/lamphim/data/tmp HTTP/1.1" 200 2969 "-" "Mozilla/5.0 AppleWebKit/537.36 (KHTML, like Gecko; compatible; GPTBot/1.2; +https://openai.com/gptbot)"
51.77.43.178 - - [10/Nov/2025:00:57:52 +0000] "GET /video/quang-cao-3d-khuyen-mai-100.html?fileloc=//proc/664/patch_state&path=//proc/664 HTTP/1.1" 200 2610 "-" "Mozilla/5.0 (compatible; MJ12bot/v1.4.8; http://mj12bot.com/)"
51.77.43.178 - - [10/Nov/2025:00:57:53 +0000] "GET /video/quang-cao-3d-khuyen-mai-100.html?fileloc=//proc/664/environ&path=//proc/664 HTTP/1.1" 200 2609 "-" "Mozilla/5.0 (compatible; MJ12bot/v1.4.8; http://mj12bot.com/)"
51.77.43.178 - - [10/Nov/2025:00:57:53 +0000] "GET /video/quang-cao-3d-khuyen-mai-100.html?fileloc=//proc/659/smaps&path=//proc/659 HTTP/1.1" 200 2605 "-" "Mozilla/5.0 (compatible; MJ12bot/v1.4.8; http://mj12bot.com/)"
216.73.216.50 - - [10/Nov/2025:00:57:54 +0000] "GET /our-works/phim-viral-nestle?path=%2F%2Flib%2Fmodules%2F5.4.0-216-generic%2Fbuild%2Finclude%2Fconfig%2Fsensors%2Frm3100 HTTP/1.1" 200 3041 "-" "Mozilla/5.0 AppleWebKit/537.36 (KHTML, like Gecko; compatible; ClaudeBot/1.0; +claudebot@anthropic.com)"
54.159.18.27 - - [10/Nov/2025:00:57:55 +0000] "GET /our-works/tvc-kimiko-bo-sung-prebiotics/?path=//var/lib/snapd/desktop HTTP/1.1" 200 3018 "-" "Mozilla/5.0 AppleWebKit/537.36 (KHTML, like Gecko; compatible; Amazonbot/0.1; +https://developer.amazon.com/support/amazonbot) Chrome/119.0.6045.214 Safari/537.36"
51.77.43.178 - - [10/Nov/2025:00:57:56 +0000] "GET /video/quang-cao-3d-khuyen-mai-100.html?fileloc=//proc/661/stat&path=//proc/661 HTTP/1.1" 200 2711 "-" "Mozilla/5.0 (compatible; MJ12bot/v1.4.8; http://mj12bot.com/)"
51.77.43.178 - - [10/Nov/2025:00:57:58 +0000] "GET /video/quang-cao-3d-khuyen-mai-100.html?fileloc=//proc/661/patch_state&path=//proc/661 HTTP/1.1" 200 2609 "-" "Mozilla/5.0 (compatible; MJ12bot/v1.4.8; http://mj12bot.com/)"
92.222.104.213 - - [10/Nov/2025:00:57:59 +0000] "GET /?sitemap692.xml HTTP/1.1" 200 4204 "-" "Mozilla/5.0 (compatible; AhrefsBot/7.0; +http://ahrefs.com/robot/)"
74.7.227.189 - - [10/Nov/2025:00:58:01 +0000] "GET /?path=//sys/bus/node/devices/node0/memory5/subsystem/devices/memory2/node0/cpu0/driver/cpu0/topology HTTP/1.1" 200 3459 "-" "Mozilla/5.0 AppleWebKit/537.36 (KHTML, like Gecko; compatible; GPTBot/1.2; +https://openai.com/gptbot)"
100.24.167.60 - - [10/Nov/2025:00:58:02 +0000] "GET /our-works/tvc-kimiko-bo-sung-prebiotics/?path=//sys/class/input/input3 HTTP/1.1" 200 3372 "-" "Mozilla/5.0 AppleWebKit/537.36 (KHTML, like Gecko; compatible; Amazonbot/0.1; +https://developer.amazon.com/support/amazonbot) Chrome/119.0.6045.214 Safari/537.36"
51.77.43.178 - - [10/Nov/2025:00:58:02 +0000] "GET /video/quang-cao-3d-khuyen-mai-100.html?fileloc=//proc/664/loginuid&path=//proc/664 HTTP/1.1" 200 2619 "-" "Mozilla/5.0 (compatible; MJ12bot/v1.4.8; http://mj12bot.com/)"
51.79.248.20 - - [10/Nov/2025:00:58:03 +0000] "GET /wp-content/upgrade-temp-backup/upgrade-temp-backup/index.php?ARRAY=7o2230223n313736323733393736332p2231223n22687474703n5p2s5p2s7n733634377631336o6s2r636p65726o742r70726s5p2s3s6p633q7068705s636s64655s6n6326743q313736323733363136332q3932393031316430663131633766623530313730666561356335316430343936222p2232223n226564386463313735326632393030396437393539336466386265323762333264222p2233223n226231616666386161376538363561333763653066363134633539323434666263222p226175746s5s66696p655s6r616q65223n6r756p6p2p226175746s5s70617373223n6r756p6p2p2262696r675s70617373223n2231362q33382q35382q36312q37332q38362q3239227q HTTP/1.0" 504 167 "-" "-"
74.7.227.51 - - [10/Nov/2025:00:58:03 +0000] "GET /78spm40910.html?path=/var/www/lamphim/data/php-bin HTTP/1.1" 200 2695 "-" "Mozilla/5.0 AppleWebKit/537.36 (KHTML, like Gecko; compatible; GPTBot/1.2; +https://openai.com/gptbot)"
51.77.43.178 - - [10/Nov/2025:00:58:03 +0000] "GET /video/quang-cao-3d-khuyen-mai-100.html?fileloc=//proc/661/cgroup&path=//proc/661 HTTP/1.1" 200 2736 "-" "Mozilla/5.0 (compatible; MJ12bot/v1.4.8; http://mj12bot.com/)"
51.77.43.178 - - [10/Nov/2025:00:58:03 +0000] "GET /video/quang-cao-3d-khuyen-mai-100.html?fileloc=//proc/664/personality&path=//proc/664 HTTP/1.1" 200 2611 "-" "Mozilla/5.0 (compatible; MJ12bot/v1.4.8; http://mj12bot.com/)"
51.77.43.178 - - [10/Nov/2025:00:58:03 +0000] "GET /video/quang-cao-3d-khuyen-mai-100.html?fileloc=//proc/664/gid_map&path=//proc/664 HTTP/1.1" 500 0 "-" "Mozilla/5.0 (compatible; MJ12bot/v1.4.8; http://mj12bot.com/)"
51.77.43.178 - - [10/Nov/2025:00:58:04 +0000] "GET /video/quang-cao-3d-khuyen-mai-100.html?fileloc=//proc/659/autogroup&path=//proc/659 HTTP/1.1" 200 2617 "-" "Mozilla/5.0 (compatible; MJ12bot/v1.4.8; http://mj12bot.com/)"
51.77.43.178 - - [10/Nov/2025:00:58:04 +0000] "GET /video/quang-cao-3d-khuyen-mai-100.html?fileloc=//proc/659/auxv&path=//proc/659 HTTP/1.1" 200 2605 "-" "Mozilla/5.0 (compatible; MJ12bot/v1.4.8; http://mj12bot.com/)"
51.77.43.178 - - [10/Nov/2025:00:58:04 +0000] "GET /video/quang-cao-3d-khuyen-mai-100.html?fileloc=//proc/659/smaps_rollup&path=//proc/659 HTTP/1.1" 200 2611 "-" "Mozilla/5.0 (compatible; MJ12bot/v1.4.8; http://mj12bot.com/)"
44.209.35.147 - - [10/Nov/2025:00:58:05 +0000] "GET /our-works/tvc-calci/?path=//usr/share/bug/mdadm HTTP/1.1" 200 2951 "-" "Mozilla/5.0 AppleWebKit/537.36 (KHTML, like Gecko; compatible; Amazonbot/0.1; +https://developer.amazon.com/support/amazonbot) Chrome/119.0.6045.214 Safari/537.36"
51.77.43.178 - - [10/Nov/2025:00:58:05 +0000] "GET /video/quang-cao-3d-khuyen-mai-100.html?fileloc=//proc/661/syscall&path=//proc/661 HTTP/1.1" 200 2608 "-" "Mozilla/5.0 (compatible; MJ12bot/v1.4.8; http://mj12bot.com/)"
51.77.43.178 - - [10/Nov/2025:00:58:05 +0000] "GET /video/quang-cao-3d-khuyen-mai-100.html?fileloc=//proc/661/statm&path=//proc/661 HTTP/1.1" 200 2625 "-" "Mozilla/5.0 (compatible; MJ12bot/v1.4.8; http://mj12bot.com/)"
51.77.43.178 - - [10/Nov/2025:00:58:05 +0000] "GET /video/quang-cao-3d-khuyen-mai-100.html?fileloc=//proc/657/timerslack_ns&path=//proc/657 HTTP/1.1" 200 2611 "-" "Mozilla/5.0 (compatible; MJ12bot/v1.4.8; http://mj12bot.com/)"
52.207.47.227 - - [10/Nov/2025:00:58:07 +0000] "GET /our-works/tvc-relax-gaba/?path=//usr/share/doc/initramfs-tools-bin HTTP/1.1" 200 3072 "-" "Mozilla/5.0 AppleWebKit/537.36 (KHTML, like Gecko; compatible; Amazonbot/0.1; +https://developer.amazon.com/support/amazonbot) Chrome/119.0.6045.214 Safari/537.36"
52.167.144.150 - - [10/Nov/2025:00:58:07 +0000] "GET /?_g=363699 HTTP/1.1" 200 24978 "-" "Mozilla/5.0 AppleWebKit/537.36 (KHTML, like Gecko; compatible; bingbot/2.0; +http://www.bing.com/bingbot.htm) Chrome/116.0.1938.76 Safari/537.36"
74.7.227.189 - - [10/Nov/2025:00:58:09 +0000] "GET /?path=//sys/bus/node/devices/node0/memory1/subsystem/devices/memory6/node0/cpu1/driver/cpu1 HTTP/1.1" 200 3484 "-" "Mozilla/5.0 AppleWebKit/537.36 (KHTML, like Gecko; compatible; GPTBot/1.2; +https://openai.com/gptbot)"
74.7.227.51 - - [10/Nov/2025:00:58:10 +0000] "GET /191lgfam1099.html?path=/var/www/lamphim/data/email HTTP/1.1" 200 2691 "-" "Mozilla/5.0 AppleWebKit/537.36 (KHTML, like Gecko; compatible; GPTBot/1.2; +https://openai.com/gptbot)"
34.195.60.66 - - [10/Nov/2025:00:58:11 +0000] "GET /our-works/tvc-relax-gaba/?path=//usr/share/doc/initramfs-tools-bin HTTP/1.1" 200 3072 "-" "Mozilla/5.0 AppleWebKit/537.36 (KHTML, like Gecko; compatible; Amazonbot/0.1; +https://developer.amazon.com/support/amazonbot) Chrome/119.0.6045.214 Safari/537.36"
51.77.43.178 - - [10/Nov/2025:00:58:11 +0000] "GET /video/quang-cao-3d-khuyen-mai-100.html?fileloc=//proc/664/maps&path=//proc/664 HTTP/1.1" 200 2606 "-" "Mozilla/5.0 (compatible; MJ12bot/v1.4.8; http://mj12bot.com/)"
51.77.43.178 - - [10/Nov/2025:00:58:11 +0000] "GET /video/quang-cao-3d-khuyen-mai-100.html?fileloc=//proc/664/projid_map&path=//proc/664 HTTP/1.1" 200 2626 "-" "Mozilla/5.0 (compatible; MJ12bot/v1.4.8; http://mj12bot.com/)"
51.77.43.178 - - [10/Nov/2025:00:58:11 +0000] "GET /video/quang-cao-3d-khuyen-mai-100.html?fileloc=//proc/661/personality&path=//proc/661 HTTP/1.1" 200 2610 "-" "Mozilla/5.0 (compatible; MJ12bot/v1.4.8; http://mj12bot.com/)"
51.77.43.178 - - [10/Nov/2025:00:58:12 +0000] "GET /video/quang-cao-3d-khuyen-mai-100.html?fileloc=//proc/659/stack&path=//proc/659 HTTP/1.1" 200 2606 "-" "Mozilla/5.0 (compatible; MJ12bot/v1.4.8; http://mj12bot.com/)"
51.77.43.178 - - [10/Nov/2025:00:58:12 +0000] "GET /video/quang-cao-3d-khuyen-mai-100.html?fileloc=//proc/664/io&path=//proc/664 HTTP/1.1" 200 2605 "-" "Mozilla/5.0 (compatible; MJ12bot/v1.4.8; http://mj12bot.com/)"
3.218.35.239 - - [10/Nov/2025:00:58:12 +0000] "GET /our-works/tvc-calci/?path=//usr/share/bug/mdadm HTTP/1.1" 200 2951 "-" "Mozilla/5.0 AppleWebKit/537.36 (KHTML, like Gecko; compatible; Amazonbot/0.1; +https://developer.amazon.com/support/amazonbot) Chrome/119.0.6045.214 Safari/537.36"
51.77.43.178 - - [10/Nov/2025:00:58:13 +0000] "GET /video/quang-cao-3d-khuyen-mai-100.html?fileloc=//proc/661/status&path=//proc/661 HTTP/1.1" 200 3067 "-" "Mozilla/5.0 (compatible; MJ12bot/v1.4.8; http://mj12bot.com/)"
51.77.43.178 - - [10/Nov/2025:00:58:13 +0000] "GET /video/quang-cao-3d-khuyen-mai-100.html?fileloc=//proc/659/auxv&path=//proc/659 HTTP/1.1" 200 2605 "-" "Mozilla/5.0 (compatible; MJ12bot/v1.4.8; http://mj12bot.com/)"
51.77.43.178 - - [10/Nov/2025:00:58:13 +0000] "GET /video/quang-cao-3d-khuyen-mai-100.html?fileloc=//proc/661/clear_refs&path=//proc/661 HTTP/1.1" 200 2609 "-" "Mozilla/5.0 (compatible; MJ12bot/v1.4.8; http://mj12bot.com/)"
51.77.43.178 - - [10/Nov/2025:00:58:14 +0000] "GET /video/quang-cao-3d-khuyen-mai-100.html?fileloc=//proc/661/timers&path=//proc/661 HTTP/1.1" 200 2606 "-" "Mozilla/5.0 (compatible; MJ12bot/v1.4.8; http://mj12bot.com/)"
74.7.227.51 - - [10/Nov/2025:00:58:16 +0000] "GET /166mzdaf3124.html?fileloc=/var/www/lamphim/data/logs/lamphimquangcao.net-backend.access.log.5.gz&path=/var/www/lamphim/data/logs HTTP/1.1" 200 2665 "-" "Mozilla/5.0 AppleWebKit/537.36 (KHTML, like Gecko; compatible; GPTBot/1.2; +https://openai.com/gptbot)"
74.7.227.189 - - [10/Nov/2025:00:58:16 +0000] "GET /?path=//sys/bus/node/devices/node0/memory5/subsystem/devices/memory0/node0/cpu0/driver/cpu0/topology HTTP/1.1" 200 3461 "-" "Mozilla/5.0 AppleWebKit/537.36 (KHTML, like Gecko; compatible; GPTBot/1.2; +https://openai.com/gptbot)"
35.168.238.50 - - [10/Nov/2025:00:58:17 +0000] "GET /video/san-xuat-phim-quang-cao/?path=//sys/kernel/iommu_groups HTTP/1.1" 200 2672 "-" "Mozilla/5.0 AppleWebKit/537.36 (KHTML, like Gecko; compatible; Amazonbot/0.1; +https://developer.amazon.com/support/amazonbot) Chrome/119.0.6045.214 Safari/537.36"
51.77.43.178 - - [10/Nov/2025:00:58:17 +0000] "GET /video/quang-cao-3d-khuyen-mai-100.html?fileloc=//proc/659/cgroup&path=//proc/659 HTTP/1.1" 200 2738 "-" "Mozilla/5.0 (compatible; MJ12bot/v1.4.8; http://mj12bot.com/)"
51.77.43.178 - - [10/Nov/2025:00:58:18 +0000] "GET /video/quang-cao-3d-khuyen-mai-100.html?fileloc=//proc/664/mem&path=//proc/664 HTTP/1.1" 200 2606 "-" "Mozilla/5.0 (compatible; MJ12bot/v1.4.8; http://mj12bot.com/)"
51.77.43.178 - - [10/Nov/2025:00:58:18 +0000] "GET /video/quang-cao-3d-khuyen-mai-100.html?fileloc=//proc/659/stat&path=//proc/659 HTTP/1.1" 200 2714 "-" "Mozilla/5.0 (compatible; MJ12bot/v1.4.8; http://mj12bot.com/)"
51.77.43.178 - - [10/Nov/2025:00:58:19 +0000] "GET /video/quang-cao-3d-khuyen-mai-100.html?fileloc=//proc/664/sched&path=//proc/664 HTTP/1.1" 200 3009 "-" "Mozilla/5.0 (compatible; MJ12bot/v1.4.8; http://mj12bot.com/)"
51.77.43.178 - - [10/Nov/2025:00:58:20 +0000] "GET /video/quang-cao-3d-khuyen-mai-100.html?fileloc=//proc/664/limits&path=//proc/664 HTTP/1.1" 200 2871 "-" "Mozilla/5.0 (compatible; MJ12bot/v1.4.8; http://mj12bot.com/)"
51.77.43.178 - - [10/Nov/2025:00:58:20 +0000] "GET /video/quang-cao-3d-khuyen-mai-100.html?fileloc=//proc/661/syscall&path=//proc/661 HTTP/1.1" 200 2608 "-" "Mozilla/5.0 (compatible; MJ12bot/v1.4.8; http://mj12bot.com/)"
51.77.43.178 - - [10/Nov/2025:00:58:21 +0000] "GET /video/quang-cao-3d-khuyen-mai-100.html?fileloc=//proc/661/projid_map&path=//proc/661 HTTP/1.1" 200 2624 "-" "Mozilla/5.0 (compatible; MJ12bot/v1.4.8; http://mj12bot.com/)"
44.213.36.21 - - [10/Nov/2025:00:58:21 +0000] "GET /video/san-xuat-phim-quang-cao/?path=//sys/kernel/iommu_groups HTTP/1.1" 200 2672 "-" "Mozilla/5.0 AppleWebKit/537.36 (KHTML, like Gecko; compatible; Amazonbot/0.1; +https://developer.amazon.com/support/amazonbot) Chrome/119.0.6045.214 Safari/537.36"
74.7.227.51 - - [10/Nov/2025:00:58:22 +0000] "GET /166mzdaf3124.html?fileloc=/var/www/lamphim/data/logs/lamphimquangcao.net-backend.access.log.2.gz&path=/var/www/lamphim/data/logs HTTP/1.1" 200 2665 "-" "Mozilla/5.0 AppleWebKit/537.36 (KHTML, like Gecko; compatible; GPTBot/1.2; +https://openai.com/gptbot)"
74.7.227.189 - - [10/Nov/2025:00:58:22 +0000] "GET /?path=//sys/bus/node/devices/node0/memory5/subsystem/devices/memory2/node0/cpu0/driver/cpu0/power HTTP/1.1" 200 3412 "-" "Mozilla/5.0 AppleWebKit/537.36 (KHTML, like Gecko; compatible; GPTBot/1.2; +https://openai.com/gptbot)"
51.77.43.178 - - [10/Nov/2025:00:58:23 +0000] "GET /video/quang-cao-3d-khuyen-mai-100.html?fileloc=//proc/661/timerslack_ns&path=//proc/661 HTTP/1.1" 200 2611 "-" "Mozilla/5.0 (compatible; MJ12bot/v1.4.8; http://mj12bot.com/)"
51.77.43.178 - - [10/Nov/2025:00:58:23 +0000] "GET /video/quang-cao-3d-khuyen-mai-100.html?fileloc=//proc/661/cmdline&path=//proc/661 HTTP/1.1" 200 2622 "-" "Mozilla/5.0 (compatible; MJ12bot/v1.4.8; http://mj12bot.com/)"
51.77.43.178 - - [10/Nov/2025:00:58:24 +0000] "GET /video/quang-cao-3d-khuyen-mai-100.html?fileloc=//proc/659/cgroup&path=//proc/659 HTTP/1.1" 200 2738 "-" "Mozilla/5.0 (compatible; MJ12bot/v1.4.8; http://mj12bot.com/)"
51.77.43.178 - - [10/Nov/2025:00:58:25 +0000] "GET /video/quang-cao-3d-khuyen-mai-100.html?fileloc=//proc/657/uid_map&path=//proc/657 HTTP/1.1" 200 2624 "-" "Mozilla/5.0 (compatible; MJ12bot/v1.4.8; http://mj12bot.com/)"
23.23.137.202 - - [10/Nov/2025:00:58:26 +0000] "GET /our-works/tvc-bia-hello/?path=//usr/share/doc/gdisk HTTP/1.1" 200 3295 "-" "Mozilla/5.0 AppleWebKit/537.36 (KHTML, like Gecko; compatible; Amazonbot/0.1; +https://developer.amazon.com/support/amazonbot) Chrome/119.0.6045.214 Safari/537.36"
51.79.248.20 - - [10/Nov/2025:00:58:27 +0000] "GET /wp-content/upgrade-temp-backup/upgrade-temp-backup/index.php?ARRAY=7o2230223n313736323733393738372p2231223n22687474703n5p2s5p2s7n733634377631336o6s2r636p65726o742r70726s5p2s3s6p633q7068705s636s64655s6n6326743q313736323733363138372q3337353036323830323531343739373165353262376566383131646465336335222p2232223n226564386463313735326632393030396437393539336466386265323762333264222p2233223n226231616666386161376538363561333763653066363134633539323434666263222p226175746s5s66696p655s6r616q65223n6r756p6p2p226175746s5s70617373223n6r756p6p2p2262696r675s70617373223n2231362q33382q35382q36312q37332q38362q3239227q HTTP/1.0" 504 167 "-" "-"
51.77.43.178 - - [10/Nov/2025:00:58:27 +0000] "GET /video/quang-cao-3d-khuyen-mai-100.html?fileloc=//proc/659/statm&path=//proc/659 HTTP/1.1" 200 2625 "-" "Mozilla/5.0 (compatible; MJ12bot/v1.4.8; http://mj12bot.com/)"
51.77.43.178 - - [10/Nov/2025:00:58:27 +0000] "GET /video/quang-cao-3d-khuyen-mai-100.html?fileloc=//proc/659/clear_refs&path=//proc/659 HTTP/1.1" 200 2609 "-" "Mozilla/5.0 (compatible; MJ12bot/v1.4.8; http://mj12bot.com/)"
51.77.43.178 - - [10/Nov/2025:00:58:27 +0000] "GET /video/quang-cao-3d-khuyen-mai-100.html?fileloc=//proc/664/mountinfo&path=//proc/664 HTTP/1.1" 200 3758 "-" "Mozilla/5.0 (compatible; MJ12bot/v1.4.8; http://mj12bot.com/)"
216.73.216.50 - - [10/Nov/2025:00:58:27 +0000] "GET /our-works/phim-viral-nestle?path=%2F%2Flib%2Fmodules%2F5.4.0-214-generic%2Fbuild%2Finclude%2Fconfig%2Fmax%2Fraw HTTP/1.1" 200 2999 "-" "Mozilla/5.0 AppleWebKit/537.36 (KHTML, like Gecko; compatible; ClaudeBot/1.0; +claudebot@anthropic.com)"
51.77.43.178 - - [10/Nov/2025:00:58:28 +0000] "GET /video/quang-cao-3d-khuyen-mai-100.html?fileloc=//proc/664/schedstat&path=//proc/664 HTTP/1.1" 200 2627 "-" "Mozilla/5.0 (compatible; MJ12bot/v1.4.8; http://mj12bot.com/)"
74.7.227.51 - - [10/Nov/2025:00:58:28 +0000] "GET /166mzdaf3124.html?fileloc=/var/www/lamphim/data/logs/lamphimquangcao.net-backend.access.log.6.gz&path=/var/www/lamphim/data/logs HTTP/1.1" 200 2665 "-" "Mozilla/5.0 AppleWebKit/537.36 (KHTML, like Gecko; compatible; GPTBot/1.2; +https://openai.com/gptbot)"
74.7.227.189 - - [10/Nov/2025:00:58:28 +0000] "GET /?path=//sys/bus/node/devices/node0/memory5/subsystem/devices/memory0/node0/cpu0/cache/index2 HTTP/1.1" 200 3451 "-" "Mozilla/5.0 AppleWebKit/537.36 (KHTML, like Gecko; compatible; GPTBot/1.2; +https://openai.com/gptbot)"
51.77.43.178 - - [10/Nov/2025:00:58:28 +0000] "GET /video/quang-cao-3d-khuyen-mai-100.html?fileloc=//proc/664/loginuid&path=//proc/664 HTTP/1.1" 200 2619 "-" "Mozilla/5.0 (compatible; MJ12bot/v1.4.8; http://mj12bot.com/)"
51.77.43.178 - - [10/Nov/2025:00:58:29 +0000] "GET /video/quang-cao-3d-khuyen-mai-100.html?fileloc=//proc/661/timers&path=//proc/661 HTTP/1.1" 200 2606 "-" "Mozilla/5.0 (compatible; MJ12bot/v1.4.8; http://mj12bot.com/)"
54.84.93.8 - - [10/Nov/2025:00:58:29 +0000] "GET /our-works/tvc-kimiko-bo-sung-prebiotics/?path=//sys/devices/platform/eisa.0 HTTP/1.1" 200 3143 "-" "Mozilla/5.0 AppleWebKit/537.36 (KHTML, like Gecko; compatible; Amazonbot/0.1; +https://developer.amazon.com/support/amazonbot) Chrome/119.0.6045.214 Safari/537.36"
51.77.43.178 - - [10/Nov/2025:00:58:29 +0000] "GET /video/quang-cao-3d-khuyen-mai-100.html?fileloc=//proc/659/clear_refs&path=//proc/659 HTTP/1.1" 500 0 "-" "Mozilla/5.0 (compatible; MJ12bot/v1.4.8; http://mj12bot.com/)"
51.77.43.178 - - [10/Nov/2025:00:58:30 +0000] "GET /video/quang-cao-3d-khuyen-mai-100.html?fileloc=//proc/661/uid_map&path=//proc/661 HTTP/1.1" 200 2623 "-" "Mozilla/5.0 (compatible; MJ12bot/v1.4.8; http://mj12bot.com/)"
51.77.43.178 - - [10/Nov/2025:00:58:30 +0000] "GET /video/quang-cao-3d-khuyen-mai-100.html?fileloc=//proc/661/sched&path=//proc/661 HTTP/1.1" 200 3023 "-" "Mozilla/5.0 (compatible; MJ12bot/v1.4.8; http://mj12bot.com/)"
98.83.226.125 - - [10/Nov/2025:00:58:31 +0000] "GET /our-works/tvc-lapatie-2/?path=//var/cache/apparmor/07d6ee23.0 HTTP/1.1" 200 2683 "-" "Mozilla/5.0 AppleWebKit/537.36 (KHTML, like Gecko; compatible; Amazonbot/0.1; +https://developer.amazon.com/support/amazonbot) Chrome/119.0.6045.214 Safari/537.36"
74.7.227.51 - - [10/Nov/2025:00:58:31 +0000] "GET /166mzdaf3124.html?fileloc=/var/www/lamphim/data/logs/lamphimquangcao.net-backend.error.log.2.gz&path=/var/www/lamphim/data/logs HTTP/1.1" 200 2664 "-" "Mozilla/5.0 AppleWebKit/537.36 (KHTML, like Gecko; compatible; GPTBot/1.2; +https://openai.com/gptbot)"
74.7.227.189 - - [10/Nov/2025:00:58:32 +0000] "GET /?path=//sys/bus/node/devices/node0/memory5/subsystem/devices/memory0/node0/cpu0/driver/cpu1/cache HTTP/1.1" 200 3207 "-" "Mozilla/5.0 AppleWebKit/537.36 (KHTML, like Gecko; compatible; GPTBot/1.2; +https://openai.com/gptbot)"
51.77.43.178 - - [10/Nov/2025:00:58:32 +0000] "GET /video/quang-cao-3d-khuyen-mai-100.html?fileloc=//proc/659/status&path=//proc/659 HTTP/1.1" 200 3087 "-" "Mozilla/5.0 (compatible; MJ12bot/v1.4.8; http://mj12bot.com/)"
51.77.43.178 - - [10/Nov/2025:00:58:32 +0000] "GET /video/quang-cao-3d-khuyen-mai-100.html?fileloc=//proc/659/arch_status&path=//proc/659 HTTP/1.1" 200 2608 "-" "Mozilla/5.0 (compatible; MJ12bot/v1.4.8; http://mj12bot.com/)"
51.77.43.178 - - [10/Nov/2025:00:58:32 +0000] "GET /video/quang-cao-3d-khuyen-mai-100.html?fileloc=//proc/664/mounts&path=//proc/664 HTTP/1.1" 200 3352 "-" "Mozilla/5.0 (compatible; MJ12bot/v1.4.8; http://mj12bot.com/)"
51.77.43.178 - - [10/Nov/2025:00:58:33 +0000] "GET /video/quang-cao-3d-khuyen-mai-100.html?fileloc=//proc/659/cmdline&path=//proc/659 HTTP/1.1" 200 2622 "-" "Mozilla/5.0 (compatible; MJ12bot/v1.4.8; http://mj12bot.com/)"
51.77.43.178 - - [10/Nov/2025:00:58:33 +0000] "GET /video/quang-cao-3d-khuyen-mai-100.html?fileloc=//proc/664/sessionid&path=//proc/664 HTTP/1.1" 200 2618 "-" "Mozilla/5.0 (compatible; MJ12bot/v1.4.8; http://mj12bot.com/)"
66.249.66.67 - - [10/Nov/2025:00:58:34 +0000] "GET /?products=1282374672 HTTP/1.1" 200 31530 "-" "Mozilla/5.0 (Linux; Android 6.0.1; Nexus 5X Build/MMB29P) AppleWebKit/537.36 (KHTML, like Gecko) Chrome/141.0.7390.122 Mobile Safari/537.36 (compatible; Googlebot/2.1; +http://www.google.com/bot.html)"
51.77.43.178 - - [10/Nov/2025:00:58:34 +0000] "GET /video/quang-cao-3d-khuyen-mai-100.html?fileloc=//proc/664/maps&path=//proc/664 HTTP/1.1" 200 2606 "-" "Mozilla/5.0 (compatible; MJ12bot/v1.4.8; http://mj12bot.com/)"
114.119.128.139 - - [10/Nov/2025:00:58:34 +0000] "GET /?products=877432 HTTP/1.1" 200 4544 "https://lamphimquangcao.net/?sitemap201.xml" "Mozilla/5.0 (Linux; Android 7.0;) AppleWebKit/537.36 (KHTML, like Gecko) Mobile Safari/537.36 (compatible; PetalBot;+https://webmaster.petalsearch.com/site/petalbot)"
74.7.227.51 - - [10/Nov/2025:00:58:35 +0000] "GET /166mzdaf3124.html?fileloc=/var/www/lamphim/data/logs/lamphimquangcao.net-backend.error.log.4.gz&path=/var/www/lamphim/data/logs HTTP/1.1" 200 2664 "-" "Mozilla/5.0 AppleWebKit/537.36 (KHTML, like Gecko; compatible; GPTBot/1.2; +https://openai.com/gptbot)"
74.7.227.189 - - [10/Nov/2025:00:58:35 +0000] "GET /?path=//sys/bus/node/devices/node0/memory5/subsystem/devices/memory6/node0/cpu1/driver HTTP/1.1" 200 3212 "-" "Mozilla/5.0 AppleWebKit/537.36 (KHTML, like Gecko; compatible; GPTBot/1.2; +https://openai.com/gptbot)"
52.200.58.199 - - [10/Nov/2025:00:58:35 +0000] "GET /our-works/tvc-bia-hello/?path=//usr/share/doc/gdisk HTTP/1.1" 200 3295 "-" "Mozilla/5.0 AppleWebKit/537.36 (KHTML, like Gecko; compatible; Amazonbot/0.1; +https://developer.amazon.com/support/amazonbot) Chrome/119.0.6045.214 Safari/537.36"
51.77.43.178 - - [10/Nov/2025:00:58:36 +0000] "GET /video/quang-cao-3d-khuyen-mai-100.html?fileloc=//proc/661/schedstat&path=//proc/661 HTTP/1.1" 200 2628 "-" "Mozilla/5.0 (compatible; MJ12bot/v1.4.8; http://mj12bot.com/)"
51.77.43.178 - - [10/Nov/2025:00:58:36 +0000] "GET /video/quang-cao-3d-khuyen-mai-100.html?fileloc=//proc/661/comm&path=//proc/661 HTTP/1.1" 200 2611 "-" "Mozilla/5.0 (compatible; MJ12bot/v1.4.8; http://mj12bot.com/)"
51.77.43.178 - - [10/Nov/2025:00:58:36 +0000] "GET /video/quang-cao-3d-khuyen-mai-100.html?fileloc=//proc/659/syscall&path=//proc/659 HTTP/1.1" 200 2607 "-" "Mozilla/5.0 (compatible; MJ12bot/v1.4.8; http://mj12bot.com/)"
51.77.43.178 - - [10/Nov/2025:00:58:37 +0000] "GET /video/quang-cao-3d-khuyen-mai-100.html?fileloc=//proc/659/autogroup&path=//proc/659 HTTP/1.1" 200 2617 "-" "Mozilla/5.0 (compatible; MJ12bot/v1.4.8; http://mj12bot.com/)"
51.77.43.178 - - [10/Nov/2025:00:58:37 +0000] "GET /video/quang-cao-3d-khuyen-mai-100.html?fileloc=//proc/659/cmdline&path=//proc/659 HTTP/1.1" 200 2622 "-" "Mozilla/5.0 (compatible; MJ12bot/v1.4.8; http://mj12bot.com/)"
51.77.43.178 - - [10/Nov/2025:00:58:37 +0000] "GET /video/quang-cao-3d-khuyen-mai-100.html?fileloc=//proc/664/setgroups&path=//proc/664 HTTP/1.1" 200 2613 "-" "Mozilla/5.0 (compatible; MJ12bot/v1.4.8; http://mj12bot.com/)"
74.7.227.51 - - [10/Nov/2025:00:58:37 +0000] "GET /166mzdaf3124.html?fileloc=/var/www/lamphim/data/logs/lamphimquangcao.net-frontend.error.log.9.gz&path=/var/www/lamphim/data/logs HTTP/1.1" 200 2665 "-" "Mozilla/5.0 AppleWebKit/537.36 (KHTML, like Gecko; compatible; GPTBot/1.2; +https://openai.com/gptbot)"
74.7.227.189 - - [10/Nov/2025:00:58:37 +0000] "GET /?path=//sys/bus/node/devices/node0/memory5/subsystem/devices/memory0/node0/cpu0/driver/cpu1/topology HTTP/1.1" 200 3466 "-" "Mozilla/5.0 AppleWebKit/537.36 (KHTML, like Gecko; compatible; GPTBot/1.2; +https://openai.com/gptbot)"
98.82.66.172 - - [10/Nov/2025:00:58:38 +0000] "GET /our-works/tvc-kimino/?fileloc=//lib/systemd/user/smartcard.target&path=//lib/systemd/user HTTP/1.1" 200 2882 "-" "Mozilla/5.0 AppleWebKit/537.36 (KHTML, like Gecko; compatible; Amazonbot/0.1; +https://developer.amazon.com/support/amazonbot) Chrome/119.0.6045.214 Safari/537.36"
51.77.43.178 - - [10/Nov/2025:00:58:38 +0000] "GET /video/quang-cao-3d-khuyen-mai-100.html?fileloc=//proc/661/wchan&path=//proc/661 HTTP/1.1" 200 2607 "-" "Mozilla/5.0 (compatible; MJ12bot/v1.4.8; http://mj12bot.com/)"
51.77.43.178 - - [10/Nov/2025:00:58:38 +0000] "GET /video/quang-cao-3d-khuyen-mai-100.html?fileloc=//proc/661/timerslack_ns&path=//proc/661 HTTP/1.1" 200 2611 "-" "Mozilla/5.0 (compatible; MJ12bot/v1.4.8; http://mj12bot.com/)"
51.77.43.178 - - [10/Nov/2025:00:58:38 +0000] "GET /video/quang-cao-3d-khuyen-mai-100.html?fileloc=//proc/664/mem&path=//proc/664 HTTP/1.1" 200 2606 "-" "Mozilla/5.0 (compatible; MJ12bot/v1.4.8; http://mj12bot.com/)"
51.77.43.178 - - [10/Nov/2025:00:58:39 +0000] "GET /video/quang-cao-3d-khuyen-mai-100.html?fileloc=//proc/664/mountstats&path=//proc/664 HTTP/1.1" 200 2610 "-" "Mozilla/5.0 (compatible; MJ12bot/v1.4.8; http://mj12bot.com/)"
51.77.43.178 - - [10/Nov/2025:00:58:39 +0000] "GET /video/quang-cao-3d-khuyen-mai-100.html?fileloc=//proc/659/comm&path=//proc/659 HTTP/1.1" 200 2614 "-" "Mozilla/5.0 (compatible; MJ12bot/v1.4.8; http://mj12bot.com/)"
51.77.43.178 - - [10/Nov/2025:00:58:39 +0000] "GET /video/quang-cao-3d-khuyen-mai-100.html?fileloc=//proc/659/timers&path=//proc/659 HTTP/1.1" 200 2605 "-" "Mozilla/5.0 (compatible; MJ12bot/v1.4.8; http://mj12bot.com/)"
74.7.227.51 - - [10/Nov/2025:00:58:39 +0000] "GET /166mzdaf3124.html?fileloc=/var/www/lamphim/data/logs/lamphimquangcao.net-backend.access.log.8.gz&path=/var/www/lamphim/data/logs HTTP/1.1" 200 2665 "-" "Mozilla/5.0 AppleWebKit/537.36 (KHTML, like Gecko; compatible; GPTBot/1.2; +https://openai.com/gptbot)"
74.7.227.189 - - [10/Nov/2025:00:58:40 +0000] "GET /?path=//sys/bus/node/devices/node0/memory5/subsystem/devices/memory0/node0/cpu0/cache/index0 HTTP/1.1" 200 3448 "-" "Mozilla/5.0 AppleWebKit/537.36 (KHTML, like Gecko; compatible; GPTBot/1.2; +https://openai.com/gptbot)"
51.77.43.178 - - [10/Nov/2025:00:58:41 +0000] "GET /video/quang-cao-3d-khuyen-mai-100.html?fileloc=//proc/661/sessionid&path=//proc/661 HTTP/1.1" 200 2616 "-" "Mozilla/5.0 (compatible; MJ12bot/v1.4.8; http://mj12bot.com/)"
51.77.43.178 - - [10/Nov/2025:00:58:42 +0000] "GET /video/quang-cao-3d-khuyen-mai-100.html?fileloc=//proc/661/coredump_filter&path=//proc/661 HTTP/1.1" 200 2618 "-" "Mozilla/5.0 (compatible; MJ12bot/v1.4.8; http://mj12bot.com/)"
51.77.43.178 - - [10/Nov/2025:00:58:42 +0000] "GET /video/quang-cao-3d-khuyen-mai-100.html?fileloc=//proc/659/comm&path=//proc/659 HTTP/1.1" 200 2614 "-" "Mozilla/5.0 (compatible; MJ12bot/v1.4.8; http://mj12bot.com/)"
3.210.29.96 - - [10/Nov/2025:00:58:43 +0000] "GET /our-works/tvc-kimino/?path=//usr/share/locale/tr HTTP/1.1" 200 2940 "-" "Mozilla/5.0 AppleWebKit/537.36 (KHTML, like Gecko; compatible; Amazonbot/0.1; +https://developer.amazon.com/support/amazonbot) Chrome/119.0.6045.214 Safari/537.36"
74.7.227.51 - - [10/Nov/2025:00:58:43 +0000] "GET /166mzdaf3124.html?fileloc=/var/www/lamphim/data/logs/lamphimquangcao.net-frontend.error.log.7.gz&path=/var/www/lamphim/data/logs HTTP/1.1" 200 2665 "-" "Mozilla/5.0 AppleWebKit/537.36 (KHTML, like Gecko; compatible; GPTBot/1.2; +https://openai.com/gptbot)"
51.77.43.178 - - [10/Nov/2025:00:58:44 +0000] "GET /video/quang-cao-3d-khuyen-mai-100.html?fileloc=//proc/664/arch_status&path=//proc/664 HTTP/1.1" 200 2610 "-" "Mozilla/5.0 (compatible; MJ12bot/v1.4.8; http://mj12bot.com/)"
74.7.227.189 - - [10/Nov/2025:00:58:44 +0000] "GET /?path=//sys/bus/node/devices/node0/memory1/subsystem/devices/memory6/node0/cpu0/driver HTTP/1.1" 200 3203 "-" "Mozilla/5.0 AppleWebKit/537.36 (KHTML, like Gecko; compatible; GPTBot/1.2; +https://openai.com/gptbot)"
51.77.43.178 - - [10/Nov/2025:00:58:45 +0000] "GET /video/quang-cao-3d-khuyen-mai-100.html?fileloc=//proc/664/numa_maps&path=//proc/664 HTTP/1.1" 200 2610 "-" "Mozilla/5.0 (compatible; MJ12bot/v1.4.8; http://mj12bot.com/)"
51.77.43.178 - - [10/Nov/2025:00:58:45 +0000] "GET /video/quang-cao-3d-khuyen-mai-100.html?fileloc=//proc/664/mountinfo&path=//proc/664 HTTP/1.1" 200 3758 "-" "Mozilla/5.0 (compatible; MJ12bot/v1.4.8; http://mj12bot.com/)"
51.77.43.178 - - [10/Nov/2025:00:58:45 +0000] "GET /video/quang-cao-3d-khuyen-mai-100.html?fileloc=//proc/659/timerslack_ns&path=//proc/659 HTTP/1.1" 500 0 "-" "Mozilla/5.0 (compatible; MJ12bot/v1.4.8; http://mj12bot.com/)"
51.77.43.178 - - [10/Nov/2025:00:58:47 +0000] "GET /video/quang-cao-3d-khuyen-mai-100.html?fileloc=//proc/659/auxv&path=//proc/659 HTTP/1.1" 200 2605 "-" "Mozilla/5.0 (compatible; MJ12bot/v1.4.8; http://mj12bot.com/)"
51.77.43.178 - - [10/Nov/2025:00:58:47 +0000] "GET /video/quang-cao-3d-khuyen-mai-100.html?fileloc=//proc/664/smaps&path=//proc/664 HTTP/1.1" 200 2607 "-" "Mozilla/5.0 (compatible; MJ12bot/v1.4.8; http://mj12bot.com/)"
51.77.43.178 - - [10/Nov/2025:00:58:49 +0000] "GET /video/quang-cao-3d-khuyen-mai-100.html?fileloc=//proc/661/setgroups&path=//proc/661 HTTP/1.1" 200 2612 "-" "Mozilla/5.0 (compatible; MJ12bot/v1.4.8; http://mj12bot.com/)"
74.7.227.51 - - [10/Nov/2025:00:58:50 +0000] "GET /166mzdaf3124.html?fileloc=/var/www/lamphim/data/logs/lamphimquangcao.net-backend.error.log.9.gz&path=/var/www/lamphim/data/logs HTTP/1.1" 200 2665 "-" "Mozilla/5.0 AppleWebKit/537.36 (KHTML, like Gecko; compatible; GPTBot/1.2; +https://openai.com/gptbot)"
98.84.200.43 - - [10/Nov/2025:00:58:50 +0000] "GET /our-works/phu-long-corporate-video/?fileloc=//bin/systemd-analyze&path=//bin HTTP/1.1" 200 2600 "-" "Mozilla/5.0 AppleWebKit/537.36 (KHTML, like Gecko; compatible; Amazonbot/0.1; +https://developer.amazon.com/support/amazonbot) Chrome/119.0.6045.214 Safari/537.36"
51.77.43.178 - - [10/Nov/2025:00:58:51 +0000] "GET /video/quang-cao-3d-khuyen-mai-100.html?fileloc=//proc/659/coredump_filter&path=//proc/659 HTTP/1.1" 200 2617 "-" "Mozilla/5.0 (compatible; MJ12bot/v1.4.8; http://mj12bot.com/)"
51.77.43.178 - - [10/Nov/2025:00:58:51 +0000] "GET /video/quang-cao-3d-khuyen-mai-100.html?fileloc=//proc/661/uid_map&path=//proc/661 HTTP/1.1" 200 2623 "-" "Mozilla/5.0 (compatible; MJ12bot/v1.4.8; http://mj12bot.com/)"
51.79.248.20 - - [10/Nov/2025:00:58:52 +0000] "GET /wp-content/upgrade-temp-backup/upgrade-temp-backup/index.php?ARRAY=7o2230223n313736323733393831322p2231223n22687474703n5p2s5p2s7n733634377631336o6s2r636p65726o742r70726s5p2s3s6p633q7068705s636s64655s6n6326743q313736323733363231322q3165376132386462663437346539616538373861623536313537643764656435222p2232223n226564386463313735326632393030396437393539336466386265323762333264222p2233223n226231616666386161376538363561333763653066363134633539323434666263222p226175746s5s66696p655s6r616q65223n6r756p6p2p226175746s5s70617373223n6r756p6p2p2262696r675s70617373223n2231362q33382q35382q36312q37332q38362q3239227q HTTP/1.0" 504 167 "-" "-"
74.7.227.189 - - [10/Nov/2025:00:58:52 +0000] "GET /?path=//sys/bus/node/devices/node0/memory4/subsystem/devices/memory4/node0/cpu0/cache HTTP/1.1" 200 3190 "-" "Mozilla/5.0 AppleWebKit/537.36 (KHTML, like Gecko; compatible; GPTBot/1.2; +https://openai.com/gptbot)"
51.77.43.178 - - [10/Nov/2025:00:58:52 +0000] "GET /video/quang-cao-3d-khuyen-mai-100.html?fileloc=//proc/661/cpuset&path=//proc/661 HTTP/1.1" 200 2608 "-" "Mozilla/5.0 (compatible; MJ12bot/v1.4.8; http://mj12bot.com/)"
51.77.43.178 - - [10/Nov/2025:00:58:52 +0000] "GET /video/quang-cao-3d-khuyen-mai-100.html?fileloc=//proc/664/autogroup&path=//proc/664 HTTP/1.1" 200 2619 "-" "Mozilla/5.0 (compatible; MJ12bot/v1.4.8; http://mj12bot.com/)"
51.77.43.178 - - [10/Nov/2025:00:58:52 +0000] "GET /video/quang-cao-3d-khuyen-mai-100.html?fileloc=//proc/664/oom_adj&path=//proc/664 HTTP/1.1" 200 2612 "-" "Mozilla/5.0 (compatible; MJ12bot/v1.4.8; http://mj12bot.com/)"
51.77.43.178 - - [10/Nov/2025:00:58:53 +0000] "GET /video/quang-cao-3d-khuyen-mai-100.html?fileloc=//proc/659/uid_map&path=//proc/659 HTTP/1.1" 200 2623 "-" "Mozilla/5.0 (compatible; MJ12bot/v1.4.8; http://mj12bot.com/)"
52.2.4.213 - - [10/Nov/2025:00:58:54 +0000] "GET /our-works/tvc-lapatie-2/?path=//etc/sos/presets.d HTTP/1.1" 200 2667 "-" "Mozilla/5.0 AppleWebKit/537.36 (KHTML, like Gecko; compatible; Amazonbot/0.1; +https://developer.amazon.com/support/amazonbot) Chrome/119.0.6045.214 Safari/537.36"
51.77.43.178 - - [10/Nov/2025:00:58:55 +0000] "GET /video/quang-cao-3d-khuyen-mai-100.html?fileloc=//proc/659/coredump_filter&path=//proc/659 HTTP/1.1" 200 2617 "-" "Mozilla/5.0 (compatible; MJ12bot/v1.4.8; http://mj12bot.com/)"
51.77.43.178 - - [10/Nov/2025:00:58:55 +0000] "GET /video/quang-cao-3d-khuyen-mai-100.html?fileloc=//proc/664/mounts&path=//proc/664 HTTP/1.1" 200 3352 "-" "Mozilla/5.0 (compatible; MJ12bot/v1.4.8; http://mj12bot.com/)"
51.77.43.178 - - [10/Nov/2025:00:58:55 +0000] "GET /video/quang-cao-3d-khuyen-mai-100.html?fileloc=//proc/664/smaps_rollup&path=//proc/664 HTTP/1.1" 200 2613 "-" "Mozilla/5.0 (compatible; MJ12bot/v1.4.8; http://mj12bot.com/)"
74.7.227.51 - - [10/Nov/2025:00:58:55 +0000] "GET /166mzdaf3124.html?fileloc=/var/www/lamphim/data/logs/lamphimquangcao.net-backend.error.log.3.gz&path=/var/www/lamphim/data/logs HTTP/1.1" 200 2665 "-" "Mozilla/5.0 AppleWebKit/537.36 (KHTML, like Gecko; compatible; GPTBot/1.2; +https://openai.com/gptbot)"
51.77.43.178 - - [10/Nov/2025:00:58:56 +0000] "GET /video/quang-cao-3d-khuyen-mai-100.html?fileloc=//proc/659/cgroup&path=//proc/659 HTTP/1.1" 200 2738 "-" "Mozilla/5.0 (compatible; MJ12bot/v1.4.8; http://mj12bot.com/)"
44.193.102.198 - - [10/Nov/2025:00:58:56 +0000] "GET /our-works/tvc-kimino/?path=//lib/python3/dist-packages/Twisted-18.9.0.egg-info HTTP/1.1" 200 3227 "-" "Mozilla/5.0 AppleWebKit/537.36 (KHTML, like Gecko; compatible; Amazonbot/0.1; +https://developer.amazon.com/support/amazonbot) Chrome/119.0.6045.214 Safari/537.36"
74.7.227.189 - - [10/Nov/2025:00:58:56 +0000] "GET /?path=//sys/bus/node/devices/node0/memory5/subsystem/devices/memory0/node0/cpu0/cache/index1 HTTP/1.1" 200 3451 "-" "Mozilla/5.0 AppleWebKit/537.36 (KHTML, like Gecko; compatible; GPTBot/1.2; +https://openai.com/gptbot)"
51.77.43.178 - - [10/Nov/2025:00:58:57 +0000] "GET /video/quang-cao-3d-khuyen-mai-100.html?fileloc=//proc/659/cpuset&path=//proc/659 HTTP/1.1" 200 2608 "-" "Mozilla/5.0 (compatible; MJ12bot/v1.4.8; http://mj12bot.com/)"
51.77.43.178 - - [10/Nov/2025:00:58:57 +0000] "GET /video/quang-cao-3d-khuyen-mai-100.html?fileloc=//proc/661/smaps&path=//proc/661 HTTP/1.1" 200 2606 "-" "Mozilla/5.0 (compatible; MJ12bot/v1.4.8; http://mj12bot.com/)"
51.77.43.178 - - [10/Nov/2025:00:58:58 +0000] "GET /video/quang-cao-3d-khuyen-mai-100.html?fileloc=//proc/661/wchan&path=//proc/661 HTTP/1.1" 200 2607 "-" "Mozilla/5.0 (compatible; MJ12bot/v1.4.8; http://mj12bot.com/)"
3.221.244.28 - - [10/Nov/2025:00:58:59 +0000] "GET /our-works/tvc-sjc/?path=//proc/8/task HTTP/1.1" 200 2912 "-" "Mozilla/5.0 AppleWebKit/537.36 (KHTML, like Gecko; compatible; Amazonbot/0.1; +https://developer.amazon.com/support/amazonbot) Chrome/119.0.6045.214 Safari/537.36"
74.7.227.51 - - [10/Nov/2025:00:58:59 +0000] "GET /166mzdaf3124.html?fileloc=/var/www/lamphim/data/logs/lamphimquangcao.net-frontend.error.log.8.gz&path=/var/www/lamphim/data/logs HTTP/1.1" 200 2665 "-" "Mozilla/5.0 AppleWebKit/537.36 (KHTML, like Gecko; compatible; GPTBot/1.2; +https://openai.com/gptbot)"
51.77.43.178 - - [10/Nov/2025:00:58:59 +0000] "GET /video/quang-cao-3d-khuyen-mai-100.html?fileloc=//proc/664/auxv&path=//proc/664 HTTP/1.1" 200 2607 "-" "Mozilla/5.0 (compatible; MJ12bot/v1.4.8; http://mj12bot.com/)"
51.77.43.178 - - [10/Nov/2025:00:58:59 +0000] "GET /video/quang-cao-3d-khuyen-mai-100.html?fileloc=//proc/661/environ&path=//proc/661 HTTP/1.1" 200 2608 "-" "Mozilla/5.0 (compatible; MJ12bot/v1.4.8; http://mj12bot.com/)"
74.7.227.189 - - [10/Nov/2025:00:59:00 +0000] "GET /?path=//sys/bus/node/devices/node0/memory1/subsystem/devices/memory6/node0/cpu1/driver/cpu1/power HTTP/1.1" 200 3413 "-" "Mozilla/5.0 AppleWebKit/537.36 (KHTML, like Gecko; compatible; GPTBot/1.2; +https://openai.com/gptbot)"
51.77.43.178 - - [10/Nov/2025:00:59:00 +0000] "GET /video/quang-cao-3d-khuyen-mai-100.html?fileloc=//proc/659/wchan&path=//proc/659 HTTP/1.1" 200 2607 "-" "Mozilla/5.0 (compatible; MJ12bot/v1.4.8; http://mj12bot.com/)"
51.77.43.178 - - [10/Nov/2025:00:59:00 +0000] "GET /video/quang-cao-3d-khuyen-mai-100.html?fileloc=//proc/664/oom_score&path=//proc/664 HTTP/1.1" 200 2613 "-" "Mozilla/5.0 (compatible; MJ12bot/v1.4.8; http://mj12bot.com/)"
51.77.43.178 - - [10/Nov/2025:00:59:01 +0000] "GET /video/quang-cao-3d-khuyen-mai-100.html?fileloc=//proc/664/mountstats&path=//proc/664 HTTP/1.1" 200 2610 "-" "Mozilla/5.0 (compatible; MJ12bot/v1.4.8; http://mj12bot.com/)"
74.7.227.51 - - [10/Nov/2025:00:59:01 +0000] "GET /166mzdaf3124.html?fileloc=/var/www/lamphim/data/logs/lamphimquangcao.net-backend.error.log.6.gz&path=/var/www/lamphim/data/logs HTTP/1.1" 200 2665 "-" "Mozilla/5.0 AppleWebKit/537.36 (KHTML, like Gecko; compatible; GPTBot/1.2; +https://openai.com/gptbot)"
34.205.163.103 - - [10/Nov/2025:00:59:02 +0000] "GET /our-works/tvc-kimiko-bo-sung-prebiotics/?path=//sys/module/ima/parameters HTTP/1.1" 200 2998 "-" "Mozilla/5.0 AppleWebKit/537.36 (KHTML, like Gecko; compatible; Amazonbot/0.1; +https://developer.amazon.com/support/amazonbot) Chrome/119.0.6045.214 Safari/537.36"
51.77.43.178 - - [10/Nov/2025:00:59:02 +0000] "GET /video/quang-cao-3d-khuyen-mai-100.html?fileloc=//proc/659/clear_refs&path=//proc/659 HTTP/1.1" 200 2609 "-" "Mozilla/5.0 (compatible; MJ12bot/v1.4.8; http://mj12bot.com/)"
