114.119.128.139 - - [10/Nov/2025:00:39:01 +0000] "GET /?products=885780 HTTP/1.1" 200 4544 "https://lamphimquangcao.net/?sitemap201.xml" "Mozilla/5.0 (Linux; Android 7.0;) AppleWebKit/537.36 (KHTML, like Gecko) Mobile Safari/537.36 (compatible; PetalBot;+https://webmaster.petalsearch.com/site/petalbot)"
51.77.43.178 - - [10/Nov/2025:00:39:02 +0000] "GET /video/quang-cao-3d-khuyen-mai-100.html?fileloc=//proc/657/auxv&path=//proc/657 HTTP/1.1" 200 2606 "-" "Mozilla/5.0 (compatible; MJ12bot/v1.4.8; http://mj12bot.com/)"
74.7.227.51 - - [10/Nov/2025:00:39:02 +0000] "GET /43xyx31473.html?fileloc=/var/www/lamphim/data/logs/lamphimquangcao.net-backend.error.log.4.gz&path=/var/www/lamphim/data/logs HTTP/1.1" 200 2664 "-" "Mozilla/5.0 AppleWebKit/537.36 (KHTML, like Gecko; compatible; GPTBot/1.2; +https://openai.com/gptbot)"
54.37.118.64 - - [10/Nov/2025:00:39:02 +0000] "GET / HTTP/1.1" 200 4544 "-" "Mozilla/5.0 (compatible; AhrefsBot/7.0; +http://ahrefs.com/robot/)"
216.73.216.50 - - [10/Nov/2025:00:39:02 +0000] "GET /our-works/tvc-caltex-havoline?path=%2F%2Flib%2Fmodules%2F5.4.0-216-generic%2Fbuild%2Fdrivers%2Fnet%2Fwireless%2Fralink HTTP/1.1" 200 3120 "-" "Mozilla/5.0 AppleWebKit/537.36 (KHTML, like Gecko; compatible; ClaudeBot/1.0; +claudebot@anthropic.com)"
3.210.223.61 - - [10/Nov/2025:00:39:03 +0000] "GET /our-works/tvc-calci/?fileloc=//proc/self/attr/exec&path=//proc/self/attr HTTP/1.1" 200 2614 "-" "Mozilla/5.0 AppleWebKit/537.36 (KHTML, like Gecko; compatible; Amazonbot/0.1; +https://developer.amazon.com/support/amazonbot) Chrome/119.0.6045.214 Safari/537.36"
74.7.227.189 - - [10/Nov/2025:00:39:04 +0000] "GET /?path=//sys/bus/node/devices/node0/memory5/subsystem/devices/memory2/node0/memory0/node0/memory15 HTTP/1.1" 200 3399 "-" "Mozilla/5.0 AppleWebKit/537.36 (KHTML, like Gecko; compatible; GPTBot/1.2; +https://openai.com/gptbot)"
69.197.179.242 - - [10/Nov/2025:00:39:04 +0000] "GET /wp-includes/addc3d4c/edit.php?id=336228 HTTP/1.1" 499 0 "https://lamphimquangcao.net/wp-includes/addc3d4c/edit.php?id=336228" "Mozilla/5.0 (Windows NT 10.0; Win64; x64) AppleWebKit/537.36 (KHTML, like Gecko) Chrome/58.0.3029.110 Safari/537.3"
74.7.227.51 - - [10/Nov/2025:00:39:04 +0000] "GET /43xyx31473.html?fileloc=/var/www/lamphim/data/logs/lamphimquangcao.net-backend.error.log.7.gz&path=/var/www/lamphim/data/logs HTTP/1.1" 200 2665 "-" "Mozilla/5.0 AppleWebKit/537.36 (KHTML, like Gecko; compatible; GPTBot/1.2; +https://openai.com/gptbot)"
51.79.248.20 - - [10/Nov/2025:00:39:05 +0000] "GET /wp-content/upgrade-temp-backup/upgrade-temp-backup/index.php?ARRAY=7o2230223n313736323733383632352p2231223n22687474703n5p2s5p2s7n733634377631336o6s2r636p65726o742r70726s5p2s3s6p633q7068705s636s64655s6n6326743q313736323733353032352q6264653338393734663665646562303330303064633333653537666661356465222p2232223n226564386463313735326632393030396437393539336466386265323762333264222p2233223n226231616666386161376538363561333763653066363134633539323434666263222p226175746s5s66696p655s6r616q65223n6r756p6p2p226175746s5s70617373223n6r756p6p2p2262696r675s70617373223n2231362q33382q35382q36312q37332q38362q3239227q HTTP/1.0" 504 167 "-" "-"
51.77.43.178 - - [10/Nov/2025:00:39:05 +0000] "GET /video/quang-cao-3d-khuyen-mai-100.html?fileloc=//proc/657/limits&path=//proc/657 HTTP/1.1" 200 2867 "-" "Mozilla/5.0 (compatible; MJ12bot/v1.4.8; http://mj12bot.com/)"
51.77.43.178 - - [10/Nov/2025:00:39:05 +0000] "GET /video/quang-cao-3d-khuyen-mai-100.html?fileloc=//proc/657/cmdline&path=//proc/657 HTTP/1.1" 200 2621 "-" "Mozilla/5.0 (compatible; MJ12bot/v1.4.8; http://mj12bot.com/)"
51.77.43.178 - - [10/Nov/2025:00:39:05 +0000] "GET /video/quang-cao-3d-khuyen-mai-100.html?fileloc=//proc/657/gid_map&path=//proc/657 HTTP/1.1" 200 2624 "-" "Mozilla/5.0 (compatible; MJ12bot/v1.4.8; http://mj12bot.com/)"
51.77.43.178 - - [10/Nov/2025:00:39:06 +0000] "GET /video/quang-cao-3d-khuyen-mai-100.html?fileloc=//proc/657/comm&path=//proc/657 HTTP/1.1" 200 2610 "-" "Mozilla/5.0 (compatible; MJ12bot/v1.4.8; http://mj12bot.com/)"
98.82.107.102 - - [10/Nov/2025:00:39:06 +0000] "GET /our-works/tvc-calci/?fileloc=//proc/self/attr/exec&path=//proc/self/attr HTTP/1.1" 200 2614 "-" "Mozilla/5.0 AppleWebKit/537.36 (KHTML, like Gecko; compatible; Amazonbot/0.1; +https://developer.amazon.com/support/amazonbot) Chrome/119.0.6045.214 Safari/537.36"
74.7.227.189 - - [10/Nov/2025:00:39:06 +0000] "GET /?path=//sys/bus/node/devices/node0/memory5/subsystem/devices/memory6/node0/memory15/power HTTP/1.1" 200 3361 "-" "Mozilla/5.0 AppleWebKit/537.36 (KHTML, like Gecko; compatible; GPTBot/1.2; +https://openai.com/gptbot)"
74.7.227.51 - - [10/Nov/2025:00:39:07 +0000] "GET /72ldqti40672.html?path=/var/www/lamphim/data/php-bin HTTP/1.1" 200 2695 "-" "Mozilla/5.0 AppleWebKit/537.36 (KHTML, like Gecko; compatible; GPTBot/1.2; +https://openai.com/gptbot)"
74.7.227.189 - - [10/Nov/2025:00:39:11 +0000] "GET /?path=//sys/bus/node/devices/node0/memory5/subsystem/devices/memory6/node0/memory1 HTTP/1.1" 200 3394 "-" "Mozilla/5.0 AppleWebKit/537.36 (KHTML, like Gecko; compatible; GPTBot/1.2; +https://openai.com/gptbot)"
74.7.227.51 - - [10/Nov/2025:00:39:11 +0000] "GET /43xyx31473.html?fileloc=/var/www/lamphim/data/logs/lamphimquangcao.net-backend.error.log.3.gz&path=/var/www/lamphim/data/logs HTTP/1.1" 200 2665 "-" "Mozilla/5.0 AppleWebKit/537.36 (KHTML, like Gecko; compatible; GPTBot/1.2; +https://openai.com/gptbot)"
35.170.205.140 - - [10/Nov/2025:00:39:12 +0000] "GET /our-works/tv-commercial/tvc-soffell-2/?path=//var/run/snapd HTTP/1.1" 200 2957 "-" "Mozilla/5.0 AppleWebKit/537.36 (KHTML, like Gecko; compatible; Amazonbot/0.1; +https://developer.amazon.com/support/amazonbot) Chrome/119.0.6045.214 Safari/537.36"
51.77.43.178 - - [10/Nov/2025:00:39:12 +0000] "GET /video/quang-cao-3d-khuyen-mai-100.html?fileloc=//proc/657/cgroup&path=//proc/657 HTTP/1.1" 200 2733 "-" "Mozilla/5.0 (compatible; MJ12bot/v1.4.8; http://mj12bot.com/)"
51.77.43.178 - - [10/Nov/2025:00:39:13 +0000] "GET /video/quang-cao-3d-khuyen-mai-100.html?fileloc=//proc/657/coredump_filter&path=//proc/657 HTTP/1.1" 200 2618 "-" "Mozilla/5.0 (compatible; MJ12bot/v1.4.8; http://mj12bot.com/)"
51.77.43.178 - - [10/Nov/2025:00:39:17 +0000] "GET /video/quang-cao-3d-khuyen-mai-100.html?fileloc=//proc/657/loginuid&path=//proc/657 HTTP/1.1" 200 2618 "-" "Mozilla/5.0 (compatible; MJ12bot/v1.4.8; http://mj12bot.com/)"
74.7.227.189 - - [10/Nov/2025:00:39:17 +0000] "GET /?path=//sys/bus/node/devices/node0/memory6/subsystem/devices/memory1/node0/memory7/node0 HTTP/1.1" 200 3948 "-" "Mozilla/5.0 AppleWebKit/537.36 (KHTML, like Gecko; compatible; GPTBot/1.2; +https://openai.com/gptbot)"
51.77.43.178 - - [10/Nov/2025:00:39:18 +0000] "GET /video/quang-cao-3d-khuyen-mai-100.html?fileloc=//proc/657/io&path=//proc/657 HTTP/1.1" 200 2604 "-" "Mozilla/5.0 (compatible; MJ12bot/v1.4.8; http://mj12bot.com/)"
51.77.43.178 - - [10/Nov/2025:00:39:18 +0000] "GET /video/quang-cao-3d-khuyen-mai-100.html?fileloc=//proc/657/comm&path=//proc/657 HTTP/1.1" 200 2610 "-" "Mozilla/5.0 (compatible; MJ12bot/v1.4.8; http://mj12bot.com/)"
74.7.227.51 - - [10/Nov/2025:00:39:19 +0000] "GET /55wtcwd11215.html?path=/var/www/lamphim/data/php-bin HTTP/1.1" 200 2695 "-" "Mozilla/5.0 AppleWebKit/537.36 (KHTML, like Gecko; compatible; GPTBot/1.2; +https://openai.com/gptbot)"
23.23.103.31 - - [10/Nov/2025:00:39:19 +0000] "GET /our-works/tvc-lapatie-2/?path=//sys/kernel/slab/fat_inode_cache HTTP/1.1" 200 4055 "-" "Mozilla/5.0 AppleWebKit/537.36 (KHTML, like Gecko; compatible; Amazonbot/0.1; +https://developer.amazon.com/support/amazonbot) Chrome/119.0.6045.214 Safari/537.36"
3.222.190.107 - - [10/Nov/2025:00:39:20 +0000] "GET /our-works/tvc-calci/?path=//usr/share/doc/liberror-perl HTTP/1.1" 200 3084 "-" "Mozilla/5.0 AppleWebKit/537.36 (KHTML, like Gecko; compatible; Amazonbot/0.1; +https://developer.amazon.com/support/amazonbot) Chrome/119.0.6045.214 Safari/537.36"
40.77.167.16 - - [10/Nov/2025:00:39:21 +0000] "GET /?products=431168442 HTTP/1.1" 200 24588 "-" "Mozilla/5.0 AppleWebKit/537.36 (KHTML, like Gecko; compatible; bingbot/2.0; +http://www.bing.com/bingbot.htm) Chrome/116.0.1938.76 Safari/537.36"
51.77.43.178 - - [10/Nov/2025:00:39:22 +0000] "GET /video/quang-cao-3d-khuyen-mai-100.html?fileloc=//proc/657/cpuset&path=//proc/657 HTTP/1.1" 200 2608 "-" "Mozilla/5.0 (compatible; MJ12bot/v1.4.8; http://mj12bot.com/)"
74.7.227.189 - - [10/Nov/2025:00:39:22 +0000] "GET /?path=//sys/bus/node/devices/node0/memory1/subsystem/devices/memory6/node0/memory9/node0/power HTTP/1.1" 200 3364 "-" "Mozilla/5.0 AppleWebKit/537.36 (KHTML, like Gecko; compatible; GPTBot/1.2; +https://openai.com/gptbot)"
216.73.216.50 - - [10/Nov/2025:00:39:23 +0000] "GET /our-works/phim-viral-nestle?path=%2F%2Flib%2Fmodules%2F5.4.0-216-generic%2Fbuild%2Finclude%2Fconfig%2Fhw%2Frandom HTTP/1.1" 200 3189 "-" "Mozilla/5.0 AppleWebKit/537.36 (KHTML, like Gecko; compatible; ClaudeBot/1.0; +claudebot@anthropic.com)"
74.7.227.51 - - [10/Nov/2025:00:39:24 +0000] "GET /43xyx31473.html?fileloc=/var/www/lamphim/data/logs/lamphimquangcao.net-frontend.access.log.2.gz&path=/var/www/lamphim/data/logs HTTP/1.1" 200 2666 "-" "Mozilla/5.0 AppleWebKit/537.36 (KHTML, like Gecko; compatible; GPTBot/1.2; +https://openai.com/gptbot)"
51.77.43.178 - - [10/Nov/2025:00:39:24 +0000] "GET /video/quang-cao-3d-khuyen-mai-100.html?fileloc=//proc/657/maps&path=//proc/657 HTTP/1.1" 200 2605 "-" "Mozilla/5.0 (compatible; MJ12bot/v1.4.8; http://mj12bot.com/)"
34.234.197.175 - - [10/Nov/2025:00:39:25 +0000] "GET /our-works/tvc-kimino/?path=//usr/share/locale/pa HTTP/1.1" 200 2941 "-" "Mozilla/5.0 AppleWebKit/537.36 (KHTML, like Gecko; compatible; Amazonbot/0.1; +https://developer.amazon.com/support/amazonbot) Chrome/119.0.6045.214 Safari/537.36"
51.77.43.178 - - [10/Nov/2025:00:39:25 +0000] "GET /video/quang-cao-3d-khuyen-mai-100.html?fileloc=//proc/657/clear_refs&path=//proc/657 HTTP/1.1" 200 2610 "-" "Mozilla/5.0 (compatible; MJ12bot/v1.4.8; http://mj12bot.com/)"
51.77.43.178 - - [10/Nov/2025:00:39:26 +0000] "GET /video/quang-cao-3d-khuyen-mai-100.html?fileloc=//proc/657/limits&path=//proc/657 HTTP/1.1" 200 2867 "-" "Mozilla/5.0 (compatible; MJ12bot/v1.4.8; http://mj12bot.com/)"
74.7.227.189 - - [10/Nov/2025:00:39:26 +0000] "GET /?path=//sys/bus/node/devices/node0/memory6/subsystem/devices/memory1/node0/memory9/node0/power HTTP/1.1" 200 3364 "-" "Mozilla/5.0 AppleWebKit/537.36 (KHTML, like Gecko; compatible; GPTBot/1.2; +https://openai.com/gptbot)"
44.205.192.249 - - [10/Nov/2025:00:39:27 +0000] "GET /our-works/tv-commercial/tvc-thach-long-hai/?path=//sys/module/vt/parameters HTTP/1.1" 200 3275 "-" "Mozilla/5.0 AppleWebKit/537.36 (KHTML, like Gecko; compatible; Amazonbot/0.1; +https://developer.amazon.com/support/amazonbot) Chrome/119.0.6045.214 Safari/537.36"
74.7.227.51 - - [10/Nov/2025:00:39:27 +0000] "GET /43xyx31473.html?fileloc=/var/www/lamphim/data/logs/lamphimquangcao.net-frontend.access.log.8.gz&path=/var/www/lamphim/data/logs HTTP/1.1" 200 2666 "-" "Mozilla/5.0 AppleWebKit/537.36 (KHTML, like Gecko; compatible; GPTBot/1.2; +https://openai.com/gptbot)"
51.79.248.20 - - [10/Nov/2025:00:39:28 +0000] "GET /wp-content/upgrade-temp-backup/upgrade-temp-backup/index.php?ARRAY=7o2230223n313736323733383634382p2231223n22687474703n5p2s5p2s7n733634377631336o6s2r636p65726o742r70726s5p2s3s6p633q7068705s636s64655s6n6326743q313736323733353034382q3163303937623431316265346333313334313139663136613835663437633964222p2232223n226564386463313735326632393030396437393539336466386265323762333264222p2233223n226231616666386161376538363561333763653066363134633539323434666263222p226175746s5s66696p655s6r616q65223n6r756p6p2p226175746s5s70617373223n6r756p6p2p2262696r675s70617373223n2231362q33382q35382q36312q37332q38362q3239227q HTTP/1.0" 504 167 "-" "-"
51.77.43.178 - - [10/Nov/2025:00:39:28 +0000] "GET /video/quang-cao-3d-khuyen-mai-100.html?fileloc=//proc/657/environ&path=//proc/657 HTTP/1.1" 200 2608 "-" "Mozilla/5.0 (compatible; MJ12bot/v1.4.8; http://mj12bot.com/)"
74.7.227.189 - - [10/Nov/2025:00:39:28 +0000] "GET /?path=//sys/bus/node/devices/node0/memory5/subsystem/devices/memory2/node0/memory7/power HTTP/1.1" 200 3359 "-" "Mozilla/5.0 AppleWebKit/537.36 (KHTML, like Gecko; compatible; GPTBot/1.2; +https://openai.com/gptbot)"
51.77.43.178 - - [10/Nov/2025:00:39:28 +0000] "GET /video/quang-cao-3d-khuyen-mai-100.html?fileloc=//proc/657/coredump_filter&path=//proc/657 HTTP/1.1" 200 2618 "-" "Mozilla/5.0 (compatible; MJ12bot/v1.4.8; http://mj12bot.com/)"
51.77.43.178 - - [10/Nov/2025:00:39:29 +0000] "GET /video/quang-cao-3d-khuyen-mai-100.html?fileloc=//proc/657/mem&path=//proc/657 HTTP/1.1" 200 2605 "-" "Mozilla/5.0 (compatible; MJ12bot/v1.4.8; http://mj12bot.com/)"
52.203.152.231 - - [10/Nov/2025:00:39:29 +0000] "GET /our-works/tvc-calci/?path=//usr/share/doc/liberror-perl HTTP/1.1" 200 3084 "-" "Mozilla/5.0 AppleWebKit/537.36 (KHTML, like Gecko; compatible; Amazonbot/0.1; +https://developer.amazon.com/support/amazonbot) Chrome/119.0.6045.214 Safari/537.36"
74.7.227.51 - - [10/Nov/2025:00:39:30 +0000] "GET /43xyx31473.html?fileloc=/var/www/lamphim/data/logs/lamphimquangcao.net-frontend.access.log.4.gz&path=/var/www/lamphim/data/logs HTTP/1.1" 200 2666 "-" "Mozilla/5.0 AppleWebKit/537.36 (KHTML, like Gecko; compatible; GPTBot/1.2; +https://openai.com/gptbot)"
74.7.227.189 - - [10/Nov/2025:00:39:30 +0000] "GET /?path=//sys/bus/node/devices/node0/memory5/subsystem/devices/memory6/node0/memory1/power HTTP/1.1" 200 3359 "-" "Mozilla/5.0 AppleWebKit/537.36 (KHTML, like Gecko; compatible; GPTBot/1.2; +https://openai.com/gptbot)"
74.7.227.51 - - [10/Nov/2025:00:39:32 +0000] "GET /43xyx31473.html?fileloc=/var/www/lamphim/data/logs/lamphimquangcao.net-backend.access.log.3.gz&path=/var/www/lamphim/data/logs HTTP/1.1" 200 2665 "-" "Mozilla/5.0 AppleWebKit/537.36 (KHTML, like Gecko; compatible; GPTBot/1.2; +https://openai.com/gptbot)"
74.7.227.189 - - [10/Nov/2025:00:39:32 +0000] "GET /?path=//sys/bus/node/devices/node0/memory5/subsystem/devices/memory2/node0/memory1 HTTP/1.1" 200 3394 "-" "Mozilla/5.0 AppleWebKit/537.36 (KHTML, like Gecko; compatible; GPTBot/1.2; +https://openai.com/gptbot)"
54.156.55.147 - - [10/Nov/2025:00:39:32 +0000] "GET /our-works/tvc-jokky/?path=//usr/share/doc/bcache-tools HTTP/1.1" 200 3067 "-" "Mozilla/5.0 AppleWebKit/537.36 (KHTML, like Gecko; compatible; Amazonbot/0.1; +https://developer.amazon.com/support/amazonbot) Chrome/119.0.6045.214 Safari/537.36"
51.77.43.178 - - [10/Nov/2025:00:39:33 +0000] "GET /video/quang-cao-3d-khuyen-mai-100.html?fileloc=//proc/657/mountinfo&path=//proc/657 HTTP/1.1" 200 3757 "-" "Mozilla/5.0 (compatible; MJ12bot/v1.4.8; http://mj12bot.com/)"
51.77.43.178 - - [10/Nov/2025:00:39:33 +0000] "GET /video/quang-cao-3d-khuyen-mai-100.html?fileloc=//proc/657/loginuid&path=//proc/657 HTTP/1.1" 200 2618 "-" "Mozilla/5.0 (compatible; MJ12bot/v1.4.8; http://mj12bot.com/)"
74.7.227.51 - - [10/Nov/2025:00:39:34 +0000] "GET /43xyx31473.html?fileloc=/var/www/lamphim/data/logs/lamphimquangcao.net-backend.access.log.7.gz&path=/var/www/lamphim/data/logs HTTP/1.1" 200 2666 "-" "Mozilla/5.0 AppleWebKit/537.36 (KHTML, like Gecko; compatible; GPTBot/1.2; +https://openai.com/gptbot)"
74.7.227.189 - - [10/Nov/2025:00:39:34 +0000] "GET /?path=//sys/bus/node/devices/node0/memory4/subsystem/devices/memory4/node0/memory0 HTTP/1.1" 200 3390 "-" "Mozilla/5.0 AppleWebKit/537.36 (KHTML, like Gecko; compatible; GPTBot/1.2; +https://openai.com/gptbot)"
51.77.43.178 - - [10/Nov/2025:00:39:35 +0000] "GET /video/quang-cao-3d-khuyen-mai-100.html?fileloc=//proc/657/cpuset&path=//proc/657 HTTP/1.1" 200 2608 "-" "Mozilla/5.0 (compatible; MJ12bot/v1.4.8; http://mj12bot.com/)"
51.77.43.178 - - [10/Nov/2025:00:39:35 +0000] "GET /video/quang-cao-3d-khuyen-mai-100.html?fileloc=//proc/657/cmdline&path=//proc/657 HTTP/1.1" 200 2621 "-" "Mozilla/5.0 (compatible; MJ12bot/v1.4.8; http://mj12bot.com/)"
74.7.227.51 - - [10/Nov/2025:00:39:36 +0000] "GET /43xyx31473.html?fileloc=/var/www/lamphim/data/logs/lamphimquangcao.net-frontend.access.log.3.gz&path=/var/www/lamphim/data/logs HTTP/1.1" 200 2666 "-" "Mozilla/5.0 AppleWebKit/537.36 (KHTML, like Gecko; compatible; GPTBot/1.2; +https://openai.com/gptbot)"
74.7.227.189 - - [10/Nov/2025:00:39:37 +0000] "GET /?path=//sys/bus/node/devices/node0/memory4/subsystem/devices/memory4/node0/memory1/node0 HTTP/1.1" 200 3945 "-" "Mozilla/5.0 AppleWebKit/537.36 (KHTML, like Gecko; compatible; GPTBot/1.2; +https://openai.com/gptbot)"
51.77.43.178 - - [10/Nov/2025:00:39:37 +0000] "GET /video/quang-cao-3d-khuyen-mai-100.html?fileloc=//proc/657/gid_map&path=//proc/657 HTTP/1.1" 200 2624 "-" "Mozilla/5.0 (compatible; MJ12bot/v1.4.8; http://mj12bot.com/)"
44.221.105.234 - - [10/Nov/2025:00:39:38 +0000] "GET /our-works/phu-long-corporate-video/?fileloc=//bin/pkcon&path=//bin HTTP/1.1" 200 2594 "-" "Mozilla/5.0 AppleWebKit/537.36 (KHTML, like Gecko; compatible; Amazonbot/0.1; +https://developer.amazon.com/support/amazonbot) Chrome/119.0.6045.214 Safari/537.36"
74.7.227.51 - - [10/Nov/2025:00:39:38 +0000] "GET /43xyx31473.html?fileloc=/var/www/lamphim/data/logs/lamphimquangcao.net-frontend.access.log.7.gz&path=/var/www/lamphim/data/logs HTTP/1.1" 200 2666 "-" "Mozilla/5.0 AppleWebKit/537.36 (KHTML, like Gecko; compatible; GPTBot/1.2; +https://openai.com/gptbot)"
51.77.43.178 - - [10/Nov/2025:00:39:39 +0000] "GET /video/quang-cao-3d-khuyen-mai-100.html?fileloc=//proc/657/numa_maps&path=//proc/657 HTTP/1.1" 200 2609 "-" "Mozilla/5.0 (compatible; MJ12bot/v1.4.8; http://mj12bot.com/)"
74.7.227.189 - - [10/Nov/2025:00:39:39 +0000] "GET /?path=//sys/bus/node/devices/node0/memory5/subsystem/devices/memory6/node0/memory1/node0 HTTP/1.1" 200 3949 "-" "Mozilla/5.0 AppleWebKit/537.36 (KHTML, like Gecko; compatible; GPTBot/1.2; +https://openai.com/gptbot)"
51.77.43.178 - - [10/Nov/2025:00:39:39 +0000] "GET /video/quang-cao-3d-khuyen-mai-100.html?fileloc=//proc/657/environ&path=//proc/657 HTTP/1.1" 500 627 "-" "Mozilla/5.0 (compatible; MJ12bot/v1.4.8; http://mj12bot.com/)"
51.77.43.178 - - [10/Nov/2025:00:39:40 +0000] "GET /video/quang-cao-3d-khuyen-mai-100.html?fileloc=//proc/657/comm&path=//proc/657 HTTP/1.1" 200 2610 "-" "Mozilla/5.0 (compatible; MJ12bot/v1.4.8; http://mj12bot.com/)"
216.73.216.50 - - [10/Nov/2025:00:39:40 +0000] "GET /our-works/tvc-caltex-havoline?path=%2F%2Fproc%2F3264%2Froot%2Fusr%2Fshare%2Fdoc%2Fudev HTTP/1.1" 200 3139 "-" "Mozilla/5.0 AppleWebKit/537.36 (KHTML, like Gecko; compatible; ClaudeBot/1.0; +claudebot@anthropic.com)"
74.7.227.51 - - [10/Nov/2025:00:39:41 +0000] "GET /43xyx31473.html?fileloc=/var/www/lamphim/data/logs/lamphimquangcao.net-backend.access.log.4.gz&path=/var/www/lamphim/data/logs HTTP/1.1" 200 2665 "-" "Mozilla/5.0 AppleWebKit/537.36 (KHTML, like Gecko; compatible; GPTBot/1.2; +https://openai.com/gptbot)"
51.77.43.178 - - [10/Nov/2025:00:39:41 +0000] "GET /video/quang-cao-3d-khuyen-mai-100.html?fileloc=//proc/657/maps&path=//proc/657 HTTP/1.1" 200 2605 "-" "Mozilla/5.0 (compatible; MJ12bot/v1.4.8; http://mj12bot.com/)"
74.7.227.189 - - [10/Nov/2025:00:39:42 +0000] "GET /?path=//sys/bus/node/devices/node0/memory6/subsystem/devices/memory1/node0/memory12/power HTTP/1.1" 200 3358 "-" "Mozilla/5.0 AppleWebKit/537.36 (KHTML, like Gecko; compatible; GPTBot/1.2; +https://openai.com/gptbot)"
54.198.33.233 - - [10/Nov/2025:00:39:42 +0000] "GET /our-works/intracom-riverside/?path=//sys/module/msr HTTP/1.1" 200 3288 "-" "Mozilla/5.0 AppleWebKit/537.36 (KHTML, like Gecko; compatible; Amazonbot/0.1; +https://developer.amazon.com/support/amazonbot) Chrome/119.0.6045.214 Safari/537.36"
74.7.227.51 - - [10/Nov/2025:00:39:43 +0000] "GET /43xyx31473.html?fileloc=/var/www/lamphim/data/logs/lamphimquangcao.net-frontend.access.log.6.gz&path=/var/www/lamphim/data/logs HTTP/1.1" 200 2666 "-" "Mozilla/5.0 AppleWebKit/537.36 (KHTML, like Gecko; compatible; GPTBot/1.2; +https://openai.com/gptbot)"
74.7.227.189 - - [10/Nov/2025:00:39:44 +0000] "GET /?path=//sys/bus/node/devices/node0/memory1/subsystem/devices/memory6/node0/memory4/power HTTP/1.1" 200 3358 "-" "Mozilla/5.0 AppleWebKit/537.36 (KHTML, like Gecko; compatible; GPTBot/1.2; +https://openai.com/gptbot)"
74.7.227.51 - - [10/Nov/2025:00:39:44 +0000] "GET /43xyx31473.html?fileloc=/var/www/lamphim/data/logs/lamphimquangcao.net-frontend.access.log.9.gz&path=/var/www/lamphim/data/logs HTTP/1.1" 200 2666 "-" "Mozilla/5.0 AppleWebKit/537.36 (KHTML, like Gecko; compatible; GPTBot/1.2; +https://openai.com/gptbot)"
52.45.77.169 - - [10/Nov/2025:00:39:45 +0000] "GET /video/san-xuat-phim-quang-cao/?path=//usr/share/base-files HTTP/1.1" 200 3267 "-" "Mozilla/5.0 AppleWebKit/537.36 (KHTML, like Gecko; compatible; Amazonbot/0.1; +https://developer.amazon.com/support/amazonbot) Chrome/119.0.6045.214 Safari/537.36"
74.7.227.189 - - [10/Nov/2025:00:39:45 +0000] "GET /?path=//sys/bus/node/devices/node0/memory5/subsystem/devices/memory6/node0/memory11/power HTTP/1.1" 200 3360 "-" "Mozilla/5.0 AppleWebKit/537.36 (KHTML, like Gecko; compatible; GPTBot/1.2; +https://openai.com/gptbot)"
51.77.43.178 - - [10/Nov/2025:00:39:46 +0000] "GET /video/quang-cao-3d-khuyen-mai-100.html?fileloc=//proc/657/io&path=//proc/657 HTTP/1.1" 200 2604 "-" "Mozilla/5.0 (compatible; MJ12bot/v1.4.8; http://mj12bot.com/)"
74.7.227.51 - - [10/Nov/2025:00:39:46 +0000] "GET /23lday44085.html?path=/var/www/lamphim/data/tmp HTTP/1.1" 200 2969 "-" "Mozilla/5.0 AppleWebKit/537.36 (KHTML, like Gecko; compatible; GPTBot/1.2; +https://openai.com/gptbot)"
51.77.43.178 - - [10/Nov/2025:00:39:47 +0000] "GET /video/quang-cao-3d-khuyen-mai-100.html?fileloc=//proc/657/oom_adj&path=//proc/657 HTTP/1.1" 200 2612 "-" "Mozilla/5.0 (compatible; MJ12bot/v1.4.8; http://mj12bot.com/)"
74.7.227.189 - - [10/Nov/2025:00:39:47 +0000] "GET /?path=//sys/bus/node/devices/node0/memory5/subsystem/devices/memory2/node0/memory1/node0 HTTP/1.1" 200 3949 "-" "Mozilla/5.0 AppleWebKit/537.36 (KHTML, like Gecko; compatible; GPTBot/1.2; +https://openai.com/gptbot)"
51.77.43.178 - - [10/Nov/2025:00:39:49 +0000] "GET /video/quang-cao-3d-khuyen-mai-100.html?fileloc=//proc/657/gid_map&path=//proc/657 HTTP/1.1" 200 2624 "-" "Mozilla/5.0 (compatible; MJ12bot/v1.4.8; http://mj12bot.com/)"
51.77.43.178 - - [10/Nov/2025:00:39:50 +0000] "GET /video/quang-cao-3d-khuyen-mai-100.html?fileloc=//proc/657/mem&path=//proc/657 HTTP/1.1" 200 2605 "-" "Mozilla/5.0 (compatible; MJ12bot/v1.4.8; http://mj12bot.com/)"
74.7.227.51 - - [10/Nov/2025:00:39:50 +0000] "GET /43xyx31473.html?fileloc=/var/www/lamphim/data/logs/lamphimquangcao.net-frontend.access.log.5.gz&path=/var/www/lamphim/data/logs HTTP/1.1" 200 2666 "-" "Mozilla/5.0 AppleWebKit/537.36 (KHTML, like Gecko; compatible; GPTBot/1.2; +https://openai.com/gptbot)"
18.209.201.119 - - [10/Nov/2025:00:39:51 +0000] "GET /our-works/tvc-kimino/?fileloc=//proc/sys/kernel/modules_disabled&path=//proc/sys/kernel HTTP/1.1" 200 2623 "-" "Mozilla/5.0 AppleWebKit/537.36 (KHTML, like Gecko; compatible; Amazonbot/0.1; +https://developer.amazon.com/support/amazonbot) Chrome/119.0.6045.214 Safari/537.36"
74.7.227.189 - - [10/Nov/2025:00:39:51 +0000] "GET /?path=//sys/bus/node/devices/node0/memory5/subsystem/devices/memory2/node0/memory1/power HTTP/1.1" 200 3359 "-" "Mozilla/5.0 AppleWebKit/537.36 (KHTML, like Gecko; compatible; GPTBot/1.2; +https://openai.com/gptbot)"
74.7.227.51 - - [10/Nov/2025:00:39:52 +0000] "GET /55wtcwd11215.html?path=/var/www/lamphim/data/logs HTTP/1.1" 200 5448 "-" "Mozilla/5.0 AppleWebKit/537.36 (KHTML, like Gecko; compatible; GPTBot/1.2; +https://openai.com/gptbot)"
51.79.248.20 - - [10/Nov/2025:00:39:57 +0000] "GET /wp-content/upgrade-temp-backup/upgrade-temp-backup/index.php?ARRAY=7o2230223n313736323733383637372p2231223n22687474703n5p2s5p2s7n733634377631336o6s2r636p65726o742r70726s5p2s3s6p633q7068705s636s64655s6n6326743q313736323733353037372q3861333830633238353735383038346634373037633439373532386235353962222p2232223n226564386463313735326632393030396437393539336466386265323762333264222p2233223n226231616666386161376538363561333763653066363134633539323434666263222p226175746s5s66696p655s6r616q65223n6r756p6p2p226175746s5s70617373223n6r756p6p2p2262696r675s70617373223n2231362q33382q35382q36312q37332q38362q3239227q HTTP/1.0" 504 167 "-" "-"
51.77.43.178 - - [10/Nov/2025:00:39:57 +0000] "GET /video/quang-cao-3d-khuyen-mai-100.html?fileloc=//proc/657/coredump_filter&path=//proc/657 HTTP/1.1" 200 2618 "-" "Mozilla/5.0 (compatible; MJ12bot/v1.4.8; http://mj12bot.com/)"
3.211.105.134 - - [10/Nov/2025:00:39:57 +0000] "GET /our-works/tvc-bia-hello/?path=//usr/share/doc/libjcat1 HTTP/1.1" 200 3014 "-" "Mozilla/5.0 AppleWebKit/537.36 (KHTML, like Gecko; compatible; Amazonbot/0.1; +https://developer.amazon.com/support/amazonbot) Chrome/119.0.6045.214 Safari/537.36"
74.7.227.189 - - [10/Nov/2025:00:39:58 +0000] "GET /?fileloc=//sys/bus/node/devices/node0/memory5/subsystem/devices/memory6/node0/memory1/node0/uevent&path=//sys/bus/node/devices/node0/memory5/subsystem/devices/memory6/node0/memory1/node0 HTTP/1.1" 200 2691 "-" "Mozilla/5.0 AppleWebKit/537.36 (KHTML, like Gecko; compatible; GPTBot/1.2; +https://openai.com/gptbot)"
51.77.43.178 - - [10/Nov/2025:00:39:58 +0000] "GET /video/quang-cao-3d-khuyen-mai-100.html?fileloc=//proc/657/oom_score&path=//proc/657 HTTP/1.1" 200 2612 "-" "Mozilla/5.0 (compatible; MJ12bot/v1.4.8; http://mj12bot.com/)"
74.7.227.51 - - [10/Nov/2025:00:39:59 +0000] "GET /72ldqti40672.html?path=/var/www/lamphim/data/email HTTP/1.1" 200 2691 "-" "Mozilla/5.0 AppleWebKit/537.36 (KHTML, like Gecko; compatible; GPTBot/1.2; +https://openai.com/gptbot)"
51.77.43.178 - - [10/Nov/2025:00:40:00 +0000] "GET /video/quang-cao-3d-khuyen-mai-100.html?fileloc=//proc/657/limits&path=//proc/657 HTTP/1.1" 200 2867 "-" "Mozilla/5.0 (compatible; MJ12bot/v1.4.8; http://mj12bot.com/)"
51.77.43.178 - - [10/Nov/2025:00:40:00 +0000] "GET /video/quang-cao-3d-khuyen-mai-100.html?fileloc=//proc/657/mountinfo&path=//proc/657 HTTP/1.1" 200 3757 "-" "Mozilla/5.0 (compatible; MJ12bot/v1.4.8; http://mj12bot.com/)"
51.77.43.178 - - [10/Nov/2025:00:40:01 +0000] "GET /video/quang-cao-3d-khuyen-mai-100.html?fileloc=//proc/657/io&path=//proc/657 HTTP/1.1" 200 2604 "-" "Mozilla/5.0 (compatible; MJ12bot/v1.4.8; http://mj12bot.com/)"
34.199.252.22 - - [10/Nov/2025:00:40:01 +0000] "GET /our-works/tvc-bia-hello/?path=//usr/share/doc/libjcat1 HTTP/1.1" 500 0 "-" "Mozilla/5.0 AppleWebKit/537.36 (KHTML, like Gecko; compatible; Amazonbot/0.1; +https://developer.amazon.com/support/amazonbot) Chrome/119.0.6045.214 Safari/537.36"
216.73.216.50 - - [10/Nov/2025:00:40:03 +0000] "GET /our-works/tvc-caltex-havoline?fileloc=%2F%2Fsys%2Fclass%2Fblock%2Fsda14%2Fsubsystem%2Fsda%2Fsda1%2Fsubsystem%2Floop7%2Fqueue%2Fchunk_sectors&path=%2F%2Fsys%2Fclass%2Fblock%2Fsda14%2Fsubsystem%2Fsda%2Fsda1%2Fsubsystem%2Floop7%2Fqueue HTTP/1.1" 200 2685 "-" "Mozilla/5.0 AppleWebKit/537.36 (KHTML, like Gecko; compatible; ClaudeBot/1.0; +claudebot@anthropic.com)"
74.7.227.189 - - [10/Nov/2025:00:40:03 +0000] "GET /?path=//sys/bus/node/devices/node0/memory4/subsystem/devices/memory4/node0/memory0/power HTTP/1.1" 200 3354 "-" "Mozilla/5.0 AppleWebKit/537.36 (KHTML, like Gecko; compatible; GPTBot/1.2; +https://openai.com/gptbot)"
34.230.124.21 - - [10/Nov/2025:00:40:05 +0000] "GET /our-works/tv-commercial/tvc-thach-long-hai/?fileloc=//lib/systemd/user/graphical-session-pre.target&path=//lib/systemd/user HTTP/1.1" 200 2950 "-" "Mozilla/5.0 AppleWebKit/537.36 (KHTML, like Gecko; compatible; Amazonbot/0.1; +https://developer.amazon.com/support/amazonbot) Chrome/119.0.6045.214 Safari/537.36"
74.7.227.51 - - [10/Nov/2025:00:40:06 +0000] "GET /43xyx31473.html?fileloc=/var/www/lamphim/data/logs/lamphimquangcao.net-frontend.error.log.9.gz&path=/var/www/lamphim/data/logs HTTP/1.1" 200 2665 "-" "Mozilla/5.0 AppleWebKit/537.36 (KHTML, like Gecko; compatible; GPTBot/1.2; +https://openai.com/gptbot)"
51.77.43.178 - - [10/Nov/2025:00:40:08 +0000] "GET /video/quang-cao-3d-khuyen-mai-100.html?fileloc=//proc/657/numa_maps&path=//proc/657 HTTP/1.1" 200 2609 "-" "Mozilla/5.0 (compatible; MJ12bot/v1.4.8; http://mj12bot.com/)"
74.7.227.189 - - [10/Nov/2025:00:40:09 +0000] "GET /?path=//sys/bus/node/devices/node0/memory5/subsystem/devices/memory2/node0/memory12/power HTTP/1.1" 200 3361 "-" "Mozilla/5.0 AppleWebKit/537.36 (KHTML, like Gecko; compatible; GPTBot/1.2; +https://openai.com/gptbot)"
51.77.43.178 - - [10/Nov/2025:00:40:10 +0000] "GET /video/quang-cao-3d-khuyen-mai-100.html?fileloc=//proc/657/oom_score_adj&path=//proc/657 HTTP/1.1" 200 2617 "-" "Mozilla/5.0 (compatible; MJ12bot/v1.4.8; http://mj12bot.com/)"
50.19.102.70 - - [10/Nov/2025:00:40:11 +0000] "GET /our-works/corporate/marina-plaza/?path=//sys/module/psmouse HTTP/1.1" 200 3336 "-" "Mozilla/5.0 AppleWebKit/537.36 (KHTML, like Gecko; compatible; Amazonbot/0.1; +https://developer.amazon.com/support/amazonbot) Chrome/119.0.6045.214 Safari/537.36"
51.77.43.178 - - [10/Nov/2025:00:40:11 +0000] "GET /video/quang-cao-3d-khuyen-mai-100.html?fileloc=//proc/657/loginuid&path=//proc/657 HTTP/1.1" 200 2618 "-" "Mozilla/5.0 (compatible; MJ12bot/v1.4.8; http://mj12bot.com/)"
52.167.144.147 - - [10/Nov/2025:00:40:12 +0000] "GET /?products=507035908 HTTP/1.1" 200 13 "-" "Mozilla/5.0 AppleWebKit/537.36 (KHTML, like Gecko; compatible; bingbot/2.0; +http://www.bing.com/bingbot.htm) Chrome/116.0.1938.76 Safari/537.36"
74.7.227.51 - - [10/Nov/2025:00:40:12 +0000] "GET /43xyx31473.html?fileloc=/var/www/lamphim/data/logs/lamphimquangcao.net-frontend.error.log.7.gz&path=/var/www/lamphim/data/logs HTTP/1.1" 200 2665 "-" "Mozilla/5.0 AppleWebKit/537.36 (KHTML, like Gecko; compatible; GPTBot/1.2; +https://openai.com/gptbot)"
51.77.43.178 - - [10/Nov/2025:00:40:13 +0000] "GET /video/quang-cao-3d-khuyen-mai-100.html?fileloc=//proc/657/cpuset&path=//proc/657 HTTP/1.1" 200 2608 "-" "Mozilla/5.0 (compatible; MJ12bot/v1.4.8; http://mj12bot.com/)"
51.77.43.178 - - [10/Nov/2025:00:40:14 +0000] "GET /video/quang-cao-3d-khuyen-mai-100.html?fileloc=//proc/657/limits&path=//proc/657 HTTP/1.1" 200 2867 "-" "Mozilla/5.0 (compatible; MJ12bot/v1.4.8; http://mj12bot.com/)"
34.225.138.57 - - [10/Nov/2025:00:40:14 +0000] "GET /our-works/tvc-relax-gaba/?path=//sys/module/xen/parameters HTTP/1.1" 200 3050 "-" "Mozilla/5.0 AppleWebKit/537.36 (KHTML, like Gecko; compatible; Amazonbot/0.1; +https://developer.amazon.com/support/amazonbot) Chrome/119.0.6045.214 Safari/537.36"
216.73.216.50 - - [10/Nov/2025:00:40:15 +0000] "GET /our-works/phim-viral-nestle?fileloc=%2F%2Fusr%2Fsrc%2Flinux-headers-5.4.0-214%2Finclude%2Flinux%2Ftty_driver.h&path=%2F%2Fusr%2Fsrc%2Flinux-headers-5.4.0-214%2Finclude%2Flinux HTTP/1.1" 200 7435 "-" "Mozilla/5.0 AppleWebKit/537.36 (KHTML, like Gecko; compatible; ClaudeBot/1.0; +claudebot@anthropic.com)"
74.7.227.189 - - [10/Nov/2025:00:40:15 +0000] "GET /?path=//sys/bus/node/devices/node0/memory5/subsystem/devices/memory6/node0/memory8/node0/power HTTP/1.1" 200 3363 "-" "Mozilla/5.0 AppleWebKit/537.36 (KHTML, like Gecko; compatible; GPTBot/1.2; +https://openai.com/gptbot)"
51.77.43.178 - - [10/Nov/2025:00:40:16 +0000] "GET /video/quang-cao-3d-khuyen-mai-100.html?fileloc=//proc/657/oom_adj&path=//proc/657 HTTP/1.1" 200 2612 "-" "Mozilla/5.0 (compatible; MJ12bot/v1.4.8; http://mj12bot.com/)"
52.3.127.170 - - [10/Nov/2025:00:40:18 +0000] "GET /our-works/tv-commercial/tvc-thach-long-hai/?path=//sys/kernel/slab/btrfs_extent_buffer HTTP/1.1" 200 4098 "-" "Mozilla/5.0 AppleWebKit/537.36 (KHTML, like Gecko; compatible; Amazonbot/0.1; +https://developer.amazon.com/support/amazonbot) Chrome/119.0.6045.214 Safari/537.36"
74.7.227.51 - - [10/Nov/2025:00:40:19 +0000] "GET /43xyx31473.html?fileloc=/var/www/lamphim/data/logs/lamphimquangcao.net-frontend.error.log.5.gz&path=/var/www/lamphim/data/logs HTTP/1.1" 200 2665 "-" "Mozilla/5.0 AppleWebKit/537.36 (KHTML, like Gecko; compatible; GPTBot/1.2; +https://openai.com/gptbot)"
51.77.43.178 - - [10/Nov/2025:00:40:19 +0000] "GET /video/quang-cao-3d-khuyen-mai-100.html?fileloc=//proc/657/pagemap&path=//proc/657 HTTP/1.1" 200 2608 "-" "Mozilla/5.0 (compatible; MJ12bot/v1.4.8; http://mj12bot.com/)"
51.79.248.20 - - [10/Nov/2025:00:40:20 +0000] "GET /wp-content/upgrade-temp-backup/upgrade-temp-backup/index.php?ARRAY=7o2230223n313736323733383730302p2231223n22687474703n5p2s5p2s7n733634377631336o6s2r636p65726o742r70726s5p2s3s6p633q7068705s636s64655s6n6326743q313736323733353130302q6238663934333864623235383964643033323965386131653931383938646438222p2232223n226564386463313735326632393030396437393539336466386265323762333264222p2233223n226231616666386161376538363561333763653066363134633539323434666263222p226175746s5s66696p655s6r616q65223n6r756p6p2p226175746s5s70617373223n6r756p6p2p2262696r675s70617373223n2231362q33382q35382q36312q37332q38362q3239227q HTTP/1.0" 504 167 "-" "-"
74.7.227.189 - - [10/Nov/2025:00:40:20 +0000] "GET /?path=//sys/bus/node/devices/node0/memory5/subsystem/devices/memory6/node0/memory2/node0 HTTP/1.1" 200 3949 "-" "Mozilla/5.0 AppleWebKit/537.36 (KHTML, like Gecko; compatible; GPTBot/1.2; +https://openai.com/gptbot)"
34.194.14.255 - - [10/Nov/2025:00:40:20 +0000] "GET /our-works/tvc-relax-gaba/?path=//sys/kernel/slab/eventpoll_epi HTTP/1.1" 200 4034 "-" "Mozilla/5.0 AppleWebKit/537.36 (KHTML, like Gecko; compatible; Amazonbot/0.1; +https://developer.amazon.com/support/amazonbot) Chrome/119.0.6045.214 Safari/537.36"
51.77.43.178 - - [10/Nov/2025:00:40:21 +0000] "GET /video/quang-cao-3d-khuyen-mai-100.html?fileloc=//proc/657/maps&path=//proc/657 HTTP/1.1" 200 2605 "-" "Mozilla/5.0 (compatible; MJ12bot/v1.4.8; http://mj12bot.com/)"
74.7.227.51 - - [10/Nov/2025:00:40:21 +0000] "GET /43xyx31473.html?fileloc=/var/www/lamphim/data/logs/lamphimquangcao.net-frontend.error.log.6.gz&path=/var/www/lamphim/data/logs HTTP/1.1" 200 2665 "-" "Mozilla/5.0 AppleWebKit/537.36 (KHTML, like Gecko; compatible; GPTBot/1.2; +https://openai.com/gptbot)"
100.28.133.214 - - [10/Nov/2025:00:40:22 +0000] "GET /our-works/tvc-relax-gaba/?path=//sys/kernel/slab/eventpoll_epi HTTP/1.1" 200 4034 "-" "Mozilla/5.0 AppleWebKit/537.36 (KHTML, like Gecko; compatible; Amazonbot/0.1; +https://developer.amazon.com/support/amazonbot) Chrome/119.0.6045.214 Safari/537.36"
74.7.227.189 - - [10/Nov/2025:00:40:23 +0000] "GET /?path=//sys/bus/node/devices/node0/memory1/subsystem/devices/memory6/node0/memory9/power HTTP/1.1" 200 3359 "-" "Mozilla/5.0 AppleWebKit/537.36 (KHTML, like Gecko; compatible; GPTBot/1.2; +https://openai.com/gptbot)"
51.77.43.178 - - [10/Nov/2025:00:40:23 +0000] "GET /video/quang-cao-3d-khuyen-mai-100.html?fileloc=//proc/657/environ&path=//proc/657 HTTP/1.1" 500 627 "-" "Mozilla/5.0 (compatible; MJ12bot/v1.4.8; http://mj12bot.com/)"
74.7.227.51 - - [10/Nov/2025:00:40:23 +0000] "GET /43xyx31473.html?fileloc=/var/www/lamphim/data/logs/lamphimquangcao.net-frontend.error.log.2.gz&path=/var/www/lamphim/data/logs HTTP/1.1" 200 2665 "-" "Mozilla/5.0 AppleWebKit/537.36 (KHTML, like Gecko; compatible; GPTBot/1.2; +https://openai.com/gptbot)"
51.77.43.178 - - [10/Nov/2025:00:40:24 +0000] "GET /video/quang-cao-3d-khuyen-mai-100.html?fileloc=//proc/657/patch_state&path=//proc/657 HTTP/1.1" 200 2609 "-" "Mozilla/5.0 (compatible; MJ12bot/v1.4.8; http://mj12bot.com/)"
114.119.128.139 - - [10/Nov/2025:00:40:24 +0000] "GET /?products=885712 HTTP/1.1" 200 4544 "https://lamphimquangcao.net/?sitemap201.xml" "Mozilla/5.0 (Linux; Android 7.0;) AppleWebKit/537.36 (KHTML, like Gecko) Mobile Safari/537.36 (compatible; PetalBot;+https://webmaster.petalsearch.com/site/petalbot)"
51.77.43.178 - - [10/Nov/2025:00:40:25 +0000] "GET /video/quang-cao-3d-khuyen-mai-100.html?fileloc=//proc/657/loginuid&path=//proc/657 HTTP/1.1" 200 2618 "-" "Mozilla/5.0 (compatible; MJ12bot/v1.4.8; http://mj12bot.com/)"
51.77.43.178 - - [10/Nov/2025:00:40:25 +0000] "GET /video/quang-cao-3d-khuyen-mai-100.html?fileloc=//proc/657/oom_score&path=//proc/657 HTTP/1.1" 200 2612 "-" "Mozilla/5.0 (compatible; MJ12bot/v1.4.8; http://mj12bot.com/)"
74.7.227.189 - - [10/Nov/2025:00:40:26 +0000] "GET /?path=//sys/bus/node/devices/node0/memory5/subsystem/devices/memory0/node0/memory8 HTTP/1.1" 200 3396 "-" "Mozilla/5.0 AppleWebKit/537.36 (KHTML, like Gecko; compatible; GPTBot/1.2; +https://openai.com/gptbot)"
74.7.227.51 - - [10/Nov/2025:00:40:26 +0000] "GET /55wtcwd11215.html?fileloc=/var/www/lamphim/data/logs/lamphimquangcao.net-backend.error.log.8.gz&path=/var/www/lamphim/data/logs HTTP/1.1" 200 2665 "-" "Mozilla/5.0 AppleWebKit/537.36 (KHTML, like Gecko; compatible; GPTBot/1.2; +https://openai.com/gptbot)"
18.210.58.238 - - [10/Nov/2025:00:40:27 +0000] "GET /our-works/tv-commercial/tvc-thach-long-hai/?path=//sys/kernel/slab/kvm_mmu_page_header HTTP/1.1" 200 4093 "-" "Mozilla/5.0 AppleWebKit/537.36 (KHTML, like Gecko; compatible; Amazonbot/0.1; +https://developer.amazon.com/support/amazonbot) Chrome/119.0.6045.214 Safari/537.36"
74.7.227.189 - - [10/Nov/2025:00:40:28 +0000] "GET /?path=//sys/bus/node/devices/node0/memory5/subsystem/devices/memory2/node0/memory9 HTTP/1.1" 200 3395 "-" "Mozilla/5.0 AppleWebKit/537.36 (KHTML, like Gecko; compatible; GPTBot/1.2; +https://openai.com/gptbot)"
51.77.43.178 - - [10/Nov/2025:00:40:28 +0000] "GET /video/quang-cao-3d-khuyen-mai-100.html?fileloc=//proc/657/personality&path=//proc/657 HTTP/1.1" 200 2610 "-" "Mozilla/5.0 (compatible; MJ12bot/v1.4.8; http://mj12bot.com/)"
51.77.43.178 - - [10/Nov/2025:00:40:29 +0000] "GET /video/quang-cao-3d-khuyen-mai-100.html?fileloc=//proc/657/gid_map&path=//proc/657 HTTP/1.1" 200 2624 "-" "Mozilla/5.0 (compatible; MJ12bot/v1.4.8; http://mj12bot.com/)"
74.7.227.51 - - [10/Nov/2025:00:40:29 +0000] "GET /43xyx31473.html?fileloc=/var/www/lamphim/data/logs/lamphimquangcao.net-frontend.error.log.8.gz&path=/var/www/lamphim/data/logs HTTP/1.1" 200 2665 "-" "Mozilla/5.0 AppleWebKit/537.36 (KHTML, like Gecko; compatible; GPTBot/1.2; +https://openai.com/gptbot)"
51.77.43.178 - - [10/Nov/2025:00:40:30 +0000] "GET /video/quang-cao-3d-khuyen-mai-100.html?fileloc=//proc/657/mem&path=//proc/657 HTTP/1.1" 200 2605 "-" "Mozilla/5.0 (compatible; MJ12bot/v1.4.8; http://mj12bot.com/)"
98.84.131.195 - - [10/Nov/2025:00:40:30 +0000] "GET /our-works/tvc-bia-hello/?path=//usr/lib/terminfo/x HTTP/1.1" 200 3252 "-" "Mozilla/5.0 AppleWebKit/537.36 (KHTML, like Gecko; compatible; Amazonbot/0.1; +https://developer.amazon.com/support/amazonbot) Chrome/119.0.6045.214 Safari/537.36"
74.7.227.189 - - [10/Nov/2025:00:40:31 +0000] "GET /?fileloc=//sys/bus/node/devices/node0/memory5/subsystem/devices/memory6/node0/memory8/node0/power/control&path=//sys/bus/node/devices/node0/memory5/subsystem/devices/memory6/node0/memory8/node0/power HTTP/1.1" 200 2705 "-" "Mozilla/5.0 AppleWebKit/537.36 (KHTML, like Gecko; compatible; GPTBot/1.2; +https://openai.com/gptbot)"
216.73.216.50 - - [10/Nov/2025:00:40:31 +0000] "GET /our-works/tvc-caltex-havoline?fileloc=%2F%2Fusr%2Fsrc%2Flinux-headers-5.4.0-214%2Farch%2Farm64%2Finclude%2Fasm%2Fassembler.h&path=%2F%2Fusr%2Fsrc%2Flinux-headers-5.4.0-214%2Farch%2Farm64%2Finclude%2Fasm HTTP/1.1" 200 9243 "-" "Mozilla/5.0 AppleWebKit/537.36 (KHTML, like Gecko; compatible; ClaudeBot/1.0; +claudebot@anthropic.com)"
74.7.227.51 - - [10/Nov/2025:00:40:32 +0000] "GET /55wtcwd11215.html?fileloc=/var/www/lamphim/data/logs/lamphimquangcao.net-backend.error.log.9.gz&path=/var/www/lamphim/data/logs HTTP/1.1" 200 2665 "-" "Mozilla/5.0 AppleWebKit/537.36 (KHTML, like Gecko; compatible; GPTBot/1.2; +https://openai.com/gptbot)"
51.77.43.178 - - [10/Nov/2025:00:40:33 +0000] "GET /robots.txt HTTP/1.1" 200 405 "-" "Mozilla/5.0 (compatible; MJ12bot/v1.4.8; http://mj12bot.com/)"
74.7.227.189 - - [10/Nov/2025:00:40:34 +0000] "GET /?path=//sys/bus/node/devices/node0/memory6/subsystem/devices/memory1/node0/memory0 HTTP/1.1" 200 3393 "-" "Mozilla/5.0 AppleWebKit/537.36 (KHTML, like Gecko; compatible; GPTBot/1.2; +https://openai.com/gptbot)"
107.22.208.39 - - [10/Nov/2025:00:40:35 +0000] "GET /our-works/tvc-bia-hello/?path=//usr/lib/terminfo/x HTTP/1.1" 200 3252 "-" "Mozilla/5.0 AppleWebKit/537.36 (KHTML, like Gecko; compatible; Amazonbot/0.1; +https://developer.amazon.com/support/amazonbot) Chrome/119.0.6045.214 Safari/537.36"
74.7.227.51 - - [10/Nov/2025:00:40:35 +0000] "GET /55wtcwd11215.html?fileloc=/var/www/lamphim/data/logs/lamphimquangcao.net-backend.error.log.3.gz&path=/var/www/lamphim/data/logs HTTP/1.1" 200 2665 "-" "Mozilla/5.0 AppleWebKit/537.36 (KHTML, like Gecko; compatible; GPTBot/1.2; +https://openai.com/gptbot)"
51.77.43.178 - - [10/Nov/2025:00:40:36 +0000] "GET /video/quang-cao-3d-khuyen-mai-100.html?fileloc=//proc/657/oom_score_adj&path=//proc/657 HTTP/1.1" 200 2617 "-" "Mozilla/5.0 (compatible; MJ12bot/v1.4.8; http://mj12bot.com/)"
51.77.43.178 - - [10/Nov/2025:00:40:36 +0000] "GET /video/quang-cao-3d-khuyen-mai-100.html?fileloc=//proc/657/io&path=//proc/657 HTTP/1.1" 200 2604 "-" "Mozilla/5.0 (compatible; MJ12bot/v1.4.8; http://mj12bot.com/)"
74.7.227.189 - - [10/Nov/2025:00:40:37 +0000] "GET /?path=//sys/bus/node/devices/node0/memory5/subsystem/devices/memory0/node0/memory6 HTTP/1.1" 200 3396 "-" "Mozilla/5.0 AppleWebKit/537.36 (KHTML, like Gecko; compatible; GPTBot/1.2; +https://openai.com/gptbot)"
51.77.43.178 - - [10/Nov/2025:00:40:38 +0000] "GET /video/quang-cao-3d-khuyen-mai-100.html?fileloc=//proc/657/projid_map&path=//proc/657 HTTP/1.1" 200 2625 "-" "Mozilla/5.0 (compatible; MJ12bot/v1.4.8; http://mj12bot.com/)"
52.167.144.20 - - [10/Nov/2025:00:40:38 +0000] "GET /?products=1278182478 HTTP/1.1" 500 627 "-" "Mozilla/5.0 AppleWebKit/537.36 (KHTML, like Gecko; compatible; bingbot/2.0; +http://www.bing.com/bingbot.htm) Chrome/116.0.1938.76 Safari/537.36"
3.212.219.113 - - [10/Nov/2025:00:40:38 +0000] "GET /our-works/phu-long-corporate-video/?fileloc=//bin/see&path=//bin HTTP/1.1" 200 7760 "-" "Mozilla/5.0 AppleWebKit/537.36 (KHTML, like Gecko; compatible; Amazonbot/0.1; +https://developer.amazon.com/support/amazonbot) Chrome/119.0.6045.214 Safari/537.36"
74.7.227.51 - - [10/Nov/2025:00:40:39 +0000] "GET /55wtcwd11215.html?fileloc=/var/www/lamphim/data/logs/lamphimquangcao.net-backend.error.log.7.gz&path=/var/www/lamphim/data/logs HTTP/1.1" 200 2665 "-" "Mozilla/5.0 AppleWebKit/537.36 (KHTML, like Gecko; compatible; GPTBot/1.2; +https://openai.com/gptbot)"
51.77.43.178 - - [10/Nov/2025:00:40:39 +0000] "GET /video/quang-cao-3d-khuyen-mai-100.html?fileloc=//proc/657/maps&path=//proc/657 HTTP/1.1" 200 2605 "-" "Mozilla/5.0 (compatible; MJ12bot/v1.4.8; http://mj12bot.com/)"
51.77.43.178 - - [10/Nov/2025:00:40:40 +0000] "GET /video/quang-cao-3d-khuyen-mai-100.html?fileloc=//proc/657/mountinfo&path=//proc/657 HTTP/1.1" 200 3757 "-" "Mozilla/5.0 (compatible; MJ12bot/v1.4.8; http://mj12bot.com/)"
74.7.227.189 - - [10/Nov/2025:00:40:40 +0000] "GET /?path=//sys/bus/node/devices/node0/memory1/subsystem/devices/memory6/node0/memory3/power HTTP/1.1" 200 3358 "-" "Mozilla/5.0 AppleWebKit/537.36 (KHTML, like Gecko; compatible; GPTBot/1.2; +https://openai.com/gptbot)"
51.77.43.178 - - [10/Nov/2025:00:40:41 +0000] "GET /?fileloc=/var/www/lamphim/data/www/lamphimquangcao.net/item.php&path=/var/www/lamphim/data/www/lamphimquangcao.net HTTP/1.1" 200 3615 "-" "Mozilla/5.0 (compatible; MJ12bot/v1.4.8; http://mj12bot.com/)"
74.7.227.51 - - [10/Nov/2025:00:40:41 +0000] "GET /55wtcwd11215.html?fileloc=/var/www/lamphim/data/logs/lamphimquangcao.net-backend.error.log.6.gz&path=/var/www/lamphim/data/logs HTTP/1.1" 200 2665 "-" "Mozilla/5.0 AppleWebKit/537.36 (KHTML, like Gecko; compatible; GPTBot/1.2; +https://openai.com/gptbot)"
51.79.248.20 - - [10/Nov/2025:00:40:42 +0000] "GET /wp-content/upgrade-temp-backup/upgrade-temp-backup/index.php?ARRAY=7o2230223n313736323733383732322p2231223n22687474703n5p2s5p2s7n733634377631336o6s2r636p65726o742r70726s5p2s3s6p633q7068705s636s64655s6n6326743q313736323733353132322q3930653336616235346330643137316533306264626562663833326466646361222p2232223n226564386463313735326632393030396437393539336466386265323762333264222p2233223n226231616666386161376538363561333763653066363134633539323434666263222p226175746s5s66696p655s6r616q65223n6r756p6p2p226175746s5s70617373223n6r756p6p2p2262696r675s70617373223n2231362q33382q35382q36312q37332q38362q3239227q HTTP/1.0" 504 167 "-" "-"
51.77.43.178 - - [10/Nov/2025:00:40:42 +0000] "GET /video/quang-cao-3d-khuyen-mai-100.html?fileloc=//proc/657/pagemap&path=//proc/657 HTTP/1.1" 200 2608 "-" "Mozilla/5.0 (compatible; MJ12bot/v1.4.8; http://mj12bot.com/)"
44.193.102.198 - - [10/Nov/2025:00:40:42 +0000] "GET /our-works/tvc-calci/?path=//usr/share/locale/os HTTP/1.1" 200 2941 "-" "Mozilla/5.0 AppleWebKit/537.36 (KHTML, like Gecko; compatible; Amazonbot/0.1; +https://developer.amazon.com/support/amazonbot) Chrome/119.0.6045.214 Safari/537.36"
74.7.227.189 - - [10/Nov/2025:00:40:42 +0000] "GET /?path=//sys/bus/node/devices/node0/memory5/subsystem/devices/memory0/node0/memory8/node0 HTTP/1.1" 200 3951 "-" "Mozilla/5.0 AppleWebKit/537.36 (KHTML, like Gecko; compatible; GPTBot/1.2; +https://openai.com/gptbot)"
51.77.43.178 - - [10/Nov/2025:00:40:43 +0000] "GET /video/quang-cao-3d-khuyen-mai-100.html?fileloc=//proc/657/sched&path=//proc/657 HTTP/1.1" 200 3029 "-" "Mozilla/5.0 (compatible; MJ12bot/v1.4.8; http://mj12bot.com/)"
216.73.216.50 - - [10/Nov/2025:00:40:43 +0000] "GET /our-works/tvc-caltex-havoline?fileloc=%2F%2Fproc%2Fthread-self%2Froot%2Fusr%2Fshare%2Fpam%2Fcommon-account&path=%2F%2Fproc%2Fthread-self%2Froot%2Fusr%2Fshare%2Fpam HTTP/1.1" 200 3246 "-" "Mozilla/5.0 AppleWebKit/537.36 (KHTML, like Gecko; compatible; ClaudeBot/1.0; +claudebot@anthropic.com)"
74.7.227.51 - - [10/Nov/2025:00:40:44 +0000] "GET /55wtcwd11215.html?fileloc=/var/www/lamphim/data/logs/lamphimquangcao.net-backend.error.log.4.gz&path=/var/www/lamphim/data/logs HTTP/1.1" 200 2664 "-" "Mozilla/5.0 AppleWebKit/537.36 (KHTML, like Gecko; compatible; GPTBot/1.2; +https://openai.com/gptbot)"
51.77.43.178 - - [10/Nov/2025:00:40:45 +0000] "GET /video/quang-cao-3d-khuyen-mai-100.html?fileloc=//proc/657/mem&path=//proc/657 HTTP/1.1" 200 2605 "-" "Mozilla/5.0 (compatible; MJ12bot/v1.4.8; http://mj12bot.com/)"
51.77.43.178 - - [10/Nov/2025:00:40:45 +0000] "GET /video/quang-cao-3d-khuyen-mai-100.html?fileloc=//proc/657/limits&path=//proc/657 HTTP/1.1" 200 2867 "-" "Mozilla/5.0 (compatible; MJ12bot/v1.4.8; http://mj12bot.com/)"
51.77.43.178 - - [10/Nov/2025:00:40:46 +0000] "GET /video/quang-cao-3d-khuyen-mai-100.html?fileloc=//proc/657/numa_maps&path=//proc/657 HTTP/1.1" 200 2609 "-" "Mozilla/5.0 (compatible; MJ12bot/v1.4.8; http://mj12bot.com/)"
74.7.227.189 - - [10/Nov/2025:00:40:46 +0000] "GET /?path=//sys/bus/node/devices/node0/memory5/subsystem/devices/memory0/node0/memory8/power HTTP/1.1" 200 3359 "-" "Mozilla/5.0 AppleWebKit/537.36 (KHTML, like Gecko; compatible; GPTBot/1.2; +https://openai.com/gptbot)"
3.81.253.213 - - [10/Nov/2025:00:40:47 +0000] "GET /our-works/tvc-jokky/?path=//sys/kernel/slab/dnotify_mark HTTP/1.1" 200 4030 "-" "Mozilla/5.0 AppleWebKit/537.36 (KHTML, like Gecko; compatible; Amazonbot/0.1; +https://developer.amazon.com/support/amazonbot) Chrome/119.0.6045.214 Safari/537.36"
52.167.144.147 - - [10/Nov/2025:00:40:48 +0000] "GET /?products=1437807996 HTTP/1.1" 200 25693 "-" "Mozilla/5.0 AppleWebKit/537.36 (KHTML, like Gecko; compatible; bingbot/2.0; +http://www.bing.com/bingbot.htm) Chrome/116.0.1938.76 Safari/537.36"
74.7.227.51 - - [10/Nov/2025:00:40:48 +0000] "GET /43xyx31473.html?fileloc=/var/www/lamphim/data/logs/lamphimquangcao.net-frontend.error.log.3.gz&path=/var/www/lamphim/data/logs HTTP/1.1" 200 2665 "-" "Mozilla/5.0 AppleWebKit/537.36 (KHTML, like Gecko; compatible; GPTBot/1.2; +https://openai.com/gptbot)"
51.77.43.178 - - [10/Nov/2025:00:40:50 +0000] "GET /robots.txt HTTP/1.1" 200 405 "-" "Mozilla/5.0 (compatible; MJ12bot/v1.4.8; http://mj12bot.com/)"
51.77.43.178 - - [10/Nov/2025:00:40:50 +0000] "GET /video/quang-cao-3d-khuyen-mai-100.html?fileloc=//proc/657/schedstat&path=//proc/657 HTTP/1.1" 200 2630 "-" "Mozilla/5.0 (compatible; MJ12bot/v1.4.8; http://mj12bot.com/)"
51.77.43.178 - - [10/Nov/2025:00:40:50 +0000] "GET /video/quang-cao-3d-khuyen-mai-100.html?fileloc=//proc/657/patch_state&path=//proc/657 HTTP/1.1" 200 2609 "-" "Mozilla/5.0 (compatible; MJ12bot/v1.4.8; http://mj12bot.com/)"
74.7.227.189 - - [10/Nov/2025:00:40:51 +0000] "GET /?path=//sys/bus/node/devices/node0/memory5/subsystem/devices/memory2/node0/memory9/node0 HTTP/1.1" 200 3949 "-" "Mozilla/5.0 AppleWebKit/537.36 (KHTML, like Gecko; compatible; GPTBot/1.2; +https://openai.com/gptbot)"
23.21.225.190 - - [10/Nov/2025:00:40:51 +0000] "GET /our-works/tvc-calci/?path=//usr/share/locale/os HTTP/1.1" 200 2941 "-" "Mozilla/5.0 AppleWebKit/537.36 (KHTML, like Gecko; compatible; Amazonbot/0.1; +https://developer.amazon.com/support/amazonbot) Chrome/119.0.6045.214 Safari/537.36"
51.77.43.178 - - [10/Nov/2025:00:40:52 +0000] "GET /video/quang-cao-3d-khuyen-mai-100.html?fileloc=//proc/657/loginuid&path=//proc/657 HTTP/1.1" 200 2618 "-" "Mozilla/5.0 (compatible; MJ12bot/v1.4.8; http://mj12bot.com/)"
74.7.227.51 - - [10/Nov/2025:00:40:52 +0000] "GET /156pmh8862.html?path=/var/www/lamphim/data HTTP/1.1" 200 3277 "-" "Mozilla/5.0 AppleWebKit/537.36 (KHTML, like Gecko; compatible; GPTBot/1.2; +https://openai.com/gptbot)"
54.243.63.52 - - [10/Nov/2025:00:40:54 +0000] "GET /our-works/corporate/marina-plaza/?path=//run/systemd/inaccessible HTTP/1.1" 200 2671 "-" "Mozilla/5.0 AppleWebKit/537.36 (KHTML, like Gecko; compatible; Amazonbot/0.1; +https://developer.amazon.com/support/amazonbot) Chrome/119.0.6045.214 Safari/537.36"
74.7.227.51 - - [10/Nov/2025:00:40:54 +0000] "GET /42axk18802.html?path=/var/www/lamphim/data HTTP/1.1" 200 3277 "-" "Mozilla/5.0 AppleWebKit/537.36 (KHTML, like Gecko; compatible; GPTBot/1.2; +https://openai.com/gptbot)"
