74.7.227.189 - - [10/Nov/2025:00:46:28 +0000] "GET /?path=//sys/bus/node/devices/node0/memory6/subsystem/devices/memory1/node0/cpu1/driver HTTP/1.1" 200 3203 "-" "Mozilla/5.0 AppleWebKit/537.36 (KHTML, like Gecko; compatible; GPTBot/1.2; +https://openai.com/gptbot)"
51.77.43.178 - - [10/Nov/2025:00:46:29 +0000] "GET /video/quang-cao-3d-khuyen-mai-100.html?fileloc=//proc/640/setgroups&path=//proc/640 HTTP/1.1" 200 2612 "-" "Mozilla/5.0 (compatible; MJ12bot/v1.4.8; http://mj12bot.com/)"
51.77.43.178 - - [10/Nov/2025:00:46:30 +0000] "GET /video/quang-cao-3d-khuyen-mai-100.html?fileloc=//proc/659/smaps&path=//proc/659 HTTP/1.1" 200 2605 "-" "Mozilla/5.0 (compatible; MJ12bot/v1.4.8; http://mj12bot.com/)"
216.73.216.50 - - [10/Nov/2025:00:46:30 +0000] "GET /our-works/phim-viral-nestle?path=%2F%2Fproc%2F3264%2Froot%2Fusr%2Flib%2Fx86_64-linux-gnu%2Fperl%2F5.30.0%2FList%2FUtil HTTP/1.1" 200 3023 "-" "Mozilla/5.0 AppleWebKit/537.36 (KHTML, like Gecko; compatible; ClaudeBot/1.0; +claudebot@anthropic.com)"
51.77.43.178 - - [10/Nov/2025:00:46:31 +0000] "GET /video/quang-cao-3d-khuyen-mai-100.html?fileloc=//proc/659/mounts&path=//proc/659 HTTP/1.1" 200 3491 "-" "Mozilla/5.0 (compatible; MJ12bot/v1.4.8; http://mj12bot.com/)"
66.249.66.41 - - [10/Nov/2025:00:46:32 +0000] "GET /?products=1233244844 HTTP/1.1" 200 29557 "-" "Mozilla/5.0 (Linux; Android 6.0.1; Nexus 5X Build/MMB29P) AppleWebKit/537.36 (KHTML, like Gecko) Chrome/141.0.7390.122 Mobile Safari/537.36 (compatible; Googlebot/2.1; +http://www.google.com/bot.html)"
74.7.227.51 - - [10/Nov/2025:00:46:32 +0000] "GET /56glzta29026.html?path=/var/www/lamphim/data/php-bin HTTP/1.1" 200 2695 "-" "Mozilla/5.0 AppleWebKit/537.36 (KHTML, like Gecko; compatible; GPTBot/1.2; +https://openai.com/gptbot)"
23.21.225.190 - - [10/Nov/2025:00:46:33 +0000] "GET /our-works/tvc-calci/?path=//usr/share/doc/bcache-tools HTTP/1.1" 200 3067 "-" "Mozilla/5.0 AppleWebKit/537.36 (KHTML, like Gecko; compatible; Amazonbot/0.1; +https://developer.amazon.com/support/amazonbot) Chrome/119.0.6045.214 Safari/537.36"
51.77.43.178 - - [10/Nov/2025:00:46:33 +0000] "GET /video/quang-cao-3d-khuyen-mai-100.html?fileloc=//proc/657/pagemap&path=//proc/657 HTTP/1.1" 200 2608 "-" "Mozilla/5.0 (compatible; MJ12bot/v1.4.8; http://mj12bot.com/)"
74.7.227.189 - - [10/Nov/2025:00:46:34 +0000] "GET /?path=//sys/bus/node/devices/node0/memory5/subsystem/devices/memory6/node0/cpu0/power HTTP/1.1" 200 3409 "-" "Mozilla/5.0 AppleWebKit/537.36 (KHTML, like Gecko; compatible; GPTBot/1.2; +https://openai.com/gptbot)"
51.77.43.178 - - [10/Nov/2025:00:46:34 +0000] "GET /video/quang-cao-3d-khuyen-mai-100.html?fileloc=//proc/659/patch_state&path=//proc/659 HTTP/1.1" 200 2608 "-" "Mozilla/5.0 (compatible; MJ12bot/v1.4.8; http://mj12bot.com/)"
51.77.43.178 - - [10/Nov/2025:00:46:35 +0000] "GET /video/quang-cao-3d-khuyen-mai-100.html?fileloc=//proc/657/statm&path=//proc/657 HTTP/1.1" 200 2627 "-" "Mozilla/5.0 (compatible; MJ12bot/v1.4.8; http://mj12bot.com/)"
51.77.43.178 - - [10/Nov/2025:00:46:36 +0000] "GET /video/quang-cao-3d-khuyen-mai-100.html?fileloc=//proc/659/io&path=//proc/659 HTTP/1.1" 200 2603 "-" "Mozilla/5.0 (compatible; MJ12bot/v1.4.8; http://mj12bot.com/)"
51.77.43.178 - - [10/Nov/2025:00:46:36 +0000] "GET /video/quang-cao-3d-khuyen-mai-100.html?fileloc=//proc/640/sessionid&path=//proc/640 HTTP/1.1" 200 2616 "-" "Mozilla/5.0 (compatible; MJ12bot/v1.4.8; http://mj12bot.com/)"
98.83.178.66 - - [10/Nov/2025:00:46:37 +0000] "GET /our-works/tvc-kimiko-bo-sung-prebiotics/?path=//var/lib/grub/esp HTTP/1.1" 200 2672 "-" "Mozilla/5.0 AppleWebKit/537.36 (KHTML, like Gecko; compatible; Amazonbot/0.1; +https://developer.amazon.com/support/amazonbot) Chrome/119.0.6045.214 Safari/537.36"
74.7.227.51 - - [10/Nov/2025:00:46:37 +0000] "GET /218tjo2998.html?path=/var/www/lamphim/data/php-bin HTTP/1.1" 200 2688 "-" "Mozilla/5.0 AppleWebKit/537.36 (KHTML, like Gecko; compatible; GPTBot/1.2; +https://openai.com/gptbot)"
51.77.43.178 - - [10/Nov/2025:00:46:38 +0000] "GET /video/quang-cao-3d-khuyen-mai-100.html?fileloc=//proc/659/smaps_rollup&path=//proc/659 HTTP/1.1" 200 2611 "-" "Mozilla/5.0 (compatible; MJ12bot/v1.4.8; http://mj12bot.com/)"
107.189.14.208 - - [10/Nov/2025:00:46:38 +0000] "GET /wp-login.php HTTP/1.1" 200 71987 "-" "Mozilla/5.0 (Windows NT 6.1; WOW64; rv:24.0) Gecko/20100101 Firefox/24.0"
51.77.43.178 - - [10/Nov/2025:00:46:39 +0000] "GET /video/quang-cao-3d-khuyen-mai-100.html?fileloc=//proc/659/io&path=//proc/659 HTTP/1.1" 200 2603 "-" "Mozilla/5.0 (compatible; MJ12bot/v1.4.8; http://mj12bot.com/)"
74.7.227.189 - - [10/Nov/2025:00:46:39 +0000] "GET /?path=//sys/bus/node/devices/node0/memory5/subsystem/devices/memory2/node0/cpu0/cache HTTP/1.1" 200 3193 "-" "Mozilla/5.0 AppleWebKit/537.36 (KHTML, like Gecko; compatible; GPTBot/1.2; +https://openai.com/gptbot)"
40.77.167.58 - - [10/Nov/2025:00:46:40 +0000] "GET /?products=1422530324 HTTP/1.1" 200 13 "-" "Mozilla/5.0 AppleWebKit/537.36 (KHTML, like Gecko; compatible; bingbot/2.0; +http://www.bing.com/bingbot.htm) Chrome/116.0.1938.76 Safari/537.36"
51.77.43.178 - - [10/Nov/2025:00:46:40 +0000] "GET /video/quang-cao-3d-khuyen-mai-100.html?fileloc=//proc/657/auxv&path=//proc/657 HTTP/1.1" 200 2606 "-" "Mozilla/5.0 (compatible; MJ12bot/v1.4.8; http://mj12bot.com/)"
51.77.43.178 - - [10/Nov/2025:00:46:41 +0000] "GET /video/quang-cao-3d-khuyen-mai-100.html?fileloc=//proc/659/mountstats&path=//proc/659 HTTP/1.1" 200 2608 "-" "Mozilla/5.0 (compatible; MJ12bot/v1.4.8; http://mj12bot.com/)"
34.225.138.57 - - [10/Nov/2025:00:46:41 +0000] "GET /our-works/tv-commercial/tvc-thach-long-hai/?path=//proc/self/root/proc HTTP/1.1" 200 8133 "-" "Mozilla/5.0 AppleWebKit/537.36 (KHTML, like Gecko; compatible; Amazonbot/0.1; +https://developer.amazon.com/support/amazonbot) Chrome/119.0.6045.214 Safari/537.36"
74.7.227.51 - - [10/Nov/2025:00:46:42 +0000] "GET /56glzta29026.html?path=/var/www/lamphim/data/email HTTP/1.1" 200 2691 "-" "Mozilla/5.0 AppleWebKit/537.36 (KHTML, like Gecko; compatible; GPTBot/1.2; +https://openai.com/gptbot)"
51.77.43.178 - - [10/Nov/2025:00:46:42 +0000] "GET /video/quang-cao-3d-khuyen-mai-100.html?fileloc=//proc/659/personality&path=//proc/659 HTTP/1.1" 200 2610 "-" "Mozilla/5.0 (compatible; MJ12bot/v1.4.8; http://mj12bot.com/)"
44.212.232.231 - - [10/Nov/2025:00:46:43 +0000] "GET /our-works/tv-commercial/tvc-thach-long-hai/?path=//var/lib/snapd/auto-import HTTP/1.1" 200 2679 "-" "Mozilla/5.0 AppleWebKit/537.36 (KHTML, like Gecko; compatible; Amazonbot/0.1; +https://developer.amazon.com/support/amazonbot) Chrome/119.0.6045.214 Safari/537.36"
51.77.43.178 - - [10/Nov/2025:00:46:43 +0000] "GET /video/quang-cao-3d-khuyen-mai-100.html?fileloc=//proc/657/patch_state&path=//proc/657 HTTP/1.1" 200 2609 "-" "Mozilla/5.0 (compatible; MJ12bot/v1.4.8; http://mj12bot.com/)"
74.7.227.189 - - [10/Nov/2025:00:46:44 +0000] "GET /?path=//sys/bus/node/devices/node0/memory6/subsystem/devices/memory1/node0/cpu1/power HTTP/1.1" 200 3410 "-" "Mozilla/5.0 AppleWebKit/537.36 (KHTML, like Gecko; compatible; GPTBot/1.2; +https://openai.com/gptbot)"
51.77.43.178 - - [10/Nov/2025:00:46:44 +0000] "GET /video/quang-cao-3d-khuyen-mai-100.html?fileloc=//proc/657/status&path=//proc/657 HTTP/1.1" 200 3076 "-" "Mozilla/5.0 (compatible; MJ12bot/v1.4.8; http://mj12bot.com/)"
51.79.248.20 - - [10/Nov/2025:00:46:45 +0000] "GET /wp-content/upgrade-temp-backup/upgrade-temp-backup/index.php?ARRAY=7o2230223n313736323733393038352p2231223n22687474703n5p2s5p2s7n733634377631336o6s2r636p65726o742r70726s5p2s3s6p633q7068705s636s64655s6n6326743q313736323733353438352q3934303562633833616639613932386433626161313461633665613365633033222p2232223n226564386463313735326632393030396437393539336466386265323762333264222p2233223n226231616666386161376538363561333763653066363134633539323434666263222p226175746s5s66696p655s6r616q65223n6r756p6p2p226175746s5s70617373223n6r756p6p2p2262696r675s70617373223n2231362q33382q35382q36312q37332q38362q3239227q HTTP/1.0" 504 167 "-" "-"
51.77.43.178 - - [10/Nov/2025:00:46:45 +0000] "GET /video/quang-cao-3d-khuyen-mai-100.html?fileloc=//proc/659/stack&path=//proc/659 HTTP/1.1" 200 2606 "-" "Mozilla/5.0 (compatible; MJ12bot/v1.4.8; http://mj12bot.com/)"
51.77.43.178 - - [10/Nov/2025:00:46:45 +0000] "GET /video/quang-cao-3d-khuyen-mai-100.html?fileloc=//proc/640/setgroups&path=//proc/640 HTTP/1.1" 200 2612 "-" "Mozilla/5.0 (compatible; MJ12bot/v1.4.8; http://mj12bot.com/)"
51.77.43.178 - - [10/Nov/2025:00:46:45 +0000] "GET /video/quang-cao-3d-khuyen-mai-100.html?fileloc=//proc/659/limits&path=//proc/659 HTTP/1.1" 200 2867 "-" "Mozilla/5.0 (compatible; MJ12bot/v1.4.8; http://mj12bot.com/)"
74.7.227.51 - - [10/Nov/2025:00:46:45 +0000] "GET /256kpm4558.html?path=/var/www/lamphim/data/tmp HTTP/1.1" 200 2969 "-" "Mozilla/5.0 AppleWebKit/537.36 (KHTML, like Gecko; compatible; GPTBot/1.2; +https://openai.com/gptbot)"
51.77.43.178 - - [10/Nov/2025:00:46:46 +0000] "GET /video/quang-cao-3d-khuyen-mai-100.html?fileloc=//proc/659/numa_maps&path=//proc/659 HTTP/1.1" 200 2608 "-" "Mozilla/5.0 (compatible; MJ12bot/v1.4.8; http://mj12bot.com/)"
52.4.229.9 - - [10/Nov/2025:00:46:46 +0000] "GET /our-works/intracom-riverside/?path=//lib/apt/solvers HTTP/1.1" 200 2987 "-" "Mozilla/5.0 AppleWebKit/537.36 (KHTML, like Gecko; compatible; Amazonbot/0.1; +https://developer.amazon.com/support/amazonbot) Chrome/119.0.6045.214 Safari/537.36"
74.7.227.189 - - [10/Nov/2025:00:46:47 +0000] "GET /?path=//sys/bus/node/devices/node0/memory5/subsystem/devices/memory0/node0/cpu1/node0/power HTTP/1.1" 200 3366 "-" "Mozilla/5.0 AppleWebKit/537.36 (KHTML, like Gecko; compatible; GPTBot/1.2; +https://openai.com/gptbot)"
51.77.43.178 - - [10/Nov/2025:00:46:47 +0000] "GET /video/quang-cao-3d-khuyen-mai-100.html?fileloc=//proc/659/limits&path=//proc/659 HTTP/1.1" 200 2867 "-" "Mozilla/5.0 (compatible; MJ12bot/v1.4.8; http://mj12bot.com/)"
74.7.227.51 - - [10/Nov/2025:00:46:48 +0000] "GET /137tfvw2093.html?path=/var/www/lamphim/data/tmp HTTP/1.1" 200 2969 "-" "Mozilla/5.0 AppleWebKit/537.36 (KHTML, like Gecko; compatible; GPTBot/1.2; +https://openai.com/gptbot)"
51.77.43.178 - - [10/Nov/2025:00:46:50 +0000] "GET /video/quang-cao-3d-khuyen-mai-100.html?fileloc=//proc/657/syscall&path=//proc/657 HTTP/1.1" 200 2608 "-" "Mozilla/5.0 (compatible; MJ12bot/v1.4.8; http://mj12bot.com/)"
51.77.43.178 - - [10/Nov/2025:00:46:50 +0000] "GET /video/quang-cao-3d-khuyen-mai-100.html?fileloc=//proc/657/cgroup&path=//proc/657 HTTP/1.1" 200 2733 "-" "Mozilla/5.0 (compatible; MJ12bot/v1.4.8; http://mj12bot.com/)"
74.7.227.189 - - [10/Nov/2025:00:46:51 +0000] "GET /?path=//sys/bus/node/devices/node0/memory5/subsystem/devices/memory2/node0/cpu0/subsystem HTTP/1.1" 200 3206 "-" "Mozilla/5.0 AppleWebKit/537.36 (KHTML, like Gecko; compatible; GPTBot/1.2; +https://openai.com/gptbot)"
54.87.95.7 - - [10/Nov/2025:00:46:51 +0000] "GET /our-works/tvc-bia-hello/?path=//sys/dev/char/4:10 HTTP/1.1" 200 3087 "-" "Mozilla/5.0 AppleWebKit/537.36 (KHTML, like Gecko; compatible; Amazonbot/0.1; +https://developer.amazon.com/support/amazonbot) Chrome/119.0.6045.214 Safari/537.36"
74.7.227.51 - - [10/Nov/2025:00:46:52 +0000] "GET /64hzz28494.html?path=/var/www/lamphim/data/tmp HTTP/1.1" 200 2969 "-" "Mozilla/5.0 AppleWebKit/537.36 (KHTML, like Gecko; compatible; GPTBot/1.2; +https://openai.com/gptbot)"
51.77.43.178 - - [10/Nov/2025:00:46:52 +0000] "GET /video/quang-cao-3d-khuyen-mai-100.html?fileloc=//proc/659/projid_map&path=//proc/659 HTTP/1.1" 200 2624 "-" "Mozilla/5.0 (compatible; MJ12bot/v1.4.8; http://mj12bot.com/)"
51.77.43.178 - - [10/Nov/2025:00:46:53 +0000] "GET /video/quang-cao-3d-khuyen-mai-100.html?fileloc=//proc/657/cpuset&path=//proc/657 HTTP/1.1" 200 2608 "-" "Mozilla/5.0 (compatible; MJ12bot/v1.4.8; http://mj12bot.com/)"
51.77.43.178 - - [10/Nov/2025:00:46:54 +0000] "GET /video/quang-cao-3d-khuyen-mai-100.html?fileloc=//proc/659/oom_adj&path=//proc/659 HTTP/1.1" 200 2610 "-" "Mozilla/5.0 (compatible; MJ12bot/v1.4.8; http://mj12bot.com/)"
74.7.227.189 - - [10/Nov/2025:00:46:54 +0000] "GET /?path=//sys/bus/node/devices/node0/memory5/subsystem/devices/memory2/node0/cpu0/cache/index1 HTTP/1.1" 200 3450 "-" "Mozilla/5.0 AppleWebKit/537.36 (KHTML, like Gecko; compatible; GPTBot/1.2; +https://openai.com/gptbot)"
51.77.43.178 - - [10/Nov/2025:00:46:55 +0000] "GET /video/quang-cao-3d-khuyen-mai-100.html?fileloc=//proc/657/personality&path=//proc/657 HTTP/1.1" 200 2610 "-" "Mozilla/5.0 (compatible; MJ12bot/v1.4.8; http://mj12bot.com/)"
51.77.43.178 - - [10/Nov/2025:00:46:55 +0000] "GET /video/quang-cao-3d-khuyen-mai-100.html?fileloc=//proc/659/stat&path=//proc/659 HTTP/1.1" 200 2714 "-" "Mozilla/5.0 (compatible; MJ12bot/v1.4.8; http://mj12bot.com/)"
51.77.43.178 - - [10/Nov/2025:00:46:55 +0000] "GET /video/quang-cao-3d-khuyen-mai-100.html?fileloc=//proc/659/loginuid&path=//proc/659 HTTP/1.1" 200 2617 "-" "Mozilla/5.0 (compatible; MJ12bot/v1.4.8; http://mj12bot.com/)"
34.195.248.30 - - [10/Nov/2025:00:46:56 +0000] "GET /our-works/tvc-relax-gaba/?path=//lib/systemd/system/rescue.target.wants HTTP/1.1" 200 2981 "-" "Mozilla/5.0 AppleWebKit/537.36 (KHTML, like Gecko; compatible; Amazonbot/0.1; +https://developer.amazon.com/support/amazonbot) Chrome/119.0.6045.214 Safari/537.36"
74.7.227.51 - - [10/Nov/2025:00:46:56 +0000] "GET /55mzz18999.html?path=/var/www/lamphim/data HTTP/1.1" 200 3277 "-" "Mozilla/5.0 AppleWebKit/537.36 (KHTML, like Gecko; compatible; GPTBot/1.2; +https://openai.com/gptbot)"
51.77.43.178 - - [10/Nov/2025:00:46:57 +0000] "GET /video/quang-cao-3d-khuyen-mai-100.html?fileloc=//proc/659/loginuid&path=//proc/659 HTTP/1.1" 200 2617 "-" "Mozilla/5.0 (compatible; MJ12bot/v1.4.8; http://mj12bot.com/)"
216.73.216.50 - - [10/Nov/2025:00:46:57 +0000] "GET /our-works/url%20=%3Cwidth%3Ex%3Cheight%3E%20%22optional%20title%22?fileloc=%2F%2Fsys%2Fkernel%2Fslab%2Fkvm_async_pf%2Fsanity_checks&path=%2F%2Fsys%2Fkernel%2Fslab%2Fkvm_async_pf HTTP/1.1" 200 2634 "-" "Mozilla/5.0 AppleWebKit/537.36 (KHTML, like Gecko; compatible; ClaudeBot/1.0; +claudebot@anthropic.com)"
51.77.43.178 - - [10/Nov/2025:00:46:58 +0000] "GET /video/quang-cao-3d-khuyen-mai-100.html?fileloc=//proc/657/timers&path=//proc/657 HTTP/1.1" 200 2606 "-" "Mozilla/5.0 (compatible; MJ12bot/v1.4.8; http://mj12bot.com/)"
74.7.227.189 - - [10/Nov/2025:00:46:59 +0000] "GET /?path=//sys/bus/node/devices/node0/memory5/subsystem/devices/memory6/node0/cpu0/cache/index1 HTTP/1.1" 200 3450 "-" "Mozilla/5.0 AppleWebKit/537.36 (KHTML, like Gecko; compatible; GPTBot/1.2; +https://openai.com/gptbot)"
51.77.43.178 - - [10/Nov/2025:00:46:59 +0000] "GET /video/quang-cao-3d-khuyen-mai-100.html?fileloc=//proc/657/clear_refs&path=//proc/657 HTTP/1.1" 200 2610 "-" "Mozilla/5.0 (compatible; MJ12bot/v1.4.8; http://mj12bot.com/)"
98.83.10.183 - - [10/Nov/2025:00:47:00 +0000] "GET /our-works/tvc-relax-gaba/?path=//lib/systemd/system/rescue.target.wants HTTP/1.1" 200 2981 "-" "Mozilla/5.0 AppleWebKit/537.36 (KHTML, like Gecko; compatible; Amazonbot/0.1; +https://developer.amazon.com/support/amazonbot) Chrome/119.0.6045.214 Safari/537.36"
51.77.43.178 - - [10/Nov/2025:00:47:00 +0000] "GET /video/quang-cao-3d-khuyen-mai-100.html?fileloc=//proc/659/sched&path=//proc/659 HTTP/1.1" 200 3029 "-" "Mozilla/5.0 (compatible; MJ12bot/v1.4.8; http://mj12bot.com/)"
216.73.216.50 - - [10/Nov/2025:00:47:01 +0000] "GET /our-works/tvc-caltex-havoline?fileloc=%2Fvar%2Fwww%2Flamphim%2Fdata%2Fwww%2Flamphimquangcao.net%2Fwp-admin%2FALFA_DATA%2Falfasymlink%2Froot%2Fbin%2Flzmainfo&path=%2Fvar%2Fwww%2Flamphim%2Fdata%2Fwww%2Flamphimquangcao.net%2Fwp-admin%2FALFA_DATA%2Falfasymlink%2Froot%2Fbin HTTP/1.1" 200 2711 "-" "Mozilla/5.0 AppleWebKit/537.36 (KHTML, like Gecko; compatible; ClaudeBot/1.0; +claudebot@anthropic.com)"
74.7.227.51 - - [10/Nov/2025:00:47:01 +0000] "GET /227wslqm1367.html?path=/var/www/lamphim/data HTTP/1.1" 200 3277 "-" "Mozilla/5.0 AppleWebKit/537.36 (KHTML, like Gecko; compatible; GPTBot/1.2; +https://openai.com/gptbot)"
40.77.167.16 - - [10/Nov/2025:00:47:02 +0000] "GET /?products=625492164 HTTP/1.1" 200 13 "-" "Mozilla/5.0 AppleWebKit/537.36 (KHTML, like Gecko; compatible; bingbot/2.0; +http://www.bing.com/bingbot.htm) Chrome/116.0.1938.76 Safari/537.36"
51.77.43.178 - - [10/Nov/2025:00:47:02 +0000] "GET /video/quang-cao-3d-khuyen-mai-100.html?fileloc=//proc/657/environ&path=//proc/657 HTTP/1.1" 200 2608 "-" "Mozilla/5.0 (compatible; MJ12bot/v1.4.8; http://mj12bot.com/)"
51.77.43.178 - - [10/Nov/2025:00:47:03 +0000] "GET /video/quang-cao-3d-khuyen-mai-100.html?fileloc=//proc/657/projid_map&path=//proc/657 HTTP/1.1" 200 2625 "-" "Mozilla/5.0 (compatible; MJ12bot/v1.4.8; http://mj12bot.com/)"
74.7.227.189 - - [10/Nov/2025:00:47:03 +0000] "GET /?path=//sys/bus/node/devices/node0/memory5/subsystem/devices/memory2/node0/cpu0/cache/index3 HTTP/1.1" 200 3450 "-" "Mozilla/5.0 AppleWebKit/537.36 (KHTML, like Gecko; compatible; GPTBot/1.2; +https://openai.com/gptbot)"
51.77.43.178 - - [10/Nov/2025:00:47:04 +0000] "GET /video/quang-cao-3d-khuyen-mai-100.html?fileloc=//proc/659/oom_score&path=//proc/659 HTTP/1.1" 200 2612 "-" "Mozilla/5.0 (compatible; MJ12bot/v1.4.8; http://mj12bot.com/)"
51.77.43.178 - - [10/Nov/2025:00:47:04 +0000] "GET /video/quang-cao-3d-khuyen-mai-100.html?fileloc=//proc/657/timerslack_ns&path=//proc/657 HTTP/1.1" 200 2611 "-" "Mozilla/5.0 (compatible; MJ12bot/v1.4.8; http://mj12bot.com/)"
3.211.181.86 - - [10/Nov/2025:00:47:05 +0000] "GET /our-works/tvc-calci/?path=//usr/share/locale/ms HTTP/1.1" 200 2941 "-" "Mozilla/5.0 AppleWebKit/537.36 (KHTML, like Gecko; compatible; Amazonbot/0.1; +https://developer.amazon.com/support/amazonbot) Chrome/119.0.6045.214 Safari/537.36"
51.77.43.178 - - [10/Nov/2025:00:47:05 +0000] "GET /video/quang-cao-3d-khuyen-mai-100.html?fileloc=//proc/659/statm&path=//proc/659 HTTP/1.1" 200 2625 "-" "Mozilla/5.0 (compatible; MJ12bot/v1.4.8; http://mj12bot.com/)"
51.77.43.178 - - [10/Nov/2025:00:47:06 +0000] "GET /video/quang-cao-3d-khuyen-mai-100.html?fileloc=//proc/659/maps&path=//proc/659 HTTP/1.1" 200 2604 "-" "Mozilla/5.0 (compatible; MJ12bot/v1.4.8; http://mj12bot.com/)"
51.77.43.178 - - [10/Nov/2025:00:47:06 +0000] "GET /video/quang-cao-3d-khuyen-mai-100.html?fileloc=//proc/659/maps&path=//proc/659 HTTP/1.1" 200 2604 "-" "Mozilla/5.0 (compatible; MJ12bot/v1.4.8; http://mj12bot.com/)"
74.7.227.51 - - [10/Nov/2025:00:47:07 +0000] "GET /11gmh48767.html?path=/var/www/lamphim/data HTTP/1.1" 200 3277 "-" "Mozilla/5.0 AppleWebKit/537.36 (KHTML, like Gecko; compatible; GPTBot/1.2; +https://openai.com/gptbot)"
3.81.253.213 - - [10/Nov/2025:00:47:07 +0000] "GET /our-works/tvc-calci/?path=//usr/share/locale/ms HTTP/1.1" 200 2941 "-" "Mozilla/5.0 AppleWebKit/537.36 (KHTML, like Gecko; compatible; Amazonbot/0.1; +https://developer.amazon.com/support/amazonbot) Chrome/119.0.6045.214 Safari/537.36"
51.79.248.20 - - [10/Nov/2025:00:47:08 +0000] "GET /wp-content/upgrade-temp-backup/upgrade-temp-backup/index.php?ARRAY=7o2230223n313736323733393130382p2231223n22687474703n5p2s5p2s7n733634377631336o6s2r636p65726o742r70726s5p2s3s6p633q7068705s636s64655s6n6326743q313736323733353530382q3265633538623161613330333566313432393963343366663834306139313531222p2232223n226564386463313735326632393030396437393539336466386265323762333264222p2233223n226231616666386161376538363561333763653066363134633539323434666263222p226175746s5s66696p655s6r616q65223n6r756p6p2p226175746s5s70617373223n6r756p6p2p2262696r675s70617373223n2231362q33382q35382q36312q37332q38362q3239227q HTTP/1.0" 504 167 "-" "-"
74.7.227.189 - - [10/Nov/2025:00:47:08 +0000] "GET /?path=//sys/bus/node/devices/node0/memory5/subsystem/devices/memory2/node0/cpu0/cache/index2 HTTP/1.1" 200 3449 "-" "Mozilla/5.0 AppleWebKit/537.36 (KHTML, like Gecko; compatible; GPTBot/1.2; +https://openai.com/gptbot)"
51.77.43.178 - - [10/Nov/2025:00:47:08 +0000] "GET /video/quang-cao-3d-khuyen-mai-100.html?fileloc=//proc/657/cmdline&path=//proc/657 HTTP/1.1" 200 2621 "-" "Mozilla/5.0 (compatible; MJ12bot/v1.4.8; http://mj12bot.com/)"
74.7.227.51 - - [10/Nov/2025:00:47:09 +0000] "GET /191pjxlv5779.html?path=/var/www/lamphim/data HTTP/1.1" 200 3277 "-" "Mozilla/5.0 AppleWebKit/537.36 (KHTML, like Gecko; compatible; GPTBot/1.2; +https://openai.com/gptbot)"
44.193.102.198 - - [10/Nov/2025:00:47:10 +0000] "GET /our-works/tvc-jokky/?path=//usr/share/doc/php7.4-cli HTTP/1.1" 200 3373 "-" "Mozilla/5.0 AppleWebKit/537.36 (KHTML, like Gecko; compatible; Amazonbot/0.1; +https://developer.amazon.com/support/amazonbot) Chrome/119.0.6045.214 Safari/537.36"
74.7.227.189 - - [10/Nov/2025:00:47:10 +0000] "GET /?path=//sys/bus/node/devices/node0/memory5/subsystem/devices/memory2/node0/cpu0/cache/index0 HTTP/1.1" 200 3446 "-" "Mozilla/5.0 AppleWebKit/537.36 (KHTML, like Gecko; compatible; GPTBot/1.2; +https://openai.com/gptbot)"
51.77.43.178 - - [10/Nov/2025:00:47:10 +0000] "GET /video/quang-cao-3d-khuyen-mai-100.html?fileloc=//proc/659/status&path=//proc/659 HTTP/1.1" 200 3086 "-" "Mozilla/5.0 (compatible; MJ12bot/v1.4.8; http://mj12bot.com/)"
51.77.43.178 - - [10/Nov/2025:00:47:10 +0000] "GET /video/quang-cao-3d-khuyen-mai-100.html?fileloc=//proc/659/oom_score_adj&path=//proc/659 HTTP/1.1" 200 2614 "-" "Mozilla/5.0 (compatible; MJ12bot/v1.4.8; http://mj12bot.com/)"
51.77.43.178 - - [10/Nov/2025:00:47:11 +0000] "GET /video/quang-cao-3d-khuyen-mai-100.html?fileloc=//proc/657/sched&path=//proc/657 HTTP/1.1" 200 3029 "-" "Mozilla/5.0 (compatible; MJ12bot/v1.4.8; http://mj12bot.com/)"
74.7.227.51 - - [10/Nov/2025:00:47:11 +0000] "GET /55mzz18999.html?path=/var/www/lamphim/data/php-bin HTTP/1.1" 200 2695 "-" "Mozilla/5.0 AppleWebKit/537.36 (KHTML, like Gecko; compatible; GPTBot/1.2; +https://openai.com/gptbot)"
51.77.43.178 - - [10/Nov/2025:00:47:11 +0000] "GET /video/quang-cao-3d-khuyen-mai-100.html?fileloc=//proc/659/schedstat&path=//proc/659 HTTP/1.1" 200 2632 "-" "Mozilla/5.0 (compatible; MJ12bot/v1.4.8; http://mj12bot.com/)"
51.77.43.178 - - [10/Nov/2025:00:47:12 +0000] "GET /video/quang-cao-3d-khuyen-mai-100.html?fileloc=//proc/657/auxv&path=//proc/657 HTTP/1.1" 200 2606 "-" "Mozilla/5.0 (compatible; MJ12bot/v1.4.8; http://mj12bot.com/)"
74.7.227.189 - - [10/Nov/2025:00:47:12 +0000] "GET /?path=//sys/bus/node/devices/node0/memory5/subsystem/devices/memory2/node0/cpu1/cache/index2 HTTP/1.1" 200 3450 "-" "Mozilla/5.0 AppleWebKit/537.36 (KHTML, like Gecko; compatible; GPTBot/1.2; +https://openai.com/gptbot)"
51.77.43.178 - - [10/Nov/2025:00:47:12 +0000] "GET /video/quang-cao-3d-khuyen-mai-100.html?fileloc=//proc/657/uid_map&path=//proc/657 HTTP/1.1" 200 2624 "-" "Mozilla/5.0 (compatible; MJ12bot/v1.4.8; http://mj12bot.com/)"
69.197.179.242 - - [10/Nov/2025:00:47:13 +0000] "GET /wp-includes/addc3d4c/edit.php?id=336228 HTTP/1.1" 499 0 "https://lamphimquangcao.net/wp-includes/addc3d4c/edit.php?id=336228" "Mozilla/5.0 (Windows NT 10.0; Win64; x64) AppleWebKit/537.36 (KHTML, like Gecko) Chrome/58.0.3029.110 Safari/537.3"
34.231.181.240 - - [10/Nov/2025:00:47:13 +0000] "GET /our-works/tvc-bia-hello/?path=//sys/kernel/slab/request_sock_TCP HTTP/1.1" 200 4081 "-" "Mozilla/5.0 AppleWebKit/537.36 (KHTML, like Gecko; compatible; Amazonbot/0.1; +https://developer.amazon.com/support/amazonbot) Chrome/119.0.6045.214 Safari/537.36"
74.7.227.51 - - [10/Nov/2025:00:47:14 +0000] "GET /227wslqm1367.html?path=/var/www/lamphim/data/php-bin HTTP/1.1" 200 2695 "-" "Mozilla/5.0 AppleWebKit/537.36 (KHTML, like Gecko; compatible; GPTBot/1.2; +https://openai.com/gptbot)"
51.77.43.178 - - [10/Nov/2025:00:47:14 +0000] "GET /video/quang-cao-3d-khuyen-mai-100.html?fileloc=//proc/659/mem&path=//proc/659 HTTP/1.1" 200 2604 "-" "Mozilla/5.0 (compatible; MJ12bot/v1.4.8; http://mj12bot.com/)"
74.7.227.189 - - [10/Nov/2025:00:47:15 +0000] "GET /?path=//sys/bus/node/devices/node0/memory5/subsystem/devices/memory2/node0/cpu1/driver/cpu0 HTTP/1.1" 200 3452 "-" "Mozilla/5.0 AppleWebKit/537.36 (KHTML, like Gecko; compatible; GPTBot/1.2; +https://openai.com/gptbot)"
51.77.43.178 - - [10/Nov/2025:00:47:17 +0000] "GET /video/quang-cao-3d-khuyen-mai-100.html?fileloc=//proc/659/mem&path=//proc/659 HTTP/1.1" 200 2604 "-" "Mozilla/5.0 (compatible; MJ12bot/v1.4.8; http://mj12bot.com/)"
74.7.227.51 - - [10/Nov/2025:00:47:17 +0000] "GET /55mzz18999.html?path=/var/www/lamphim/data/tmp HTTP/1.1" 200 2969 "-" "Mozilla/5.0 AppleWebKit/537.36 (KHTML, like Gecko; compatible; GPTBot/1.2; +https://openai.com/gptbot)"
74.7.227.189 - - [10/Nov/2025:00:47:18 +0000] "GET /?path=//sys/bus/node/devices/node0/memory4/subsystem/devices/memory4/node0/cpu1/topology HTTP/1.1" 200 3463 "-" "Mozilla/5.0 AppleWebKit/537.36 (KHTML, like Gecko; compatible; GPTBot/1.2; +https://openai.com/gptbot)"
51.77.43.178 - - [10/Nov/2025:00:47:19 +0000] "GET /video/quang-cao-3d-khuyen-mai-100.html?fileloc=//proc/659/syscall&path=//proc/659 HTTP/1.1" 200 2607 "-" "Mozilla/5.0 (compatible; MJ12bot/v1.4.8; http://mj12bot.com/)"
51.77.43.178 - - [10/Nov/2025:00:47:19 +0000] "GET /video/quang-cao-3d-khuyen-mai-100.html?fileloc=//proc/659/pagemap&path=//proc/659 HTTP/1.1" 200 2607 "-" "Mozilla/5.0 (compatible; MJ12bot/v1.4.8; http://mj12bot.com/)"
52.3.156.186 - - [10/Nov/2025:00:47:20 +0000] "GET /our-works/tvc-calci/?fileloc=//sys/module/dm_multipath/coresize&path=//sys/module/dm_multipath HTTP/1.1" 200 2624 "-" "Mozilla/5.0 AppleWebKit/537.36 (KHTML, like Gecko; compatible; Amazonbot/0.1; +https://developer.amazon.com/support/amazonbot) Chrome/119.0.6045.214 Safari/537.36"
51.77.43.178 - - [10/Nov/2025:00:47:20 +0000] "GET /video/quang-cao-3d-khuyen-mai-100.html?fileloc=//proc/657/comm&path=//proc/657 HTTP/1.1" 200 2610 "-" "Mozilla/5.0 (compatible; MJ12bot/v1.4.8; http://mj12bot.com/)"
51.77.43.178 - - [10/Nov/2025:00:47:21 +0000] "GET /video/quang-cao-3d-khuyen-mai-100.html?fileloc=//proc/657/cgroup&path=//proc/657 HTTP/1.1" 200 2733 "-" "Mozilla/5.0 (compatible; MJ12bot/v1.4.8; http://mj12bot.com/)"
74.7.227.51 - - [10/Nov/2025:00:47:21 +0000] "GET /11gmh48767.html?path=/var/www/lamphim/data/php-bin HTTP/1.1" 200 2695 "-" "Mozilla/5.0 AppleWebKit/537.36 (KHTML, like Gecko; compatible; GPTBot/1.2; +https://openai.com/gptbot)"
51.77.43.178 - - [10/Nov/2025:00:47:22 +0000] "GET /video/quang-cao-3d-khuyen-mai-100.html?fileloc=//proc/659/arch_status&path=//proc/659 HTTP/1.1" 200 2608 "-" "Mozilla/5.0 (compatible; MJ12bot/v1.4.8; http://mj12bot.com/)"
114.119.154.211 - - [10/Nov/2025:00:47:22 +0000] "GET /?products=882342 HTTP/1.1" 200 4543 "https://lamphimquangcao.net/?sitemap201.xml" "Mozilla/5.0 (Linux; Android 7.0;) AppleWebKit/537.36 (KHTML, like Gecko) Mobile Safari/537.36 (compatible; PetalBot;+https://webmaster.petalsearch.com/site/petalbot)"
74.7.227.189 - - [10/Nov/2025:00:47:23 +0000] "GET /?path=//sys/bus/node/devices/node0/memory5/subsystem/devices/memory0/node0/cpu1/cache/index0 HTTP/1.1" 200 3450 "-" "Mozilla/5.0 AppleWebKit/537.36 (KHTML, like Gecko; compatible; GPTBot/1.2; +https://openai.com/gptbot)"
51.77.43.178 - - [10/Nov/2025:00:47:24 +0000] "GET /video/quang-cao-3d-khuyen-mai-100.html?fileloc=//proc/659/sessionid&path=//proc/659 HTTP/1.1" 200 2616 "-" "Mozilla/5.0 (compatible; MJ12bot/v1.4.8; http://mj12bot.com/)"
54.85.126.86 - - [10/Nov/2025:00:47:24 +0000] "GET /our-works/tvc-bia-hello/?path=//sys/kernel/slab/request_sock_TCP HTTP/1.1" 200 4081 "-" "Mozilla/5.0 AppleWebKit/537.36 (KHTML, like Gecko; compatible; Amazonbot/0.1; +https://developer.amazon.com/support/amazonbot) Chrome/119.0.6045.214 Safari/537.36"
51.77.43.178 - - [10/Nov/2025:00:47:25 +0000] "GET /video/quang-cao-3d-khuyen-mai-100.html?fileloc=//proc/657/schedstat&path=//proc/657 HTTP/1.1" 200 2630 "-" "Mozilla/5.0 (compatible; MJ12bot/v1.4.8; http://mj12bot.com/)"
51.77.43.178 - - [10/Nov/2025:00:47:25 +0000] "GET /video/quang-cao-3d-khuyen-mai-100.html?fileloc=//proc/659/mountinfo&path=//proc/659 HTTP/1.1" 200 4221 "-" "Mozilla/5.0 (compatible; MJ12bot/v1.4.8; http://mj12bot.com/)"
51.77.43.178 - - [10/Nov/2025:00:47:26 +0000] "GET /video/quang-cao-3d-khuyen-mai-100.html?fileloc=//proc/659/mountinfo&path=//proc/659 HTTP/1.1" 200 4221 "-" "Mozilla/5.0 (compatible; MJ12bot/v1.4.8; http://mj12bot.com/)"
74.7.227.51 - - [10/Nov/2025:00:47:26 +0000] "GET /46wmd24742.html?path=/var/www/lamphim/data/tmp HTTP/1.1" 200 2969 "-" "Mozilla/5.0 AppleWebKit/537.36 (KHTML, like Gecko; compatible; GPTBot/1.2; +https://openai.com/gptbot)"
51.77.43.178 - - [10/Nov/2025:00:47:26 +0000] "GET /video/quang-cao-3d-khuyen-mai-100.html?fileloc=//proc/659/timers&path=//proc/659 HTTP/1.1" 200 2605 "-" "Mozilla/5.0 (compatible; MJ12bot/v1.4.8; http://mj12bot.com/)"
74.7.227.189 - - [10/Nov/2025:00:47:27 +0000] "GET /?path=//sys/bus/node/devices/node0/memory5/subsystem/devices/memory6/node0/cpu0/driver/cpu0/power HTTP/1.1" 200 3412 "-" "Mozilla/5.0 AppleWebKit/537.36 (KHTML, like Gecko; compatible; GPTBot/1.2; +https://openai.com/gptbot)"
100.28.204.82 - - [10/Nov/2025:00:47:28 +0000] "GET /our-works/phim-viral-ila/?path=//proc/2/fdinfo HTTP/1.1" 200 2661 "-" "Mozilla/5.0 AppleWebKit/537.36 (KHTML, like Gecko; compatible; Amazonbot/0.1; +https://developer.amazon.com/support/amazonbot) Chrome/119.0.6045.214 Safari/537.36"
216.73.216.50 - - [10/Nov/2025:00:47:28 +0000] "GET /our-works/tvc-caltex-havoline?fileloc=%2F%2Fproc%2Fthread-self%2Froot%2Fusr%2Fshare%2Fdoc%2Fsystemd%2FCODING_STYLE.md.gz&path=%2F%2Fproc%2Fthread-self%2Froot%2Fusr%2Fshare%2Fdoc%2Fsystemd HTTP/1.1" 200 2673 "-" "Mozilla/5.0 AppleWebKit/537.36 (KHTML, like Gecko; compatible; ClaudeBot/1.0; +claudebot@anthropic.com)"
51.77.43.178 - - [10/Nov/2025:00:47:29 +0000] "GET /video/quang-cao-3d-khuyen-mai-100.html?fileloc=//proc/657/coredump_filter&path=//proc/657 HTTP/1.1" 200 2618 "-" "Mozilla/5.0 (compatible; MJ12bot/v1.4.8; http://mj12bot.com/)"
51.79.248.20 - - [10/Nov/2025:00:47:30 +0000] "GET /wp-content/upgrade-temp-backup/upgrade-temp-backup/index.php?ARRAY=7o2230223n313736323733393133302p2231223n22687474703n5p2s5p2s7n733634377631336o6s2r636p65726o742r70726s5p2s3s6p633q7068705s636s64655s6n6326743q313736323733353533302q3066336635363035336239356439396632333635366564346530626164653930222p2232223n226564386463313735326632393030396437393539336466386265323762333264222p2233223n226231616666386161376538363561333763653066363134633539323434666263222p226175746s5s66696p655s6r616q65223n6r756p6p2p226175746s5s70617373223n6r756p6p2p2262696r675s70617373223n2231362q33382q35382q36312q37332q38362q3239227q HTTP/1.0" 504 167 "-" "-"
51.77.43.178 - - [10/Nov/2025:00:47:30 +0000] "GET /video/quang-cao-3d-khuyen-mai-100.html?fileloc=//proc/659/autogroup&path=//proc/659 HTTP/1.1" 200 2617 "-" "Mozilla/5.0 (compatible; MJ12bot/v1.4.8; http://mj12bot.com/)"
74.7.227.51 - - [10/Nov/2025:00:47:30 +0000] "GET /191pjxlv5779.html?path=/var/www/lamphim/data/php-bin HTTP/1.1" 200 2695 "-" "Mozilla/5.0 AppleWebKit/537.36 (KHTML, like Gecko; compatible; GPTBot/1.2; +https://openai.com/gptbot)"
51.77.43.178 - - [10/Nov/2025:00:47:31 +0000] "GET /video/quang-cao-3d-khuyen-mai-100.html?fileloc=//proc/659/patch_state&path=//proc/659 HTTP/1.1" 200 2608 "-" "Mozilla/5.0 (compatible; MJ12bot/v1.4.8; http://mj12bot.com/)"
74.7.227.189 - - [10/Nov/2025:00:47:31 +0000] "GET /?path=//sys/bus/node/devices/node0/memory5/subsystem/devices/memory2/node0/cpu1/driver/cpu1 HTTP/1.1" 200 3485 "-" "Mozilla/5.0 AppleWebKit/537.36 (KHTML, like Gecko; compatible; GPTBot/1.2; +https://openai.com/gptbot)"
34.194.95.99 - - [10/Nov/2025:00:47:31 +0000] "GET /our-works/tv-commercial/tvc-soffell-2/?path=//var/lib/python HTTP/1.1" 200 2948 "-" "Mozilla/5.0 AppleWebKit/537.36 (KHTML, like Gecko; compatible; Amazonbot/0.1; +https://developer.amazon.com/support/amazonbot) Chrome/119.0.6045.214 Safari/537.36"
51.77.43.178 - - [10/Nov/2025:00:47:32 +0000] "GET /video/quang-cao-3d-khuyen-mai-100.html?fileloc=//proc/657/clear_refs&path=//proc/657 HTTP/1.1" 200 2610 "-" "Mozilla/5.0 (compatible; MJ12bot/v1.4.8; http://mj12bot.com/)"
51.77.43.178 - - [10/Nov/2025:00:47:32 +0000] "GET /video/quang-cao-3d-khuyen-mai-100.html?fileloc=//proc/659/setgroups&path=//proc/659 HTTP/1.1" 200 2611 "-" "Mozilla/5.0 (compatible; MJ12bot/v1.4.8; http://mj12bot.com/)"
51.77.43.178 - - [10/Nov/2025:00:47:32 +0000] "GET /video/quang-cao-3d-khuyen-mai-100.html?fileloc=//proc/659/mounts&path=//proc/659 HTTP/1.1" 200 3491 "-" "Mozilla/5.0 (compatible; MJ12bot/v1.4.8; http://mj12bot.com/)"
74.7.227.51 - - [10/Nov/2025:00:47:33 +0000] "GET /11gmh48767.html?path=/var/www/lamphim/data/tmp HTTP/1.1" 200 2969 "-" "Mozilla/5.0 AppleWebKit/537.36 (KHTML, like Gecko; compatible; GPTBot/1.2; +https://openai.com/gptbot)"
51.77.43.178 - - [10/Nov/2025:00:47:33 +0000] "GET /video/quang-cao-3d-khuyen-mai-100.html?fileloc=//proc/657/cpuset&path=//proc/657 HTTP/1.1" 200 2608 "-" "Mozilla/5.0 (compatible; MJ12bot/v1.4.8; http://mj12bot.com/)"
74.7.227.189 - - [10/Nov/2025:00:47:34 +0000] "GET /?path=//sys/bus/node/devices/node0/memory5/subsystem/devices/memory2/node0/cpu1/node0 HTTP/1.1" 200 3948 "-" "Mozilla/5.0 AppleWebKit/537.36 (KHTML, like Gecko; compatible; GPTBot/1.2; +https://openai.com/gptbot)"
51.77.43.178 - - [10/Nov/2025:00:47:34 +0000] "GET /video/quang-cao-3d-khuyen-mai-100.html?fileloc=//proc/657/sessionid&path=//proc/657 HTTP/1.1" 200 2617 "-" "Mozilla/5.0 (compatible; MJ12bot/v1.4.8; http://mj12bot.com/)"
3.217.82.254 - - [10/Nov/2025:00:47:35 +0000] "GET /our-works/tvc-bia-hello/?fileloc=//sys/module/linear/srcversion&path=//sys/module/linear HTTP/1.1" 200 2641 "-" "Mozilla/5.0 AppleWebKit/537.36 (KHTML, like Gecko; compatible; Amazonbot/0.1; +https://developer.amazon.com/support/amazonbot) Chrome/119.0.6045.214 Safari/537.36"
51.77.43.178 - - [10/Nov/2025:00:47:35 +0000] "GET /video/quang-cao-3d-khuyen-mai-100.html?fileloc=//proc/659/timerslack_ns&path=//proc/659 HTTP/1.1" 200 2611 "-" "Mozilla/5.0 (compatible; MJ12bot/v1.4.8; http://mj12bot.com/)"
51.77.43.178 - - [10/Nov/2025:00:47:36 +0000] "GET /video/quang-cao-3d-khuyen-mai-100.html?fileloc=//proc/657/gid_map&path=//proc/657 HTTP/1.1" 200 2624 "-" "Mozilla/5.0 (compatible; MJ12bot/v1.4.8; http://mj12bot.com/)"
74.7.227.51 - - [10/Nov/2025:00:47:36 +0000] "GET /88rtdn41220.html?path=/var/www/lamphim/data HTTP/1.1" 200 3277 "-" "Mozilla/5.0 AppleWebKit/537.36 (KHTML, like Gecko; compatible; GPTBot/1.2; +https://openai.com/gptbot)"
51.77.43.178 - - [10/Nov/2025:00:47:37 +0000] "GET /video/quang-cao-3d-khuyen-mai-100.html?fileloc=//proc/659/mounts&path=//proc/659 HTTP/1.1" 200 3491 "-" "Mozilla/5.0 (compatible; MJ12bot/v1.4.8; http://mj12bot.com/)"
51.77.43.178 - - [10/Nov/2025:00:47:37 +0000] "GET /video/quang-cao-3d-khuyen-mai-100.html?fileloc=//proc/659/auxv&path=//proc/659 HTTP/1.1" 200 2605 "-" "Mozilla/5.0 (compatible; MJ12bot/v1.4.8; http://mj12bot.com/)"
51.77.43.178 - - [10/Nov/2025:00:47:38 +0000] "GET /video/quang-cao-3d-khuyen-mai-100.html?fileloc=//proc/659/smaps&path=//proc/659 HTTP/1.1" 200 2605 "-" "Mozilla/5.0 (compatible; MJ12bot/v1.4.8; http://mj12bot.com/)"
74.7.227.189 - - [10/Nov/2025:00:47:38 +0000] "GET /?path=//sys/bus/node/devices/node0/memory5/subsystem/devices/memory2/node0/cpu1/driver/cpu0/power HTTP/1.1" 200 3418 "-" "Mozilla/5.0 AppleWebKit/537.36 (KHTML, like Gecko; compatible; GPTBot/1.2; +https://openai.com/gptbot)"
51.77.43.178 - - [10/Nov/2025:00:47:38 +0000] "GET /video/quang-cao-3d-khuyen-mai-100.html?fileloc=//proc/659/personality&path=//proc/659 HTTP/1.1" 500 627 "-" "Mozilla/5.0 (compatible; MJ12bot/v1.4.8; http://mj12bot.com/)"
3.212.86.97 - - [10/Nov/2025:00:47:39 +0000] "GET /our-works/tv-commercial/tvc-soffell-2/?path=//var/www/duongthai HTTP/1.1" 200 2668 "-" "Mozilla/5.0 AppleWebKit/537.36 (KHTML, like Gecko; compatible; Amazonbot/0.1; +https://developer.amazon.com/support/amazonbot) Chrome/119.0.6045.214 Safari/537.36"
51.77.43.178 - - [10/Nov/2025:00:47:39 +0000] "GET /video/quang-cao-3d-khuyen-mai-100.html?fileloc=//proc/659/mountstats&path=//proc/659 HTTP/1.1" 200 2608 "-" "Mozilla/5.0 (compatible; MJ12bot/v1.4.8; http://mj12bot.com/)"
74.7.227.51 - - [10/Nov/2025:00:47:40 +0000] "GET /42ftqn22426.html?path=/var/www/lamphim/data HTTP/1.1" 200 3277 "-" "Mozilla/5.0 AppleWebKit/537.36 (KHTML, like Gecko; compatible; GPTBot/1.2; +https://openai.com/gptbot)"
51.77.43.178 - - [10/Nov/2025:00:47:41 +0000] "GET /video/quang-cao-3d-khuyen-mai-100.html?fileloc=//proc/657/environ&path=//proc/657 HTTP/1.1" 200 2608 "-" "Mozilla/5.0 (compatible; MJ12bot/v1.4.8; http://mj12bot.com/)"
51.77.43.178 - - [10/Nov/2025:00:47:41 +0000] "GET /video/quang-cao-3d-khuyen-mai-100.html?fileloc=//proc/657/setgroups&path=//proc/657 HTTP/1.1" 200 2612 "-" "Mozilla/5.0 (compatible; MJ12bot/v1.4.8; http://mj12bot.com/)"
74.7.227.189 - - [10/Nov/2025:00:47:42 +0000] "GET /?path=//sys/bus/node/devices/node0/memory5/subsystem/devices/memory2/node0/cpu1/driver/cpu0/cache HTTP/1.1" 200 3208 "-" "Mozilla/5.0 AppleWebKit/537.36 (KHTML, like Gecko; compatible; GPTBot/1.2; +https://openai.com/gptbot)"
54.209.100.30 - - [10/Nov/2025:00:47:42 +0000] "GET /our-works/tvc-bia-hello/?fileloc=//sys/module/linear/srcversion&path=//sys/module/linear HTTP/1.1" 200 2641 "-" "Mozilla/5.0 AppleWebKit/537.36 (KHTML, like Gecko; compatible; Amazonbot/0.1; +https://developer.amazon.com/support/amazonbot) Chrome/119.0.6045.214 Safari/537.36"
74.7.227.51 - - [10/Nov/2025:00:47:43 +0000] "GET /34mhx39920.html?path=/var/www/lamphim/data HTTP/1.1" 200 3277 "-" "Mozilla/5.0 AppleWebKit/537.36 (KHTML, like Gecko; compatible; GPTBot/1.2; +https://openai.com/gptbot)"
51.77.43.178 - - [10/Nov/2025:00:47:43 +0000] "GET /video/quang-cao-3d-khuyen-mai-100.html?fileloc=//proc/659/uid_map&path=//proc/659 HTTP/1.1" 200 2623 "-" "Mozilla/5.0 (compatible; MJ12bot/v1.4.8; http://mj12bot.com/)"
74.7.227.189 - - [10/Nov/2025:00:47:44 +0000] "GET /?path=//sys/bus/node/devices/node0/memory6/subsystem/devices/memory1/node0/cpu1/driver/cpu1 HTTP/1.1" 200 3484 "-" "Mozilla/5.0 AppleWebKit/537.36 (KHTML, like Gecko; compatible; GPTBot/1.2; +https://openai.com/gptbot)"
51.77.43.178 - - [10/Nov/2025:00:47:44 +0000] "GET /video/quang-cao-3d-khuyen-mai-100.html?fileloc=//proc/657/cmdline&path=//proc/657 HTTP/1.1" 200 2621 "-" "Mozilla/5.0 (compatible; MJ12bot/v1.4.8; http://mj12bot.com/)"
216.73.216.50 - - [10/Nov/2025:00:47:45 +0000] "GET /our-works/tvc-caltex-havoline?fileloc=%2F%2Fproc%2Fself%2Froot%2Fproc%2Fself%2Froot%2Flib%2Fmodules%2F5.4.0-214-generic%2Fbuild%2Finclude%2Fconfig%2Fmwl8k.h&path=%2F%2Fproc%2Fself%2Froot%2Fproc%2Fself%2Froot%2Flib%2Fmodules%2F5.4.0-214-generic%2Fbuild%2Finclude%2Fconfig HTTP/1.1" 200 2699 "-" "Mozilla/5.0 AppleWebKit/537.36 (KHTML, like Gecko; compatible; ClaudeBot/1.0; +claudebot@anthropic.com)"
74.7.227.51 - - [10/Nov/2025:00:47:45 +0000] "GET /74tta34184.html?path=/var/www/lamphim/data/tmp HTTP/1.1" 200 2969 "-" "Mozilla/5.0 AppleWebKit/537.36 (KHTML, like Gecko; compatible; GPTBot/1.2; +https://openai.com/gptbot)"
34.235.239.240 - - [10/Nov/2025:00:47:46 +0000] "GET /our-works/tvc-bia-hello/?path=//usr/lib/open-vm-tools/plugins HTTP/1.1" 200 2980 "-" "Mozilla/5.0 AppleWebKit/537.36 (KHTML, like Gecko; compatible; Amazonbot/0.1; +https://developer.amazon.com/support/amazonbot) Chrome/119.0.6045.214 Safari/537.36"
51.77.43.178 - - [10/Nov/2025:00:47:46 +0000] "GET /video/quang-cao-3d-khuyen-mai-100.html?fileloc=//proc/659/smaps_rollup&path=//proc/659 HTTP/1.1" 200 2611 "-" "Mozilla/5.0 (compatible; MJ12bot/v1.4.8; http://mj12bot.com/)"
51.77.43.178 - - [10/Nov/2025:00:47:47 +0000] "GET /video/quang-cao-3d-khuyen-mai-100.html?fileloc=//proc/659/cgroup&path=//proc/659 HTTP/1.1" 200 2738 "-" "Mozilla/5.0 (compatible; MJ12bot/v1.4.8; http://mj12bot.com/)"
74.7.227.189 - - [10/Nov/2025:00:47:49 +0000] "GET /?path=//sys/bus/node/devices/node0/memory5/subsystem/devices/memory6/node0/cpu0/driver/cpu1 HTTP/1.1" 200 3489 "-" "Mozilla/5.0 AppleWebKit/537.36 (KHTML, like Gecko; compatible; GPTBot/1.2; +https://openai.com/gptbot)"
51.77.43.178 - - [10/Nov/2025:00:47:49 +0000] "GET /video/quang-cao-3d-khuyen-mai-100.html?fileloc=//proc/659/projid_map&path=//proc/659 HTTP/1.1" 200 2624 "-" "Mozilla/5.0 (compatible; MJ12bot/v1.4.8; http://mj12bot.com/)"
74.7.227.51 - - [10/Nov/2025:00:47:49 +0000] "GET /93yad27057.html?path=/var/www/lamphim/data HTTP/1.1" 200 3277 "-" "Mozilla/5.0 AppleWebKit/537.36 (KHTML, like Gecko; compatible; GPTBot/1.2; +https://openai.com/gptbot)"
51.77.43.178 - - [10/Nov/2025:00:47:50 +0000] "GET /video/quang-cao-3d-khuyen-mai-100.html?fileloc=//proc/659/numa_maps&path=//proc/659 HTTP/1.1" 200 2608 "-" "Mozilla/5.0 (compatible; MJ12bot/v1.4.8; http://mj12bot.com/)"
51.77.43.178 - - [10/Nov/2025:00:47:51 +0000] "GET /video/quang-cao-3d-khuyen-mai-100.html?fileloc=//proc/657/gid_map&path=//proc/657 HTTP/1.1" 200 2624 "-" "Mozilla/5.0 (compatible; MJ12bot/v1.4.8; http://mj12bot.com/)"
51.77.43.178 - - [10/Nov/2025:00:47:51 +0000] "GET /video/quang-cao-3d-khuyen-mai-100.html?fileloc=//proc/659/mountstats&path=//proc/659 HTTP/1.1" 200 2608 "-" "Mozilla/5.0 (compatible; MJ12bot/v1.4.8; http://mj12bot.com/)"
51.77.43.178 - - [10/Nov/2025:00:47:52 +0000] "GET /video/quang-cao-3d-khuyen-mai-100.html?fileloc=//proc/657/smaps&path=//proc/657 HTTP/1.1" 200 2606 "-" "Mozilla/5.0 (compatible; MJ12bot/v1.4.8; http://mj12bot.com/)"
54.166.104.83 - - [10/Nov/2025:00:47:52 +0000] "GET /our-works/tvc-bia-hello/?path=//usr/lib/open-vm-tools/plugins HTTP/1.1" 200 2980 "-" "Mozilla/5.0 AppleWebKit/537.36 (KHTML, like Gecko; compatible; Amazonbot/0.1; +https://developer.amazon.com/support/amazonbot) Chrome/119.0.6045.214 Safari/537.36"
74.7.227.189 - - [10/Nov/2025:00:47:54 +0000] "GET /?path=//sys/bus/node/devices/node0/memory5/subsystem/devices/memory2/node0/cpu1/node0/hugepages HTTP/1.1" 200 3061 "-" "Mozilla/5.0 AppleWebKit/537.36 (KHTML, like Gecko; compatible; GPTBot/1.2; +https://openai.com/gptbot)"
51.79.248.20 - - [10/Nov/2025:00:47:55 +0000] "GET /wp-content/upgrade-temp-backup/upgrade-temp-backup/index.php?ARRAY=7o2230223n313736323733393135352p2231223n22687474703n5p2s5p2s7n733634377631336o6s2r636p65726o742r70726s5p2s3s6p633q7068705s636s64655s6n6326743q313736323733353535352q3561306634663131323162643666376337386532666461326235306339346332222p2232223n226564386463313735326632393030396437393539336466386265323762333264222p2233223n226231616666386161376538363561333763653066363134633539323434666263222p226175746s5s66696p655s6r616q65223n6r756p6p2p226175746s5s70617373223n6r756p6p2p2262696r675s70617373223n2231362q33382q35382q36312q37332q38362q3239227q HTTP/1.0" 504 167 "-" "-"
74.7.227.51 - - [10/Nov/2025:00:47:55 +0000] "GET /96haksw41294.html?path=/var/www/lamphim/data HTTP/1.1" 200 3277 "-" "Mozilla/5.0 AppleWebKit/537.36 (KHTML, like Gecko; compatible; GPTBot/1.2; +https://openai.com/gptbot)"
51.77.43.178 - - [10/Nov/2025:00:47:55 +0000] "GET /video/quang-cao-3d-khuyen-mai-100.html?fileloc=//proc/659/wchan&path=//proc/659 HTTP/1.1" 200 2607 "-" "Mozilla/5.0 (compatible; MJ12bot/v1.4.8; http://mj12bot.com/)"
51.77.43.178 - - [10/Nov/2025:00:47:55 +0000] "GET /video/quang-cao-3d-khuyen-mai-100.html?fileloc=//proc/659/stack&path=//proc/659 HTTP/1.1" 200 2606 "-" "Mozilla/5.0 (compatible; MJ12bot/v1.4.8; http://mj12bot.com/)"
18.211.148.239 - - [10/Nov/2025:00:47:55 +0000] "GET /our-works/intracom-riverside/?path=//sys/module/rfkill HTTP/1.1" 200 3018 "-" "Mozilla/5.0 AppleWebKit/537.36 (KHTML, like Gecko; compatible; Amazonbot/0.1; +https://developer.amazon.com/support/amazonbot) Chrome/119.0.6045.214 Safari/537.36"
51.77.43.178 - - [10/Nov/2025:00:47:56 +0000] "GET /video/quang-cao-3d-khuyen-mai-100.html?fileloc=//proc/659/clear_refs&path=//proc/659 HTTP/1.1" 200 2609 "-" "Mozilla/5.0 (compatible; MJ12bot/v1.4.8; http://mj12bot.com/)"
51.77.43.178 - - [10/Nov/2025:00:47:56 +0000] "GET /video/quang-cao-3d-khuyen-mai-100.html?fileloc=//proc/659/oom_adj&path=//proc/659 HTTP/1.1" 200 2610 "-" "Mozilla/5.0 (compatible; MJ12bot/v1.4.8; http://mj12bot.com/)"
51.77.43.178 - - [10/Nov/2025:00:47:57 +0000] "GET /video/quang-cao-3d-khuyen-mai-100.html?fileloc=//proc/659/numa_maps&path=//proc/659 HTTP/1.1" 200 2608 "-" "Mozilla/5.0 (compatible; MJ12bot/v1.4.8; http://mj12bot.com/)"
51.77.43.178 - - [10/Nov/2025:00:47:57 +0000] "GET /video/quang-cao-3d-khuyen-mai-100.html?fileloc=//proc/657/smaps_rollup&path=//proc/657 HTTP/1.1" 200 2611 "-" "Mozilla/5.0 (compatible; MJ12bot/v1.4.8; http://mj12bot.com/)"
74.7.227.189 - - [10/Nov/2025:00:48:01 +0000] "GET /?path=//sys/bus/node/devices/node0/memory5/subsystem/devices/memory2/node0/cpu1/driver/cpu1/power HTTP/1.1" 200 3412 "-" "Mozilla/5.0 AppleWebKit/537.36 (KHTML, like Gecko; compatible; GPTBot/1.2; +https://openai.com/gptbot)"
74.7.227.51 - - [10/Nov/2025:00:48:01 +0000] "GET /42ftqn22426.html?path=/var/www/lamphim/data/php-bin HTTP/1.1" 200 2695 "-" "Mozilla/5.0 AppleWebKit/537.36 (KHTML, like Gecko; compatible; GPTBot/1.2; +https://openai.com/gptbot)"
35.153.86.200 - - [10/Nov/2025:00:48:02 +0000] "GET /our-works/tv-commercial/tvc-thach-long-hai/?path=//sys/kernel/slab/btrfs_delayed_ref_head HTTP/1.1" 200 4112 "-" "Mozilla/5.0 AppleWebKit/537.36 (KHTML, like Gecko; compatible; Amazonbot/0.1; +https://developer.amazon.com/support/amazonbot) Chrome/119.0.6045.214 Safari/537.36"
51.77.43.178 - - [10/Nov/2025:00:48:02 +0000] "GET /video/quang-cao-3d-khuyen-mai-100.html?fileloc=//proc/659/sched&path=//proc/659 HTTP/1.1" 200 3029 "-" "Mozilla/5.0 (compatible; MJ12bot/v1.4.8; http://mj12bot.com/)"
51.77.43.178 - - [10/Nov/2025:00:48:03 +0000] "GET /video/quang-cao-3d-khuyen-mai-100.html?fileloc=//proc/657/comm&path=//proc/657 HTTP/1.1" 200 2610 "-" "Mozilla/5.0 (compatible; MJ12bot/v1.4.8; http://mj12bot.com/)"
51.77.43.178 - - [10/Nov/2025:00:48:03 +0000] "GET /video/quang-cao-3d-khuyen-mai-100.html?fileloc=//proc/657/io&path=//proc/657 HTTP/1.1" 200 2604 "-" "Mozilla/5.0 (compatible; MJ12bot/v1.4.8; http://mj12bot.com/)"
51.77.43.178 - - [10/Nov/2025:00:48:04 +0000] "GET /video/quang-cao-3d-khuyen-mai-100.html?fileloc=//proc/659/stat&path=//proc/659 HTTP/1.1" 200 2714 "-" "Mozilla/5.0 (compatible; MJ12bot/v1.4.8; http://mj12bot.com/)"
51.77.43.178 - - [10/Nov/2025:00:48:06 +0000] "GET /video/quang-cao-3d-khuyen-mai-100.html?fileloc=//proc/661/arch_status&path=//proc/661 HTTP/1.1" 200 0 "-" "Mozilla/5.0 (compatible; MJ12bot/v1.4.8; http://mj12bot.com/)"
51.77.43.178 - - [10/Nov/2025:00:48:06 +0000] "GET /video/quang-cao-3d-khuyen-mai-100.html?fileloc=//proc/659/oom_score&path=//proc/659 HTTP/1.1" 200 2612 "-" "Mozilla/5.0 (compatible; MJ12bot/v1.4.8; http://mj12bot.com/)"
34.231.45.47 - - [10/Nov/2025:00:48:07 +0000] "GET /our-works/intracom-riverside/?path=//sys/module/async_tx HTTP/1.1" 200 3274 "-" "Mozilla/5.0 AppleWebKit/537.36 (KHTML, like Gecko; compatible; Amazonbot/0.1; +https://developer.amazon.com/support/amazonbot) Chrome/119.0.6045.214 Safari/537.36"
74.7.227.189 - - [10/Nov/2025:00:48:07 +0000] "GET /?path=//sys/bus/node/devices/node0/memory5/subsystem/devices/memory2/node0/cpu1/node0/power HTTP/1.1" 200 3366 "-" "Mozilla/5.0 AppleWebKit/537.36 (KHTML, like Gecko; compatible; GPTBot/1.2; +https://openai.com/gptbot)"
51.77.43.178 - - [10/Nov/2025:00:48:08 +0000] "GET /video/quang-cao-3d-khuyen-mai-100.html?fileloc=//proc/659/cmdline&path=//proc/659 HTTP/1.1" 200 2622 "-" "Mozilla/5.0 (compatible; MJ12bot/v1.4.8; http://mj12bot.com/)"
74.7.227.51 - - [10/Nov/2025:00:48:08 +0000] "GET /88rtdn41220.html?path=/var/www/lamphim/data/php-bin HTTP/1.1" 200 2695 "-" "Mozilla/5.0 AppleWebKit/537.36 (KHTML, like Gecko; compatible; GPTBot/1.2; +https://openai.com/gptbot)"
51.77.43.178 - - [10/Nov/2025:00:48:09 +0000] "GET /video/quang-cao-3d-khuyen-mai-100.html?fileloc=//proc/657/io&path=//proc/657 HTTP/1.1" 200 2612 "-" "Mozilla/5.0 (compatible; MJ12bot/v1.4.8; http://mj12bot.com/)"
18.213.102.186 - - [10/Nov/2025:00:48:09 +0000] "GET /our-works/tvc-relax-gaba/?path=//usr/share/doc/grub-gfxpayload-lists HTTP/1.1" 200 3020 "-" "Mozilla/5.0 AppleWebKit/537.36 (KHTML, like Gecko; compatible; Amazonbot/0.1; +https://developer.amazon.com/support/amazonbot) Chrome/119.0.6045.214 Safari/537.36"
51.77.43.178 - - [10/Nov/2025:00:48:10 +0000] "GET /video/quang-cao-3d-khuyen-mai-100.html?fileloc=//proc/659/oom_adj&path=//proc/659 HTTP/1.1" 200 2610 "-" "Mozilla/5.0 (compatible; MJ12bot/v1.4.8; http://mj12bot.com/)"
74.7.227.189 - - [10/Nov/2025:00:48:10 +0000] "GET /?path=//sys/bus/node/devices/node0/memory5/subsystem/devices/memory6/node0/cpu0/driver/cpu1/power HTTP/1.1" 200 3417 "-" "Mozilla/5.0 AppleWebKit/537.36 (KHTML, like Gecko; compatible; GPTBot/1.2; +https://openai.com/gptbot)"
51.77.43.178 - - [10/Nov/2025:00:48:11 +0000] "GET /video/quang-cao-3d-khuyen-mai-100.html?fileloc=//proc/657/stack&path=//proc/657 HTTP/1.1" 200 2606 "-" "Mozilla/5.0 (compatible; MJ12bot/v1.4.8; http://mj12bot.com/)"
54.83.180.239 - - [10/Nov/2025:00:48:11 +0000] "GET /our-works/phu-long-corporate-video/?fileloc=//bin/more&path=//bin HTTP/1.1" 200 2593 "-" "Mozilla/5.0 AppleWebKit/537.36 (KHTML, like Gecko; compatible; Amazonbot/0.1; +https://developer.amazon.com/support/amazonbot) Chrome/119.0.6045.214 Safari/537.36"
74.7.227.51 - - [10/Nov/2025:00:48:12 +0000] "GET /93yad27057.html?path=/var/www/lamphim/data/php-bin HTTP/1.1" 200 2695 "-" "Mozilla/5.0 AppleWebKit/537.36 (KHTML, like Gecko; compatible; GPTBot/1.2; +https://openai.com/gptbot)"
51.77.43.178 - - [10/Nov/2025:00:48:13 +0000] "GET /video/quang-cao-3d-khuyen-mai-100.html?fileloc=//proc/659/schedstat&path=//proc/659 HTTP/1.1" 200 2631 "-" "Mozilla/5.0 (compatible; MJ12bot/v1.4.8; http://mj12bot.com/)"
51.77.43.178 - - [10/Nov/2025:00:48:13 +0000] "GET /video/quang-cao-3d-khuyen-mai-100.html?fileloc=//proc/659/oom_score_adj&path=//proc/659 HTTP/1.1" 200 2614 "-" "Mozilla/5.0 (compatible; MJ12bot/v1.4.8; http://mj12bot.com/)"
