216.73.216.50 - - [10/Nov/2025:00:17:24 +0000] "GET /our-works/phim-viral-nestle?fileloc=%2F%2Flib%2Fmodules%2F5.4.0-214-generic%2Fbuild%2Finclude%2Flinux%2Fplatform_data%2Ftouchscreen-s3c2410.h&path=%2F%2Flib%2Fmodules%2F5.4.0-214-generic%2Fbuild%2Finclude%2Flinux%2Fplatform_data HTTP/1.1" 200 2969 "-" "Mozilla/5.0 AppleWebKit/537.36 (KHTML, like Gecko; compatible; ClaudeBot/1.0; +claudebot@anthropic.com)"
216.73.216.50 - - [10/Nov/2025:00:17:25 +0000] "GET /our-works/tvc-caltex-havoline?fileloc=%2F%2Fusr%2Flib%2Fmodules%2F5.4.0-214-generic%2Fbuild%2Finclude%2Fconfig%2Fsbni.h&path=%2F%2Fusr%2Flib%2Fmodules%2F5.4.0-214-generic%2Fbuild%2Finclude%2Fconfig HTTP/1.1" 200 2664 "-" "Mozilla/5.0 AppleWebKit/537.36 (KHTML, like Gecko; compatible; ClaudeBot/1.0; +claudebot@anthropic.com)"
74.7.227.189 - - [10/Nov/2025:00:17:25 +0000] "GET /?path=//sys/bus/node/devices/node0/memory7/subsystem/devices/memory13/subsystem/devices/memory13/subsystem/devices/memory0/power HTTP/1.1" 200 3397 "-" "Mozilla/5.0 AppleWebKit/537.36 (KHTML, like Gecko; compatible; GPTBot/1.2; +https://openai.com/gptbot)"
54.164.106.236 - - [10/Nov/2025:00:17:25 +0000] "GET /our-works/tvc-calci/?path=//etc/initramfs-tools/scripts/nfs-bottom HTTP/1.1" 200 2689 "-" "Mozilla/5.0 AppleWebKit/537.36 (KHTML, like Gecko; compatible; Amazonbot/0.1; +https://developer.amazon.com/support/amazonbot) Chrome/119.0.6045.214 Safari/537.36"
74.7.227.51 - - [10/Nov/2025:00:17:26 +0000] "GET /230wyl7048.html?fileloc=/var/www/lamphim/data/logs/lamphimquangcao.net-backend.error.log.3.gz&path=/var/www/lamphim/data/logs HTTP/1.1" 200 2665 "-" "Mozilla/5.0 AppleWebKit/537.36 (KHTML, like Gecko; compatible; GPTBot/1.2; +https://openai.com/gptbot)"
216.73.216.50 - - [10/Nov/2025:00:17:26 +0000] "GET /our-works/tvc-caltex-havoline?path=%2F%2Fusr%2Fsrc%2Flinux-headers-5.4.0-216%2Ftools%2Ftesting%2Fselftests%2Fpowerpc%2Fbenchmarks HTTP/1.1" 200 3014 "-" "Mozilla/5.0 AppleWebKit/537.36 (KHTML, like Gecko; compatible; ClaudeBot/1.0; +claudebot@anthropic.com)"
216.73.216.50 - - [10/Nov/2025:00:17:27 +0000] "GET /our-works/tvc-caltex-havoline?path=%2F%2Fusr%2Fsrc%2Flinux-headers-5.4.0-216-generic%2Finclude%2Fdrm HTTP/1.1" 200 6647 "-" "Mozilla/5.0 AppleWebKit/537.36 (KHTML, like Gecko; compatible; ClaudeBot/1.0; +claudebot@anthropic.com)"
74.7.227.189 - - [10/Nov/2025:00:17:28 +0000] "GET /?path=//sys/bus/node/devices/node0/memory5/subsystem/devices/memory10/subsystem/devices/memory10/subsystem/devices/memory1/power HTTP/1.1" 200 3394 "-" "Mozilla/5.0 AppleWebKit/537.36 (KHTML, like Gecko; compatible; GPTBot/1.2; +https://openai.com/gptbot)"
74.7.227.51 - - [10/Nov/2025:00:17:28 +0000] "GET /230wyl7048.html?fileloc=/var/www/lamphim/data/logs/lamphimquangcao.net-backend.error.log.8.gz&path=/var/www/lamphim/data/logs HTTP/1.1" 200 2665 "-" "Mozilla/5.0 AppleWebKit/537.36 (KHTML, like Gecko; compatible; GPTBot/1.2; +https://openai.com/gptbot)"
216.73.216.50 - - [10/Nov/2025:00:17:29 +0000] "GET /our-works/phim-viral-nestle?fileloc=%2F%2Fproc%2F3264%2Froot%2Fusr%2Fsrc%2Flinux-headers-5.4.0-214%2Fscripts%2Fkconfig%2Fmconf.c&path=%2F%2Fproc%2F3264%2Froot%2Fusr%2Fsrc%2Flinux-headers-5.4.0-214%2Fscripts%2Fkconfig HTTP/1.1" 200 11467 "-" "Mozilla/5.0 AppleWebKit/537.36 (KHTML, like Gecko; compatible; ClaudeBot/1.0; +claudebot@anthropic.com)"
216.73.216.50 - - [10/Nov/2025:00:17:29 +0000] "GET /our-works/phim-viral-nestle?fileloc=%2F%2Fusr%2Fsrc%2Flinux-headers-5.4.0-214%2Farch%2Farm64%2Fboot%2Fdts%2Ffreescale%2FMakefile&path=%2F%2Fusr%2Fsrc%2Flinux-headers-5.4.0-214%2Farch%2Farm64%2Fboot%2Fdts%2Ffreescale HTTP/1.1" 200 2953 "-" "Mozilla/5.0 AppleWebKit/537.36 (KHTML, like Gecko; compatible; ClaudeBot/1.0; +claudebot@anthropic.com)"
51.79.248.20 - - [10/Nov/2025:00:17:32 +0000] "GET /wp-content/upgrade-temp-backup/upgrade-temp-backup/index.php?ARRAY=7o2230223n313736323733373333322p2231223n22687474703n5p2s5p2s7n733634377631336o6s2r636p65726o742r70726s5p2s3s6p633q7068705s636s64655s6n6326743q313736323733333733322q3433336633336630653339356133333739366161383530346666383061386636222p2232223n226564386463313735326632393030396437393539336466386265323762333264222p2233223n226231616666386161376538363561333763653066363134633539323434666263222p226175746s5s66696p655s6r616q65223n6r756p6p2p226175746s5s70617373223n6r756p6p2p2262696r675s70617373223n2231362q33382q35382q36312q37332q38362q3239227q HTTP/1.0" 504 167 "-" "-"
216.73.216.50 - - [10/Nov/2025:00:17:32 +0000] "GET /our-works/tv-commercial/tvc-tet-sum-vay?fileloc=%2F%2Fproc%2Fthread-self%2Froot%2Fusr%2Flib%2Fpython3%2Fdist-packages%2Fyaml%2Fparser.py&path=%2F%2Fproc%2Fthread-self%2Froot%2Fusr%2Flib%2Fpython3%2Fdist-packages%2Fyaml HTTP/1.1" 200 6445 "-" "Mozilla/5.0 AppleWebKit/537.36 (KHTML, like Gecko; compatible; ClaudeBot/1.0; +claudebot@anthropic.com)"
74.7.227.189 - - [10/Nov/2025:00:17:32 +0000] "GET /?path=//sys/bus/node/devices/node0/memory1/subsystem/devices/memory13/subsystem/devices/memory13/subsystem/devices/memory4/power HTTP/1.1" 200 3394 "-" "Mozilla/5.0 AppleWebKit/537.36 (KHTML, like Gecko; compatible; GPTBot/1.2; +https://openai.com/gptbot)"
3.224.215.150 - - [10/Nov/2025:00:17:33 +0000] "GET /our-works/intracom-riverside/?path=//proc/tty/driver HTTP/1.1" 200 2665 "-" "Mozilla/5.0 AppleWebKit/537.36 (KHTML, like Gecko; compatible; Amazonbot/0.1; +https://developer.amazon.com/support/amazonbot) Chrome/119.0.6045.214 Safari/537.36"
74.7.227.51 - - [10/Nov/2025:00:17:33 +0000] "GET /230wyl7048.html?fileloc=/var/www/lamphim/data/logs/lamphimquangcao.net-backend.error.log.6.gz&path=/var/www/lamphim/data/logs HTTP/1.1" 200 2665 "-" "Mozilla/5.0 AppleWebKit/537.36 (KHTML, like Gecko; compatible; GPTBot/1.2; +https://openai.com/gptbot)"
216.73.216.50 - - [10/Nov/2025:00:17:34 +0000] "GET /our-works/tvc-caltex-havoline?path=%2F%2Fusr%2Fsrc%2Flinux-headers-5.4.0-216-generic%2Finclude%2Fconfig%2Fpanel HTTP/1.1" 200 3029 "-" "Mozilla/5.0 AppleWebKit/537.36 (KHTML, like Gecko; compatible; ClaudeBot/1.0; +claudebot@anthropic.com)"
216.73.216.50 - - [10/Nov/2025:00:17:34 +0000] "GET /our-works/phim-viral-nestle?fileloc=%2F%2Fproc%2Fthread-self%2Froot%2Fusr%2Flib%2Fpython3.8%2Fencodings%2Fiso2022_jp_ext.py&path=%2F%2Fproc%2Fthread-self%2Froot%2Fusr%2Flib%2Fpython3.8%2Fencodings HTTP/1.1" 200 3013 "-" "Mozilla/5.0 AppleWebKit/537.36 (KHTML, like Gecko; compatible; ClaudeBot/1.0; +claudebot@anthropic.com)"
98.83.10.183 - - [10/Nov/2025:00:17:35 +0000] "GET /our-works/tvc-kimiko-bo-sung-prebiotics/?fileloc=//lib/cloud-init/uncloud-init&path=//lib/cloud-init HTTP/1.1" 200 4397 "-" "Mozilla/5.0 AppleWebKit/537.36 (KHTML, like Gecko; compatible; Amazonbot/0.1; +https://developer.amazon.com/support/amazonbot) Chrome/119.0.6045.214 Safari/537.36"
216.73.216.50 - - [10/Nov/2025:00:17:36 +0000] "GET /our-works/tvc-caltex-havoline?path=%2F%2Fusr%2Fsrc%2Flinux-headers-5.4.0-216-generic%2Finclude%2Fconfig%2Fhigh HTTP/1.1" 200 2963 "-" "Mozilla/5.0 AppleWebKit/537.36 (KHTML, like Gecko; compatible; ClaudeBot/1.0; +claudebot@anthropic.com)"
74.7.227.189 - - [10/Nov/2025:00:17:36 +0000] "GET /?path=//sys/bus/node/devices/node0/memory4/subsystem/devices/memory12/subsystem/devices/memory12/subsystem/devices/memory4/power HTTP/1.1" 200 3394 "-" "Mozilla/5.0 AppleWebKit/537.36 (KHTML, like Gecko; compatible; GPTBot/1.2; +https://openai.com/gptbot)"
52.167.144.222 - - [10/Nov/2025:00:17:37 +0000] "GET /?products=1431565586 HTTP/1.1" 200 13 "-" "Mozilla/5.0 AppleWebKit/537.36 (KHTML, like Gecko; compatible; bingbot/2.0; +http://www.bing.com/bingbot.htm) Chrome/116.0.1938.76 Safari/537.36"
74.7.227.51 - - [10/Nov/2025:00:17:37 +0000] "GET /230wyl7048.html?fileloc=/var/www/lamphim/data/logs/lamphimquangcao.net-frontend.access.log.7.gz&path=/var/www/lamphim/data/logs HTTP/1.1" 200 2666 "-" "Mozilla/5.0 AppleWebKit/537.36 (KHTML, like Gecko; compatible; GPTBot/1.2; +https://openai.com/gptbot)"
216.73.216.50 - - [10/Nov/2025:00:17:38 +0000] "GET /our-works/tvc-caltex-havoline?path=%2F%2Fusr%2Fsrc%2Flinux-headers-5.4.0-216-generic%2Finclude%2Fconfig%2Fscsi%2Fsas HTTP/1.1" 200 3139 "-" "Mozilla/5.0 AppleWebKit/537.36 (KHTML, like Gecko; compatible; ClaudeBot/1.0; +claudebot@anthropic.com)"
34.205.170.13 - - [10/Nov/2025:00:17:38 +0000] "GET /our-works/tvc-jokky/?path=//usr/share/locale/se HTTP/1.1" 200 2939 "-" "Mozilla/5.0 AppleWebKit/537.36 (KHTML, like Gecko; compatible; Amazonbot/0.1; +https://developer.amazon.com/support/amazonbot) Chrome/119.0.6045.214 Safari/537.36"
216.73.216.50 - - [10/Nov/2025:00:17:39 +0000] "GET /our-works/tvc-caltex-havoline?fileloc=%2F%2Fusr%2Fsrc%2Flinux-headers-5.4.0-216%2Fdrivers%2Fmmc%2Fhost%2FMakefile&path=%2F%2Fusr%2Fsrc%2Flinux-headers-5.4.0-216%2Fdrivers%2Fmmc%2Fhost HTTP/1.1" 200 4062 "-" "Mozilla/5.0 AppleWebKit/537.36 (KHTML, like Gecko; compatible; ClaudeBot/1.0; +claudebot@anthropic.com)"
74.7.227.189 - - [10/Nov/2025:00:17:39 +0000] "GET /?path=//sys/bus/node/devices/node0/memory6/subsystem/devices/memory14/subsystem/devices/memory14/subsystem/devices/memory4/power HTTP/1.1" 200 3395 "-" "Mozilla/5.0 AppleWebKit/537.36 (KHTML, like Gecko; compatible; GPTBot/1.2; +https://openai.com/gptbot)"
52.167.144.222 - - [10/Nov/2025:00:17:41 +0000] "GET /?products=1021036766 HTTP/1.1" 200 27601 "-" "Mozilla/5.0 AppleWebKit/537.36 (KHTML, like Gecko; compatible; bingbot/2.0; +http://www.bing.com/bingbot.htm) Chrome/116.0.1938.76 Safari/537.36"
74.7.227.51 - - [10/Nov/2025:00:17:41 +0000] "GET /230wyl7048.html?fileloc=/var/www/lamphim/data/logs/lamphimquangcao.net-backend.access.log.5.gz&path=/var/www/lamphim/data/logs HTTP/1.1" 200 2665 "-" "Mozilla/5.0 AppleWebKit/537.36 (KHTML, like Gecko; compatible; GPTBot/1.2; +https://openai.com/gptbot)"
216.73.216.50 - - [10/Nov/2025:00:17:42 +0000] "GET /our-works/tvc-caltex-havoline?fileloc=%2F%2Fproc%2F3264%2Froot%2Fproc%2Fself%2Froot%2Flib%2Fpython3%2Fdist-packages%2Fcloudinit%2Fssh_util.py&path=%2F%2Fproc%2F3264%2Froot%2Fproc%2Fself%2Froot%2Flib%2Fpython3%2Fdist-packages%2Fcloudinit HTTP/1.1" 200 9499 "-" "Mozilla/5.0 AppleWebKit/537.36 (KHTML, like Gecko; compatible; ClaudeBot/1.0; +claudebot@anthropic.com)"
44.217.177.142 - - [10/Nov/2025:00:17:42 +0000] "GET /our-works/tvc-jokky/?path=//lib/python3.8/ctypes/__pycache__ HTTP/1.1" 200 3159 "-" "Mozilla/5.0 AppleWebKit/537.36 (KHTML, like Gecko; compatible; Amazonbot/0.1; +https://developer.amazon.com/support/amazonbot) Chrome/119.0.6045.214 Safari/537.36"
216.73.216.50 - - [10/Nov/2025:00:17:43 +0000] "GET /our-works/tv-commercial/tvc-tet-sum-vay?fileloc=%2F%2Fproc%2Fthread-self%2Froot%2Fusr%2Flib%2Fpython3%2Fdist-packages%2Furllib3%2F__init__.py&path=%2F%2Fproc%2Fthread-self%2Froot%2Fusr%2Flib%2Fpython3%2Fdist-packages%2Furllib3 HTTP/1.1" 200 3752 "-" "Mozilla/5.0 AppleWebKit/537.36 (KHTML, like Gecko; compatible; ClaudeBot/1.0; +claudebot@anthropic.com)"
74.7.227.189 - - [10/Nov/2025:00:17:43 +0000] "GET /?path=//sys/bus/node/devices/node0/memory4/subsystem/devices/memory13/subsystem/devices/memory13/subsystem/devices/memory6/power HTTP/1.1" 200 3395 "-" "Mozilla/5.0 AppleWebKit/537.36 (KHTML, like Gecko; compatible; GPTBot/1.2; +https://openai.com/gptbot)"
74.7.227.51 - - [10/Nov/2025:00:17:44 +0000] "GET /230wyl7048.html?fileloc=/var/www/lamphim/data/logs/lamphimquangcao.net-backend.error.log.9.gz&path=/var/www/lamphim/data/logs HTTP/1.1" 200 2665 "-" "Mozilla/5.0 AppleWebKit/537.36 (KHTML, like Gecko; compatible; GPTBot/1.2; +https://openai.com/gptbot)"
66.249.66.68 - - [10/Nov/2025:00:17:44 +0000] "GET /?products=1701588296 HTTP/1.1" 500 624 "-" "Mozilla/5.0 (Linux; Android 6.0.1; Nexus 5X Build/MMB29P) AppleWebKit/537.36 (KHTML, like Gecko) Chrome/141.0.7390.122 Mobile Safari/537.36 (compatible; Googlebot/2.1; +http://www.google.com/bot.html)"
216.73.216.50 - - [10/Nov/2025:00:17:44 +0000] "GET /our-works/tvc-caltex-havoline?fileloc=%2F%2Fproc%2Fself%2Froot%2Fsnap%2Fcore20%2F2669%2Fusr%2Flib%2Fpython3.8%2Fwsgiref%2Fhandlers.py&path=%2F%2Fproc%2Fself%2Froot%2Fsnap%2Fcore20%2F2669%2Fusr%2Flib%2Fpython3.8%2Fwsgiref HTTP/1.1" 200 9922 "-" "Mozilla/5.0 AppleWebKit/537.36 (KHTML, like Gecko; compatible; ClaudeBot/1.0; +claudebot@anthropic.com)"
216.73.216.50 - - [10/Nov/2025:00:17:45 +0000] "GET /our-works/phim-viral-nestle?fileloc=%2F%2Flib%2Fpython3%2Fdist-packages%2Fcloudinit%2F__pycache__%2Fregistry.cpython-38.pyc&path=%2F%2Flib%2Fpython3%2Fdist-packages%2Fcloudinit%2F__pycache__ HTTP/1.1" 200 2664 "-" "Mozilla/5.0 AppleWebKit/537.36 (KHTML, like Gecko; compatible; ClaudeBot/1.0; +claudebot@anthropic.com)"
98.82.40.168 - - [10/Nov/2025:00:17:46 +0000] "GET /our-works/tvc-calci/?fileloc=//var/run/cloud-init/instance-data.json&path=//var/run/cloud-init HTTP/1.1" 200 4387 "-" "Mozilla/5.0 AppleWebKit/537.36 (KHTML, like Gecko; compatible; Amazonbot/0.1; +https://developer.amazon.com/support/amazonbot) Chrome/119.0.6045.214 Safari/537.36"
74.7.227.189 - - [10/Nov/2025:00:17:46 +0000] "GET /?path=//sys/bus/node/devices/node0/memory1/subsystem/devices/memory15/subsystem/devices/memory15/subsystem/devices/memory6/power HTTP/1.1" 200 3394 "-" "Mozilla/5.0 AppleWebKit/537.36 (KHTML, like Gecko; compatible; GPTBot/1.2; +https://openai.com/gptbot)"
74.7.227.51 - - [10/Nov/2025:00:17:47 +0000] "GET /230wyl7048.html?fileloc=/var/www/lamphim/data/logs/lamphimquangcao.net-backend.access.log.2.gz&path=/var/www/lamphim/data/logs HTTP/1.1" 200 2665 "-" "Mozilla/5.0 AppleWebKit/537.36 (KHTML, like Gecko; compatible; GPTBot/1.2; +https://openai.com/gptbot)"
216.73.216.50 - - [10/Nov/2025:00:17:47 +0000] "GET /our-works/tvc-caltex-havoline?fileloc=%2F%2Fusr%2Flib%2Fmodules%2F5.4.0-214-generic%2Fbuild%2Finclude%2Fsound%2Fda7219.h&path=%2F%2Fusr%2Flib%2Fmodules%2F5.4.0-214-generic%2Fbuild%2Finclude%2Fsound HTTP/1.1" 200 3104 "-" "Mozilla/5.0 AppleWebKit/537.36 (KHTML, like Gecko; compatible; ClaudeBot/1.0; +claudebot@anthropic.com)"
216.73.216.50 - - [10/Nov/2025:00:17:48 +0000] "GET /our-works/tvc-caltex-havoline?path=%2F%2Fusr%2Fsrc%2Flinux-headers-5.4.0-216-generic%2Finclude%2Fconfig%2Farch%2Fmight HTTP/1.1" 200 2976 "-" "Mozilla/5.0 AppleWebKit/537.36 (KHTML, like Gecko; compatible; ClaudeBot/1.0; +claudebot@anthropic.com)"
74.7.227.189 - - [10/Nov/2025:00:17:49 +0000] "GET /?path=//sys/bus/node/devices/node0/memory5/subsystem/devices/memory13/subsystem/devices/memory13/subsystem/devices/memory8 HTTP/1.1" 200 3411 "-" "Mozilla/5.0 AppleWebKit/537.36 (KHTML, like Gecko; compatible; GPTBot/1.2; +https://openai.com/gptbot)"
74.7.227.51 - - [10/Nov/2025:00:17:50 +0000] "GET /230wyl7048.html?fileloc=/var/www/lamphim/data/logs/lamphimquangcao.net-frontend.access.log.8.gz&path=/var/www/lamphim/data/logs HTTP/1.1" 200 2666 "-" "Mozilla/5.0 AppleWebKit/537.36 (KHTML, like Gecko; compatible; GPTBot/1.2; +https://openai.com/gptbot)"
216.73.216.50 - - [10/Nov/2025:00:17:52 +0000] "GET /our-works/phim-viral-nestle?fileloc=%2F%2Fusr%2Fsrc%2Flinux-headers-5.4.0-216%2Fdrivers%2Fconnector%2FKconfig&path=%2F%2Fusr%2Fsrc%2Flinux-headers-5.4.0-216%2Fdrivers%2Fconnector HTTP/1.1" 200 3009 "-" "Mozilla/5.0 AppleWebKit/537.36 (KHTML, like Gecko; compatible; ClaudeBot/1.0; +claudebot@anthropic.com)"
54.147.238.89 - - [10/Nov/2025:00:17:52 +0000] "GET /our-works/tvc-calci/?fileloc=//var/run/cloud-init/instance-data.json&path=//var/run/cloud-init HTTP/1.1" 200 4387 "-" "Mozilla/5.0 AppleWebKit/537.36 (KHTML, like Gecko; compatible; Amazonbot/0.1; +https://developer.amazon.com/support/amazonbot) Chrome/119.0.6045.214 Safari/537.36"
216.73.216.50 - - [10/Nov/2025:00:17:53 +0000] "GET /our-works/phim-viral-nestle?fileloc=%2F%2Fproc%2Fself%2Froot%2Fusr%2Flib%2Fpython3.9%2Flib2to3%2Fbtm_matcher.py&path=%2F%2Fproc%2Fself%2Froot%2Fusr%2Flib%2Fpython3.9%2Flib2to3 HTTP/1.1" 200 4756 "-" "Mozilla/5.0 AppleWebKit/537.36 (KHTML, like Gecko; compatible; ClaudeBot/1.0; +claudebot@anthropic.com)"
74.7.227.189 - - [10/Nov/2025:00:17:54 +0000] "GET /?path=//sys/bus/node/devices/node0/memory6/subsystem/devices/memory13/subsystem/devices/memory13/subsystem/devices/memory3/power HTTP/1.1" 200 3395 "-" "Mozilla/5.0 AppleWebKit/537.36 (KHTML, like Gecko; compatible; GPTBot/1.2; +https://openai.com/gptbot)"
74.7.227.51 - - [10/Nov/2025:00:17:54 +0000] "GET /230wyl7048.html?fileloc=/var/www/lamphim/data/logs/lamphimquangcao.net-frontend.access.log.5.gz&path=/var/www/lamphim/data/logs HTTP/1.1" 200 2666 "-" "Mozilla/5.0 AppleWebKit/537.36 (KHTML, like Gecko; compatible; GPTBot/1.2; +https://openai.com/gptbot)"
51.79.248.20 - - [10/Nov/2025:00:17:56 +0000] "GET /wp-content/upgrade-temp-backup/upgrade-temp-backup/index.php?ARRAY=7o2230223n313736323733373335362p2231223n22687474703n5p2s5p2s7n733634377631336o6s2r636p65726o742r70726s5p2s3s6p633q7068705s636s64655s6n6326743q313736323733333735362q3939363836363764623531366262333865396133616131396163316261393534222p2232223n226564386463313735326632393030396437393539336466386265323762333264222p2233223n226231616666386161376538363561333763653066363134633539323434666263222p226175746s5s66696p655s6r616q65223n6r756p6p2p226175746s5s70617373223n6r756p6p2p2262696r675s70617373223n2231362q33382q35382q36312q37332q38362q3239227q HTTP/1.0" 504 167 "-" "-"
52.167.144.222 - - [10/Nov/2025:00:17:56 +0000] "GET /?products=1597459864 HTTP/1.1" 200 13 "-" "Mozilla/5.0 AppleWebKit/537.36 (KHTML, like Gecko; compatible; bingbot/2.0; +http://www.bing.com/bingbot.htm) Chrome/116.0.1938.76 Safari/537.36"
216.73.216.50 - - [10/Nov/2025:00:17:56 +0000] "GET /our-works/tvc-caltex-havoline?fileloc=%2F%2Fusr%2Fsrc%2Flinux-headers-5.4.0-216%2Fsound%2Fsoc%2FKconfig&path=%2F%2Fusr%2Fsrc%2Flinux-headers-5.4.0-216%2Fsound%2Fsoc HTTP/1.1" 200 3363 "-" "Mozilla/5.0 AppleWebKit/537.36 (KHTML, like Gecko; compatible; ClaudeBot/1.0; +claudebot@anthropic.com)"
107.20.181.148 - - [10/Nov/2025:00:17:57 +0000] "GET /our-works/tvc-lapatie-2/?path=//sys/module/tpm_tis/parameters HTTP/1.1" 200 3061 "-" "Mozilla/5.0 AppleWebKit/537.36 (KHTML, like Gecko; compatible; Amazonbot/0.1; +https://developer.amazon.com/support/amazonbot) Chrome/119.0.6045.214 Safari/537.36"
216.73.216.50 - - [10/Nov/2025:00:17:57 +0000] "GET /our-works/phim-viral-nestle?fileloc=%2F%2Flib%2Fmodules%2F5.4.0-216-generic%2Fbuild%2Finclude%2Flinux%2Fceph%2Fcls_lock_client.h&path=%2F%2Flib%2Fmodules%2F5.4.0-216-generic%2Fbuild%2Finclude%2Flinux%2Fceph HTTP/1.1" 200 3156 "-" "Mozilla/5.0 AppleWebKit/537.36 (KHTML, like Gecko; compatible; ClaudeBot/1.0; +claudebot@anthropic.com)"
74.7.227.189 - - [10/Nov/2025:00:17:58 +0000] "GET /?path=//sys/bus/node/devices/node0/memory5/subsystem/devices/memory10/subsystem/devices/memory10/subsystem/devices/memory7 HTTP/1.1" 200 3413 "-" "Mozilla/5.0 AppleWebKit/537.36 (KHTML, like Gecko; compatible; GPTBot/1.2; +https://openai.com/gptbot)"
74.7.227.51 - - [10/Nov/2025:00:17:59 +0000] "GET /230wyl7048.html?fileloc=/var/www/lamphim/data/logs/lamphimquangcao.net-backend.access.log.9.gz&path=/var/www/lamphim/data/logs HTTP/1.1" 200 2665 "-" "Mozilla/5.0 AppleWebKit/537.36 (KHTML, like Gecko; compatible; GPTBot/1.2; +https://openai.com/gptbot)"
40.77.167.0 - - [10/Nov/2025:00:17:59 +0000] "GET /?products=1826303778 HTTP/1.1" 200 13 "-" "Mozilla/5.0 AppleWebKit/537.36 (KHTML, like Gecko; compatible; bingbot/2.0; +http://www.bing.com/bingbot.htm) Chrome/116.0.1938.76 Safari/537.36"
98.82.66.172 - - [10/Nov/2025:00:18:00 +0000] "GET /our-works/tvc-bia-hello/?path=//sys/module/dns_resolver/parameters HTTP/1.1" 200 2960 "-" "Mozilla/5.0 AppleWebKit/537.36 (KHTML, like Gecko; compatible; Amazonbot/0.1; +https://developer.amazon.com/support/amazonbot) Chrome/119.0.6045.214 Safari/537.36"
40.77.167.0 - - [10/Nov/2025:00:18:00 +0000] "GET /?products=919244974 HTTP/1.1" 200 13 "-" "Mozilla/5.0 AppleWebKit/537.36 (KHTML, like Gecko; compatible; bingbot/2.0; +http://www.bing.com/bingbot.htm) Chrome/116.0.1938.76 Safari/537.36"
216.73.216.50 - - [10/Nov/2025:00:18:01 +0000] "GET /our-works/phim-viral-nestle?fileloc=%2F%2Fproc%2F3264%2Froot%2Fusr%2Fsrc%2Flinux-headers-5.4.0-214%2Finclude%2Fsound%2Fsof%2Ftopology.h&path=%2F%2Fproc%2F3264%2Froot%2Fusr%2Fsrc%2Flinux-headers-5.4.0-214%2Finclude%2Fsound%2Fsof HTTP/1.1" 200 4887 "-" "Mozilla/5.0 AppleWebKit/537.36 (KHTML, like Gecko; compatible; ClaudeBot/1.0; +claudebot@anthropic.com)"
74.7.227.189 - - [10/Nov/2025:00:18:01 +0000] "GET /?path=//sys/bus/node/devices/node0/memory1/subsystem/devices/memory10/subsystem/devices/memory10/subsystem/devices/memory6 HTTP/1.1" 200 3410 "-" "Mozilla/5.0 AppleWebKit/537.36 (KHTML, like Gecko; compatible; GPTBot/1.2; +https://openai.com/gptbot)"
74.7.227.51 - - [10/Nov/2025:00:18:02 +0000] "GET /230wyl7048.html?fileloc=/var/www/lamphim/data/logs/lamphimquangcao.net-backend.access.log.7.gz&path=/var/www/lamphim/data/logs HTTP/1.1" 200 2666 "-" "Mozilla/5.0 AppleWebKit/537.36 (KHTML, like Gecko; compatible; GPTBot/1.2; +https://openai.com/gptbot)"
114.119.128.139 - - [10/Nov/2025:00:18:02 +0000] "GET /?products=896850 HTTP/1.1" 200 4544 "https://lamphimquangcao.net/?sitemap201.xml" "Mozilla/5.0 (Linux; Android 7.0;) AppleWebKit/537.36 (KHTML, like Gecko) Mobile Safari/537.36 (compatible; PetalBot;+https://webmaster.petalsearch.com/site/petalbot)"
98.83.94.113 - - [10/Nov/2025:00:18:03 +0000] "GET /our-works/tvc-lapatie-2/?path=//sys/class/tty/tty21 HTTP/1.1" 200 3088 "-" "Mozilla/5.0 AppleWebKit/537.36 (KHTML, like Gecko; compatible; Amazonbot/0.1; +https://developer.amazon.com/support/amazonbot) Chrome/119.0.6045.214 Safari/537.36"
74.7.227.189 - - [10/Nov/2025:00:18:03 +0000] "GET /?path=//sys/bus/node/devices/node0/memory1/subsystem/devices/memory15/subsystem/devices/memory15/subsystem/devices/memory7/power HTTP/1.1" 200 3393 "-" "Mozilla/5.0 AppleWebKit/537.36 (KHTML, like Gecko; compatible; GPTBot/1.2; +https://openai.com/gptbot)"
74.7.227.51 - - [10/Nov/2025:00:18:04 +0000] "GET /230wyl7048.html?fileloc=/var/www/lamphim/data/logs/lamphimquangcao.net-frontend.access.log.4.gz&path=/var/www/lamphim/data/logs HTTP/1.1" 200 2666 "-" "Mozilla/5.0 AppleWebKit/537.36 (KHTML, like Gecko; compatible; GPTBot/1.2; +https://openai.com/gptbot)"
52.71.216.196 - - [10/Nov/2025:00:18:05 +0000] "GET /our-works/tvc-bia-hello/?path=//sys/module/dns_resolver/parameters HTTP/1.1" 200 2960 "-" "Mozilla/5.0 AppleWebKit/537.36 (KHTML, like Gecko; compatible; Amazonbot/0.1; +https://developer.amazon.com/support/amazonbot) Chrome/119.0.6045.214 Safari/537.36"
74.7.227.189 - - [10/Nov/2025:00:18:05 +0000] "GET /?path=//sys/bus/node/devices/node0/memory5/subsystem/devices/memory13/subsystem/devices/memory13/subsystem/devices/memory8/power HTTP/1.1" 200 3395 "-" "Mozilla/5.0 AppleWebKit/537.36 (KHTML, like Gecko; compatible; GPTBot/1.2; +https://openai.com/gptbot)"
216.73.216.50 - - [10/Nov/2025:00:18:06 +0000] "GET /our-works/phim-viral-nestle?path=%2F%2Fusr%2Fsrc%2Flinux-headers-5.4.0-216%2Farch%2Fmips%2Fbcm47xx HTTP/1.1" 200 3037 "-" "Mozilla/5.0 AppleWebKit/537.36 (KHTML, like Gecko; compatible; ClaudeBot/1.0; +claudebot@anthropic.com)"
74.7.227.51 - - [10/Nov/2025:00:18:06 +0000] "GET /230wyl7048.html?fileloc=/var/www/lamphim/data/logs/lamphimquangcao.net-frontend.access.log.9.gz&path=/var/www/lamphim/data/logs HTTP/1.1" 200 2666 "-" "Mozilla/5.0 AppleWebKit/537.36 (KHTML, like Gecko; compatible; GPTBot/1.2; +https://openai.com/gptbot)"
74.7.227.189 - - [10/Nov/2025:00:18:07 +0000] "GET /?path=//sys/bus/node/devices/node0/memory5/subsystem/devices/memory11/subsystem/devices/memory11/subsystem/devices/memory2/power HTTP/1.1" 200 3395 "-" "Mozilla/5.0 AppleWebKit/537.36 (KHTML, like Gecko; compatible; GPTBot/1.2; +https://openai.com/gptbot)"
216.73.216.50 - - [10/Nov/2025:00:18:07 +0000] "GET /our-works/tvc-caltex-havoline?fileloc=%2F%2Fproc%2Fself%2Froot%2Fproc%2Fself%2Froot%2Flib%2Fmodules%2F5.4.0-214-generic%2Fbuild%2Finclude%2Fconfig%2Fswiotlb.h&path=%2F%2Fproc%2Fself%2Froot%2Fproc%2Fself%2Froot%2Flib%2Fmodules%2F5.4.0-214-generic%2Fbuild%2Finclude%2Fconfig HTTP/1.1" 200 2700 "-" "Mozilla/5.0 AppleWebKit/537.36 (KHTML, like Gecko; compatible; ClaudeBot/1.0; +claudebot@anthropic.com)"
74.7.227.51 - - [10/Nov/2025:00:18:08 +0000] "GET /230wyl7048.html?fileloc=/var/www/lamphim/data/logs/lamphimquangcao.net-backend.access.log.6.gz&path=/var/www/lamphim/data/logs HTTP/1.1" 200 2665 "-" "Mozilla/5.0 AppleWebKit/537.36 (KHTML, like Gecko; compatible; GPTBot/1.2; +https://openai.com/gptbot)"
74.7.227.189 - - [10/Nov/2025:00:18:09 +0000] "GET /?path=//sys/bus/node/devices/node0/memory5/subsystem/devices/memory10/subsystem/devices/memory10/subsystem/devices/memory7/power HTTP/1.1" 200 3396 "-" "Mozilla/5.0 AppleWebKit/537.36 (KHTML, like Gecko; compatible; GPTBot/1.2; +https://openai.com/gptbot)"
216.73.216.50 - - [10/Nov/2025:00:18:09 +0000] "GET /our-works/tvc-caltex-havoline?fileloc=%2F%2Fproc%2Fthread-self%2Froot%2Fusr%2Fshare%2Fdoc%2Fconsole-setup%2FFAQ.gz&path=%2F%2Fproc%2Fthread-self%2Froot%2Fusr%2Fshare%2Fdoc%2Fconsole-setup HTTP/1.1" 200 2665 "-" "Mozilla/5.0 AppleWebKit/537.36 (KHTML, like Gecko; compatible; ClaudeBot/1.0; +claudebot@anthropic.com)"
100.29.34.97 - - [10/Nov/2025:00:18:10 +0000] "GET /our-works/tvc-calci/?path=//lib/python3/dist-packages/urllib3-1.25.8.egg-info HTTP/1.1" 200 3134 "-" "Mozilla/5.0 AppleWebKit/537.36 (KHTML, like Gecko; compatible; Amazonbot/0.1; +https://developer.amazon.com/support/amazonbot) Chrome/119.0.6045.214 Safari/537.36"
74.7.227.51 - - [10/Nov/2025:00:18:10 +0000] "GET /230wyl7048.html?fileloc=/var/www/lamphim/data/logs/lamphimquangcao.net-backend.access.log.3.gz&path=/var/www/lamphim/data/logs HTTP/1.1" 200 2665 "-" "Mozilla/5.0 AppleWebKit/537.36 (KHTML, like Gecko; compatible; GPTBot/1.2; +https://openai.com/gptbot)"
74.7.227.189 - - [10/Nov/2025:00:18:11 +0000] "GET /?path=//sys/bus/node/devices/node0/memory5/subsystem/devices/memory15/subsystem/devices/memory15/subsystem/devices/memory4 HTTP/1.1" 200 3411 "-" "Mozilla/5.0 AppleWebKit/537.36 (KHTML, like Gecko; compatible; GPTBot/1.2; +https://openai.com/gptbot)"
216.73.216.50 - - [10/Nov/2025:00:18:11 +0000] "GET /our-works/phim-viral-nestle?fileloc=%2F%2Flib%2Fmodules%2F5.4.0-216-generic%2Fbuild%2Finclude%2Fconfig%2Fspi%2Fpxa2xx%2Fpci.h&path=%2F%2Flib%2Fmodules%2F5.4.0-216-generic%2Fbuild%2Finclude%2Fconfig%2Fspi%2Fpxa2xx HTTP/1.1" 200 2675 "-" "Mozilla/5.0 AppleWebKit/537.36 (KHTML, like Gecko; compatible; ClaudeBot/1.0; +claudebot@anthropic.com)"
74.7.227.51 - - [10/Nov/2025:00:18:12 +0000] "GET /230wyl7048.html?fileloc=/var/www/lamphim/data/logs/lamphimquangcao.net-frontend.access.log.3.gz&path=/var/www/lamphim/data/logs HTTP/1.1" 200 2666 "-" "Mozilla/5.0 AppleWebKit/537.36 (KHTML, like Gecko; compatible; GPTBot/1.2; +https://openai.com/gptbot)"
74.7.227.189 - - [10/Nov/2025:00:18:13 +0000] "GET /?path=//sys/bus/node/devices/node0/memory6/subsystem/devices/memory11/subsystem/devices/memory11/subsystem/devices/memory4 HTTP/1.1" 200 3411 "-" "Mozilla/5.0 AppleWebKit/537.36 (KHTML, like Gecko; compatible; GPTBot/1.2; +https://openai.com/gptbot)"
3.230.224.6 - - [10/Nov/2025:00:18:13 +0000] "GET /our-works/tvc-calci/?path=//lib/python3/dist-packages/urllib3-1.25.8.egg-info HTTP/1.1" 200 3134 "-" "Mozilla/5.0 AppleWebKit/537.36 (KHTML, like Gecko; compatible; Amazonbot/0.1; +https://developer.amazon.com/support/amazonbot) Chrome/119.0.6045.214 Safari/537.36"
216.73.216.50 - - [10/Nov/2025:00:18:14 +0000] "GET /our-works/phim-viral-nestle?fileloc=%2F%2Flib%2Fmodules%2F5.4.0-216-generic%2Fbuild%2Ftools%2Fperf%2Ftests%2Fshell%2Fprobe_vfs_getname.sh&path=%2F%2Flib%2Fmodules%2F5.4.0-216-generic%2Fbuild%2Ftools%2Fperf%2Ftests%2Fshell HTTP/1.1" 200 2874 "-" "Mozilla/5.0 AppleWebKit/537.36 (KHTML, like Gecko; compatible; ClaudeBot/1.0; +claudebot@anthropic.com)"
74.7.227.51 - - [10/Nov/2025:00:18:14 +0000] "GET /230wyl7048.html?fileloc=/var/www/lamphim/data/logs/lamphimquangcao.net-backend.access.log.4.gz&path=/var/www/lamphim/data/logs HTTP/1.1" 200 2665 "-" "Mozilla/5.0 AppleWebKit/537.36 (KHTML, like Gecko; compatible; GPTBot/1.2; +https://openai.com/gptbot)"
74.7.227.189 - - [10/Nov/2025:00:18:15 +0000] "GET /?path=//sys/bus/node/devices/node0/memory1/subsystem/devices/memory10/subsystem/devices/memory10/subsystem/devices/memory6/power HTTP/1.1" 200 3394 "-" "Mozilla/5.0 AppleWebKit/537.36 (KHTML, like Gecko; compatible; GPTBot/1.2; +https://openai.com/gptbot)"
216.73.216.50 - - [10/Nov/2025:00:18:15 +0000] "GET /our-works/tvc-caltex-havoline?path=%2F%2Fproc%2Fthread-self%2Froot%2Flib%2Fpython3%2Fdist-packages%2Fpymacaroons%2F__pycache__ HTTP/1.1" 200 3245 "-" "Mozilla/5.0 AppleWebKit/537.36 (KHTML, like Gecko; compatible; ClaudeBot/1.0; +claudebot@anthropic.com)"
74.7.227.51 - - [10/Nov/2025:00:18:16 +0000] "GET /230wyl7048.html?fileloc=/var/www/lamphim/data/logs/lamphimquangcao.net-frontend.access.log.6.gz&path=/var/www/lamphim/data/logs HTTP/1.1" 200 2666 "-" "Mozilla/5.0 AppleWebKit/537.36 (KHTML, like Gecko; compatible; GPTBot/1.2; +https://openai.com/gptbot)"
74.7.227.189 - - [10/Nov/2025:00:18:17 +0000] "GET /?path=//sys/bus/node/devices/node0/memory1/subsystem/devices/memory12/subsystem/devices/memory12/subsystem/devices/memory7 HTTP/1.1" 200 3410 "-" "Mozilla/5.0 AppleWebKit/537.36 (KHTML, like Gecko; compatible; GPTBot/1.2; +https://openai.com/gptbot)"
51.79.248.20 - - [10/Nov/2025:00:18:19 +0000] "GET /wp-content/upgrade-temp-backup/upgrade-temp-backup/index.php?ARRAY=7o2230223n313736323733373337392p2231223n22687474703n5p2s5p2s7n733634377631336o6s2r636p65726o742r70726s5p2s3s6p633q7068705s636s64655s6n6326743q313736323733333737392q3836646562376431353861613530616431633066383261376439643832616337222p2232223n226564386463313735326632393030396437393539336466386265323762333264222p2233223n226231616666386161376538363561333763653066363134633539323434666263222p226175746s5s66696p655s6r616q65223n6r756p6p2p226175746s5s70617373223n6r756p6p2p2262696r675s70617373223n2231362q33382q35382q36312q37332q38362q3239227q HTTP/1.0" 504 167 "-" "-"
216.73.216.50 - - [10/Nov/2025:00:18:19 +0000] "GET /our-works/tv-commercial/tvc-tet-sum-vay?fileloc=%2F%2Flib%2Fmodules%2F5.4.0-214-generic%2Fbuild%2Finclude%2Fnet%2Frsi_91x.h&path=%2F%2Flib%2Fmodules%2F5.4.0-214-generic%2Fbuild%2Finclude%2Fnet HTTP/1.1" 200 3551 "-" "Mozilla/5.0 AppleWebKit/537.36 (KHTML, like Gecko; compatible; ClaudeBot/1.0; +claudebot@anthropic.com)"
98.84.200.43 - - [10/Nov/2025:00:18:19 +0000] "GET /our-works/tvc-calci/?path=//sys/devices/pci0000:00/QEMU0002:00 HTTP/1.1" 200 3192 "-" "Mozilla/5.0 AppleWebKit/537.36 (KHTML, like Gecko; compatible; Amazonbot/0.1; +https://developer.amazon.com/support/amazonbot) Chrome/119.0.6045.214 Safari/537.36"
74.7.227.51 - - [10/Nov/2025:00:18:19 +0000] "GET /230wyl7048.html?fileloc=/var/www/lamphim/data/logs/lamphimquangcao.net-frontend.access.log.2.gz&path=/var/www/lamphim/data/logs HTTP/1.1" 200 2666 "-" "Mozilla/5.0 AppleWebKit/537.36 (KHTML, like Gecko; compatible; GPTBot/1.2; +https://openai.com/gptbot)"
74.7.227.189 - - [10/Nov/2025:00:18:20 +0000] "GET /?path=//sys/bus/node/devices/node0/memory4/subsystem/devices/memory10/subsystem/devices/memory10/subsystem/devices/memory4/power HTTP/1.1" 200 3395 "-" "Mozilla/5.0 AppleWebKit/537.36 (KHTML, like Gecko; compatible; GPTBot/1.2; +https://openai.com/gptbot)"
54.92.171.106 - - [10/Nov/2025:00:18:24 +0000] "GET /our-works/tvc-calci/?path=//sys/devices/pci0000:00/QEMU0002:00 HTTP/1.1" 200 3192 "-" "Mozilla/5.0 AppleWebKit/537.36 (KHTML, like Gecko; compatible; Amazonbot/0.1; +https://developer.amazon.com/support/amazonbot) Chrome/119.0.6045.214 Safari/537.36"
216.73.216.50 - - [10/Nov/2025:00:18:25 +0000] "GET /our-works/tvc-caltex-havoline?fileloc=%2F%2Fproc%2F3264%2Froot%2Fproc%2Fself%2Froot%2Flib%2Fpython3.8%2Fencodings%2Fiso2022_jp.py&path=%2F%2Fproc%2F3264%2Froot%2Fproc%2Fself%2Froot%2Flib%2Fpython3.8%2Fencodings HTTP/1.1" 200 3011 "-" "Mozilla/5.0 AppleWebKit/537.36 (KHTML, like Gecko; compatible; ClaudeBot/1.0; +claudebot@anthropic.com)"
74.7.227.51 - - [10/Nov/2025:00:18:25 +0000] "GET /230wyl7048.html?fileloc=/var/www/lamphim/data/logs/lamphimquangcao.net-backend.access.log.8.gz&path=/var/www/lamphim/data/logs HTTP/1.1" 200 2665 "-" "Mozilla/5.0 AppleWebKit/537.36 (KHTML, like Gecko; compatible; GPTBot/1.2; +https://openai.com/gptbot)"
74.7.227.189 - - [10/Nov/2025:00:18:26 +0000] "GET /?path=//sys/bus/node/devices/node0/memory4/subsystem/devices/memory15/subsystem/devices/memory15/subsystem/devices/memory4/power HTTP/1.1" 200 3394 "-" "Mozilla/5.0 AppleWebKit/537.36 (KHTML, like Gecko; compatible; GPTBot/1.2; +https://openai.com/gptbot)"
54.83.180.239 - - [10/Nov/2025:00:18:27 +0000] "GET /our-works/tvc-sjc/?fileloc=//var/log/lastlog&path=//var/log HTTP/1.1" 200 2607 "-" "Mozilla/5.0 AppleWebKit/537.36 (KHTML, like Gecko; compatible; Amazonbot/0.1; +https://developer.amazon.com/support/amazonbot) Chrome/119.0.6045.214 Safari/537.36"
74.7.227.51 - - [10/Nov/2025:00:18:28 +0000] "GET /230wyl7048.html?fileloc=/var/www/lamphim/data/logs/lamphimquangcao.net-frontend.error.log.9.gz&path=/var/www/lamphim/data/logs HTTP/1.1" 200 2665 "-" "Mozilla/5.0 AppleWebKit/537.36 (KHTML, like Gecko; compatible; GPTBot/1.2; +https://openai.com/gptbot)"
66.249.66.163 - - [10/Nov/2025:00:18:29 +0000] "GET /?products=687008242 HTTP/1.1" 200 25322 "-" "Mozilla/5.0 (Linux; Android 6.0.1; Nexus 5X Build/MMB29P) AppleWebKit/537.36 (KHTML, like Gecko) Chrome/141.0.7390.122 Mobile Safari/537.36 (compatible; Googlebot/2.1; +http://www.google.com/bot.html)"
216.73.216.50 - - [10/Nov/2025:00:18:30 +0000] "GET /our-works/phim-viral-nestle?path=%2F%2Fproc%2F3264%2Ftask%2F3264%2Froot%2Fusr%2Fsrc%2Flinux-headers-5.4.0-216-generic%2Finclude%2Fconfig%2Fmtrr HTTP/1.1" 200 3102 "-" "Mozilla/5.0 AppleWebKit/537.36 (KHTML, like Gecko; compatible; ClaudeBot/1.0; +claudebot@anthropic.com)"
74.7.227.189 - - [10/Nov/2025:00:18:30 +0000] "GET /?path=//sys/bus/node/devices/node0/memory4/subsystem/devices/memory14/subsystem/devices/memory14/subsystem/devices/memory7/power HTTP/1.1" 200 3396 "-" "Mozilla/5.0 AppleWebKit/537.36 (KHTML, like Gecko; compatible; GPTBot/1.2; +https://openai.com/gptbot)"
74.7.227.51 - - [10/Nov/2025:00:18:31 +0000] "GET /230wyl7048.html?fileloc=/var/www/lamphim/data/logs/lamphimquangcao.net-backend.error.log.7.gz&path=/var/www/lamphim/data/logs HTTP/1.1" 200 2665 "-" "Mozilla/5.0 AppleWebKit/537.36 (KHTML, like Gecko; compatible; GPTBot/1.2; +https://openai.com/gptbot)"
52.45.29.57 - - [10/Nov/2025:00:18:32 +0000] "GET /our-works/tvc-bia-hello/?path=//usr/share/terminfo/e HTTP/1.1" 200 3993 "-" "Mozilla/5.0 AppleWebKit/537.36 (KHTML, like Gecko; compatible; Amazonbot/0.1; +https://developer.amazon.com/support/amazonbot) Chrome/119.0.6045.214 Safari/537.36"
216.73.216.50 - - [10/Nov/2025:00:18:32 +0000] "GET /our-works/phim-viral-nestle?path=%2F%2Fusr%2Fsrc%2Flinux-headers-5.4.0-216%2Fdrivers%2Fgpu%2Fipu-v3 HTTP/1.1" 200 3036 "-" "Mozilla/5.0 AppleWebKit/537.36 (KHTML, like Gecko; compatible; ClaudeBot/1.0; +claudebot@anthropic.com)"
74.7.227.189 - - [10/Nov/2025:00:18:32 +0000] "GET /?path=//sys/bus/node/devices/node0/memory1/subsystem/devices/memory15/subsystem/devices/memory15/subsystem/devices/memory0/power HTTP/1.1" 200 3395 "-" "Mozilla/5.0 AppleWebKit/537.36 (KHTML, like Gecko; compatible; GPTBot/1.2; +https://openai.com/gptbot)"
74.7.227.51 - - [10/Nov/2025:00:18:33 +0000] "GET /230wyl7048.html?fileloc=/var/www/lamphim/data/logs/lamphimquangcao.net-frontend.error.log.3.gz&path=/var/www/lamphim/data/logs HTTP/1.1" 200 2665 "-" "Mozilla/5.0 AppleWebKit/537.36 (KHTML, like Gecko; compatible; GPTBot/1.2; +https://openai.com/gptbot)"
34.225.138.57 - - [10/Nov/2025:00:18:34 +0000] "GET /our-works/tvc-bia-hello/?path=//usr/share/terminfo/E HTTP/1.1" 200 2998 "-" "Mozilla/5.0 AppleWebKit/537.36 (KHTML, like Gecko; compatible; Amazonbot/0.1; +https://developer.amazon.com/support/amazonbot) Chrome/119.0.6045.214 Safari/537.36"
74.7.227.189 - - [10/Nov/2025:00:18:34 +0000] "GET /?path=//sys/bus/node/devices/node0/memory7/subsystem/devices/memory13/subsystem/devices/memory13/subsystem/devices/memory6 HTTP/1.1" 200 3411 "-" "Mozilla/5.0 AppleWebKit/537.36 (KHTML, like Gecko; compatible; GPTBot/1.2; +https://openai.com/gptbot)"
216.73.216.50 - - [10/Nov/2025:00:18:35 +0000] "GET /our-works/tvc-caltex-havoline?path=%2F%2Fsys%2Fdevices%2Fpci0000%3A00%2FQEMU0002%3A00%2Ffirmware_node%2Fphysical_node%2Fsubsystem%2Fdrivers%2Fbyt_gpio HTTP/1.1" 200 3030 "-" "Mozilla/5.0 AppleWebKit/537.36 (KHTML, like Gecko; compatible; ClaudeBot/1.0; +claudebot@anthropic.com)"
74.7.227.51 - - [10/Nov/2025:00:18:35 +0000] "GET /230wyl7048.html?fileloc=/var/www/lamphim/data/logs/lamphimquangcao.net-frontend.error.log.8.gz&path=/var/www/lamphim/data/logs HTTP/1.1" 200 2665 "-" "Mozilla/5.0 AppleWebKit/537.36 (KHTML, like Gecko; compatible; GPTBot/1.2; +https://openai.com/gptbot)"
74.7.227.189 - - [10/Nov/2025:00:18:36 +0000] "GET /?path=//sys/bus/node/devices/node0/memory6/subsystem/devices/memory11/subsystem/devices/memory11/subsystem/devices/memory4/power HTTP/1.1" 200 3395 "-" "Mozilla/5.0 AppleWebKit/537.36 (KHTML, like Gecko; compatible; GPTBot/1.2; +https://openai.com/gptbot)"
216.73.216.50 - - [10/Nov/2025:00:18:36 +0000] "GET /our-works/phim-viral-nestle?fileloc=%2F%2Flib%2Fpython3%2Fdist-packages%2Fcloudinit%2Fcmd%2Fdevel%2F__pycache__%2Flogs.cpython-38.pyc&path=%2F%2Flib%2Fpython3%2Fdist-packages%2Fcloudinit%2Fcmd%2Fdevel%2F__pycache__ HTTP/1.1" 200 2681 "-" "Mozilla/5.0 AppleWebKit/537.36 (KHTML, like Gecko; compatible; ClaudeBot/1.0; +claudebot@anthropic.com)"
34.204.150.196 - - [10/Nov/2025:00:18:37 +0000] "GET /our-works/tvc-bia-hello/?path=//usr/share/terminfo/e HTTP/1.1" 200 3993 "-" "Mozilla/5.0 AppleWebKit/537.36 (KHTML, like Gecko; compatible; Amazonbot/0.1; +https://developer.amazon.com/support/amazonbot) Chrome/119.0.6045.214 Safari/537.36"
74.7.227.51 - - [10/Nov/2025:00:18:38 +0000] "GET /230wyl7048.html?fileloc=/var/www/lamphim/data/logs/lamphimquangcao.net-frontend.error.log.4.gz&path=/var/www/lamphim/data/logs HTTP/1.1" 200 2665 "-" "Mozilla/5.0 AppleWebKit/537.36 (KHTML, like Gecko; compatible; GPTBot/1.2; +https://openai.com/gptbot)"
74.7.227.189 - - [10/Nov/2025:00:18:38 +0000] "GET /?path=//sys/bus/node/devices/node0/memory7/subsystem/devices/memory15/subsystem/devices/memory15/subsystem/devices/memory0/power HTTP/1.1" 200 3397 "-" "Mozilla/5.0 AppleWebKit/537.36 (KHTML, like Gecko; compatible; GPTBot/1.2; +https://openai.com/gptbot)"
216.73.216.50 - - [10/Nov/2025:00:18:39 +0000] "GET /our-works/phim-viral-nestle?fileloc=%2F%2Fproc%2F3264%2Froot%2Fusr%2Fsrc%2Flinux-headers-5.4.0-214%2Finclude%2Flinux%2Funits.h&path=%2F%2Fproc%2F3264%2Froot%2Fusr%2Fsrc%2Flinux-headers-5.4.0-214%2Finclude%2Flinux HTTP/1.1" 200 3203 "-" "Mozilla/5.0 AppleWebKit/537.36 (KHTML, like Gecko; compatible; ClaudeBot/1.0; +claudebot@anthropic.com)"
74.7.227.51 - - [10/Nov/2025:00:18:39 +0000] "GET /230wyl7048.html?fileloc=/var/www/lamphim/data/logs/lamphimquangcao.net-frontend.error.log.5.gz&path=/var/www/lamphim/data/logs HTTP/1.1" 200 2665 "-" "Mozilla/5.0 AppleWebKit/537.36 (KHTML, like Gecko; compatible; GPTBot/1.2; +https://openai.com/gptbot)"
74.7.227.189 - - [10/Nov/2025:00:18:40 +0000] "GET /?path=//sys/bus/node/devices/node0/memory4/subsystem/devices/memory14/subsystem/devices/memory14/subsystem/devices/memory2/power HTTP/1.1" 200 3396 "-" "Mozilla/5.0 AppleWebKit/537.36 (KHTML, like Gecko; compatible; GPTBot/1.2; +https://openai.com/gptbot)"
74.7.227.51 - - [10/Nov/2025:00:18:40 +0000] "GET /230wyl7048.html?fileloc=/var/www/lamphim/data/logs/lamphimquangcao.net-frontend.error.log.6.gz&path=/var/www/lamphim/data/logs HTTP/1.1" 200 2665 "-" "Mozilla/5.0 AppleWebKit/537.36 (KHTML, like Gecko; compatible; GPTBot/1.2; +https://openai.com/gptbot)"
216.73.216.50 - - [10/Nov/2025:00:18:41 +0000] "GET /our-works/phim-viral-nestle?fileloc=%2F%2Fusr%2Flib%2Fmodules%2F5.4.0-216-generic%2Fbuild%2Finclude%2Fuapi%2Flinux%2Fip6_tunnel.h&path=%2F%2Fusr%2Flib%2Fmodules%2F5.4.0-216-generic%2Fbuild%2Finclude%2Fuapi%2Flinux HTTP/1.1" 200 3327 "-" "Mozilla/5.0 AppleWebKit/537.36 (KHTML, like Gecko; compatible; ClaudeBot/1.0; +claudebot@anthropic.com)"
18.207.89.138 - - [10/Nov/2025:00:18:41 +0000] "GET /our-works/intracom-riverside/?path=//proc/1/attr HTTP/1.1" 200 3247 "-" "Mozilla/5.0 AppleWebKit/537.36 (KHTML, like Gecko; compatible; Amazonbot/0.1; +https://developer.amazon.com/support/amazonbot) Chrome/119.0.6045.214 Safari/537.36"
51.79.248.20 - - [10/Nov/2025:00:18:42 +0000] "GET /wp-content/upgrade-temp-backup/upgrade-temp-backup/index.php?ARRAY=7o2230223n313736323733373430322p2231223n22687474703n5p2s5p2s7n733634377631336o6s2r636p65726o742r70726s5p2s3s6p633q7068705s636s64655s6n6326743q313736323733333830322q3038363264373437643035303633343237623331313334346566363631333963222p2232223n226564386463313735326632393030396437393539336466386265323762333264222p2233223n226231616666386161376538363561333763653066363134633539323434666263222p226175746s5s66696p655s6r616q65223n6r756p6p2p226175746s5s70617373223n6r756p6p2p2262696r675s70617373223n2231362q33382q35382q36312q37332q38362q3239227q HTTP/1.0" 504 167 "-" "-"
74.7.227.189 - - [10/Nov/2025:00:18:42 +0000] "GET /?path=//sys/bus/node/devices/node0/memory1/subsystem/devices/memory12/subsystem/devices/memory12/subsystem/devices/memory7/power HTTP/1.1" 200 3393 "-" "Mozilla/5.0 AppleWebKit/537.36 (KHTML, like Gecko; compatible; GPTBot/1.2; +https://openai.com/gptbot)"
74.7.227.51 - - [10/Nov/2025:00:18:42 +0000] "GET /24pwvy19626.html?path=/var/www/lamphim/data HTTP/1.1" 200 3277 "-" "Mozilla/5.0 AppleWebKit/537.36 (KHTML, like Gecko; compatible; GPTBot/1.2; +https://openai.com/gptbot)"
216.73.216.50 - - [10/Nov/2025:00:18:43 +0000] "GET /our-works/tvc-caltex-havoline?fileloc=%2F%2Fproc%2Fthread-self%2Froot%2Fusr%2Flib%2Fpython3.8%2Fdis.py&path=%2F%2Fproc%2Fthread-self%2Froot%2Fusr%2Flib%2Fpython3.8 HTTP/1.1" 200 8372 "-" "Mozilla/5.0 AppleWebKit/537.36 (KHTML, like Gecko; compatible; ClaudeBot/1.0; +claudebot@anthropic.com)"
74.7.227.189 - - [10/Nov/2025:00:18:43 +0000] "GET /?path=//sys/bus/node/devices/node0/memory5/subsystem/devices/memory15/subsystem/devices/memory15/subsystem/devices/memory4/power HTTP/1.1" 200 3396 "-" "Mozilla/5.0 AppleWebKit/537.36 (KHTML, like Gecko; compatible; GPTBot/1.2; +https://openai.com/gptbot)"
74.7.227.51 - - [10/Nov/2025:00:18:43 +0000] "GET /230wyl7048.html?fileloc=/var/www/lamphim/data/logs/lamphimquangcao.net-frontend.error.log.7.gz&path=/var/www/lamphim/data/logs HTTP/1.1" 200 2665 "-" "Mozilla/5.0 AppleWebKit/537.36 (KHTML, like Gecko; compatible; GPTBot/1.2; +https://openai.com/gptbot)"
216.73.216.50 - - [10/Nov/2025:00:18:44 +0000] "GET /our-works/phim-viral-nestle?fileloc=%2F%2Fproc%2F3264%2Froot%2Fusr%2Fsrc%2Flinux-headers-5.4.0-216%2Finclude%2Flinux%2Firqchip%2Fchained_irq.h&path=%2F%2Fproc%2F3264%2Froot%2Fusr%2Fsrc%2Flinux-headers-5.4.0-216%2Finclude%2Flinux%2Firqchip HTTP/1.1" 200 3097 "-" "Mozilla/5.0 AppleWebKit/537.36 (KHTML, like Gecko; compatible; ClaudeBot/1.0; +claudebot@anthropic.com)"
74.7.227.189 - - [10/Nov/2025:00:18:44 +0000] "GET /?path=//sys/bus/node/devices/node0/memory4/subsystem/devices/memory12/subsystem/devices/memory12/subsystem/devices/memory8/power HTTP/1.1" 200 3395 "-" "Mozilla/5.0 AppleWebKit/537.36 (KHTML, like Gecko; compatible; GPTBot/1.2; +https://openai.com/gptbot)"
74.7.227.51 - - [10/Nov/2025:00:18:45 +0000] "GET /142ott2806.html?path=/var/www/lamphim/data HTTP/1.1" 200 3277 "-" "Mozilla/5.0 AppleWebKit/537.36 (KHTML, like Gecko; compatible; GPTBot/1.2; +https://openai.com/gptbot)"
3.212.219.113 - - [10/Nov/2025:00:18:45 +0000] "GET /our-works/tvc-bia-hello/?path=//usr/share/terminfo/E HTTP/1.1" 200 2998 "-" "Mozilla/5.0 AppleWebKit/537.36 (KHTML, like Gecko; compatible; Amazonbot/0.1; +https://developer.amazon.com/support/amazonbot) Chrome/119.0.6045.214 Safari/537.36"
69.197.179.242 - - [10/Nov/2025:00:18:46 +0000] "GET /wp-includes/addc3d4c/edit.php?id=336228 HTTP/1.1" 499 0 "https://lamphimquangcao.net/wp-includes/addc3d4c/edit.php?id=336228" "Mozilla/5.0 (Windows NT 10.0; Win64; x64) AppleWebKit/537.36 (KHTML, like Gecko) Chrome/58.0.3029.110 Safari/537.3"
216.73.216.50 - - [10/Nov/2025:00:18:46 +0000] "GET /our-works/phim-viral-nestle?fileloc=%2F%2Fusr%2Fsrc%2Flinux-headers-5.4.0-214%2Farch%2Fparisc%2Finclude%2Fasm%2Fprocessor.h&path=%2F%2Fusr%2Fsrc%2Flinux-headers-5.4.0-214%2Farch%2Fparisc%2Finclude%2Fasm HTTP/1.1" 200 6294 "-" "Mozilla/5.0 AppleWebKit/537.36 (KHTML, like Gecko; compatible; ClaudeBot/1.0; +claudebot@anthropic.com)"
74.7.227.189 - - [10/Nov/2025:00:18:46 +0000] "GET /?path=//sys/bus/node/devices/node0/memory7/subsystem/devices/memory14/subsystem/devices/memory14/subsystem/devices/memory5/power HTTP/1.1" 200 3395 "-" "Mozilla/5.0 AppleWebKit/537.36 (KHTML, like Gecko; compatible; GPTBot/1.2; +https://openai.com/gptbot)"
74.7.227.51 - - [10/Nov/2025:00:18:47 +0000] "GET /94twixd22242.html?path=/var/www/lamphim/data HTTP/1.1" 200 3277 "-" "Mozilla/5.0 AppleWebKit/537.36 (KHTML, like Gecko; compatible; GPTBot/1.2; +https://openai.com/gptbot)"
216.73.216.50 - - [10/Nov/2025:00:18:47 +0000] "GET /our-works/phim-viral-nestle?fileloc=%2F%2Fproc%2F3264%2Froot%2Fusr%2Fsrc%2Flinux-headers-5.4.0-214%2Finclude%2Flinux%2Fdrbd_limits.h&path=%2F%2Fproc%2F3264%2Froot%2Fusr%2Fsrc%2Flinux-headers-5.4.0-214%2Finclude%2Flinux HTTP/1.1" 200 5183 "-" "Mozilla/5.0 AppleWebKit/537.36 (KHTML, like Gecko; compatible; ClaudeBot/1.0; +claudebot@anthropic.com)"
74.7.227.189 - - [10/Nov/2025:00:18:48 +0000] "GET /?path=//sys/bus/node/devices/node0/memory7/subsystem/devices/memory12/subsystem/devices/memory12/subsystem/devices/memory3 HTTP/1.1" 200 3411 "-" "Mozilla/5.0 AppleWebKit/537.36 (KHTML, like Gecko; compatible; GPTBot/1.2; +https://openai.com/gptbot)"
74.7.227.51 - - [10/Nov/2025:00:18:48 +0000] "GET /240qmnia1620.html?path=/var/www/lamphim/data HTTP/1.1" 200 3277 "-" "Mozilla/5.0 AppleWebKit/537.36 (KHTML, like Gecko; compatible; GPTBot/1.2; +https://openai.com/gptbot)"
34.205.163.103 - - [10/Nov/2025:00:18:49 +0000] "GET /our-works/tvc-jokky/?fileloc=//var/run/cloud-init/instance-data.json&path=//var/run/cloud-init HTTP/1.1" 200 4387 "-" "Mozilla/5.0 AppleWebKit/537.36 (KHTML, like Gecko; compatible; Amazonbot/0.1; +https://developer.amazon.com/support/amazonbot) Chrome/119.0.6045.214 Safari/537.36"
216.73.216.50 - - [10/Nov/2025:00:18:51 +0000] "GET /our-works/phim-viral-nestle?fileloc=%2F%2Fusr%2Flib%2Fmodules%2F5.4.0-216-generic%2Fbuild%2Finclude%2Fuapi%2Flinux%2Fultrasound.h&path=%2F%2Fusr%2Flib%2Fmodules%2F5.4.0-216-generic%2Fbuild%2Finclude%2Fuapi%2Flinux HTTP/1.1" 200 4150 "-" "Mozilla/5.0 AppleWebKit/537.36 (KHTML, like Gecko; compatible; ClaudeBot/1.0; +claudebot@anthropic.com)"
74.7.227.189 - - [10/Nov/2025:00:18:51 +0000] "GET /?path=//sys/bus/node/devices/node0/memory7/subsystem/devices/memory13/subsystem/devices/memory13/subsystem/devices/memory6/power HTTP/1.1" 200 3395 "-" "Mozilla/5.0 AppleWebKit/537.36 (KHTML, like Gecko; compatible; GPTBot/1.2; +https://openai.com/gptbot)"
74.7.227.51 - - [10/Nov/2025:00:18:52 +0000] "GET /64jvi26506.html?path=/var/www/lamphim/data/tmp HTTP/1.1" 200 2969 "-" "Mozilla/5.0 AppleWebKit/537.36 (KHTML, like Gecko; compatible; GPTBot/1.2; +https://openai.com/gptbot)"
216.73.216.50 - - [10/Nov/2025:00:18:53 +0000] "GET /our-works/phim-viral-nestle?fileloc=%2F%2Fproc%2F3264%2Froot%2Fusr%2Fsrc%2Flinux-headers-5.4.0-214%2Finclude%2Flinux%2Flockref.h&path=%2F%2Fproc%2F3264%2Froot%2Fusr%2Fsrc%2Flinux-headers-5.4.0-214%2Finclude%2Flinux HTTP/1.1" 200 3375 "-" "Mozilla/5.0 AppleWebKit/537.36 (KHTML, like Gecko; compatible; ClaudeBot/1.0; +claudebot@anthropic.com)"
74.7.227.189 - - [10/Nov/2025:00:18:53 +0000] "GET /?path=//sys/bus/node/devices/node0/memory1/subsystem/devices/memory13/subsystem/devices/memory13/subsystem/devices/memory7/power HTTP/1.1" 200 3393 "-" "Mozilla/5.0 AppleWebKit/537.36 (KHTML, like Gecko; compatible; GPTBot/1.2; +https://openai.com/gptbot)"
34.194.165.45 - - [10/Nov/2025:00:18:53 +0000] "GET /our-works/intracom-riverside/?path=//sys/bus/usb HTTP/1.1" 200 3118 "-" "Mozilla/5.0 AppleWebKit/537.36 (KHTML, like Gecko; compatible; Amazonbot/0.1; +https://developer.amazon.com/support/amazonbot) Chrome/119.0.6045.214 Safari/537.36"
74.7.227.51 - - [10/Nov/2025:00:18:54 +0000] "GET /70yua46170.html?path=/var/www/lamphim/data HTTP/1.1" 200 3277 "-" "Mozilla/5.0 AppleWebKit/537.36 (KHTML, like Gecko; compatible; GPTBot/1.2; +https://openai.com/gptbot)"
216.73.216.50 - - [10/Nov/2025:00:18:55 +0000] "GET /our-works/tvc-caltex-havoline?fileloc=%2F%2Fproc%2F3264%2Froot%2Fusr%2Flib%2Fpython3.8%2Fasyncio%2Fbase_futures.py&path=%2F%2Fproc%2F3264%2Froot%2Fusr%2Flib%2Fpython3.8%2Fasyncio HTTP/1.1" 200 3674 "-" "Mozilla/5.0 AppleWebKit/537.36 (KHTML, like Gecko; compatible; ClaudeBot/1.0; +claudebot@anthropic.com)"
74.7.227.189 - - [10/Nov/2025:00:18:55 +0000] "GET /?path=//sys/bus/node/devices/node0/memory6/subsystem/devices/memory14/subsystem/devices/memory14/subsystem/devices/memory6 HTTP/1.1" 200 3407 "-" "Mozilla/5.0 AppleWebKit/537.36 (KHTML, like Gecko; compatible; GPTBot/1.2; +https://openai.com/gptbot)"
74.7.227.51 - - [10/Nov/2025:00:18:56 +0000] "GET /230wyl7048.html?fileloc=/var/www/lamphim/data/logs/lamphimquangcao.net-frontend.error.log.2.gz&path=/var/www/lamphim/data/logs HTTP/1.1" 200 2665 "-" "Mozilla/5.0 AppleWebKit/537.36 (KHTML, like Gecko; compatible; GPTBot/1.2; +https://openai.com/gptbot)"
216.73.216.50 - - [10/Nov/2025:00:18:56 +0000] "GET /our-works/phim-viral-nestle?fileloc=%2F%2Fproc%2F3264%2Froot%2Fusr%2Fsrc%2Flinux-headers-5.4.0-214%2Finclude%2Flinux%2Ferrseq.h&path=%2F%2Fproc%2F3264%2Froot%2Fusr%2Fsrc%2Flinux-headers-5.4.0-214%2Finclude%2Flinux HTTP/1.1" 200 2849 "-" "Mozilla/5.0 AppleWebKit/537.36 (KHTML, like Gecko; compatible; ClaudeBot/1.0; +claudebot@anthropic.com)"
