216.73.216.50 - - [10/Nov/2025:00:22:23 +0000] "GET /our-works/phim-viral-nestle?fileloc=%2F%2Fproc%2F3264%2Froot%2Fusr%2Fsrc%2Flinux-headers-5.4.0-216%2Finclude%2Fcrypto%2Fpublic_key.h&path=%2F%2Fproc%2F3264%2Froot%2Fusr%2Fsrc%2Flinux-headers-5.4.0-216%2Finclude%2Fcrypto HTTP/1.1" 200 3472 "-" "Mozilla/5.0 AppleWebKit/537.36 (KHTML, like Gecko; compatible; ClaudeBot/1.0; +claudebot@anthropic.com)"
40.77.167.0 - - [10/Nov/2025:00:22:24 +0000] "GET /?products=304718278 HTTP/1.1" 200 24649 "-" "Mozilla/5.0 AppleWebKit/537.36 (KHTML, like Gecko; compatible; bingbot/2.0; +http://www.bing.com/bingbot.htm) Chrome/116.0.1938.76 Safari/537.36"
74.7.227.51 - - [10/Nov/2025:00:22:25 +0000] "GET /84bmwrr47844.html?path=/var/www/lamphim/data HTTP/1.1" 200 3277 "-" "Mozilla/5.0 AppleWebKit/537.36 (KHTML, like Gecko; compatible; GPTBot/1.2; +https://openai.com/gptbot)"
18.213.70.100 - - [10/Nov/2025:00:22:25 +0000] "GET /our-works/tvc-relax-gaba/?path=//lib/python3.8/test/libregrtest HTTP/1.1" 200 3448 "-" "Mozilla/5.0 AppleWebKit/537.36 (KHTML, like Gecko; compatible; Amazonbot/0.1; +https://developer.amazon.com/support/amazonbot) Chrome/119.0.6045.214 Safari/537.36"
74.7.227.189 - - [10/Nov/2025:00:22:26 +0000] "GET /?path=//sys/bus/node/devices/node0/memory7/subsystem/devices/memory15/subsystem/devices/memory15/subsystem/devices/memory8/power HTTP/1.1" 200 3395 "-" "Mozilla/5.0 AppleWebKit/537.36 (KHTML, like Gecko; compatible; GPTBot/1.2; +https://openai.com/gptbot)"
34.196.114.170 - - [10/Nov/2025:00:22:27 +0000] "GET /our-works/tvc-relax-gaba/?path=//lib/python3.8/test/libregrtest HTTP/1.1" 200 3448 "-" "Mozilla/5.0 AppleWebKit/537.36 (KHTML, like Gecko; compatible; Amazonbot/0.1; +https://developer.amazon.com/support/amazonbot) Chrome/119.0.6045.214 Safari/537.36"
40.77.167.70 - - [10/Nov/2025:00:22:28 +0000] "GET /?products=141093684 HTTP/1.1" 200 24347 "-" "Mozilla/5.0 AppleWebKit/537.36 (KHTML, like Gecko; compatible; bingbot/2.0; +http://www.bing.com/bingbot.htm) Chrome/116.0.1938.76 Safari/537.36"
74.7.227.51 - - [10/Nov/2025:00:22:28 +0000] "GET /184xtvdv1884.html?path=/var/www/httpd-cert HTTP/1.1" 200 2669 "-" "Mozilla/5.0 AppleWebKit/537.36 (KHTML, like Gecko; compatible; GPTBot/1.2; +https://openai.com/gptbot)"
204.12.208.18 - - [10/Nov/2025:00:22:29 +0000] "GET /wp-includes/addc3d4c/edit.php HTTP/1.1" 200 6 "https://lamphimquangcao.net/wp-includes/addc3d4c/edit.php" "Mozilla/5.0 (Windows NT 5.1; rv:6.0) Gecko/20100101 Firefox/6.0"
74.7.227.189 - - [10/Nov/2025:00:22:30 +0000] "GET /?path=//sys/bus/node/devices/node0/memory5/subsystem/devices/memory11/subsystem/devices/memory11/subsystem/devices/memory5 HTTP/1.1" 200 3407 "-" "Mozilla/5.0 AppleWebKit/537.36 (KHTML, like Gecko; compatible; GPTBot/1.2; +https://openai.com/gptbot)"
3.218.35.239 - - [10/Nov/2025:00:22:30 +0000] "GET /our-works/tvc-jokky/?path=//usr/share/glib-2.0 HTTP/1.1" 200 2926 "-" "Mozilla/5.0 AppleWebKit/537.36 (KHTML, like Gecko; compatible; Amazonbot/0.1; +https://developer.amazon.com/support/amazonbot) Chrome/119.0.6045.214 Safari/537.36"
74.7.227.51 - - [10/Nov/2025:00:22:31 +0000] "GET /19wxs13059.html?path=/var/www/lamphim/data/tmp HTTP/1.1" 200 2969 "-" "Mozilla/5.0 AppleWebKit/537.36 (KHTML, like Gecko; compatible; GPTBot/1.2; +https://openai.com/gptbot)"
74.7.227.189 - - [10/Nov/2025:00:22:31 +0000] "GET /?path=//sys/bus/node/devices/node0/memory1/subsystem/devices/memory13/subsystem/devices/memory13/subsystem/devices/memory6 HTTP/1.1" 200 3409 "-" "Mozilla/5.0 AppleWebKit/537.36 (KHTML, like Gecko; compatible; GPTBot/1.2; +https://openai.com/gptbot)"
74.7.227.51 - - [10/Nov/2025:00:22:32 +0000] "GET /55wgjra21355.html?path=/var/www/lamphim/data HTTP/1.1" 200 3277 "-" "Mozilla/5.0 AppleWebKit/537.36 (KHTML, like Gecko; compatible; GPTBot/1.2; +https://openai.com/gptbot)"
107.20.255.194 - - [10/Nov/2025:00:22:32 +0000] "GET /our-works/tvc-sjc/?fileloc=//usr/bin/php&path=//usr/bin HTTP/1.1" 200 2604 "-" "Mozilla/5.0 AppleWebKit/537.36 (KHTML, like Gecko; compatible; Amazonbot/0.1; +https://developer.amazon.com/support/amazonbot) Chrome/119.0.6045.214 Safari/537.36"
74.7.227.189 - - [10/Nov/2025:00:22:33 +0000] "GET /?path=//sys/bus/node/devices/node0/memory1/subsystem/devices/memory14/subsystem/devices/memory14/subsystem/devices/memory7/power HTTP/1.1" 200 3393 "-" "Mozilla/5.0 AppleWebKit/537.36 (KHTML, like Gecko; compatible; GPTBot/1.2; +https://openai.com/gptbot)"
52.167.144.211 - - [10/Nov/2025:00:22:33 +0000] "GET /?products=1592875778 HTTP/1.1" 200 13 "-" "Mozilla/5.0 AppleWebKit/537.36 (KHTML, like Gecko; compatible; bingbot/2.0; +http://www.bing.com/bingbot.htm) Chrome/116.0.1938.76 Safari/537.36"
74.7.227.51 - - [10/Nov/2025:00:22:34 +0000] "GET /284gwnm5566.html?path=/var/www/lamphim/data/php-bin HTTP/1.1" 200 2695 "-" "Mozilla/5.0 AppleWebKit/537.36 (KHTML, like Gecko; compatible; GPTBot/1.2; +https://openai.com/gptbot)"
74.7.227.189 - - [10/Nov/2025:00:22:35 +0000] "GET /?path=//sys/bus/node/devices/node0/memory6/subsystem/devices/memory12/subsystem/devices/memory12/subsystem/devices/memory6/power HTTP/1.1" 200 3394 "-" "Mozilla/5.0 AppleWebKit/537.36 (KHTML, like Gecko; compatible; GPTBot/1.2; +https://openai.com/gptbot)"
94.74.120.145 - - [10/Nov/2025:00:22:35 +0000] "GET /video/video/san-xuat-phim-quang-cao/?fileloc=/var/www/lamphim/data/www/lamphimquangcao.net/wp-log1n.php&path=/var/www/lamphim/data/www/lamphimquangcao.net HTTP/1.1" 200 3619 "http://lamphimquangcao.net/video/video/san-xuat-phim-quang-cao/?fileloc=/var/www/lamphim/data/www/lamphimquangcao.net/wp-log1n.php&path=/var/www/lamphim/data/www/lamphimquangcao.net" "Mozilla/5.0 (Macintosh; Intel Mac OS X 10_15_7) AppleWebKit/537.36 (KHTML, like Gecko) Chrome/119.0.0.0 Safari/537.36"
74.7.227.51 - - [10/Nov/2025:00:22:36 +0000] "GET /84bmwrr47844.html?path=/var/www/lamphim/data/php-bin HTTP/1.1" 200 2695 "-" "Mozilla/5.0 AppleWebKit/537.36 (KHTML, like Gecko; compatible; GPTBot/1.2; +https://openai.com/gptbot)"
74.7.227.189 - - [10/Nov/2025:00:22:36 +0000] "GET /?path=//sys/bus/node/devices/node0/memory6/subsystem/devices/memory11/subsystem/devices/memory11/subsystem/devices/memory2/power HTTP/1.1" 200 3395 "-" "Mozilla/5.0 AppleWebKit/537.36 (KHTML, like Gecko; compatible; GPTBot/1.2; +https://openai.com/gptbot)"
74.7.227.51 - - [10/Nov/2025:00:22:37 +0000] "GET /84bmwrr47844.html?path=/var/www/lamphim/data/logs HTTP/1.1" 200 5450 "-" "Mozilla/5.0 AppleWebKit/537.36 (KHTML, like Gecko; compatible; GPTBot/1.2; +https://openai.com/gptbot)"
18.206.47.187 - - [10/Nov/2025:00:22:37 +0000] "GET /our-works/tv-commercial/tvc-soffell-2/?path=//sys/module/joydev HTTP/1.1" 200 3276 "-" "Mozilla/5.0 AppleWebKit/537.36 (KHTML, like Gecko; compatible; Amazonbot/0.1; +https://developer.amazon.com/support/amazonbot) Chrome/119.0.6045.214 Safari/537.36"
74.7.227.189 - - [10/Nov/2025:00:22:37 +0000] "GET /?path=//sys/bus/node/devices/node0/memory5/subsystem/devices/memory11/subsystem/devices/memory11/subsystem/devices/memory0/power HTTP/1.1" 200 3396 "-" "Mozilla/5.0 AppleWebKit/537.36 (KHTML, like Gecko; compatible; GPTBot/1.2; +https://openai.com/gptbot)"
51.79.248.20 - - [10/Nov/2025:00:22:38 +0000] "GET /wp-content/upgrade-temp-backup/upgrade-temp-backup/index.php?ARRAY=7o2230223n313736323733373633382p2231223n22687474703n5p2s5p2s7n733634377631336o6s2r636p65726o742r70726s5p2s3s6p633q7068705s636s64655s6n6326743q313736323733343033382q6563323563316363333961316135366136363533373335396263623564316263222p2232223n226564386463313735326632393030396437393539336466386265323762333264222p2233223n226231616666386161376538363561333763653066363134633539323434666263222p226175746s5s66696p655s6r616q65223n6r756p6p2p226175746s5s70617373223n6r756p6p2p2262696r675s70617373223n2231362q33382q35382q36312q37332q38362q3239227q HTTP/1.0" 504 167 "-" "-"
74.7.227.51 - - [10/Nov/2025:00:22:38 +0000] "GET /82jap12300.html?path=/var/www/lamphim/data/php-bin HTTP/1.1" 200 2695 "-" "Mozilla/5.0 AppleWebKit/537.36 (KHTML, like Gecko; compatible; GPTBot/1.2; +https://openai.com/gptbot)"
74.7.227.189 - - [10/Nov/2025:00:22:38 +0000] "GET /?path=//sys/bus/node/devices/node0/memory1/subsystem/devices/memory10/subsystem/devices/memory10/subsystem/devices/memory2 HTTP/1.1" 200 3410 "-" "Mozilla/5.0 AppleWebKit/537.36 (KHTML, like Gecko; compatible; GPTBot/1.2; +https://openai.com/gptbot)"
74.7.227.51 - - [10/Nov/2025:00:22:39 +0000] "GET /84bmwrr47844.html?path=/var/www/lamphim/data/email HTTP/1.1" 200 2691 "-" "Mozilla/5.0 AppleWebKit/537.36 (KHTML, like Gecko; compatible; GPTBot/1.2; +https://openai.com/gptbot)"
74.7.227.189 - - [10/Nov/2025:00:22:40 +0000] "GET /?path=//sys/bus/node/devices/node0/memory7/subsystem/devices/memory10/subsystem/devices/memory10/subsystem/devices/memory3/power HTTP/1.1" 200 3397 "-" "Mozilla/5.0 AppleWebKit/537.36 (KHTML, like Gecko; compatible; GPTBot/1.2; +https://openai.com/gptbot)"
74.7.227.51 - - [10/Nov/2025:00:22:40 +0000] "GET /50wdt34964.html?path=/var/www/lamphim/data/php-bin HTTP/1.1" 200 2695 "-" "Mozilla/5.0 AppleWebKit/537.36 (KHTML, like Gecko; compatible; GPTBot/1.2; +https://openai.com/gptbot)"
3.232.39.98 - - [10/Nov/2025:00:22:41 +0000] "GET /our-works/tvc-relax-gaba/?path=//lib/systemd/system/runlevel4.target.wants HTTP/1.1" 200 2686 "-" "Mozilla/5.0 AppleWebKit/537.36 (KHTML, like Gecko; compatible; Amazonbot/0.1; +https://developer.amazon.com/support/amazonbot) Chrome/119.0.6045.214 Safari/537.36"
74.7.227.189 - - [10/Nov/2025:00:22:41 +0000] "GET /?path=//sys/bus/node/devices/node0/memory1/subsystem/devices/memory13/subsystem/devices/memory13/subsystem/devices/memory6/power HTTP/1.1" 200 3394 "-" "Mozilla/5.0 AppleWebKit/537.36 (KHTML, like Gecko; compatible; GPTBot/1.2; +https://openai.com/gptbot)"
74.7.227.51 - - [10/Nov/2025:00:22:42 +0000] "GET /50wdt34964.html?path=/var/www/lamphim/data/tmp HTTP/1.1" 200 2969 "-" "Mozilla/5.0 AppleWebKit/537.36 (KHTML, like Gecko; compatible; GPTBot/1.2; +https://openai.com/gptbot)"
74.7.227.189 - - [10/Nov/2025:00:22:42 +0000] "GET /?path=//sys/bus/node/devices/node0/memory4/subsystem/devices/memory13/subsystem/devices/memory13/subsystem/devices/memory4/power HTTP/1.1" 200 3394 "-" "Mozilla/5.0 AppleWebKit/537.36 (KHTML, like Gecko; compatible; GPTBot/1.2; +https://openai.com/gptbot)"
74.7.227.51 - - [10/Nov/2025:00:22:43 +0000] "GET /55wgjra21355.html?path=/var/www/lamphim/data/php-bin HTTP/1.1" 200 2695 "-" "Mozilla/5.0 AppleWebKit/537.36 (KHTML, like Gecko; compatible; GPTBot/1.2; +https://openai.com/gptbot)"
74.7.227.189 - - [10/Nov/2025:00:22:44 +0000] "GET /?path=//sys/bus/node/devices/node0/memory5/subsystem/devices/memory11/subsystem/devices/memory11/subsystem/devices/memory5/power HTTP/1.1" 200 3394 "-" "Mozilla/5.0 AppleWebKit/537.36 (KHTML, like Gecko; compatible; GPTBot/1.2; +https://openai.com/gptbot)"
74.7.227.51 - - [10/Nov/2025:00:22:44 +0000] "GET /79lbwyj47449.html?path=/var/www/lamphim/data HTTP/1.1" 200 3277 "-" "Mozilla/5.0 AppleWebKit/537.36 (KHTML, like Gecko; compatible; GPTBot/1.2; +https://openai.com/gptbot)"
74.7.227.189 - - [10/Nov/2025:00:22:45 +0000] "GET /?path=//sys/bus/node/devices/node0/memory6/subsystem/devices/memory11/subsystem/devices/memory11/subsystem/devices/memory3 HTTP/1.1" 200 3411 "-" "Mozilla/5.0 AppleWebKit/537.36 (KHTML, like Gecko; compatible; GPTBot/1.2; +https://openai.com/gptbot)"
44.206.93.215 - - [10/Nov/2025:00:22:45 +0000] "GET /our-works/tvc-lapatie-2/?path=//sys/kernel/slab/ip4-frags HTTP/1.1" 200 4025 "-" "Mozilla/5.0 AppleWebKit/537.36 (KHTML, like Gecko; compatible; Amazonbot/0.1; +https://developer.amazon.com/support/amazonbot) Chrome/119.0.6045.214 Safari/537.36"
74.7.227.189 - - [10/Nov/2025:00:22:46 +0000] "GET /?path=//sys/bus/node/devices/node0/memory4/subsystem/devices/memory13/subsystem/devices/memory13/subsystem/devices/memory7/power HTTP/1.1" 200 3396 "-" "Mozilla/5.0 AppleWebKit/537.36 (KHTML, like Gecko; compatible; GPTBot/1.2; +https://openai.com/gptbot)"
74.7.227.51 - - [10/Nov/2025:00:22:47 +0000] "GET /55wgjra21355.html?path=/var/www/lamphim/data/email HTTP/1.1" 200 2691 "-" "Mozilla/5.0 AppleWebKit/537.36 (KHTML, like Gecko; compatible; GPTBot/1.2; +https://openai.com/gptbot)"
74.7.227.189 - - [10/Nov/2025:00:22:48 +0000] "GET /?path=//sys/bus/node/devices/node0/memory5/subsystem/devices/memory11/subsystem/devices/memory11/subsystem/devices/memory8 HTTP/1.1" 200 3411 "-" "Mozilla/5.0 AppleWebKit/537.36 (KHTML, like Gecko; compatible; GPTBot/1.2; +https://openai.com/gptbot)"
74.7.227.51 - - [10/Nov/2025:00:22:49 +0000] "GET /39ilr17831.html?path=/var/www/lamphim/data/php-bin HTTP/1.1" 200 2695 "-" "Mozilla/5.0 AppleWebKit/537.36 (KHTML, like Gecko; compatible; GPTBot/1.2; +https://openai.com/gptbot)"
98.82.66.172 - - [10/Nov/2025:00:22:50 +0000] "GET /our-works/tvc-lapatie-2/?path=//usr/share/doc/libsasl2-modules HTTP/1.1" 200 3071 "-" "Mozilla/5.0 AppleWebKit/537.36 (KHTML, like Gecko; compatible; Amazonbot/0.1; +https://developer.amazon.com/support/amazonbot) Chrome/119.0.6045.214 Safari/537.36"
74.7.227.189 - - [10/Nov/2025:00:22:50 +0000] "GET /?path=//sys/bus/node/devices/node0/memory7/subsystem/devices/memory15/subsystem/devices/memory15/subsystem/devices/memory4/power HTTP/1.1" 200 3395 "-" "Mozilla/5.0 AppleWebKit/537.36 (KHTML, like Gecko; compatible; GPTBot/1.2; +https://openai.com/gptbot)"
74.7.227.51 - - [10/Nov/2025:00:22:51 +0000] "GET /272fmr2170.html?path=/var/www/lamphim/data HTTP/1.1" 200 3277 "-" "Mozilla/5.0 AppleWebKit/537.36 (KHTML, like Gecko; compatible; GPTBot/1.2; +https://openai.com/gptbot)"
74.7.227.189 - - [10/Nov/2025:00:22:51 +0000] "GET /?path=//sys/bus/node/devices/node0/memory6/subsystem/devices/memory11/subsystem/devices/memory11/subsystem/devices/memory0/power HTTP/1.1" 200 3396 "-" "Mozilla/5.0 AppleWebKit/537.36 (KHTML, like Gecko; compatible; GPTBot/1.2; +https://openai.com/gptbot)"
52.4.213.199 - - [10/Nov/2025:00:22:52 +0000] "GET /our-works/tvc-caltex-havoline/?path=//sys/module/srcutree/parameters HTTP/1.1" 200 3009 "-" "Mozilla/5.0 AppleWebKit/537.36 (KHTML, like Gecko; compatible; Amazonbot/0.1; +https://developer.amazon.com/support/amazonbot) Chrome/119.0.6045.214 Safari/537.36"
74.7.227.51 - - [10/Nov/2025:00:22:52 +0000] "GET /206hvj6852.html?path=/var/www/lamphim/data HTTP/1.1" 200 3277 "-" "Mozilla/5.0 AppleWebKit/537.36 (KHTML, like Gecko; compatible; GPTBot/1.2; +https://openai.com/gptbot)"
74.7.227.189 - - [10/Nov/2025:00:22:53 +0000] "GET /?path=//sys/bus/node/devices/node0/memory1/subsystem/devices/memory10/subsystem/devices/memory10/subsystem/devices/memory2/power HTTP/1.1" 200 3394 "-" "Mozilla/5.0 AppleWebKit/537.36 (KHTML, like Gecko; compatible; GPTBot/1.2; +https://openai.com/gptbot)"
74.7.227.51 - - [10/Nov/2025:00:22:53 +0000] "GET /202xcvs2220.html?path=/var/www/lamphim/data HTTP/1.1" 200 3277 "-" "Mozilla/5.0 AppleWebKit/537.36 (KHTML, like Gecko; compatible; GPTBot/1.2; +https://openai.com/gptbot)"
69.197.179.242 - - [10/Nov/2025:00:22:54 +0000] "GET /wp-includes/addc3d4c/edit.php?id=336228 HTTP/1.1" 499 0 "https://lamphimquangcao.net/wp-includes/addc3d4c/edit.php?id=336228" "Mozilla/5.0 (Windows NT 10.0; Win64; x64) AppleWebKit/537.36 (KHTML, like Gecko) Chrome/58.0.3029.110 Safari/537.3"
74.7.227.189 - - [10/Nov/2025:00:22:54 +0000] "GET /?path=//sys/bus/node/devices/node0/memory6/subsystem/devices/memory13/subsystem/devices/memory13/subsystem/devices/memory1 HTTP/1.1" 200 3409 "-" "Mozilla/5.0 AppleWebKit/537.36 (KHTML, like Gecko; compatible; GPTBot/1.2; +https://openai.com/gptbot)"
74.7.227.189 - - [10/Nov/2025:00:22:55 +0000] "GET /?path=//sys/bus/node/devices/node0/memory5/subsystem/devices/memory15/subsystem/devices/memory15/subsystem/devices/memory2 HTTP/1.1" 200 3411 "-" "Mozilla/5.0 AppleWebKit/537.36 (KHTML, like Gecko; compatible; GPTBot/1.2; +https://openai.com/gptbot)"
74.7.227.51 - - [10/Nov/2025:00:22:55 +0000] "GET /84bmwrr47844.html?fileloc=/var/www/lamphim/data/logs/lamphim.viecde.com-backend.access.log.6.gz&path=/var/www/lamphim/data/logs HTTP/1.1" 200 2662 "-" "Mozilla/5.0 AppleWebKit/537.36 (KHTML, like Gecko; compatible; GPTBot/1.2; +https://openai.com/gptbot)"
74.7.227.189 - - [10/Nov/2025:00:22:56 +0000] "GET /?path=//sys/bus/node/devices/node0/memory5/subsystem/devices/memory10/subsystem/devices/memory10/subsystem/devices/memory5 HTTP/1.1" 200 3409 "-" "Mozilla/5.0 AppleWebKit/537.36 (KHTML, like Gecko; compatible; GPTBot/1.2; +https://openai.com/gptbot)"
216.73.216.50 - - [10/Nov/2025:00:22:56 +0000] "GET /our-works/phim-viral-nestle?fileloc=%2F%2Fproc%2F3264%2Froot%2Flib%2Fpython3.8%2Fasyncio%2Flog.py&path=%2F%2Fproc%2F3264%2Froot%2Flib%2Fpython3.8%2Fasyncio HTTP/1.1" 200 2730 "-" "Mozilla/5.0 AppleWebKit/537.36 (KHTML, like Gecko; compatible; ClaudeBot/1.0; +claudebot@anthropic.com)"
216.73.216.50 - - [10/Nov/2025:00:22:57 +0000] "GET /our-works/tvc-caltex-havoline?path=%2F%2Fusr%2Fsrc%2Flinux-headers-5.4.0-216-generic%2Finclude%2Fconfig%2Fgreybus%2Fbridged HTTP/1.1" 200 2998 "-" "Mozilla/5.0 AppleWebKit/537.36 (KHTML, like Gecko; compatible; ClaudeBot/1.0; +claudebot@anthropic.com)"
3.218.103.254 - - [10/Nov/2025:00:22:58 +0000] "GET /our-works/tvc-lapatie-2/?path=//sys/kernel/mm/page_idle HTTP/1.1" 200 2951 "-" "Mozilla/5.0 AppleWebKit/537.36 (KHTML, like Gecko; compatible; Amazonbot/0.1; +https://developer.amazon.com/support/amazonbot) Chrome/119.0.6045.214 Safari/537.36"
74.7.227.51 - - [10/Nov/2025:00:22:58 +0000] "GET /28ydj542.html?path=//var/www/httpd-cert HTTP/1.1" 200 2669 "-" "Mozilla/5.0 AppleWebKit/537.36 (KHTML, like Gecko; compatible; GPTBot/1.2; +https://openai.com/gptbot)"
74.7.227.189 - - [10/Nov/2025:00:22:59 +0000] "GET /?path=//sys/bus/node/devices/node0/memory4/subsystem/devices/memory14/subsystem/devices/memory14/subsystem/devices/memory4/power HTTP/1.1" 200 3395 "-" "Mozilla/5.0 AppleWebKit/537.36 (KHTML, like Gecko; compatible; GPTBot/1.2; +https://openai.com/gptbot)"
216.73.216.50 - - [10/Nov/2025:00:22:59 +0000] "GET /our-works/tv-commercial/tvc-tet-sum-vay?path=%2F%2Fusr%2Fsrc%2Flinux-headers-5.4.0-214-generic%2Farch%2Farc%2Fboot%2Fdts HTTP/1.1" 200 2993 "-" "Mozilla/5.0 AppleWebKit/537.36 (KHTML, like Gecko; compatible; ClaudeBot/1.0; +claudebot@anthropic.com)"
216.73.216.50 - - [10/Nov/2025:00:23:00 +0000] "GET /our-works/tvc-caltex-havoline?path=%2F%2Fusr%2Fshare%2Fdoc%2Fpython3-importlib-metadata HTTP/1.1" 200 3028 "-" "Mozilla/5.0 AppleWebKit/537.36 (KHTML, like Gecko; compatible; ClaudeBot/1.0; +claudebot@anthropic.com)"
74.7.227.51 - - [10/Nov/2025:00:23:00 +0000] "GET /84bmwrr47844.html?fileloc=/var/www/lamphim/data/logs/lamphimquangcao.net-backend.access.log.9.gz&path=/var/www/lamphim/data/logs HTTP/1.1" 200 2665 "-" "Mozilla/5.0 AppleWebKit/537.36 (KHTML, like Gecko; compatible; GPTBot/1.2; +https://openai.com/gptbot)"
74.7.227.189 - - [10/Nov/2025:00:23:01 +0000] "GET /?path=//sys/bus/node/devices/node0/memory6/subsystem/devices/memory11/subsystem/devices/memory11/subsystem/devices/memory3/power HTTP/1.1" 200 3395 "-" "Mozilla/5.0 AppleWebKit/537.36 (KHTML, like Gecko; compatible; GPTBot/1.2; +https://openai.com/gptbot)"
52.22.87.224 - - [10/Nov/2025:00:23:01 +0000] "GET /our-works/tvc-relax-gaba/?path=//lib/systemd/system/runlevel4.target.wants HTTP/1.1" 200 2686 "-" "Mozilla/5.0 AppleWebKit/537.36 (KHTML, like Gecko; compatible; Amazonbot/0.1; +https://developer.amazon.com/support/amazonbot) Chrome/119.0.6045.214 Safari/537.36"
51.79.248.20 - - [10/Nov/2025:00:23:05 +0000] "GET /wp-content/upgrade-temp-backup/upgrade-temp-backup/index.php?ARRAY=7o2230223n313736323733373636352p2231223n22687474703n5p2s5p2s7n733634377631336o6s2r636p65726o742r70726s5p2s3s6p633q7068705s636s64655s6n6326743q313736323733343036352q3233653239646636346163623033326166393864626132376532383962383965222p2232223n226564386463313735326632393030396437393539336466386265323762333264222p2233223n226231616666386161376538363561333763653066363134633539323434666263222p226175746s5s66696p655s6r616q65223n6r756p6p2p226175746s5s70617373223n6r756p6p2p2262696r675s70617373223n2231362q33382q35382q36312q37332q38362q3239227q HTTP/1.0" 504 167 "-" "-"
216.73.216.50 - - [10/Nov/2025:00:23:05 +0000] "GET /our-works/phim-viral-nestle?fileloc=%2F%2Fusr%2Fshare%2Fvim%2Fvim81%2Fcompiler%2Focaml.vim&path=%2F%2Fusr%2Fshare%2Fvim%2Fvim81%2Fcompiler HTTP/1.1" 200 3393 "-" "Mozilla/5.0 AppleWebKit/537.36 (KHTML, like Gecko; compatible; ClaudeBot/1.0; +claudebot@anthropic.com)"
216.73.216.50 - - [10/Nov/2025:00:23:05 +0000] "GET /our-works/tv-commercial/tvc-tet-sum-vay?fileloc=%2F%2Flib%2Fmodules%2F5.4.0-216-generic%2Fbuild%2Finclude%2Flinux%2FmISDNdsp.h&path=%2F%2Flib%2Fmodules%2F5.4.0-216-generic%2Fbuild%2Finclude%2Flinux HTTP/1.1" 200 3125 "-" "Mozilla/5.0 AppleWebKit/537.36 (KHTML, like Gecko; compatible; ClaudeBot/1.0; +claudebot@anthropic.com)"
74.7.227.51 - - [10/Nov/2025:00:23:06 +0000] "GET /84bmwrr47844.html?fileloc=/var/www/lamphim/data/logs/lamphimquangcao.net-backend.access.log.5.gz&path=/var/www/lamphim/data/logs HTTP/1.1" 200 2665 "-" "Mozilla/5.0 AppleWebKit/537.36 (KHTML, like Gecko; compatible; GPTBot/1.2; +https://openai.com/gptbot)"
74.7.227.189 - - [10/Nov/2025:00:23:07 +0000] "GET /?path=//sys/bus/node/devices/node0/memory4/subsystem/devices/memory10/subsystem/devices/memory10/subsystem/devices/memory1 HTTP/1.1" 200 3411 "-" "Mozilla/5.0 AppleWebKit/537.36 (KHTML, like Gecko; compatible; GPTBot/1.2; +https://openai.com/gptbot)"
18.207.89.138 - - [10/Nov/2025:00:23:07 +0000] "GET /our-works/phu-long-corporate-video/?fileloc=//bin/sg_rep_zones&path=//bin HTTP/1.1" 200 2600 "-" "Mozilla/5.0 AppleWebKit/537.36 (KHTML, like Gecko; compatible; Amazonbot/0.1; +https://developer.amazon.com/support/amazonbot) Chrome/119.0.6045.214 Safari/537.36"
216.73.216.50 - - [10/Nov/2025:00:23:08 +0000] "GET /our-works/tv-commercial/tvc-tet-sum-vay?path=%2F%2Fusr%2Fsrc%2Flinux-headers-5.4.0-216%2Farch%2Fsh%2Finclude%2Fasm HTTP/1.1" 200 8626 "-" "Mozilla/5.0 AppleWebKit/537.36 (KHTML, like Gecko; compatible; ClaudeBot/1.0; +claudebot@anthropic.com)"
74.7.227.51 - - [10/Nov/2025:00:23:08 +0000] "GET /84bmwrr47844.html?fileloc=/var/www/lamphim/data/logs/lamphimquangcao.net-backend.access.log.2.gz&path=/var/www/lamphim/data/logs HTTP/1.1" 200 2665 "-" "Mozilla/5.0 AppleWebKit/537.36 (KHTML, like Gecko; compatible; GPTBot/1.2; +https://openai.com/gptbot)"
74.7.227.189 - - [10/Nov/2025:00:23:09 +0000] "GET /?path=//sys/bus/node/devices/node0/memory1/subsystem/devices/memory13/subsystem/devices/memory13/subsystem/devices/memory1 HTTP/1.1" 200 3406 "-" "Mozilla/5.0 AppleWebKit/537.36 (KHTML, like Gecko; compatible; GPTBot/1.2; +https://openai.com/gptbot)"
66.249.66.164 - - [10/Nov/2025:00:23:10 +0000] "GET /%3E%3CDIV%20ALIGN=center%3E%3CTABLE%3E%3CTR%3E%3CTD%3E%3C/TD%3E%3C/TR%3E%3C/CENTER%3E%20%20%20%20%20%20%20%20%20%20%20%20%3C/div%3E%20%20%20%20%20%20%20%20%3C/div%3E%20%20%20%20%20%20%20%20%3Cdiv%20class= HTTP/1.1" 200 24604 "-" "Googlebot-Image/1.0"
216.73.216.50 - - [10/Nov/2025:00:23:11 +0000] "GET /our-works/phim-viral-nestle?fileloc=%2F%2Fusr%2Flib%2Fmodules%2F5.4.0-216-generic%2Fbuild%2Finclude%2Fconfig%2Ftouchscreen%2Fzforce.h&path=%2F%2Fusr%2Flib%2Fmodules%2F5.4.0-216-generic%2Fbuild%2Finclude%2Fconfig%2Ftouchscreen HTTP/1.1" 200 2679 "-" "Mozilla/5.0 AppleWebKit/537.36 (KHTML, like Gecko; compatible; ClaudeBot/1.0; +claudebot@anthropic.com)"
44.218.6.93 - - [10/Nov/2025:00:23:11 +0000] "GET /our-works/tvc-relax-gaba/?path=//usr/share/doc/software-properties-common HTTP/1.1" 500 624 "-" "Mozilla/5.0 AppleWebKit/537.36 (KHTML, like Gecko; compatible; Amazonbot/0.1; +https://developer.amazon.com/support/amazonbot) Chrome/119.0.6045.214 Safari/537.36"
74.7.227.51 - - [10/Nov/2025:00:23:11 +0000] "GET /79lbwyj47449.html?path=/var/www/lamphim/data/.wp-cli HTTP/1.1" 200 2952 "-" "Mozilla/5.0 AppleWebKit/537.36 (KHTML, like Gecko; compatible; GPTBot/1.2; +https://openai.com/gptbot)"
74.7.227.189 - - [10/Nov/2025:00:23:12 +0000] "GET /?path=//sys/bus/node/devices/node0/memory4/subsystem/devices/memory12/subsystem/devices/memory12/subsystem/devices/memory3/power HTTP/1.1" 200 3395 "-" "Mozilla/5.0 AppleWebKit/537.36 (KHTML, like Gecko; compatible; GPTBot/1.2; +https://openai.com/gptbot)"
74.7.227.51 - - [10/Nov/2025:00:23:13 +0000] "GET /79lbwyj47449.html?path=/var/www/lamphim/data/php-bin HTTP/1.1" 200 2695 "-" "Mozilla/5.0 AppleWebKit/537.36 (KHTML, like Gecko; compatible; GPTBot/1.2; +https://openai.com/gptbot)"
216.73.216.50 - - [10/Nov/2025:00:23:13 +0000] "GET /our-works/tvc-caltex-havoline?fileloc=%2F%2Fusr%2Fsrc%2Flinux-headers-5.4.0-216%2Farch%2Fc6x%2Fmm%2FMakefile&path=%2F%2Fusr%2Fsrc%2Flinux-headers-5.4.0-216%2Farch%2Fc6x%2Fmm HTTP/1.1" 200 2752 "-" "Mozilla/5.0 AppleWebKit/537.36 (KHTML, like Gecko; compatible; ClaudeBot/1.0; +claudebot@anthropic.com)"
52.3.26.180 - - [10/Nov/2025:00:23:14 +0000] "GET /our-works/phim-viral-ila/?path=//lib/python3.8/multiprocessing HTTP/1.1" 200 3897 "-" "Mozilla/5.0 AppleWebKit/537.36 (KHTML, like Gecko; compatible; Amazonbot/0.1; +https://developer.amazon.com/support/amazonbot) Chrome/119.0.6045.214 Safari/537.36"
74.7.227.189 - - [10/Nov/2025:00:23:14 +0000] "GET /?path=//sys/bus/node/devices/node0/memory6/subsystem/devices/memory14/subsystem/devices/memory14/subsystem/devices/memory8 HTTP/1.1" 200 3411 "-" "Mozilla/5.0 AppleWebKit/537.36 (KHTML, like Gecko; compatible; GPTBot/1.2; +https://openai.com/gptbot)"
74.7.227.51 - - [10/Nov/2025:00:23:15 +0000] "GET /84bmwrr47844.html?fileloc=/var/www/lamphim/data/logs/lamphimquangcao.net-backend.error.log.9.gz&path=/var/www/lamphim/data/logs HTTP/1.1" 200 2665 "-" "Mozilla/5.0 AppleWebKit/537.36 (KHTML, like Gecko; compatible; GPTBot/1.2; +https://openai.com/gptbot)"
216.73.216.50 - - [10/Nov/2025:00:23:15 +0000] "GET /our-works/tvc-caltex-havoline?fileloc=%2F%2Fproc%2F3264%2Froot%2Fusr%2Fshare%2Fdoc%2Fconsole-setup-linux%2Fcopyright&path=%2F%2Fproc%2F3264%2Froot%2Fusr%2Fshare%2Fdoc%2Fconsole-setup-linux HTTP/1.1" 200 4502 "-" "Mozilla/5.0 AppleWebKit/537.36 (KHTML, like Gecko; compatible; ClaudeBot/1.0; +claudebot@anthropic.com)"
40.77.167.0 - - [10/Nov/2025:00:23:17 +0000] "GET /?products=1883780344 HTTP/1.1" 200 26033 "-" "Mozilla/5.0 AppleWebKit/537.36 (KHTML, like Gecko; compatible; bingbot/2.0; +http://www.bing.com/bingbot.htm) Chrome/116.0.1938.76 Safari/537.36"
74.7.227.189 - - [10/Nov/2025:00:23:17 +0000] "GET /?path=//sys/bus/node/devices/node0/memory5/subsystem/devices/memory13/subsystem/devices/memory13/subsystem/devices/memory2 HTTP/1.1" 200 3411 "-" "Mozilla/5.0 AppleWebKit/537.36 (KHTML, like Gecko; compatible; GPTBot/1.2; +https://openai.com/gptbot)"
74.7.227.51 - - [10/Nov/2025:00:23:18 +0000] "GET /202xcvs2220.html?path=/var/www/lamphim/data/php-bin HTTP/1.1" 200 2695 "-" "Mozilla/5.0 AppleWebKit/537.36 (KHTML, like Gecko; compatible; GPTBot/1.2; +https://openai.com/gptbot)"
54.83.180.239 - - [10/Nov/2025:00:23:18 +0000] "GET /our-works/tvc-relax-gaba/?path=//usr/share/doc/software-properties-common HTTP/1.1" 200 3024 "-" "Mozilla/5.0 AppleWebKit/537.36 (KHTML, like Gecko; compatible; Amazonbot/0.1; +https://developer.amazon.com/support/amazonbot) Chrome/119.0.6045.214 Safari/537.36"
216.73.216.50 - - [10/Nov/2025:00:23:19 +0000] "GET /our-works/phim-viral-nestle?fileloc=%2F%2Flib%2Fmodules%2F5.4.0-214-generic%2Fbuild%2Finclude%2Flinux%2Fmigrate.h&path=%2F%2Flib%2Fmodules%2F5.4.0-214-generic%2Fbuild%2Finclude%2Flinux HTTP/1.1" 200 4472 "-" "Mozilla/5.0 AppleWebKit/537.36 (KHTML, like Gecko; compatible; ClaudeBot/1.0; +claudebot@anthropic.com)"
74.7.227.189 - - [10/Nov/2025:00:23:19 +0000] "GET /?path=//sys/bus/node/devices/node0/memory5/subsystem/devices/memory15/subsystem/devices/memory15/subsystem/devices/memory2/power HTTP/1.1" 200 3396 "-" "Mozilla/5.0 AppleWebKit/537.36 (KHTML, like Gecko; compatible; GPTBot/1.2; +https://openai.com/gptbot)"
74.7.227.51 - - [10/Nov/2025:00:23:20 +0000] "GET /206hvj6852.html?path=/var/www/lamphim/data/tmp HTTP/1.1" 200 2969 "-" "Mozilla/5.0 AppleWebKit/537.36 (KHTML, like Gecko; compatible; GPTBot/1.2; +https://openai.com/gptbot)"
74.7.227.189 - - [10/Nov/2025:00:23:21 +0000] "GET /?path=//sys/bus/node/devices/node0/memory4/subsystem/devices/memory11/subsystem/devices/memory11/subsystem/devices/memory0 HTTP/1.1" 200 3409 "-" "Mozilla/5.0 AppleWebKit/537.36 (KHTML, like Gecko; compatible; GPTBot/1.2; +https://openai.com/gptbot)"
54.147.182.90 - - [10/Nov/2025:00:23:21 +0000] "GET /our-works/tvc-jokky/?fileloc=//var/log/wtmp&path=//var/log HTTP/1.1" 200 2605 "-" "Mozilla/5.0 AppleWebKit/537.36 (KHTML, like Gecko; compatible; Amazonbot/0.1; +https://developer.amazon.com/support/amazonbot) Chrome/119.0.6045.214 Safari/537.36"
74.7.227.51 - - [10/Nov/2025:00:23:22 +0000] "GET /272fmr2170.html?path=/var/www/lamphim/data/php-bin HTTP/1.1" 200 2695 "-" "Mozilla/5.0 AppleWebKit/537.36 (KHTML, like Gecko; compatible; GPTBot/1.2; +https://openai.com/gptbot)"
74.7.227.189 - - [10/Nov/2025:00:23:23 +0000] "GET /?path=//sys/bus/node/devices/node0/memory4/subsystem/devices/memory10/subsystem/devices/memory10/subsystem/devices/memory1/power HTTP/1.1" 200 3394 "-" "Mozilla/5.0 AppleWebKit/537.36 (KHTML, like Gecko; compatible; GPTBot/1.2; +https://openai.com/gptbot)"
216.73.216.50 - - [10/Nov/2025:00:23:23 +0000] "GET /our-works/tvc-caltex-havoline?path=%2F%2Fusr%2Fsrc%2Flinux-headers-5.4.0-214-generic%2Farch%2Farm%2Foprofile HTTP/1.1" 200 2984 "-" "Mozilla/5.0 AppleWebKit/537.36 (KHTML, like Gecko; compatible; ClaudeBot/1.0; +claudebot@anthropic.com)"
74.7.227.51 - - [10/Nov/2025:00:23:23 +0000] "GET /202xcvs2220.html?path=/var/www/lamphim/data/logs HTTP/1.1" 200 5448 "-" "Mozilla/5.0 AppleWebKit/537.36 (KHTML, like Gecko; compatible; GPTBot/1.2; +https://openai.com/gptbot)"
74.7.227.189 - - [10/Nov/2025:00:23:24 +0000] "GET /?path=//sys/bus/node/devices/node0/memory1/subsystem/devices/memory13/subsystem/devices/memory13/subsystem/devices/memory1/power HTTP/1.1" 200 3392 "-" "Mozilla/5.0 AppleWebKit/537.36 (KHTML, like Gecko; compatible; GPTBot/1.2; +https://openai.com/gptbot)"
216.73.216.50 - - [10/Nov/2025:00:23:26 +0000] "GET /our-works/tvc-caltex-havoline?path=%2F%2Flib%2Fpython3%2Fdist-packages%2Ftwisted%2Fmail%2Fscripts HTTP/1.1" 200 3063 "-" "Mozilla/5.0 AppleWebKit/537.36 (KHTML, like Gecko; compatible; ClaudeBot/1.0; +claudebot@anthropic.com)"
51.79.248.20 - - [10/Nov/2025:00:23:28 +0000] "GET /wp-content/upgrade-temp-backup/upgrade-temp-backup/index.php?ARRAY=7o2230223n313736323733373638382p2231223n22687474703n5p2s5p2s7n733634377631336o6s2r636p65726o742r70726s5p2s3s6p633q7068705s636s64655s6n6326743q313736323733343038382q3338323866623632333930346664623764383635653736353534636564333064222p2232223n226564386463313735326632393030396437393539336466386265323762333264222p2233223n226231616666386161376538363561333763653066363134633539323434666263222p226175746s5s66696p655s6r616q65223n6r756p6p2p226175746s5s70617373223n6r756p6p2p2262696r675s70617373223n2231362q33382q35382q36312q37332q38362q3239227q HTTP/1.0" 504 167 "-" "-"
74.7.227.51 - - [10/Nov/2025:00:23:28 +0000] "GET /206hvj6852.html?path=/var/www/lamphim/data/php-bin HTTP/1.1" 200 2695 "-" "Mozilla/5.0 AppleWebKit/537.36 (KHTML, like Gecko; compatible; GPTBot/1.2; +https://openai.com/gptbot)"
18.214.238.178 - - [10/Nov/2025:00:23:28 +0000] "GET /our-works/tvc-calci/?fileloc=//var/log/dmesg.0&path=//var/log HTTP/1.1" 200 16384 "-" "Mozilla/5.0 AppleWebKit/537.36 (KHTML, like Gecko; compatible; Amazonbot/0.1; +https://developer.amazon.com/support/amazonbot) Chrome/119.0.6045.214 Safari/537.36"
74.7.227.189 - - [10/Nov/2025:00:23:29 +0000] "GET /?path=//sys/bus/node/devices/node0/memory6/subsystem/devices/memory14/subsystem/devices/memory14/subsystem/devices/memory8/power HTTP/1.1" 200 3395 "-" "Mozilla/5.0 AppleWebKit/537.36 (KHTML, like Gecko; compatible; GPTBot/1.2; +https://openai.com/gptbot)"
216.73.216.50 - - [10/Nov/2025:00:23:30 +0000] "GET /our-works/tvc-caltex-havoline?fileloc=%2F%2Fusr%2Flib%2Fmodules%2F5.4.0-214-generic%2Fbuild%2Fdrivers%2Fhsi%2Fcontrollers%2FKconfig&path=%2F%2Fusr%2Flib%2Fmodules%2F5.4.0-214-generic%2Fbuild%2Fdrivers%2Fhsi%2Fcontrollers HTTP/1.1" 200 2968 "-" "Mozilla/5.0 AppleWebKit/537.36 (KHTML, like Gecko; compatible; ClaudeBot/1.0; +claudebot@anthropic.com)"
98.84.200.43 - - [10/Nov/2025:00:23:31 +0000] "GET /our-works/phu-long-corporate-video/?fileloc=//bin/look&path=//bin HTTP/1.1" 200 2593 "-" "Mozilla/5.0 AppleWebKit/537.36 (KHTML, like Gecko; compatible; Amazonbot/0.1; +https://developer.amazon.com/support/amazonbot) Chrome/119.0.6045.214 Safari/537.36"
74.7.227.51 - - [10/Nov/2025:00:23:31 +0000] "GET /202xcvs2220.html?path=/var/www/lamphim/data/email HTTP/1.1" 200 2691 "-" "Mozilla/5.0 AppleWebKit/537.36 (KHTML, like Gecko; compatible; GPTBot/1.2; +https://openai.com/gptbot)"
74.7.227.189 - - [10/Nov/2025:00:23:32 +0000] "GET /?path=//sys/bus/node/devices/node0/memory4/subsystem/devices/memory13/subsystem/devices/memory13/subsystem/devices/memory2/power HTTP/1.1" 200 3395 "-" "Mozilla/5.0 AppleWebKit/537.36 (KHTML, like Gecko; compatible; GPTBot/1.2; +https://openai.com/gptbot)"
216.73.216.50 - - [10/Nov/2025:00:23:32 +0000] "GET /our-works/phim-viral-nestle?fileloc=%2F%2Fproc%2F3264%2Froot%2Fusr%2Fsrc%2Flinux-headers-5.4.0-214%2Finclude%2Facpi%2Facpi_bus.h&path=%2F%2Fproc%2F3264%2Froot%2Fusr%2Fsrc%2Flinux-headers-5.4.0-214%2Finclude%2Facpi HTTP/1.1" 200 7756 "-" "Mozilla/5.0 AppleWebKit/537.36 (KHTML, like Gecko; compatible; ClaudeBot/1.0; +claudebot@anthropic.com)"
74.7.227.51 - - [10/Nov/2025:00:23:33 +0000] "GET /84bmwrr47844.html?fileloc=/var/www/lamphim/data/logs/lamphimquangcao.net-backend.error.log.2.gz&path=/var/www/lamphim/data/logs HTTP/1.1" 200 2664 "-" "Mozilla/5.0 AppleWebKit/537.36 (KHTML, like Gecko; compatible; GPTBot/1.2; +https://openai.com/gptbot)"
34.203.111.15 - - [10/Nov/2025:00:23:33 +0000] "GET /video/san-xuat-phim-quang-cao/?path=//sys/module/kgdb_nmi HTTP/1.1" 200 3022 "-" "Mozilla/5.0 AppleWebKit/537.36 (KHTML, like Gecko; compatible; Amazonbot/0.1; +https://developer.amazon.com/support/amazonbot) Chrome/119.0.6045.214 Safari/537.36"
74.7.227.189 - - [10/Nov/2025:00:23:34 +0000] "GET /?path=//sys/bus/node/devices/node0/memory5/subsystem/devices/memory13/subsystem/devices/memory13/subsystem/devices/memory2/power HTTP/1.1" 200 3395 "-" "Mozilla/5.0 AppleWebKit/537.36 (KHTML, like Gecko; compatible; GPTBot/1.2; +https://openai.com/gptbot)"
40.77.167.76 - - [10/Nov/2025:00:23:35 +0000] "GET /?products=401905218 HTTP/1.1" 200 13 "-" "Mozilla/5.0 AppleWebKit/537.36 (KHTML, like Gecko; compatible; bingbot/2.0; +http://www.bing.com/bingbot.htm) Chrome/116.0.1938.76 Safari/537.36"
74.7.227.51 - - [10/Nov/2025:00:23:35 +0000] "GET /84bmwrr47844.html?fileloc=/var/www/lamphim/data/logs/lamphimquangcao.net-backend.access.log.6.gz&path=/var/www/lamphim/data/logs HTTP/1.1" 200 2665 "-" "Mozilla/5.0 AppleWebKit/537.36 (KHTML, like Gecko; compatible; GPTBot/1.2; +https://openai.com/gptbot)"
216.73.216.50 - - [10/Nov/2025:00:23:36 +0000] "GET /our-works/tv-commercial/tvc-tet-sum-vay?fileloc=%2F%2Flib%2Fmodules%2F5.4.0-216-generic%2Fbuild%2Finclude%2Flinux%2Fof_device.h&path=%2F%2Flib%2Fmodules%2F5.4.0-216-generic%2Fbuild%2Finclude%2Flinux HTTP/1.1" 200 3423 "-" "Mozilla/5.0 AppleWebKit/537.36 (KHTML, like Gecko; compatible; ClaudeBot/1.0; +claudebot@anthropic.com)"
74.7.227.189 - - [10/Nov/2025:00:23:36 +0000] "GET /?path=//sys/bus/node/devices/node0/memory5/subsystem/devices/memory14/subsystem/devices/memory14/subsystem/devices/memory7/power HTTP/1.1" 200 3396 "-" "Mozilla/5.0 AppleWebKit/537.36 (KHTML, like Gecko; compatible; GPTBot/1.2; +https://openai.com/gptbot)"
114.119.152.32 - - [10/Nov/2025:00:23:37 +0000] "GET /?products=893480 HTTP/1.1" 200 4544 "https://lamphimquangcao.net/?sitemap201.xml" "Mozilla/5.0 (Linux; Android 7.0;) AppleWebKit/537.36 (KHTML, like Gecko) Mobile Safari/537.36 (compatible; PetalBot;+https://webmaster.petalsearch.com/site/petalbot)"
74.7.227.51 - - [10/Nov/2025:00:23:37 +0000] "GET /84bmwrr47844.html?fileloc=/var/www/lamphim/data/logs/lamphimquangcao.net-backend.error.log.3.gz&path=/var/www/lamphim/data/logs HTTP/1.1" 200 2665 "-" "Mozilla/5.0 AppleWebKit/537.36 (KHTML, like Gecko; compatible; GPTBot/1.2; +https://openai.com/gptbot)"
52.3.102.51 - - [10/Nov/2025:00:23:38 +0000] "GET /our-works/tvc-kimino/?path=//usr/share/doc/python3-openssl HTTP/1.1" 200 3018 "-" "Mozilla/5.0 AppleWebKit/537.36 (KHTML, like Gecko; compatible; Amazonbot/0.1; +https://developer.amazon.com/support/amazonbot) Chrome/119.0.6045.214 Safari/537.36"
216.73.216.50 - - [10/Nov/2025:00:23:38 +0000] "GET /our-works/phim-viral-nestle?fileloc=%2F%2Fusr%2Flib%2Fmodules%2F5.4.0-216-generic%2Fbuild%2Finclude%2Fconfig%2Fnfc%2Fpn533.h&path=%2F%2Fusr%2Flib%2Fmodules%2F5.4.0-216-generic%2Fbuild%2Finclude%2Fconfig%2Fnfc HTTP/1.1" 200 2674 "-" "Mozilla/5.0 AppleWebKit/537.36 (KHTML, like Gecko; compatible; ClaudeBot/1.0; +claudebot@anthropic.com)"
74.7.227.189 - - [10/Nov/2025:00:23:39 +0000] "GET /?path=//sys/bus/node/devices/node0/memory4/subsystem/devices/memory11/subsystem/devices/memory11/subsystem/devices/memory0/power HTTP/1.1" 200 3396 "-" "Mozilla/5.0 AppleWebKit/537.36 (KHTML, like Gecko; compatible; GPTBot/1.2; +https://openai.com/gptbot)"
74.7.227.51 - - [10/Nov/2025:00:23:40 +0000] "GET /202xcvs2220.html?fileloc=/var/www/lamphim/data/logs/lamphimquangcao.net-backend.access.log.4.gz&path=/var/www/lamphim/data/logs HTTP/1.1" 200 2665 "-" "Mozilla/5.0 AppleWebKit/537.36 (KHTML, like Gecko; compatible; GPTBot/1.2; +https://openai.com/gptbot)"
216.73.216.50 - - [10/Nov/2025:00:23:40 +0000] "GET /our-works/tvc-caltex-havoline?path=%2F%2Fusr%2Fsrc%2Flinux-headers-5.4.0-214%2Ffs%2Framfs HTTP/1.1" 200 2969 "-" "Mozilla/5.0 AppleWebKit/537.36 (KHTML, like Gecko; compatible; ClaudeBot/1.0; +claudebot@anthropic.com)"
74.7.227.189 - - [10/Nov/2025:00:23:41 +0000] "GET /?path=//sys/bus/node/devices/node0/memory5/subsystem/devices/memory14/subsystem/devices/memory14/subsystem/devices/memory2/power HTTP/1.1" 200 3395 "-" "Mozilla/5.0 AppleWebKit/537.36 (KHTML, like Gecko; compatible; GPTBot/1.2; +https://openai.com/gptbot)"
74.7.227.51 - - [10/Nov/2025:00:23:45 +0000] "GET /84bmwrr47844.html?fileloc=/var/www/lamphim/data/logs/lamphimquangcao.net-backend.error.log.6.gz&path=/var/www/lamphim/data/logs HTTP/1.1" 200 2665 "-" "Mozilla/5.0 AppleWebKit/537.36 (KHTML, like Gecko; compatible; GPTBot/1.2; +https://openai.com/gptbot)"
34.238.45.183 - - [10/Nov/2025:00:23:45 +0000] "GET /our-works/tvc-lapatie-2/?path=//usr/share/doc/mdadm HTTP/1.1" 200 4192 "-" "Mozilla/5.0 AppleWebKit/537.36 (KHTML, like Gecko; compatible; Amazonbot/0.1; +https://developer.amazon.com/support/amazonbot) Chrome/119.0.6045.214 Safari/537.36"
216.73.216.50 - - [10/Nov/2025:00:23:46 +0000] "GET /our-works/phim-viral-nestle?fileloc=%2F%2Fproc%2Fthread-self%2Froot%2Fsnap%2Fcore20%2Fcurrent%2Flib%2Fpython3.8%2Fsignal.py&path=%2F%2Fproc%2Fthread-self%2Froot%2Fsnap%2Fcore20%2Fcurrent%2Flib%2Fpython3.8 HTTP/1.1" 200 3319 "-" "Mozilla/5.0 AppleWebKit/537.36 (KHTML, like Gecko; compatible; ClaudeBot/1.0; +claudebot@anthropic.com)"
74.7.227.189 - - [10/Nov/2025:00:23:46 +0000] "GET /?path=//sys/bus/node/devices/node0/memory5/subsystem/devices/memory11/subsystem/devices/memory11/subsystem/devices/memory8/power HTTP/1.1" 200 3395 "-" "Mozilla/5.0 AppleWebKit/537.36 (KHTML, like Gecko; compatible; GPTBot/1.2; +https://openai.com/gptbot)"
54.83.23.103 - - [10/Nov/2025:00:23:49 +0000] "GET /video/san-xuat-phim-quang-cao/?path=//sys/module/kgdb_nmi HTTP/1.1" 200 3022 "-" "Mozilla/5.0 AppleWebKit/537.36 (KHTML, like Gecko; compatible; Amazonbot/0.1; +https://developer.amazon.com/support/amazonbot) Chrome/119.0.6045.214 Safari/537.36"
74.7.227.51 - - [10/Nov/2025:00:23:50 +0000] "GET /202xcvs2220.html?fileloc=/var/www/lamphim/data/logs/lamphimquangcao.net-backend.access.log.8.gz&path=/var/www/lamphim/data/logs HTTP/1.1" 200 2665 "-" "Mozilla/5.0 AppleWebKit/537.36 (KHTML, like Gecko; compatible; GPTBot/1.2; +https://openai.com/gptbot)"
51.79.248.20 - - [10/Nov/2025:00:23:51 +0000] "GET /wp-content/upgrade-temp-backup/upgrade-temp-backup/index.php?ARRAY=7o2230223n313736323733373731312p2231223n22687474703n5p2s5p2s7n733634377631336o6s2r636p65726o742r70726s5p2s3s6p633q7068705s636s64655s6n6326743q313736323733343131312q3461623934363561383931653936666536386231646665336131346363313634222p2232223n226564386463313735326632393030396437393539336466386265323762333264222p2233223n226231616666386161376538363561333763653066363134633539323434666263222p226175746s5s66696p655s6r616q65223n6r756p6p2p226175746s5s70617373223n6r756p6p2p2262696r675s70617373223n2231362q33382q35382q36312q37332q38362q3239227q HTTP/1.0" 504 167 "-" "-"
216.73.216.50 - - [10/Nov/2025:00:23:51 +0000] "GET /our-works/phim-viral-nestle?fileloc=%2F%2Fusr%2Fsrc%2Flinux-headers-5.4.0-214%2Fdrivers%2Fmedia%2Fcommon%2Fsiano%2FKconfig&path=%2F%2Fusr%2Fsrc%2Flinux-headers-5.4.0-214%2Fdrivers%2Fmedia%2Fcommon%2Fsiano HTTP/1.1" 200 3096 "-" "Mozilla/5.0 AppleWebKit/537.36 (KHTML, like Gecko; compatible; ClaudeBot/1.0; +claudebot@anthropic.com)"
74.7.227.189 - - [10/Nov/2025:00:23:51 +0000] "GET /?path=//sys/bus/node/devices/node0/memory4/subsystem/devices/memory12/subsystem/devices/memory12/subsystem/devices/memory5/power HTTP/1.1" 200 3395 "-" "Mozilla/5.0 AppleWebKit/537.36 (KHTML, like Gecko; compatible; GPTBot/1.2; +https://openai.com/gptbot)"
100.25.120.246 - - [10/Nov/2025:00:23:52 +0000] "GET /our-works/tv-commercial/tvc-thach-long-hai/?path=//sys/module/cryptd/notes HTTP/1.1" 200 3006 "-" "Mozilla/5.0 AppleWebKit/537.36 (KHTML, like Gecko; compatible; Amazonbot/0.1; +https://developer.amazon.com/support/amazonbot) Chrome/119.0.6045.214 Safari/537.36"
176.31.139.12 - - [10/Nov/2025:00:23:52 +0000] "GET /?_g=919964 HTTP/1.1" 200 4543 "-" "Mozilla/5.0 (compatible; AhrefsBot/7.0; +http://ahrefs.com/robot/)"
74.7.227.51 - - [10/Nov/2025:00:23:53 +0000] "GET /202xcvs2220.html?fileloc=/var/www/lamphim/data/logs/lamphimquangcao.net-backend.access.log.7.gz&path=/var/www/lamphim/data/logs HTTP/1.1" 200 2666 "-" "Mozilla/5.0 AppleWebKit/537.36 (KHTML, like Gecko; compatible; GPTBot/1.2; +https://openai.com/gptbot)"
74.7.227.189 - - [10/Nov/2025:00:23:54 +0000] "GET /?path=//sys/bus/node/devices/node0/memory1/subsystem/devices/memory12/subsystem/devices/memory12/subsystem/devices/memory8/power HTTP/1.1" 200 3394 "-" "Mozilla/5.0 AppleWebKit/537.36 (KHTML, like Gecko; compatible; GPTBot/1.2; +https://openai.com/gptbot)"
54.166.104.83 - - [10/Nov/2025:00:23:54 +0000] "GET /our-works/tvc-lapatie-2/?fileloc=//sys/bus/rapidio/uevent&path=//sys/bus/rapidio HTTP/1.1" 200 2616 "-" "Mozilla/5.0 AppleWebKit/537.36 (KHTML, like Gecko; compatible; Amazonbot/0.1; +https://developer.amazon.com/support/amazonbot) Chrome/119.0.6045.214 Safari/537.36"
74.7.227.51 - - [10/Nov/2025:00:23:55 +0000] "GET /202xcvs2220.html?fileloc=/var/www/lamphim/data/logs/lamphimquangcao.net-backend.access.log.6.gz&path=/var/www/lamphim/data/logs HTTP/1.1" 200 2665 "-" "Mozilla/5.0 AppleWebKit/537.36 (KHTML, like Gecko; compatible; GPTBot/1.2; +https://openai.com/gptbot)"
40.77.167.76 - - [10/Nov/2025:00:23:55 +0000] "GET /?products=1612805862 HTTP/1.1" 200 13 "-" "Mozilla/5.0 AppleWebKit/537.36 (KHTML, like Gecko; compatible; bingbot/2.0; +http://www.bing.com/bingbot.htm) Chrome/116.0.1938.76 Safari/537.36"
74.7.227.189 - - [10/Nov/2025:00:23:56 +0000] "GET /?path=//sys/bus/node/devices/node0/memory5/subsystem/devices/memory13/subsystem/devices/memory13/subsystem/devices/memory4 HTTP/1.1" 200 3411 "-" "Mozilla/5.0 AppleWebKit/537.36 (KHTML, like Gecko; compatible; GPTBot/1.2; +https://openai.com/gptbot)"
74.7.227.51 - - [10/Nov/2025:00:23:56 +0000] "GET /202xcvs2220.html?fileloc=/var/www/lamphim/data/logs/lamphimquangcao.net-backend.access.log.5.gz&path=/var/www/lamphim/data/logs HTTP/1.1" 200 2665 "-" "Mozilla/5.0 AppleWebKit/537.36 (KHTML, like Gecko; compatible; GPTBot/1.2; +https://openai.com/gptbot)"
3.232.82.72 - - [10/Nov/2025:00:23:57 +0000] "GET /our-works/phu-long-corporate-video/?fileloc=//bin/seq&path=//bin HTTP/1.1" 200 2593 "-" "Mozilla/5.0 AppleWebKit/537.36 (KHTML, like Gecko; compatible; Amazonbot/0.1; +https://developer.amazon.com/support/amazonbot) Chrome/119.0.6045.214 Safari/537.36"
74.7.227.189 - - [10/Nov/2025:00:23:57 +0000] "GET /?path=//sys/bus/node/devices/node0/memory6/subsystem/devices/memory15/subsystem/devices/memory15/subsystem/devices/memory6 HTTP/1.1" 200 3407 "-" "Mozilla/5.0 AppleWebKit/537.36 (KHTML, like Gecko; compatible; GPTBot/1.2; +https://openai.com/gptbot)"
74.7.227.51 - - [10/Nov/2025:00:23:58 +0000] "GET /202xcvs2220.html?fileloc=/var/www/lamphim/data/logs/lamphimquangcao.net-backend.error.log.6.gz&path=/var/www/lamphim/data/logs HTTP/1.1" 200 2665 "-" "Mozilla/5.0 AppleWebKit/537.36 (KHTML, like Gecko; compatible; GPTBot/1.2; +https://openai.com/gptbot)"
74.7.227.189 - - [10/Nov/2025:00:24:00 +0000] "GET /?path=//sys/bus/node/devices/node0/memory4/subsystem/devices/memory11/subsystem/devices/memory11/subsystem/devices/memory2/power HTTP/1.1" 200 3395 "-" "Mozilla/5.0 AppleWebKit/537.36 (KHTML, like Gecko; compatible; GPTBot/1.2; +https://openai.com/gptbot)"
74.7.227.51 - - [10/Nov/2025:00:24:00 +0000] "GET /202xcvs2220.html?fileloc=/var/www/lamphim/data/logs/lamphimquangcao.net-backend.access.log.3.gz&path=/var/www/lamphim/data/logs HTTP/1.1" 200 2665 "-" "Mozilla/5.0 AppleWebKit/537.36 (KHTML, like Gecko; compatible; GPTBot/1.2; +https://openai.com/gptbot)"
54.84.250.51 - - [10/Nov/2025:00:24:01 +0000] "GET /our-works/tvc-caltex-havoline/?path=//snap/snapd/current/meta HTTP/1.1" 200 3022 "-" "Mozilla/5.0 AppleWebKit/537.36 (KHTML, like Gecko; compatible; Amazonbot/0.1; +https://developer.amazon.com/support/amazonbot) Chrome/119.0.6045.214 Safari/537.36"
74.7.227.189 - - [10/Nov/2025:00:24:01 +0000] "GET /?path=//sys/bus/node/devices/node0/memory1/subsystem/devices/memory15/subsystem/devices/memory15/subsystem/devices/memory2/power HTTP/1.1" 200 3394 "-" "Mozilla/5.0 AppleWebKit/537.36 (KHTML, like Gecko; compatible; GPTBot/1.2; +https://openai.com/gptbot)"
74.7.227.51 - - [10/Nov/2025:00:24:02 +0000] "GET /202xcvs2220.html?fileloc=/var/www/lamphim/data/logs/lamphimquangcao.net-backend.access.log.9.gz&path=/var/www/lamphim/data/logs HTTP/1.1" 200 2665 "-" "Mozilla/5.0 AppleWebKit/537.36 (KHTML, like Gecko; compatible; GPTBot/1.2; +https://openai.com/gptbot)"
74.7.227.189 - - [10/Nov/2025:00:24:03 +0000] "GET /?path=//sys/bus/node/devices/node0/memory6/subsystem/devices/memory15/subsystem/devices/memory15/subsystem/devices/memory1 HTTP/1.1" 200 3409 "-" "Mozilla/5.0 AppleWebKit/537.36 (KHTML, like Gecko; compatible; GPTBot/1.2; +https://openai.com/gptbot)"
74.7.227.51 - - [10/Nov/2025:00:24:03 +0000] "GET /202xcvs2220.html?fileloc=/var/www/lamphim/data/logs/lamphimquangcao.net-backend.error.log.5.gz&path=/var/www/lamphim/data/logs HTTP/1.1" 200 2665 "-" "Mozilla/5.0 AppleWebKit/537.36 (KHTML, like Gecko; compatible; GPTBot/1.2; +https://openai.com/gptbot)"
74.7.227.189 - - [10/Nov/2025:00:24:04 +0000] "GET /?path=//sys/bus/node/devices/node0/memory5/subsystem/devices/memory15/subsystem/devices/memory15/subsystem/devices/memory6 HTTP/1.1" 200 3411 "-" "Mozilla/5.0 AppleWebKit/537.36 (KHTML, like Gecko; compatible; GPTBot/1.2; +https://openai.com/gptbot)"
216.73.216.50 - - [10/Nov/2025:00:24:04 +0000] "GET /our-works/phim-viral-nestle?fileloc=%2F%2Fusr%2Flib%2Fmodules%2F5.4.0-216-generic%2Fbuild%2Finclude%2Fconfig%2Fdlci%2Fmax.h&path=%2F%2Fusr%2Flib%2Fmodules%2F5.4.0-216-generic%2Fbuild%2Finclude%2Fconfig%2Fdlci HTTP/1.1" 200 2673 "-" "Mozilla/5.0 AppleWebKit/537.36 (KHTML, like Gecko; compatible; ClaudeBot/1.0; +claudebot@anthropic.com)"
74.7.227.51 - - [10/Nov/2025:00:24:05 +0000] "GET /202xcvs2220.html?fileloc=/var/www/lamphim/data/logs/lamphimquangcao.net-backend.error.log.7.gz&path=/var/www/lamphim/data/logs HTTP/1.1" 200 2665 "-" "Mozilla/5.0 AppleWebKit/537.36 (KHTML, like Gecko; compatible; GPTBot/1.2; +https://openai.com/gptbot)"
74.7.227.189 - - [10/Nov/2025:00:24:06 +0000] "GET /?path=//sys/bus/node/devices/node0/memory1/subsystem/devices/memory12/subsystem/devices/memory12/subsystem/devices/memory3 HTTP/1.1" 200 3409 "-" "Mozilla/5.0 AppleWebKit/537.36 (KHTML, like Gecko; compatible; GPTBot/1.2; +https://openai.com/gptbot)"
50.19.221.48 - - [10/Nov/2025:00:24:06 +0000] "GET /our-works/tvc-bia-hello/?path=//sys/class/input/mouse0 HTTP/1.1" 200 3117 "-" "Mozilla/5.0 AppleWebKit/537.36 (KHTML, like Gecko; compatible; Amazonbot/0.1; +https://developer.amazon.com/support/amazonbot) Chrome/119.0.6045.214 Safari/537.36"
216.73.216.50 - - [10/Nov/2025:00:24:07 +0000] "GET /our-works/phim-viral-nestle?fileloc=%2F%2Fproc%2F3264%2Froot%2Fusr%2Flib%2Fpython3.8%2Fencodings%2Fcp424.py&path=%2F%2Fproc%2F3264%2Froot%2Fusr%2Flib%2Fpython3.8%2Fencodings HTTP/1.1" 200 5887 "-" "Mozilla/5.0 AppleWebKit/537.36 (KHTML, like Gecko; compatible; ClaudeBot/1.0; +claudebot@anthropic.com)"
74.7.227.51 - - [10/Nov/2025:00:24:07 +0000] "GET /202xcvs2220.html?fileloc=/var/www/lamphim/data/logs/lamphimquangcao.net-backend.error.log.8.gz&path=/var/www/lamphim/data/logs HTTP/1.1" 200 2665 "-" "Mozilla/5.0 AppleWebKit/537.36 (KHTML, like Gecko; compatible; GPTBot/1.2; +https://openai.com/gptbot)"
74.7.227.189 - - [10/Nov/2025:00:24:08 +0000] "GET /?path=//sys/bus/node/devices/node0/memory6/subsystem/devices/memory15/subsystem/devices/memory15/subsystem/devices/memory6/power HTTP/1.1" 200 3394 "-" "Mozilla/5.0 AppleWebKit/537.36 (KHTML, like Gecko; compatible; GPTBot/1.2; +https://openai.com/gptbot)"
216.73.216.50 - - [10/Nov/2025:00:24:08 +0000] "GET /our-works/tvc-caltex-havoline?path=%2F%2Fusr%2Flib%2Fmodules%2F5.4.0-216-generic%2Fkernel%2Fdrivers%2Fnet%2Fethernet%2Femulex HTTP/1.1" 200 2987 "-" "Mozilla/5.0 AppleWebKit/537.36 (KHTML, like Gecko; compatible; ClaudeBot/1.0; +claudebot@anthropic.com)"
