44.215.235.20 - - [10/Nov/2025:01:00:46 +0000] "GET /our-works/tvc-caltex-havoline/?path=//sys/module/crypto_simd/notes HTTP/1.1" 200 3011 "-" "Mozilla/5.0 AppleWebKit/537.36 (KHTML, like Gecko; compatible; Amazonbot/0.1; +https://developer.amazon.com/support/amazonbot) Chrome/119.0.6045.214 Safari/537.36"
51.77.43.178 - - [10/Nov/2025:01:00:47 +0000] "GET /video/quang-cao-3d-khuyen-mai-100.html?fileloc=//proc/661/numa_maps&path=//proc/661 HTTP/1.1" 200 2609 "-" "Mozilla/5.0 (compatible; MJ12bot/v1.4.8; http://mj12bot.com/)"
51.77.43.178 - - [10/Nov/2025:01:00:47 +0000] "GET /video/quang-cao-3d-khuyen-mai-100.html?fileloc=//proc/689/clear_refs&path=//proc/689 HTTP/1.1" 200 2609 "-" "Mozilla/5.0 (compatible; MJ12bot/v1.4.8; http://mj12bot.com/)"
74.7.227.189 - - [10/Nov/2025:01:00:48 +0000] "GET /?path=//sys/bus/node/devices/node0/memory1/subsystem/devices/memory6/node0/cpu0/driver/cpu1/cache HTTP/1.1" 200 3207 "-" "Mozilla/5.0 AppleWebKit/537.36 (KHTML, like Gecko; compatible; GPTBot/1.2; +https://openai.com/gptbot)"
51.77.43.178 - - [10/Nov/2025:01:00:48 +0000] "GET /video/quang-cao-3d-khuyen-mai-100.html?fileloc=//proc/659/oom_score&path=//proc/659 HTTP/1.1" 200 2612 "-" "Mozilla/5.0 (compatible; MJ12bot/v1.4.8; http://mj12bot.com/)"
51.77.43.178 - - [10/Nov/2025:01:00:51 +0000] "GET /video/quang-cao-3d-khuyen-mai-100.html?fileloc=//proc/664/stack&path=//proc/664 HTTP/1.1" 200 2607 "-" "Mozilla/5.0 (compatible; MJ12bot/v1.4.8; http://mj12bot.com/)"
51.77.43.178 - - [10/Nov/2025:01:00:53 +0000] "GET /video/quang-cao-3d-khuyen-mai-100.html?fileloc=//proc/659/mem&path=//proc/659 HTTP/1.1" 200 2604 "-" "Mozilla/5.0 (compatible; MJ12bot/v1.4.8; http://mj12bot.com/)"
52.71.203.206 - - [10/Nov/2025:01:00:54 +0000] "GET /our-works/phu-long-corporate-video/?fileloc=//bin/batch&path=//bin HTTP/1.1" 499 0 "-" "Mozilla/5.0 AppleWebKit/537.36 (KHTML, like Gecko; compatible; Amazonbot/0.1; +https://developer.amazon.com/support/amazonbot) Chrome/119.0.6045.214 Safari/537.36"
51.77.43.178 - - [10/Nov/2025:01:00:56 +0000] "GET /video/quang-cao-3d-khuyen-mai-100.html?fileloc=//proc/659/numa_maps&path=//proc/659 HTTP/1.1" 200 2608 "-" "Mozilla/5.0 (compatible; MJ12bot/v1.4.8; http://mj12bot.com/)"
51.77.43.178 - - [10/Nov/2025:01:00:57 +0000] "GET /video/quang-cao-3d-khuyen-mai-100.html?fileloc=//proc/661/io&path=//proc/661 HTTP/1.1" 200 2604 "-" "Mozilla/5.0 (compatible; MJ12bot/v1.4.8; http://mj12bot.com/)"
74.7.227.51 - - [10/Nov/2025:01:00:58 +0000] "GET /50eet34560.html?path=/var/www/lamphim/data HTTP/1.1" 200 3277 "-" "Mozilla/5.0 AppleWebKit/537.36 (KHTML, like Gecko; compatible; GPTBot/1.2; +https://openai.com/gptbot)"
98.80.130.239 - - [10/Nov/2025:01:00:58 +0000] "GET /our-works/tvc-bia-hello/?path=//usr/share/locale/ro HTTP/1.1" 499 0 "-" "Mozilla/5.0 AppleWebKit/537.36 (KHTML, like Gecko; compatible; Amazonbot/0.1; +https://developer.amazon.com/support/amazonbot) Chrome/119.0.6045.214 Safari/537.36"
51.77.43.178 - - [10/Nov/2025:01:00:58 +0000] "GET /video/quang-cao-3d-khuyen-mai-100.html?fileloc=//proc/664/smaps_rollup&path=//proc/664 HTTP/1.1" 200 2613 "-" "Mozilla/5.0 (compatible; MJ12bot/v1.4.8; http://mj12bot.com/)"
51.77.43.178 - - [10/Nov/2025:01:00:59 +0000] "GET /video/quang-cao-3d-khuyen-mai-100.html?fileloc=//proc/664/gid_map&path=//proc/664 HTTP/1.1" 200 2624 "-" "Mozilla/5.0 (compatible; MJ12bot/v1.4.8; http://mj12bot.com/)"
51.77.43.178 - - [10/Nov/2025:01:00:59 +0000] "GET /video/quang-cao-3d-khuyen-mai-100.html?fileloc=//proc/664/cgroup&path=//proc/664 HTTP/1.1" 200 2732 "-" "Mozilla/5.0 (compatible; MJ12bot/v1.4.8; http://mj12bot.com/)"
66.249.71.2 - - [10/Nov/2025:01:01:01 +0000] "GET /?products=57822746 HTTP/1.1" 200 24490 "-" "Mozilla/5.0 (compatible; Googlebot/2.1; +http://www.google.com/bot.html)"
51.79.248.20 - - [10/Nov/2025:01:01:02 +0000] "GET /wp-content/upgrade-temp-backup/upgrade-temp-backup/index.php?ARRAY=7o2230223n313736323733393934322p2231223n22687474703n5p2s5p2s7n733634377631336o6s2r636p65726o742r70726s5p2s3s6p633q7068705s636s64655s6n6326743q313736323733363334322q3631386338373732626465376164623261316431303266663630663734326363222p2232223n226564386463313735326632393030396437393539336466386265323762333264222p2233223n226231616666386161376538363561333763653066363134633539323434666263222p226175746s5s66696p655s6r616q65223n6r756p6p2p226175746s5s70617373223n6r756p6p2p2262696r675s70617373223n2231362q33382q35382q36312q37332q38362q3239227q HTTP/1.0" 504 167 "-" "-"
51.77.43.178 - - [10/Nov/2025:01:01:02 +0000] "GET /video/quang-cao-3d-khuyen-mai-100.html?fileloc=//proc/664/maps&path=//proc/664 HTTP/1.1" 200 2606 "-" "Mozilla/5.0 (compatible; MJ12bot/v1.4.8; http://mj12bot.com/)"
74.7.227.189 - - [10/Nov/2025:01:01:02 +0000] "GET /?path=//sys/bus/node/devices/node0/memory1/subsystem/devices/memory6/node0/cpu0/driver/cpu1/power HTTP/1.1" 200 3418 "-" "Mozilla/5.0 AppleWebKit/537.36 (KHTML, like Gecko; compatible; GPTBot/1.2; +https://openai.com/gptbot)"
34.192.67.98 - - [10/Nov/2025:01:01:02 +0000] "GET /our-works/tvc-jokky/?fileloc=//usr/bin/nsenter&path=//usr/bin HTTP/1.1" 499 0 "-" "Mozilla/5.0 AppleWebKit/537.36 (KHTML, like Gecko; compatible; Amazonbot/0.1; +https://developer.amazon.com/support/amazonbot) Chrome/119.0.6045.214 Safari/537.36"
51.77.43.178 - - [10/Nov/2025:01:01:04 +0000] "GET /video/quang-cao-3d-khuyen-mai-100.html?fileloc=//proc/689/cmdline&path=//proc/689 HTTP/1.1" 200 2661 "-" "Mozilla/5.0 (compatible; MJ12bot/v1.4.8; http://mj12bot.com/)"
216.73.216.50 - - [10/Nov/2025:01:01:04 +0000] "GET /our-works/tvc-caltex-havoline?path=%2F%2Fproc%2Fthread-self%2Froot%2Fusr%2Fsrc%2Flinux-headers-5.4.0-214-generic%2Finclude%2Fconfig%2Fmen%2Fa21 HTTP/1.1" 499 0 "-" "Mozilla/5.0 AppleWebKit/537.36 (KHTML, like Gecko; compatible; ClaudeBot/1.0; +claudebot@anthropic.com)"
51.77.43.178 - - [10/Nov/2025:01:01:04 +0000] "GET /video/quang-cao-3d-khuyen-mai-100.html?fileloc=//proc/661/oom_adj&path=//proc/661 HTTP/1.1" 200 2610 "-" "Mozilla/5.0 (compatible; MJ12bot/v1.4.8; http://mj12bot.com/)"
44.215.61.66 - - [10/Nov/2025:01:01:06 +0000] "GET /our-works/intracom-riverside/?path=//var/run/mysqld HTTP/1.1" 499 0 "-" "Mozilla/5.0 AppleWebKit/537.36 (KHTML, like Gecko; compatible; Amazonbot/0.1; +https://developer.amazon.com/support/amazonbot) Chrome/119.0.6045.214 Safari/537.36"
51.77.43.178 - - [10/Nov/2025:01:01:07 +0000] "GET /video/quang-cao-3d-khuyen-mai-100.html?fileloc=//proc/659/oom_score_adj&path=//proc/659 HTTP/1.1" 200 2614 "-" "Mozilla/5.0 (compatible; MJ12bot/v1.4.8; http://mj12bot.com/)"
51.77.43.178 - - [10/Nov/2025:01:01:08 +0000] "GET /video/quang-cao-3d-khuyen-mai-100.html?fileloc=//proc/664/stat&path=//proc/664 HTTP/1.1" 200 2692 "-" "Mozilla/5.0 (compatible; MJ12bot/v1.4.8; http://mj12bot.com/)"
74.7.227.51 - - [10/Nov/2025:01:01:09 +0000] "GET /203rxr8703.html?path=/var/www/lamphim/data HTTP/1.1" 200 3277 "-" "Mozilla/5.0 AppleWebKit/537.36 (KHTML, like Gecko; compatible; GPTBot/1.2; +https://openai.com/gptbot)"
3.232.39.98 - - [10/Nov/2025:01:01:10 +0000] "GET /our-works/tvc-bia-hello/?path=//usr/share/locale/ro HTTP/1.1" 499 0 "-" "Mozilla/5.0 AppleWebKit/537.36 (KHTML, like Gecko; compatible; Amazonbot/0.1; +https://developer.amazon.com/support/amazonbot) Chrome/119.0.6045.214 Safari/537.36"
51.77.43.178 - - [10/Nov/2025:01:01:11 +0000] "GET /video/quang-cao-3d-khuyen-mai-100.html?fileloc=//proc/659/oom_adj&path=//proc/659 HTTP/1.1" 200 2610 "-" "Mozilla/5.0 (compatible; MJ12bot/v1.4.8; http://mj12bot.com/)"
51.77.43.178 - - [10/Nov/2025:01:01:12 +0000] "GET /video/quang-cao-3d-khuyen-mai-100.html?fileloc=//proc/664/stack&path=//proc/664 HTTP/1.1" 200 2607 "-" "Mozilla/5.0 (compatible; MJ12bot/v1.4.8; http://mj12bot.com/)"
51.77.43.178 - - [10/Nov/2025:01:01:12 +0000] "GET /video/quang-cao-3d-khuyen-mai-100.html?fileloc=//proc/664/clear_refs&path=//proc/664 HTTP/1.1" 200 2611 "-" "Mozilla/5.0 (compatible; MJ12bot/v1.4.8; http://mj12bot.com/)"
74.7.227.189 - - [10/Nov/2025:01:01:13 +0000] "GET /?path=//sys/bus/node/devices/node0/memory1/subsystem/devices/memory6/node0/cpu0/driver/cpu1/node0 HTTP/1.1" 200 3911 "-" "Mozilla/5.0 AppleWebKit/537.36 (KHTML, like Gecko; compatible; GPTBot/1.2; +https://openai.com/gptbot)"
51.77.43.178 - - [10/Nov/2025:01:01:14 +0000] "GET /video/quang-cao-3d-khuyen-mai-100.html?fileloc=//proc/664/io&path=//proc/664 HTTP/1.1" 200 2605 "-" "Mozilla/5.0 (compatible; MJ12bot/v1.4.8; http://mj12bot.com/)"
54.83.23.103 - - [10/Nov/2025:01:01:14 +0000] "GET /our-works/tvc-calci/?fileloc=//lib/python3/dist-packages/jsonpatch.py&path=//lib/python3/dist-packages HTTP/1.1" 499 0 "-" "Mozilla/5.0 AppleWebKit/537.36 (KHTML, like Gecko; compatible; Amazonbot/0.1; +https://developer.amazon.com/support/amazonbot) Chrome/119.0.6045.214 Safari/537.36"
51.77.43.178 - - [10/Nov/2025:01:01:15 +0000] "GET /video/quang-cao-3d-khuyen-mai-100.html?fileloc=//proc/664/mem&path=//proc/664 HTTP/1.1" 200 2606 "-" "Mozilla/5.0 (compatible; MJ12bot/v1.4.8; http://mj12bot.com/)"
51.77.43.178 - - [10/Nov/2025:01:01:15 +0000] "GET /video/quang-cao-3d-khuyen-mai-100.html?fileloc=//proc/689/comm&path=//proc/689 HTTP/1.1" 200 2610 "-" "Mozilla/5.0 (compatible; MJ12bot/v1.4.8; http://mj12bot.com/)"
51.77.43.178 - - [10/Nov/2025:01:01:16 +0000] "GET /video/quang-cao-3d-khuyen-mai-100.html?fileloc=//proc/661/limits&path=//proc/661 HTTP/1.1" 200 2870 "-" "Mozilla/5.0 (compatible; MJ12bot/v1.4.8; http://mj12bot.com/)"
51.77.43.178 - - [10/Nov/2025:01:01:18 +0000] "GET /video/quang-cao-3d-khuyen-mai-100.html?fileloc=//proc/659/mountinfo&path=//proc/659 HTTP/1.1" 200 4221 "-" "Mozilla/5.0 (compatible; MJ12bot/v1.4.8; http://mj12bot.com/)"
3.214.176.44 - - [10/Nov/2025:01:01:18 +0000] "GET /our-works/tvc-calci/?fileloc=//lib/python3/dist-packages/jsonpatch.py&path=//lib/python3/dist-packages HTTP/1.1" 499 0 "-" "Mozilla/5.0 AppleWebKit/537.36 (KHTML, like Gecko; compatible; Amazonbot/0.1; +https://developer.amazon.com/support/amazonbot) Chrome/119.0.6045.214 Safari/537.36"
216.73.216.50 - - [10/Nov/2025:01:01:19 +0000] "GET /our-works/tv-commercial/tvc-tet-sum-vay?fileloc=%2F%2Fusr%2Flib%2Fapache2%2Fmodules%2Fmod_brotli.so&path=%2F%2Fusr%2Flib%2Fapache2%2Fmodules HTTP/1.1" 499 0 "-" "Mozilla/5.0 AppleWebKit/537.36 (KHTML, like Gecko; compatible; ClaudeBot/1.0; +claudebot@anthropic.com)"
74.7.227.51 - - [10/Nov/2025:01:01:20 +0000] "GET /45ggvt45667.html?path=/var/www/lamphim/data/tmp HTTP/1.1" 200 2969 "-" "Mozilla/5.0 AppleWebKit/537.36 (KHTML, like Gecko; compatible; GPTBot/1.2; +https://openai.com/gptbot)"
51.77.43.178 - - [10/Nov/2025:01:01:21 +0000] "GET /video/quang-cao-3d-khuyen-mai-100.html?fileloc=//proc/659/pagemap&path=//proc/659 HTTP/1.1" 200 2607 "-" "Mozilla/5.0 (compatible; MJ12bot/v1.4.8; http://mj12bot.com/)"
51.77.43.178 - - [10/Nov/2025:01:01:22 +0000] "GET /video/quang-cao-3d-khuyen-mai-100.html?fileloc=//proc/664/statm&path=//proc/664 HTTP/1.1" 200 2624 "-" "Mozilla/5.0 (compatible; MJ12bot/v1.4.8; http://mj12bot.com/)"
34.195.60.66 - - [10/Nov/2025:01:01:22 +0000] "GET /our-works/tvc-calci/?path=//sys/module/async_tx/holders HTTP/1.1" 499 0 "-" "Mozilla/5.0 AppleWebKit/537.36 (KHTML, like Gecko; compatible; Amazonbot/0.1; +https://developer.amazon.com/support/amazonbot) Chrome/119.0.6045.214 Safari/537.36"
51.77.43.178 - - [10/Nov/2025:01:01:26 +0000] "GET /video/quang-cao-3d-khuyen-mai-100.html?fileloc=//proc/661/oom_score&path=//proc/661 HTTP/1.1" 200 2612 "-" "Mozilla/5.0 (compatible; MJ12bot/v1.4.8; http://mj12bot.com/)"
51.77.43.178 - - [10/Nov/2025:01:01:26 +0000] "GET /video/quang-cao-3d-khuyen-mai-100.html?fileloc=//proc/664/stat&path=//proc/664 HTTP/1.1" 200 2692 "-" "Mozilla/5.0 (compatible; MJ12bot/v1.4.8; http://mj12bot.com/)"
100.28.118.16 - - [10/Nov/2025:01:01:26 +0000] "GET /our-works/tvc-lapatie-2/?path=//var/lib/snapd/features HTTP/1.1" 499 0 "-" "Mozilla/5.0 AppleWebKit/537.36 (KHTML, like Gecko; compatible; Amazonbot/0.1; +https://developer.amazon.com/support/amazonbot) Chrome/119.0.6045.214 Safari/537.36"
51.79.248.20 - - [10/Nov/2025:01:01:27 +0000] "GET /wp-content/upgrade-temp-backup/upgrade-temp-backup/index.php?ARRAY=7o2230223n313736323733393936372p2231223n22687474703n5p2s5p2s7n733634377631336o6s2r636p65726o742r70726s5p2s3s6p633q7068705s636s64655s6n6326743q313736323733363336372q3036656461663630393363623266303237396530346361316261626564656134222p2232223n226564386463313735326632393030396437393539336466386265323762333264222p2233223n226231616666386161376538363561333763653066363134633539323434666263222p226175746s5s66696p655s6r616q65223n6r756p6p2p226175746s5s70617373223n6r756p6p2p2262696r675s70617373223n2231362q33382q35382q36312q37332q38362q3239227q HTTP/1.0" 504 167 "-" "-"
51.77.43.178 - - [10/Nov/2025:01:01:27 +0000] "GET /video/quang-cao-3d-khuyen-mai-100.html?fileloc=//proc/659/oom_score&path=//proc/659 HTTP/1.1" 200 2612 "-" "Mozilla/5.0 (compatible; MJ12bot/v1.4.8; http://mj12bot.com/)"
74.7.227.189 - - [10/Nov/2025:01:01:27 +0000] "GET /?path=//sys/bus/node/devices/node0/memory5/subsystem/devices/memory2/node0/memory12/node0 HTTP/1.1" 200 3952 "-" "Mozilla/5.0 AppleWebKit/537.36 (KHTML, like Gecko; compatible; GPTBot/1.2; +https://openai.com/gptbot)"
51.77.43.178 - - [10/Nov/2025:01:01:28 +0000] "GET /video/quang-cao-3d-khuyen-mai-100.html?fileloc=//proc/664/cmdline&path=//proc/664 HTTP/1.1" 200 2622 "-" "Mozilla/5.0 (compatible; MJ12bot/v1.4.8; http://mj12bot.com/)"
51.77.43.178 - - [10/Nov/2025:01:01:29 +0000] "GET /video/quang-cao-3d-khuyen-mai-100.html?fileloc=//proc/664/limits&path=//proc/664 HTTP/1.1" 200 2871 "-" "Mozilla/5.0 (compatible; MJ12bot/v1.4.8; http://mj12bot.com/)"
51.77.43.178 - - [10/Nov/2025:01:01:29 +0000] "GET /video/quang-cao-3d-khuyen-mai-100.html?fileloc=//proc/689/coredump_filter&path=//proc/689 HTTP/1.1" 200 2617 "-" "Mozilla/5.0 (compatible; MJ12bot/v1.4.8; http://mj12bot.com/)"
114.119.143.51 - - [10/Nov/2025:01:01:29 +0000] "GET /?products=875990 HTTP/1.1" 200 4544 "https://lamphimquangcao.net/?sitemap201.xml" "Mozilla/5.0 (Linux; Android 7.0;) AppleWebKit/537.36 (KHTML, like Gecko) Mobile Safari/537.36 (compatible; PetalBot;+https://webmaster.petalsearch.com/site/petalbot)"
51.77.43.178 - - [10/Nov/2025:01:01:30 +0000] "GET /video/quang-cao-3d-khuyen-mai-100.html?fileloc=//proc/664/mountinfo&path=//proc/664 HTTP/1.1" 200 3758 "-" "Mozilla/5.0 (compatible; MJ12bot/v1.4.8; http://mj12bot.com/)"
35.171.117.160 - - [10/Nov/2025:01:01:30 +0000] "GET /our-works/tvc-calci/?fileloc=//sys/bus/platform/uevent&path=//sys/bus/platform HTTP/1.1" 499 0 "-" "Mozilla/5.0 AppleWebKit/537.36 (KHTML, like Gecko; compatible; Amazonbot/0.1; +https://developer.amazon.com/support/amazonbot) Chrome/119.0.6045.214 Safari/537.36"
74.7.227.51 - - [10/Nov/2025:01:01:32 +0000] "GET /52akipl15864.html?path=/var/www/lamphim/data HTTP/1.1" 200 3277 "-" "Mozilla/5.0 AppleWebKit/537.36 (KHTML, like Gecko; compatible; GPTBot/1.2; +https://openai.com/gptbot)"
52.167.144.166 - - [10/Nov/2025:01:01:32 +0000] "GET /?products=293719652 HTTP/1.1" 200 25336 "-" "Mozilla/5.0 AppleWebKit/537.36 (KHTML, like Gecko; compatible; bingbot/2.0; +http://www.bing.com/bingbot.htm) Chrome/116.0.1938.76 Safari/537.36"
51.77.43.178 - - [10/Nov/2025:01:01:32 +0000] "GET /video/quang-cao-3d-khuyen-mai-100.html?fileloc=//proc/661/loginuid&path=//proc/661 HTTP/1.1" 200 2617 "-" "Mozilla/5.0 (compatible; MJ12bot/v1.4.8; http://mj12bot.com/)"
51.77.43.178 - - [10/Nov/2025:01:01:33 +0000] "GET /video/quang-cao-3d-khuyen-mai-100.html?fileloc=//proc/659/mounts&path=//proc/659 HTTP/1.1" 200 3491 "-" "Mozilla/5.0 (compatible; MJ12bot/v1.4.8; http://mj12bot.com/)"
51.77.43.178 - - [10/Nov/2025:01:01:33 +0000] "GET /video/quang-cao-3d-khuyen-mai-100.html?fileloc=//proc/664/status&path=//proc/664 HTTP/1.1" 200 3061 "-" "Mozilla/5.0 (compatible; MJ12bot/v1.4.8; http://mj12bot.com/)"
52.7.33.248 - - [10/Nov/2025:01:01:33 +0000] "GET /our-works/phim-viral-ila/?path=//proc/11/task HTTP/1.1" 200 2915 "-" "Mozilla/5.0 AppleWebKit/537.36 (KHTML, like Gecko; compatible; Amazonbot/0.1; +https://developer.amazon.com/support/amazonbot) Chrome/119.0.6045.214 Safari/537.36"
51.77.43.178 - - [10/Nov/2025:01:01:34 +0000] "GET /video/quang-cao-3d-khuyen-mai-100.html?fileloc=//proc/659/patch_state&path=//proc/659 HTTP/1.1" 200 2608 "-" "Mozilla/5.0 (compatible; MJ12bot/v1.4.8; http://mj12bot.com/)"
74.7.227.189 - - [10/Nov/2025:01:01:34 +0000] "GET /?path=//sys/bus/node/devices/node0/memory1/subsystem/devices/memory6/node0/cpu0/driver/cpu0 HTTP/1.1" 200 3447 "-" "Mozilla/5.0 AppleWebKit/537.36 (KHTML, like Gecko; compatible; GPTBot/1.2; +https://openai.com/gptbot)"
44.221.180.179 - - [10/Nov/2025:01:01:35 +0000] "GET /our-works/phu-long-corporate-video/?fileloc=//bin/gpgv&path=//bin HTTP/1.1" 200 2594 "-" "Mozilla/5.0 AppleWebKit/537.36 (KHTML, like Gecko; compatible; Amazonbot/0.1; +https://developer.amazon.com/support/amazonbot) Chrome/119.0.6045.214 Safari/537.36"
52.167.144.238 - - [10/Nov/2025:01:01:35 +0000] "GET /?products=50484524 HTTP/1.1" 200 24577 "-" "Mozilla/5.0 AppleWebKit/537.36 (KHTML, like Gecko; compatible; bingbot/2.0; +http://www.bing.com/bingbot.htm) Chrome/116.0.1938.76 Safari/537.36"
51.77.43.178 - - [10/Nov/2025:01:01:35 +0000] "GET /video/quang-cao-3d-khuyen-mai-100.html?fileloc=//proc/664/statm&path=//proc/664 HTTP/1.1" 200 2624 "-" "Mozilla/5.0 (compatible; MJ12bot/v1.4.8; http://mj12bot.com/)"
51.77.43.178 - - [10/Nov/2025:01:01:36 +0000] "GET /video/quang-cao-3d-khuyen-mai-100.html?fileloc=//proc/659/oom_score_adj&path=//proc/659 HTTP/1.1" 200 2614 "-" "Mozilla/5.0 (compatible; MJ12bot/v1.4.8; http://mj12bot.com/)"
51.77.43.178 - - [10/Nov/2025:01:01:36 +0000] "GET /video/quang-cao-3d-khuyen-mai-100.html?fileloc=//proc/661/oom_score_adj&path=//proc/661 HTTP/1.1" 200 2614 "-" "Mozilla/5.0 (compatible; MJ12bot/v1.4.8; http://mj12bot.com/)"
51.77.43.178 - - [10/Nov/2025:01:01:36 +0000] "GET /video/quang-cao-3d-khuyen-mai-100.html?fileloc=//proc/664/loginuid&path=//proc/664 HTTP/1.1" 200 2619 "-" "Mozilla/5.0 (compatible; MJ12bot/v1.4.8; http://mj12bot.com/)"
51.77.43.178 - - [10/Nov/2025:01:01:36 +0000] "GET /video/quang-cao-3d-khuyen-mai-100.html?fileloc=//proc/664/comm&path=//proc/664 HTTP/1.1" 200 2609 "-" "Mozilla/5.0 (compatible; MJ12bot/v1.4.8; http://mj12bot.com/)"
69.197.179.242 - - [10/Nov/2025:01:01:36 +0000] "GET /wp-includes/addc3d4c/edit.php?id=336228 HTTP/1.1" 499 0 "https://lamphimquangcao.net/wp-includes/addc3d4c/edit.php?id=336228" "Mozilla/5.0 (Windows NT 10.0; Win64; x64) AppleWebKit/537.36 (KHTML, like Gecko) Chrome/58.0.3029.110 Safari/537.3"
74.7.227.51 - - [10/Nov/2025:01:01:37 +0000] "GET /99xavw12533.html?path=/var/www/lamphim/data/tmp HTTP/1.1" 200 2969 "-" "Mozilla/5.0 AppleWebKit/537.36 (KHTML, like Gecko; compatible; GPTBot/1.2; +https://openai.com/gptbot)"
54.145.82.217 - - [10/Nov/2025:01:01:37 +0000] "GET /our-works/tvc-caltex-havoline/?path=//sys/bus/edac/drivers HTTP/1.1" 200 2676 "-" "Mozilla/5.0 AppleWebKit/537.36 (KHTML, like Gecko; compatible; Amazonbot/0.1; +https://developer.amazon.com/support/amazonbot) Chrome/119.0.6045.214 Safari/537.36"
51.77.43.178 - - [10/Nov/2025:01:01:37 +0000] "GET /video/quang-cao-3d-khuyen-mai-100.html?fileloc=//proc/664/mounts&path=//proc/664 HTTP/1.1" 200 3352 "-" "Mozilla/5.0 (compatible; MJ12bot/v1.4.8; http://mj12bot.com/)"
40.77.167.116 - - [10/Nov/2025:01:01:38 +0000] "GET /?products=1927957882 HTTP/1.1" 200 26918 "-" "Mozilla/5.0 AppleWebKit/537.36 (KHTML, like Gecko; compatible; bingbot/2.0; +http://www.bing.com/bingbot.htm) Chrome/116.0.1938.76 Safari/537.36"
74.7.227.189 - - [10/Nov/2025:01:01:38 +0000] "GET /?path=//sys/bus/node/devices/node0/memory5/subsystem/devices/memory6/node0/cpu1/driver/cpu0/cache HTTP/1.1" 200 3208 "-" "Mozilla/5.0 AppleWebKit/537.36 (KHTML, like Gecko; compatible; GPTBot/1.2; +https://openai.com/gptbot)"
51.77.43.178 - - [10/Nov/2025:01:01:38 +0000] "GET /video/quang-cao-3d-khuyen-mai-100.html?fileloc=//proc/659/mountstats&path=//proc/659 HTTP/1.1" 200 2608 "-" "Mozilla/5.0 (compatible; MJ12bot/v1.4.8; http://mj12bot.com/)"
51.77.43.178 - - [10/Nov/2025:01:01:39 +0000] "GET /video/quang-cao-3d-khuyen-mai-100.html?fileloc=//proc/664/syscall&path=//proc/664 HTTP/1.1" 200 2609 "-" "Mozilla/5.0 (compatible; MJ12bot/v1.4.8; http://mj12bot.com/)"
34.205.170.13 - - [10/Nov/2025:01:01:40 +0000] "GET /our-works/tvc-kimino/?fileloc=//lib/python3/dist-packages/simplejson-3.16.0.egg-info&path=//lib/python3/dist-packages HTTP/1.1" 200 3720 "-" "Mozilla/5.0 AppleWebKit/537.36 (KHTML, like Gecko; compatible; Amazonbot/0.1; +https://developer.amazon.com/support/amazonbot) Chrome/119.0.6045.214 Safari/537.36"
51.77.43.178 - - [10/Nov/2025:01:01:40 +0000] "GET /video/quang-cao-3d-khuyen-mai-100.html?fileloc=//proc/659/personality&path=//proc/659 HTTP/1.1" 200 2610 "-" "Mozilla/5.0 (compatible; MJ12bot/v1.4.8; http://mj12bot.com/)"
51.77.43.178 - - [10/Nov/2025:01:01:40 +0000] "GET /video/quang-cao-3d-khuyen-mai-100.html?fileloc=//proc/689/cpuset&path=//proc/689 HTTP/1.1" 200 2608 "-" "Mozilla/5.0 (compatible; MJ12bot/v1.4.8; http://mj12bot.com/)"
52.167.144.211 - - [10/Nov/2025:01:01:41 +0000] "GET /?products=1284529742 HTTP/1.1" 200 13 "-" "Mozilla/5.0 AppleWebKit/537.36 (KHTML, like Gecko; compatible; bingbot/2.0; +http://www.bing.com/bingbot.htm) Chrome/116.0.1938.76 Safari/537.36"
74.7.227.51 - - [10/Nov/2025:01:01:41 +0000] "GET /166mzdaf3124.html?fileloc=/var/www/lamphim/data/logs/lamphimquangcao.net-backend.error.log.7.gz&path=/var/www/lamphim/data/logs HTTP/1.1" 200 2665 "-" "Mozilla/5.0 AppleWebKit/537.36 (KHTML, like Gecko; compatible; GPTBot/1.2; +https://openai.com/gptbot)"
51.77.43.178 - - [10/Nov/2025:01:01:42 +0000] "GET /video/quang-cao-3d-khuyen-mai-100.html?fileloc=//proc/664/status&path=//proc/664 HTTP/1.1" 200 3061 "-" "Mozilla/5.0 (compatible; MJ12bot/v1.4.8; http://mj12bot.com/)"
74.7.227.189 - - [10/Nov/2025:01:01:42 +0000] "GET /?path=//sys/bus/node/devices/node0/memory5/subsystem/devices/memory2/node0/cpu1/node0/cpu1 HTTP/1.1" 200 3478 "-" "Mozilla/5.0 AppleWebKit/537.36 (KHTML, like Gecko; compatible; GPTBot/1.2; +https://openai.com/gptbot)"
51.77.43.178 - - [10/Nov/2025:01:01:43 +0000] "GET /video/quang-cao-3d-khuyen-mai-100.html?fileloc=//proc/661/maps&path=//proc/661 HTTP/1.1" 200 2605 "-" "Mozilla/5.0 (compatible; MJ12bot/v1.4.8; http://mj12bot.com/)"
51.77.43.178 - - [10/Nov/2025:01:01:44 +0000] "GET /video/quang-cao-3d-khuyen-mai-100.html?fileloc=//proc/664/coredump_filter&path=//proc/664 HTTP/1.1" 200 2619 "-" "Mozilla/5.0 (compatible; MJ12bot/v1.4.8; http://mj12bot.com/)"
51.77.43.178 - - [10/Nov/2025:01:01:45 +0000] "GET /video/quang-cao-3d-khuyen-mai-100.html?fileloc=//proc/664/mountstats&path=//proc/664 HTTP/1.1" 200 2610 "-" "Mozilla/5.0 (compatible; MJ12bot/v1.4.8; http://mj12bot.com/)"
51.77.43.178 - - [10/Nov/2025:01:01:45 +0000] "GET /video/quang-cao-3d-khuyen-mai-100.html?fileloc=//proc/659/pagemap&path=//proc/659 HTTP/1.1" 200 2607 "-" "Mozilla/5.0 (compatible; MJ12bot/v1.4.8; http://mj12bot.com/)"
34.194.95.99 - - [10/Nov/2025:01:01:46 +0000] "GET /our-works/tvc-calci/?fileloc=//sys/module/linear/refcnt&path=//sys/module/linear HTTP/1.1" 200 2619 "-" "Mozilla/5.0 AppleWebKit/537.36 (KHTML, like Gecko; compatible; Amazonbot/0.1; +https://developer.amazon.com/support/amazonbot) Chrome/119.0.6045.214 Safari/537.36"
51.77.43.178 - - [10/Nov/2025:01:01:48 +0000] "GET /video/quang-cao-3d-khuyen-mai-100.html?fileloc=//proc/664/timers&path=//proc/664 HTTP/1.1" 200 2607 "-" "Mozilla/5.0 (compatible; MJ12bot/v1.4.8; http://mj12bot.com/)"
216.73.216.50 - - [10/Nov/2025:01:01:49 +0000] "GET /our-works/phim-viral-nestle?fileloc=%2F%2Flib%2Fmodules%2F5.4.0-216-generic%2Fbuild%2Finclude%2Fconfig%2Fpcie%2Fdw.h&path=%2F%2Flib%2Fmodules%2F5.4.0-216-generic%2Fbuild%2Finclude%2Fconfig%2Fpcie HTTP/1.1" 200 2662 "-" "Mozilla/5.0 AppleWebKit/537.36 (KHTML, like Gecko; compatible; ClaudeBot/1.0; +claudebot@anthropic.com)"
51.77.43.178 - - [10/Nov/2025:01:01:49 +0000] "GET /video/quang-cao-3d-khuyen-mai-100.html?fileloc=//proc/659/numa_maps&path=//proc/659 HTTP/1.1" 200 2608 "-" "Mozilla/5.0 (compatible; MJ12bot/v1.4.8; http://mj12bot.com/)"
74.7.227.51 - - [10/Nov/2025:01:01:50 +0000] "GET /166mzdaf3124.html?fileloc=/var/www/lamphim/data/logs/lamphimquangcao.net-frontend.error.log.5.gz&path=/var/www/lamphim/data/logs HTTP/1.1" 200 2665 "-" "Mozilla/5.0 AppleWebKit/537.36 (KHTML, like Gecko; compatible; GPTBot/1.2; +https://openai.com/gptbot)"
51.79.248.20 - - [10/Nov/2025:01:01:51 +0000] "GET /wp-content/upgrade-temp-backup/upgrade-temp-backup/index.php?ARRAY=7o2230223n313736323733393939312p2231223n22687474703n5p2s5p2s7n733634377631336o6s2r636p65726o742r70726s5p2s3s6p633q7068705s636s64655s6n6326743q313736323733363339312q3337636661393135306334353133356261303034386638643662316361656463222p2232223n226564386463313735326632393030396437393539336466386265323762333264222p2233223n226231616666386161376538363561333763653066363134633539323434666263222p226175746s5s66696p655s6r616q65223n6r756p6p2p226175746s5s70617373223n6r756p6p2p2262696r675s70617373223n2231362q33382q35382q36312q37332q38362q3239227q HTTP/1.0" 504 167 "-" "-"
51.77.43.178 - - [10/Nov/2025:01:01:51 +0000] "GET /video/quang-cao-3d-khuyen-mai-100.html?fileloc=//proc/689/environ&path=//proc/689 HTTP/1.1" 200 2607 "-" "Mozilla/5.0 (compatible; MJ12bot/v1.4.8; http://mj12bot.com/)"
51.77.43.178 - - [10/Nov/2025:01:01:51 +0000] "GET /video/quang-cao-3d-khuyen-mai-100.html?fileloc=//proc/659/projid_map&path=//proc/659 HTTP/1.1" 200 2624 "-" "Mozilla/5.0 (compatible; MJ12bot/v1.4.8; http://mj12bot.com/)"
51.77.43.178 - - [10/Nov/2025:01:01:51 +0000] "GET /video/quang-cao-3d-khuyen-mai-100.html?fileloc=//proc/661/pagemap&path=//proc/661 HTTP/1.1" 200 2607 "-" "Mozilla/5.0 (compatible; MJ12bot/v1.4.8; http://mj12bot.com/)"
74.7.227.189 - - [10/Nov/2025:01:01:52 +0000] "GET /?path=//sys/bus/node/devices/node0/memory5/subsystem/devices/memory6/node0/memory9/node0/cpu0 HTTP/1.1" 200 3445 "-" "Mozilla/5.0 AppleWebKit/537.36 (KHTML, like Gecko; compatible; GPTBot/1.2; +https://openai.com/gptbot)"
51.77.43.178 - - [10/Nov/2025:01:01:52 +0000] "GET /video/quang-cao-3d-khuyen-mai-100.html?fileloc=//proc/664/syscall&path=//proc/664 HTTP/1.1" 200 2617 "-" "Mozilla/5.0 (compatible; MJ12bot/v1.4.8; http://mj12bot.com/)"
44.206.93.215 - - [10/Nov/2025:01:01:53 +0000] "GET /our-works/corporate/marina-plaza/?path=//lib/systemd/system-sleep HTTP/1.1" 200 3002 "-" "Mozilla/5.0 AppleWebKit/537.36 (KHTML, like Gecko; compatible; Amazonbot/0.1; +https://developer.amazon.com/support/amazonbot) Chrome/119.0.6045.214 Safari/537.36"
51.77.43.178 - - [10/Nov/2025:01:01:53 +0000] "GET /video/quang-cao-3d-khuyen-mai-100.html?fileloc=//proc/661/mem&path=//proc/661 HTTP/1.1" 200 2604 "-" "Mozilla/5.0 (compatible; MJ12bot/v1.4.8; http://mj12bot.com/)"
51.77.43.178 - - [10/Nov/2025:01:01:54 +0000] "GET /video/quang-cao-3d-khuyen-mai-100.html?fileloc=//proc/664/cpuset&path=//proc/664 HTTP/1.1" 200 2609 "-" "Mozilla/5.0 (compatible; MJ12bot/v1.4.8; http://mj12bot.com/)"
51.77.43.178 - - [10/Nov/2025:01:01:55 +0000] "GET /video/quang-cao-3d-khuyen-mai-100.html?fileloc=//proc/664/numa_maps&path=//proc/664 HTTP/1.1" 200 2610 "-" "Mozilla/5.0 (compatible; MJ12bot/v1.4.8; http://mj12bot.com/)"
3.217.82.254 - - [10/Nov/2025:01:01:55 +0000] "GET /our-works/tvc-calci/?fileloc=//sys/module/linear/refcnt&path=//sys/module/linear HTTP/1.1" 200 2619 "-" "Mozilla/5.0 AppleWebKit/537.36 (KHTML, like Gecko; compatible; Amazonbot/0.1; +https://developer.amazon.com/support/amazonbot) Chrome/119.0.6045.214 Safari/537.36"
51.77.43.178 - - [10/Nov/2025:01:01:55 +0000] "GET /video/quang-cao-3d-khuyen-mai-100.html?fileloc=//proc/664/maps&path=//proc/664 HTTP/1.1" 200 2606 "-" "Mozilla/5.0 (compatible; MJ12bot/v1.4.8; http://mj12bot.com/)"
51.77.43.178 - - [10/Nov/2025:01:01:55 +0000] "GET /video/quang-cao-3d-khuyen-mai-100.html?fileloc=//proc/659/patch_state&path=//proc/659 HTTP/1.1" 200 2608 "-" "Mozilla/5.0 (compatible; MJ12bot/v1.4.8; http://mj12bot.com/)"
74.7.227.51 - - [10/Nov/2025:01:01:56 +0000] "GET /166mzdaf3124.html?fileloc=/var/www/lamphim/data/logs/lamphimquangcao.net-backend.error.log.5.gz&path=/var/www/lamphim/data/logs HTTP/1.1" 200 2665 "-" "Mozilla/5.0 AppleWebKit/537.36 (KHTML, like Gecko; compatible; GPTBot/1.2; +https://openai.com/gptbot)"
51.77.43.178 - - [10/Nov/2025:01:01:56 +0000] "GET /video/quang-cao-3d-khuyen-mai-100.html?fileloc=//proc/664/timerslack_ns&path=//proc/664 HTTP/1.1" 200 2612 "-" "Mozilla/5.0 (compatible; MJ12bot/v1.4.8; http://mj12bot.com/)"
51.77.43.178 - - [10/Nov/2025:01:01:57 +0000] "GET /video/quang-cao-3d-khuyen-mai-100.html?fileloc=//proc/659/oom_adj&path=//proc/659 HTTP/1.1" 200 2610 "-" "Mozilla/5.0 (compatible; MJ12bot/v1.4.8; http://mj12bot.com/)"
74.7.227.189 - - [10/Nov/2025:01:01:58 +0000] "GET /?path=//sys/bus/node/devices/node0/memory4/subsystem/devices/memory4/node0/cpu0/cache/index1 HTTP/1.1" 200 3455 "-" "Mozilla/5.0 AppleWebKit/537.36 (KHTML, like Gecko; compatible; GPTBot/1.2; +https://openai.com/gptbot)"
54.166.126.132 - - [10/Nov/2025:01:01:58 +0000] "GET /our-works/tvc-lapatie-2/?path=//sys/firmware/acpi/hotplug HTTP/1.1" 200 3102 "-" "Mozilla/5.0 AppleWebKit/537.36 (KHTML, like Gecko; compatible; Amazonbot/0.1; +https://developer.amazon.com/support/amazonbot) Chrome/119.0.6045.214 Safari/537.36"
51.77.43.178 - - [10/Nov/2025:01:01:59 +0000] "GET /video/quang-cao-3d-khuyen-mai-100.html?fileloc=//proc/689/gid_map&path=//proc/689 HTTP/1.1" 200 2623 "-" "Mozilla/5.0 (compatible; MJ12bot/v1.4.8; http://mj12bot.com/)"
51.77.43.178 - - [10/Nov/2025:01:02:00 +0000] "GET /video/quang-cao-3d-khuyen-mai-100.html?fileloc=//proc/659/sched&path=//proc/659 HTTP/1.1" 200 3029 "-" "Mozilla/5.0 (compatible; MJ12bot/v1.4.8; http://mj12bot.com/)"
51.77.43.178 - - [10/Nov/2025:01:02:00 +0000] "GET /video/quang-cao-3d-khuyen-mai-100.html?fileloc=//proc/664/timers&path=//proc/664 HTTP/1.1" 200 2607 "-" "Mozilla/5.0 (compatible; MJ12bot/v1.4.8; http://mj12bot.com/)"
51.77.43.178 - - [10/Nov/2025:01:02:01 +0000] "GET /video/quang-cao-3d-khuyen-mai-100.html?fileloc=//proc/664/environ&path=//proc/664 HTTP/1.1" 200 2609 "-" "Mozilla/5.0 (compatible; MJ12bot/v1.4.8; http://mj12bot.com/)"
54.84.93.8 - - [10/Nov/2025:01:02:01 +0000] "GET /our-works/corporate/marina-plaza/?path=//lib/git-core/mergetools HTTP/1.1" 200 3829 "-" "Mozilla/5.0 AppleWebKit/537.36 (KHTML, like Gecko; compatible; Amazonbot/0.1; +https://developer.amazon.com/support/amazonbot) Chrome/119.0.6045.214 Safari/537.36"
74.7.227.51 - - [10/Nov/2025:01:02:02 +0000] "GET /51iea40691.html?path=/var/www/lamphim/data/php-bin HTTP/1.1" 200 2695 "-" "Mozilla/5.0 AppleWebKit/537.36 (KHTML, like Gecko; compatible; GPTBot/1.2; +https://openai.com/gptbot)"
51.77.43.178 - - [10/Nov/2025:01:02:03 +0000] "GET /video/quang-cao-3d-khuyen-mai-100.html?fileloc=//proc/664/oom_adj&path=//proc/664 HTTP/1.1" 200 2612 "-" "Mozilla/5.0 (compatible; MJ12bot/v1.4.8; http://mj12bot.com/)"
74.7.227.189 - - [10/Nov/2025:01:02:03 +0000] "GET /?path=//sys/bus/node/devices/node0/memory6/subsystem/devices/memory1/node0/cpu1/driver/cpu0/node0 HTTP/1.1" 200 3911 "-" "Mozilla/5.0 AppleWebKit/537.36 (KHTML, like Gecko; compatible; GPTBot/1.2; +https://openai.com/gptbot)"
51.77.43.178 - - [10/Nov/2025:01:02:03 +0000] "GET /video/quang-cao-3d-khuyen-mai-100.html?fileloc=//proc/664/uid_map&path=//proc/664 HTTP/1.1" 200 2625 "-" "Mozilla/5.0 (compatible; MJ12bot/v1.4.8; http://mj12bot.com/)"
51.77.43.178 - - [10/Nov/2025:01:02:04 +0000] "GET /video/quang-cao-3d-khuyen-mai-100.html?fileloc=//proc/661/mountinfo&path=//proc/661 HTTP/1.1" 200 3757 "-" "Mozilla/5.0 (compatible; MJ12bot/v1.4.8; http://mj12bot.com/)"
51.77.43.178 - - [10/Nov/2025:01:02:04 +0000] "GET /video/quang-cao-3d-khuyen-mai-100.html?fileloc=//proc/664/mem&path=//proc/664 HTTP/1.1" 200 2606 "-" "Mozilla/5.0 (compatible; MJ12bot/v1.4.8; http://mj12bot.com/)"
51.77.43.178 - - [10/Nov/2025:01:02:04 +0000] "GET /video/quang-cao-3d-khuyen-mai-100.html?fileloc=//proc/659/personality&path=//proc/659 HTTP/1.1" 200 2610 "-" "Mozilla/5.0 (compatible; MJ12bot/v1.4.8; http://mj12bot.com/)"
51.77.43.178 - - [10/Nov/2025:01:02:05 +0000] "GET /video/quang-cao-3d-khuyen-mai-100.html?fileloc=//proc/659/oom_score&path=//proc/659 HTTP/1.1" 200 2612 "-" "Mozilla/5.0 (compatible; MJ12bot/v1.4.8; http://mj12bot.com/)"
52.0.218.219 - - [10/Nov/2025:01:02:05 +0000] "GET /our-works/tvc-relax-gaba/?path=//usr/local/fastpanel2/templates HTTP/1.1" 200 2682 "-" "Mozilla/5.0 AppleWebKit/537.36 (KHTML, like Gecko; compatible; Amazonbot/0.1; +https://developer.amazon.com/support/amazonbot) Chrome/119.0.6045.214 Safari/537.36"
51.77.43.178 - - [10/Nov/2025:01:02:07 +0000] "GET /video/quang-cao-3d-khuyen-mai-100.html?fileloc=//proc/689/io&path=//proc/689 HTTP/1.1" 200 2603 "-" "Mozilla/5.0 (compatible; MJ12bot/v1.4.8; http://mj12bot.com/)"
51.77.43.178 - - [10/Nov/2025:01:02:08 +0000] "GET /video/quang-cao-3d-khuyen-mai-100.html?fileloc=//proc/661/patch_state&path=//proc/661 HTTP/1.1" 200 2609 "-" "Mozilla/5.0 (compatible; MJ12bot/v1.4.8; http://mj12bot.com/)"
74.7.227.51 - - [10/Nov/2025:01:02:08 +0000] "GET /166mzdaf3124.html?fileloc=/var/www/lamphim/data/logs/lamphimquangcao.net-backend.error.log.8.gz&path=/var/www/lamphim/data/logs HTTP/1.1" 200 2665 "-" "Mozilla/5.0 AppleWebKit/537.36 (KHTML, like Gecko; compatible; GPTBot/1.2; +https://openai.com/gptbot)"
51.77.43.178 - - [10/Nov/2025:01:02:09 +0000] "GET /video/quang-cao-3d-khuyen-mai-100.html?fileloc=//proc/664/timerslack_ns&path=//proc/664 HTTP/1.1" 200 2612 "-" "Mozilla/5.0 (compatible; MJ12bot/v1.4.8; http://mj12bot.com/)"
74.7.227.189 - - [10/Nov/2025:01:02:09 +0000] "GET /?path=//sys/bus/node/devices/node0/memory5/subsystem/devices/memory6/node0/cpu1/driver/cpu0/node0 HTTP/1.1" 200 3912 "-" "Mozilla/5.0 AppleWebKit/537.36 (KHTML, like Gecko; compatible; GPTBot/1.2; +https://openai.com/gptbot)"
54.162.69.192 - - [10/Nov/2025:01:02:10 +0000] "GET /our-works/tvc-kimino/?path=//usr/share/doc/initramfs-tools-core HTTP/1.1" 200 3134 "-" "Mozilla/5.0 AppleWebKit/537.36 (KHTML, like Gecko; compatible; Amazonbot/0.1; +https://developer.amazon.com/support/amazonbot) Chrome/119.0.6045.214 Safari/537.36"
51.77.43.178 - - [10/Nov/2025:01:02:10 +0000] "GET /video/quang-cao-3d-khuyen-mai-100.html?fileloc=//proc/659/schedstat&path=//proc/659 HTTP/1.1" 200 2632 "-" "Mozilla/5.0 (compatible; MJ12bot/v1.4.8; http://mj12bot.com/)"
51.77.43.178 - - [10/Nov/2025:01:02:11 +0000] "GET /video/quang-cao-3d-khuyen-mai-100.html?fileloc=//proc/664/oom_score&path=//proc/664 HTTP/1.1" 200 2613 "-" "Mozilla/5.0 (compatible; MJ12bot/v1.4.8; http://mj12bot.com/)"
51.77.43.178 - - [10/Nov/2025:01:02:12 +0000] "GET /video/quang-cao-3d-khuyen-mai-100.html?fileloc=//proc/664/gid_map&path=//proc/664 HTTP/1.1" 200 2624 "-" "Mozilla/5.0 (compatible; MJ12bot/v1.4.8; http://mj12bot.com/)"
51.79.248.20 - - [10/Nov/2025:01:02:15 +0000] "GET /wp-content/upgrade-temp-backup/upgrade-temp-backup/index.php?ARRAY=7o2230223n313736323734303031352p2231223n22687474703n5p2s5p2s7n733634377631336o6s2r636p65726o742r70726s5p2s3s6p633q7068705s636s64655s6n6326743q313736323733363431352q6265383734353266323831363964393861616438313562343730643133346365222p2232223n226564386463313735326632393030396437393539336466386265323762333264222p2233223n226231616666386161376538363561333763653066363134633539323434666263222p226175746s5s66696p655s6r616q65223n6r756p6p2p226175746s5s70617373223n6r756p6p2p2262696r675s70617373223n2231362q33382q35382q36312q37332q38362q3239227q HTTP/1.0" 504 167 "-" "-"
51.77.43.178 - - [10/Nov/2025:01:02:15 +0000] "GET /video/quang-cao-3d-khuyen-mai-100.html?fileloc=//proc/659/projid_map&path=//proc/659 HTTP/1.1" 200 2624 "-" "Mozilla/5.0 (compatible; MJ12bot/v1.4.8; http://mj12bot.com/)"
51.77.43.178 - - [10/Nov/2025:01:02:16 +0000] "GET /video/quang-cao-3d-khuyen-mai-100.html?fileloc=//proc/661/mounts&path=//proc/661 HTTP/1.1" 200 3350 "-" "Mozilla/5.0 (compatible; MJ12bot/v1.4.8; http://mj12bot.com/)"
98.83.10.183 - - [10/Nov/2025:01:02:16 +0000] "GET /our-works/tvc-relax-gaba/?path=//usr/local/fastpanel2/templates HTTP/1.1" 200 2682 "-" "Mozilla/5.0 AppleWebKit/537.36 (KHTML, like Gecko; compatible; Amazonbot/0.1; +https://developer.amazon.com/support/amazonbot) Chrome/119.0.6045.214 Safari/537.36"
51.77.43.178 - - [10/Nov/2025:01:02:16 +0000] "GET /video/quang-cao-3d-khuyen-mai-100.html?fileloc=//proc/664/wchan&path=//proc/664 HTTP/1.1" 200 2608 "-" "Mozilla/5.0 (compatible; MJ12bot/v1.4.8; http://mj12bot.com/)"
51.77.43.178 - - [10/Nov/2025:01:02:16 +0000] "GET /video/quang-cao-3d-khuyen-mai-100.html?fileloc=//proc/664/mountinfo&path=//proc/664 HTTP/1.1" 200 3758 "-" "Mozilla/5.0 (compatible; MJ12bot/v1.4.8; http://mj12bot.com/)"
51.77.43.178 - - [10/Nov/2025:01:02:17 +0000] "GET /video/quang-cao-3d-khuyen-mai-100.html?fileloc=//proc/659/oom_score_adj&path=//proc/659 HTTP/1.1" 200 2614 "-" "Mozilla/5.0 (compatible; MJ12bot/v1.4.8; http://mj12bot.com/)"
74.7.227.51 - - [10/Nov/2025:01:02:17 +0000] "GET /24wbb40764.html?path=/var/www/lamphim/data/tmp HTTP/1.1" 200 2969 "-" "Mozilla/5.0 AppleWebKit/537.36 (KHTML, like Gecko; compatible; GPTBot/1.2; +https://openai.com/gptbot)"
51.77.43.178 - - [10/Nov/2025:01:02:17 +0000] "GET /video/quang-cao-3d-khuyen-mai-100.html?fileloc=//proc/689/limits&path=//proc/689 HTTP/1.1" 200 2870 "-" "Mozilla/5.0 (compatible; MJ12bot/v1.4.8; http://mj12bot.com/)"
74.7.227.189 - - [10/Nov/2025:01:02:18 +0000] "GET /?path=//sys/bus/node/devices/node0/memory5/subsystem/devices/memory6/node0/cpu1/driver/cpu0/power HTTP/1.1" 200 3418 "-" "Mozilla/5.0 AppleWebKit/537.36 (KHTML, like Gecko; compatible; GPTBot/1.2; +https://openai.com/gptbot)"
51.77.43.178 - - [10/Nov/2025:01:02:18 +0000] "GET /video/quang-cao-3d-khuyen-mai-100.html?fileloc=//proc/664/uid_map&path=//proc/664 HTTP/1.1" 200 2625 "-" "Mozilla/5.0 (compatible; MJ12bot/v1.4.8; http://mj12bot.com/)"
51.77.43.178 - - [10/Nov/2025:01:02:18 +0000] "GET /video/quang-cao-3d-khuyen-mai-100.html?fileloc=//proc/661/personality&path=//proc/661 HTTP/1.1" 200 2610 "-" "Mozilla/5.0 (compatible; MJ12bot/v1.4.8; http://mj12bot.com/)"
3.94.199.128 - - [10/Nov/2025:01:02:18 +0000] "GET /our-works/tvc-jokky/?path=//sys/kernel/slab/key_jar HTTP/1.1" 200 4024 "-" "Mozilla/5.0 AppleWebKit/537.36 (KHTML, like Gecko; compatible; Amazonbot/0.1; +https://developer.amazon.com/support/amazonbot) Chrome/119.0.6045.214 Safari/537.36"
51.77.43.178 - - [10/Nov/2025:01:02:19 +0000] "GET /video/quang-cao-3d-khuyen-mai-100.html?fileloc=//proc/659/sessionid&path=//proc/659 HTTP/1.1" 200 2616 "-" "Mozilla/5.0 (compatible; MJ12bot/v1.4.8; http://mj12bot.com/)"
51.77.43.178 - - [10/Nov/2025:01:02:19 +0000] "GET /video/quang-cao-3d-khuyen-mai-100.html?fileloc=//proc/664/io&path=//proc/664 HTTP/1.1" 200 2605 "-" "Mozilla/5.0 (compatible; MJ12bot/v1.4.8; http://mj12bot.com/)"
3.229.164.203 - - [10/Nov/2025:01:02:20 +0000] "GET /our-works/phu-long-corporate-video/?fileloc=//bin/run-one&path=//bin HTTP/1.1" 200 4263 "-" "Mozilla/5.0 AppleWebKit/537.36 (KHTML, like Gecko; compatible; Amazonbot/0.1; +https://developer.amazon.com/support/amazonbot) Chrome/119.0.6045.214 Safari/537.36"
74.7.227.51 - - [10/Nov/2025:01:02:21 +0000] "GET /50eet34560.html?path=/var/www/lamphim/data/php-bin HTTP/1.1" 200 2695 "-" "Mozilla/5.0 AppleWebKit/537.36 (KHTML, like Gecko; compatible; GPTBot/1.2; +https://openai.com/gptbot)"
51.77.43.178 - - [10/Nov/2025:01:02:21 +0000] "GET /video/quang-cao-3d-khuyen-mai-100.html?fileloc=//proc/689/arch_status&path=//proc/689 HTTP/1.1" 200 2608 "-" "Mozilla/5.0 (compatible; MJ12bot/v1.4.8; http://mj12bot.com/)"
74.7.227.189 - - [10/Nov/2025:01:02:21 +0000] "GET /?path=//sys/bus/node/devices/node0/memory5/subsystem/devices/memory2/node0/memory3/node0/cpu1 HTTP/1.1" 200 3483 "-" "Mozilla/5.0 AppleWebKit/537.36 (KHTML, like Gecko; compatible; GPTBot/1.2; +https://openai.com/gptbot)"
51.77.43.178 - - [10/Nov/2025:01:02:21 +0000] "GET /video/quang-cao-3d-khuyen-mai-100.html?fileloc=//proc/664/oom_score_adj&path=//proc/664 HTTP/1.1" 200 2616 "-" "Mozilla/5.0 (compatible; MJ12bot/v1.4.8; http://mj12bot.com/)"
51.77.43.178 - - [10/Nov/2025:01:02:22 +0000] "GET /video/quang-cao-3d-khuyen-mai-100.html?fileloc=//proc/661/mountstats&path=//proc/661 HTTP/1.1" 200 2608 "-" "Mozilla/5.0 (compatible; MJ12bot/v1.4.8; http://mj12bot.com/)"
51.77.43.178 - - [10/Nov/2025:01:02:22 +0000] "GET /video/quang-cao-3d-khuyen-mai-100.html?fileloc=//proc/689/loginuid&path=//proc/689 HTTP/1.1" 200 2617 "-" "Mozilla/5.0 (compatible; MJ12bot/v1.4.8; http://mj12bot.com/)"
51.77.43.178 - - [10/Nov/2025:01:02:22 +0000] "GET /video/quang-cao-3d-khuyen-mai-100.html?fileloc=//proc/664/mounts&path=//proc/664 HTTP/1.1" 200 3352 "-" "Mozilla/5.0 (compatible; MJ12bot/v1.4.8; http://mj12bot.com/)"
18.208.11.93 - - [10/Nov/2025:01:02:23 +0000] "GET /our-works/tv-commercial/tvc-thach-long-hai/?path=//usr/share/zoneinfo/Arctic HTTP/1.1" 200 2963 "-" "Mozilla/5.0 AppleWebKit/537.36 (KHTML, like Gecko; compatible; Amazonbot/0.1; +https://developer.amazon.com/support/amazonbot) Chrome/119.0.6045.214 Safari/537.36"
74.7.227.51 - - [10/Nov/2025:01:02:24 +0000] "GET /70bmbs43304.html?path=/var/www/lamphim/data/tmp HTTP/1.1" 200 2969 "-" "Mozilla/5.0 AppleWebKit/537.36 (KHTML, like Gecko; compatible; GPTBot/1.2; +https://openai.com/gptbot)"
51.77.43.178 - - [10/Nov/2025:01:02:24 +0000] "GET /video/quang-cao-3d-khuyen-mai-100.html?fileloc=//proc/664/limits&path=//proc/664 HTTP/1.1" 200 2871 "-" "Mozilla/5.0 (compatible; MJ12bot/v1.4.8; http://mj12bot.com/)"
74.7.227.189 - - [10/Nov/2025:01:02:24 +0000] "GET /?path=//sys/bus/node/devices/node0/memory5/subsystem/devices/memory6/node0/memory11/node0 HTTP/1.1" 200 3951 "-" "Mozilla/5.0 AppleWebKit/537.36 (KHTML, like Gecko; compatible; GPTBot/1.2; +https://openai.com/gptbot)"
51.77.43.178 - - [10/Nov/2025:01:02:25 +0000] "GET /video/quang-cao-3d-khuyen-mai-100.html?fileloc=//proc/664/wchan&path=//proc/664 HTTP/1.1" 200 2608 "-" "Mozilla/5.0 (compatible; MJ12bot/v1.4.8; http://mj12bot.com/)"
51.77.43.178 - - [10/Nov/2025:01:02:25 +0000] "GET /video/quang-cao-3d-khuyen-mai-100.html?fileloc=//proc/661/projid_map&path=//proc/661 HTTP/1.1" 200 2624 "-" "Mozilla/5.0 (compatible; MJ12bot/v1.4.8; http://mj12bot.com/)"
51.77.43.178 - - [10/Nov/2025:01:02:25 +0000] "GET /video/quang-cao-3d-khuyen-mai-100.html?fileloc=//proc/659/pagemap&path=//proc/659 HTTP/1.1" 200 2607 "-" "Mozilla/5.0 (compatible; MJ12bot/v1.4.8; http://mj12bot.com/)"
51.77.43.178 - - [10/Nov/2025:01:02:26 +0000] "GET /video/quang-cao-3d-khuyen-mai-100.html?fileloc=//proc/659/setgroups&path=//proc/659 HTTP/1.1" 200 2611 "-" "Mozilla/5.0 (compatible; MJ12bot/v1.4.8; http://mj12bot.com/)"
52.3.127.170 - - [10/Nov/2025:01:02:26 +0000] "GET /our-works/tv-commercial/tvc-thach-long-hai/?path=//sys/module/cpufreq/parameters HTTP/1.1" 200 2952 "-" "Mozilla/5.0 AppleWebKit/537.36 (KHTML, like Gecko; compatible; Amazonbot/0.1; +https://developer.amazon.com/support/amazonbot) Chrome/119.0.6045.214 Safari/537.36"
51.77.43.178 - - [10/Nov/2025:01:02:26 +0000] "GET /video/quang-cao-3d-khuyen-mai-100.html?fileloc=//proc/689/maps&path=//proc/689 HTTP/1.1" 200 2604 "-" "Mozilla/5.0 (compatible; MJ12bot/v1.4.8; http://mj12bot.com/)"
74.7.227.51 - - [10/Nov/2025:01:02:27 +0000] "GET /203rxr8703.html?path=/var/www/lamphim/data/php-bin HTTP/1.1" 200 2695 "-" "Mozilla/5.0 AppleWebKit/537.36 (KHTML, like Gecko; compatible; GPTBot/1.2; +https://openai.com/gptbot)"
51.77.43.178 - - [10/Nov/2025:01:02:27 +0000] "GET /video/quang-cao-3d-khuyen-mai-100.html?fileloc=//proc/689/autogroup&path=//proc/689 HTTP/1.1" 200 2617 "-" "Mozilla/5.0 (compatible; MJ12bot/v1.4.8; http://mj12bot.com/)"
74.7.227.189 - - [10/Nov/2025:01:02:27 +0000] "GET /?path=//sys/bus/node/devices/node0/memory6/subsystem/devices/memory1/node0/memory8/node0/cpu1 HTTP/1.1" 200 3483 "-" "Mozilla/5.0 AppleWebKit/537.36 (KHTML, like Gecko; compatible; GPTBot/1.2; +https://openai.com/gptbot)"
51.77.43.178 - - [10/Nov/2025:01:02:27 +0000] "GET /video/quang-cao-3d-khuyen-mai-100.html?fileloc=//proc/664/pagemap&path=//proc/664 HTTP/1.1" 200 2609 "-" "Mozilla/5.0 (compatible; MJ12bot/v1.4.8; http://mj12bot.com/)"
51.77.43.178 - - [10/Nov/2025:01:02:28 +0000] "GET /video/quang-cao-3d-khuyen-mai-100.html?fileloc=//proc/661/numa_maps&path=//proc/661 HTTP/1.1" 200 2609 "-" "Mozilla/5.0 (compatible; MJ12bot/v1.4.8; http://mj12bot.com/)"
51.77.43.178 - - [10/Nov/2025:01:02:28 +0000] "GET /video/quang-cao-3d-khuyen-mai-100.html?fileloc=//proc/689/arch_status&path=//proc/689 HTTP/1.1" 200 2608 "-" "Mozilla/5.0 (compatible; MJ12bot/v1.4.8; http://mj12bot.com/)"
74.7.227.51 - - [10/Nov/2025:01:02:29 +0000] "GET /52akipl15864.html?path=/var/www/lamphim/data/email HTTP/1.1" 200 2691 "-" "Mozilla/5.0 AppleWebKit/537.36 (KHTML, like Gecko; compatible; GPTBot/1.2; +https://openai.com/gptbot)"
51.77.43.178 - - [10/Nov/2025:01:02:29 +0000] "GET /video/quang-cao-3d-khuyen-mai-100.html?fileloc=//proc/664/mountstats&path=//proc/664 HTTP/1.1" 200 2610 "-" "Mozilla/5.0 (compatible; MJ12bot/v1.4.8; http://mj12bot.com/)"
74.7.227.189 - - [10/Nov/2025:01:02:29 +0000] "GET /?path=//sys/bus/node/devices/node0/memory1/subsystem/devices/memory6/node0/cpu0/driver/cpu0/power HTTP/1.1" 200 3412 "-" "Mozilla/5.0 AppleWebKit/537.36 (KHTML, like Gecko; compatible; GPTBot/1.2; +https://openai.com/gptbot)"
51.77.43.178 - - [10/Nov/2025:01:02:30 +0000] "GET /video/quang-cao-3d-khuyen-mai-100.html?fileloc=//proc/664/loginuid&path=//proc/664 HTTP/1.1" 200 2619 "-" "Mozilla/5.0 (compatible; MJ12bot/v1.4.8; http://mj12bot.com/)"
51.77.43.178 - - [10/Nov/2025:01:02:31 +0000] "GET /video/quang-cao-3d-khuyen-mai-100.html?fileloc=//proc/689/mem&path=//proc/689 HTTP/1.1" 200 2604 "-" "Mozilla/5.0 (compatible; MJ12bot/v1.4.8; http://mj12bot.com/)"
100.29.128.75 - - [10/Nov/2025:01:02:31 +0000] "GET /our-works/corporate/marina-plaza/?fileloc=//lib/systemd/systemd-hibernate-resume&path=//lib/systemd HTTP/1.1" 200 2615 "-" "Mozilla/5.0 AppleWebKit/537.36 (KHTML, like Gecko; compatible; Amazonbot/0.1; +https://developer.amazon.com/support/amazonbot) Chrome/119.0.6045.214 Safari/537.36"
51.77.43.178 - - [10/Nov/2025:01:02:32 +0000] "GET /video/quang-cao-3d-khuyen-mai-100.html?fileloc=//proc/659/smaps&path=//proc/659 HTTP/1.1" 200 2605 "-" "Mozilla/5.0 (compatible; MJ12bot/v1.4.8; http://mj12bot.com/)"
74.7.227.51 - - [10/Nov/2025:01:02:32 +0000] "GET /27atlle33909.html?path=/var/www/lamphim/data HTTP/1.1" 200 3277 "-" "Mozilla/5.0 AppleWebKit/537.36 (KHTML, like Gecko; compatible; GPTBot/1.2; +https://openai.com/gptbot)"
51.77.43.178 - - [10/Nov/2025:01:02:32 +0000] "GET /video/quang-cao-3d-khuyen-mai-100.html?fileloc=//proc/689/auxv&path=//proc/689 HTTP/1.1" 200 2605 "-" "Mozilla/5.0 (compatible; MJ12bot/v1.4.8; http://mj12bot.com/)"
74.7.227.189 - - [10/Nov/2025:01:02:32 +0000] "GET /?path=//sys/bus/node/devices/node0/memory1/subsystem/devices/memory6/node0/cpu0/node0/cpu0 HTTP/1.1" 200 3441 "-" "Mozilla/5.0 AppleWebKit/537.36 (KHTML, like Gecko; compatible; GPTBot/1.2; +https://openai.com/gptbot)"
216.73.216.50 - - [10/Nov/2025:01:02:33 +0000] "GET /our-works/tv-commercial/tvc-tet-sum-vay?fileloc=%2F%2Fproc%2Fthread-self%2Froot%2Fusr%2Flib%2Fapache2%2Fmodules%2Fmod_authn_core.so&path=%2F%2Fproc%2Fthread-self%2Froot%2Fusr%2Flib%2Fapache2%2Fmodules HTTP/1.1" 200 2667 "-" "Mozilla/5.0 AppleWebKit/537.36 (KHTML, like Gecko; compatible; ClaudeBot/1.0; +claudebot@anthropic.com)"
51.77.43.178 - - [10/Nov/2025:01:02:33 +0000] "GET /video/quang-cao-3d-khuyen-mai-100.html?fileloc=//proc/689/autogroup&path=//proc/689 HTTP/1.1" 200 2617 "-" "Mozilla/5.0 (compatible; MJ12bot/v1.4.8; http://mj12bot.com/)"
216.73.216.50 - - [10/Nov/2025:01:02:33 +0000] "GET /our-works/tvc-caltex-havoline?path=%2F%2Fproc%2Fself%2Froot%2Fsnap%2Fcore20%2F2669%2Fusr%2Fshare%2Fdoc%2Fpython3-cryptography HTTP/1.1" 200 3029 "-" "Mozilla/5.0 AppleWebKit/537.36 (KHTML, like Gecko; compatible; ClaudeBot/1.0; +claudebot@anthropic.com)"
51.77.43.178 - - [10/Nov/2025:01:02:34 +0000] "GET /video/quang-cao-3d-khuyen-mai-100.html?fileloc=//proc/661/sched&path=//proc/661 HTTP/1.1" 200 3027 "-" "Mozilla/5.0 (compatible; MJ12bot/v1.4.8; http://mj12bot.com/)"
18.215.24.66 - - [10/Nov/2025:01:02:34 +0000] "GET /our-works/tvc-jokky/?path=//sys/kernel/slab/ksm_mm_slot HTTP/1.1" 200 4027 "-" "Mozilla/5.0 AppleWebKit/537.36 (KHTML, like Gecko; compatible; Amazonbot/0.1; +https://developer.amazon.com/support/amazonbot) Chrome/119.0.6045.214 Safari/537.36"
51.77.43.178 - - [10/Nov/2025:01:02:35 +0000] "GET /video/quang-cao-3d-khuyen-mai-100.html?fileloc=//proc/664/numa_maps&path=//proc/664 HTTP/1.1" 200 2610 "-" "Mozilla/5.0 (compatible; MJ12bot/v1.4.8; http://mj12bot.com/)"
51.77.43.178 - - [10/Nov/2025:01:02:35 +0000] "GET /video/quang-cao-3d-khuyen-mai-100.html?fileloc=//proc/664/maps&path=//proc/664 HTTP/1.1" 200 2606 "-" "Mozilla/5.0 (compatible; MJ12bot/v1.4.8; http://mj12bot.com/)"
74.7.227.51 - - [10/Nov/2025:01:02:36 +0000] "GET /150etr3606.html?path=/var/www/lamphim/data HTTP/1.1" 200 3277 "-" "Mozilla/5.0 AppleWebKit/537.36 (KHTML, like Gecko; compatible; GPTBot/1.2; +https://openai.com/gptbot)"
51.77.43.178 - - [10/Nov/2025:01:02:36 +0000] "GET /video/quang-cao-3d-khuyen-mai-100.html?fileloc=//proc/689/mountinfo&path=//proc/689 HTTP/1.1" 200 3757 "-" "Mozilla/5.0 (compatible; MJ12bot/v1.4.8; http://mj12bot.com/)"
51.77.43.178 - - [10/Nov/2025:01:02:37 +0000] "GET /video/quang-cao-3d-khuyen-mai-100.html?fileloc=//proc/664/patch_state&path=//proc/664 HTTP/1.1" 200 2610 "-" "Mozilla/5.0 (compatible; MJ12bot/v1.4.8; http://mj12bot.com/)"
74.7.227.189 - - [10/Nov/2025:01:02:37 +0000] "GET /?path=//sys/bus/node/devices/node0/memory5/subsystem/devices/memory6/node0/cpu0/node0/memory9 HTTP/1.1" 200 3411 "-" "Mozilla/5.0 AppleWebKit/537.36 (KHTML, like Gecko; compatible; GPTBot/1.2; +https://openai.com/gptbot)"
