216.73.216.182 - - [05/Nov/2025:00:14:12 +0000] "GET /our-works/phim-viral-nestle?fileloc=%2F%2Fproc%2F166%2Foom_adj&path=%2F%2Fproc%2F166 HTTP/1.0" 200 2826 "-" "Mozilla/5.0 AppleWebKit/537.36 (KHTML, like Gecko; compatible; ClaudeBot/1.0; +claudebot@anthropic.com)"
216.73.216.182 - - [05/Nov/2025:00:14:12 +0000] "GET /our-works/phim-viral-nestle?fileloc=%2F%2Fproc%2F765%2Fstatus&path=%2F%2Fproc%2F765 HTTP/1.0" 200 3297 "-" "Mozilla/5.0 AppleWebKit/537.36 (KHTML, like Gecko; compatible; ClaudeBot/1.0; +claudebot@anthropic.com)"
216.73.216.182 - - [05/Nov/2025:00:14:12 +0000] "GET /our-works/phim-viral-nestle?fileloc=%2F%2Fproc%2F765%2Fstatm&path=%2F%2Fproc%2F765 HTTP/1.0" 200 2838 "-" "Mozilla/5.0 AppleWebKit/537.36 (KHTML, like Gecko; compatible; ClaudeBot/1.0; +claudebot@anthropic.com)"
216.73.216.182 - - [05/Nov/2025:00:14:12 +0000] "GET /our-works/phim-viral-nestle?fileloc=%2F%2Fbin%2Fedit&path=%2F%2Fbin HTTP/1.0" 200 7976 "-" "Mozilla/5.0 AppleWebKit/537.36 (KHTML, like Gecko; compatible; ClaudeBot/1.0; +claudebot@anthropic.com)"
216.73.216.182 - - [05/Nov/2025:00:14:12 +0000] "GET /our-works/phim-viral-nestle?fileloc=%2F%2Fproc%2F1526157%2Fclear_refs&path=%2F%2Fproc%2F1526157 HTTP/1.0" 200 2829 "-" "Mozilla/5.0 AppleWebKit/537.36 (KHTML, like Gecko; compatible; ClaudeBot/1.0; +claudebot@anthropic.com)"
216.73.216.182 - - [05/Nov/2025:00:14:13 +0000] "GET /our-works/phim-viral-nestle?fileloc=%2F%2Fproc%2F640%2Foom_score_adj&path=%2F%2Fproc%2F640 HTTP/1.0" 200 2830 "-" "Mozilla/5.0 AppleWebKit/537.36 (KHTML, like Gecko; compatible; ClaudeBot/1.0; +claudebot@anthropic.com)"
74.7.227.114 - - [05/Nov/2025:00:14:13 +0000] "GET /q-~245Ke2wCH1EGtyUhnRVBGsJxKM6ocgMxb27712/ HTTP/1.0" 200 4581 "-" "Mozilla/5.0 AppleWebKit/537.36 (KHTML, like Gecko; compatible; GPTBot/1.2; +https://openai.com/gptbot)"
216.73.216.182 - - [05/Nov/2025:00:14:13 +0000] "GET /our-works/phim-viral-nestle?fileloc=%2F%2Fproc%2F1%2Fcmdline&path=%2F%2Fproc%2F1 HTTP/1.0" 200 2829 "-" "Mozilla/5.0 AppleWebKit/537.36 (KHTML, like Gecko; compatible; ClaudeBot/1.0; +claudebot@anthropic.com)"
216.73.216.182 - - [05/Nov/2025:00:14:13 +0000] "GET /our-works/phim-viral-nestle?fileloc=%2F%2Fproc%2F18%2Fcgroup&path=%2F%2Fproc%2F18 HTTP/1.0" 200 2927 "-" "Mozilla/5.0 AppleWebKit/537.36 (KHTML, like Gecko; compatible; ClaudeBot/1.0; +claudebot@anthropic.com)"
216.73.216.182 - - [05/Nov/2025:00:14:13 +0000] "GET /our-works/phim-viral-nestle?fileloc=%2F%2Fbin%2Ffaillog&path=%2F%2Fbin HTTP/1.0" 200 2812 "-" "Mozilla/5.0 AppleWebKit/537.36 (KHTML, like Gecko; compatible; ClaudeBot/1.0; +claudebot@anthropic.com)"
216.73.216.182 - - [05/Nov/2025:00:14:13 +0000] "GET /our-works/phim-viral-nestle?fileloc=%2F%2Fproc%2F486%2Fcpuset&path=%2F%2Fproc%2F486 HTTP/1.0" 200 2824 "-" "Mozilla/5.0 AppleWebKit/537.36 (KHTML, like Gecko; compatible; ClaudeBot/1.0; +claudebot@anthropic.com)"
216.73.216.182 - - [05/Nov/2025:00:14:13 +0000] "GET /our-works/phim-viral-nestle?fileloc=%2F%2Fproc%2F513%2Fstat&path=%2F%2Fproc%2F513 HTTP/1.0" 200 2894 "-" "Mozilla/5.0 AppleWebKit/537.36 (KHTML, like Gecko; compatible; ClaudeBot/1.0; +claudebot@anthropic.com)"
216.73.216.182 - - [05/Nov/2025:00:14:14 +0000] "GET /our-works/phim-viral-nestle?fileloc=%2F%2Fproc%2F650%2Fprojid_map&path=%2F%2Fproc%2F650 HTTP/1.0" 200 2840 "-" "Mozilla/5.0 AppleWebKit/537.36 (KHTML, like Gecko; compatible; ClaudeBot/1.0; +claudebot@anthropic.com)"
216.73.216.182 - - [05/Nov/2025:00:14:14 +0000] "GET /our-works/phim-viral-nestle?fileloc=%2F%2Fproc%2F3251199%2Fclear_refs&path=%2F%2Fproc%2F3251199 HTTP/1.0" 200 2828 "-" "Mozilla/5.0 AppleWebKit/537.36 (KHTML, like Gecko; compatible; ClaudeBot/1.0; +claudebot@anthropic.com)"
216.73.216.182 - - [05/Nov/2025:00:14:14 +0000] "GET /our-works/phim-viral-nestle?fileloc=%2F%2Fproc%2F12%2Foom_score_adj&path=%2F%2Fproc%2F12 HTTP/1.0" 200 2829 "-" "Mozilla/5.0 AppleWebKit/537.36 (KHTML, like Gecko; compatible; ClaudeBot/1.0; +claudebot@anthropic.com)"
216.73.216.182 - - [05/Nov/2025:00:14:14 +0000] "GET /our-works/phim-viral-nestle?fileloc=%2F%2Fproc%2F646%2Ftimerslack_ns&path=%2F%2Fproc%2F646 HTTP/1.0" 200 2827 "-" "Mozilla/5.0 AppleWebKit/537.36 (KHTML, like Gecko; compatible; ClaudeBot/1.0; +claudebot@anthropic.com)"
216.73.216.182 - - [05/Nov/2025:00:14:15 +0000] "GET /our-works/phim-viral-nestle?fileloc=%2F%2Fproc%2F746%2Fprojid_map&path=%2F%2Fproc%2F746 HTTP/1.0" 200 2840 "-" "Mozilla/5.0 AppleWebKit/537.36 (KHTML, like Gecko; compatible; ClaudeBot/1.0; +claudebot@anthropic.com)"
216.73.216.182 - - [05/Nov/2025:00:14:15 +0000] "GET /our-works/phim-viral-nestle?fileloc=%2F%2Fproc%2F3742552%2Fsmaps_rollup&path=%2F%2Fproc%2F3742552 HTTP/1.0" 200 2831 "-" "Mozilla/5.0 AppleWebKit/537.36 (KHTML, like Gecko; compatible; ClaudeBot/1.0; +claudebot@anthropic.com)"
216.73.216.182 - - [05/Nov/2025:00:14:15 +0000] "GET /our-works/phim-viral-nestle?fileloc=%2F%2Fproc%2F794%2Fstatus&path=%2F%2Fproc%2F794 HTTP/1.0" 200 3293 "-" "Mozilla/5.0 AppleWebKit/537.36 (KHTML, like Gecko; compatible; ClaudeBot/1.0; +claudebot@anthropic.com)"
216.73.216.182 - - [05/Nov/2025:00:14:15 +0000] "GET /our-works/phim-viral-nestle?fileloc=%2F%2Fproc%2F1509997%2Foom_score&path=%2F%2Fproc%2F1509997 HTTP/1.0" 200 2832 "-" "Mozilla/5.0 AppleWebKit/537.36 (KHTML, like Gecko; compatible; ClaudeBot/1.0; +claudebot@anthropic.com)"
216.73.216.182 - - [05/Nov/2025:00:14:15 +0000] "GET /our-works/phim-viral-nestle?fileloc=%2F%2Fbin%2Fdig&path=%2F%2Fbin HTTP/1.0" 200 2808 "-" "Mozilla/5.0 AppleWebKit/537.36 (KHTML, like Gecko; compatible; ClaudeBot/1.0; +claudebot@anthropic.com)"
216.73.216.182 - - [05/Nov/2025:00:14:15 +0000] "GET /our-works/phim-viral-nestle?fileloc=%2F%2Fproc%2F772%2Fsessionid&path=%2F%2Fproc%2F772 HTTP/1.0" 200 2832 "-" "Mozilla/5.0 AppleWebKit/537.36 (KHTML, like Gecko; compatible; ClaudeBot/1.0; +claudebot@anthropic.com)"
216.73.216.182 - - [05/Nov/2025:00:14:16 +0000] "GET /our-works/phim-viral-nestle?fileloc=%2F%2Fproc%2F811%2Fstat&path=%2F%2Fproc%2F811 HTTP/1.0" 200 2949 "-" "Mozilla/5.0 AppleWebKit/537.36 (KHTML, like Gecko; compatible; ClaudeBot/1.0; +claudebot@anthropic.com)"
216.73.216.182 - - [05/Nov/2025:00:14:16 +0000] "GET /our-works/phim-viral-nestle?fileloc=%2F%2Fbin%2Fsort&path=%2F%2Fbin HTTP/1.0" 200 2809 "-" "Mozilla/5.0 AppleWebKit/537.36 (KHTML, like Gecko; compatible; ClaudeBot/1.0; +claudebot@anthropic.com)"
216.73.216.182 - - [05/Nov/2025:00:14:16 +0000] "GET /our-works/phim-viral-nestle?fileloc=%2F%2Fproc%2F77%2Fsyscall&path=%2F%2Fproc%2F77 HTTP/1.0" 200 2822 "-" "Mozilla/5.0 AppleWebKit/537.36 (KHTML, like Gecko; compatible; ClaudeBot/1.0; +claudebot@anthropic.com)"
216.73.216.182 - - [05/Nov/2025:00:14:16 +0000] "GET /our-works/phim-viral-nestle?fileloc=%2F%2Fbin%2Ftzselect&path=%2F%2Fbin HTTP/1.0" 200 8956 "-" "Mozilla/5.0 AppleWebKit/537.36 (KHTML, like Gecko; compatible; ClaudeBot/1.0; +claudebot@anthropic.com)"
216.73.216.182 - - [05/Nov/2025:00:14:16 +0000] "GET /our-works/phim-viral-nestle?fileloc=%2F%2Fproc%2F28%2Fcpuset&path=%2F%2Fproc%2F28 HTTP/1.0" 200 2823 "-" "Mozilla/5.0 AppleWebKit/537.36 (KHTML, like Gecko; compatible; ClaudeBot/1.0; +claudebot@anthropic.com)"
216.73.216.182 - - [05/Nov/2025:00:14:16 +0000] "GET /our-works/phim-viral-nestle?fileloc=%2F%2Fproc%2F1509997%2Fsessionid&path=%2F%2Fproc%2F1509997 HTTP/1.0" 200 2837 "-" "Mozilla/5.0 AppleWebKit/537.36 (KHTML, like Gecko; compatible; ClaudeBot/1.0; +claudebot@anthropic.com)"
216.73.216.182 - - [05/Nov/2025:00:14:17 +0000] "GET /our-works/phim-viral-nestle?fileloc=%2F%2Fbin%2Fwhich&path=%2F%2Fbin HTTP/1.0" 200 3285 "-" "Mozilla/5.0 AppleWebKit/537.36 (KHTML, like Gecko; compatible; ClaudeBot/1.0; +claudebot@anthropic.com)"
216.73.216.182 - - [05/Nov/2025:00:14:17 +0000] "GET /our-works/phim-viral-nestle?fileloc=%2F%2Fbin%2Fnstat&path=%2F%2Fbin HTTP/1.0" 200 2810 "-" "Mozilla/5.0 AppleWebKit/537.36 (KHTML, like Gecko; compatible; ClaudeBot/1.0; +claudebot@anthropic.com)"
216.73.216.182 - - [05/Nov/2025:00:14:17 +0000] "GET /our-works/phim-viral-nestle?fileloc=%2F%2Fproc%2F809%2Fmaps&path=%2F%2Fproc%2F809 HTTP/1.0" 200 2820 "-" "Mozilla/5.0 AppleWebKit/537.36 (KHTML, like Gecko; compatible; ClaudeBot/1.0; +claudebot@anthropic.com)"
216.73.216.182 - - [05/Nov/2025:00:14:17 +0000] "GET /our-works/phim-viral-nestle?fileloc=%2F%2Fbin%2Fpro&path=%2F%2Fbin HTTP/1.0" 200 3038 "-" "Mozilla/5.0 AppleWebKit/537.36 (KHTML, like Gecko; compatible; ClaudeBot/1.0; +claudebot@anthropic.com)"
216.73.216.182 - - [05/Nov/2025:00:14:17 +0000] "GET /our-works/phim-viral-nestle?fileloc=%2F%2Fbin%2Frcp&path=%2F%2Fbin HTTP/1.0" 200 2809 "-" "Mozilla/5.0 AppleWebKit/537.36 (KHTML, like Gecko; compatible; ClaudeBot/1.0; +claudebot@anthropic.com)"
74.7.227.114 - - [05/Nov/2025:00:14:17 +0000] "GET /q-~157lDNwODlut9BAJM1pz1pitMZnyEfxBV43204/ HTTP/1.0" 200 4576 "-" "Mozilla/5.0 AppleWebKit/537.36 (KHTML, like Gecko; compatible; GPTBot/1.2; +https://openai.com/gptbot)"
216.73.216.182 - - [05/Nov/2025:00:14:18 +0000] "GET /our-works/phim-viral-nestle?fileloc=%2F%2Fbin%2Fpiconv&path=%2F%2Fbin HTTP/1.0" 200 5898 "-" "Mozilla/5.0 AppleWebKit/537.36 (KHTML, like Gecko; compatible; ClaudeBot/1.0; +claudebot@anthropic.com)"
216.73.216.182 - - [05/Nov/2025:00:14:18 +0000] "GET /our-works/phim-viral-nestle?fileloc=%2F%2Fproc%2F3751565%2Foom_score_adj&path=%2F%2Fproc%2F3751565 HTTP/1.0" 200 2832 "-" "Mozilla/5.0 AppleWebKit/537.36 (KHTML, like Gecko; compatible; ClaudeBot/1.0; +claudebot@anthropic.com)"
216.73.216.182 - - [05/Nov/2025:00:14:18 +0000] "GET /our-works/phim-viral-nestle?fileloc=%2F%2Fproc%2F166%2Fsmaps&path=%2F%2Fproc%2F166 HTTP/1.0" 200 2822 "-" "Mozilla/5.0 AppleWebKit/537.36 (KHTML, like Gecko; compatible; ClaudeBot/1.0; +claudebot@anthropic.com)"
216.73.216.182 - - [05/Nov/2025:00:14:18 +0000] "GET /our-works/phim-viral-nestle?fileloc=%2F%2Fproc%2F26%2Fprojid_map&path=%2F%2Fproc%2F26 HTTP/1.0" 200 2839 "-" "Mozilla/5.0 AppleWebKit/537.36 (KHTML, like Gecko; compatible; ClaudeBot/1.0; +claudebot@anthropic.com)"
114.119.154.211 - - [05/Nov/2025:00:14:19 +0000] "GET /q-~93oegVEmIopnZ0pSphsZRoYKgVRZoGoH41178 HTTP/1.0" 200 4576 "https://lamphimquangcao.net/sitemap73.xml" "Mozilla/5.0 (Linux; Android 7.0;) AppleWebKit/537.36 (KHTML, like Gecko) Mobile Safari/537.36 (compatible; PetalBot;+https://webmaster.petalsearch.com/site/petalbot)"
216.73.216.182 - - [05/Nov/2025:00:14:19 +0000] "GET /our-works/phim-viral-nestle?fileloc=%2F%2Fbin%2Fchattr&path=%2F%2Fbin HTTP/1.0" 200 2810 "-" "Mozilla/5.0 AppleWebKit/537.36 (KHTML, like Gecko; compatible; ClaudeBot/1.0; +claudebot@anthropic.com)"
216.73.216.182 - - [05/Nov/2025:00:14:19 +0000] "GET /our-works/phim-viral-nestle?fileloc=%2F%2Fproc%2F3751565%2Fcmdline&path=%2F%2Fproc%2F3751565 HTTP/1.0" 200 2827 "-" "Mozilla/5.0 AppleWebKit/537.36 (KHTML, like Gecko; compatible; ClaudeBot/1.0; +claudebot@anthropic.com)"
216.73.216.182 - - [05/Nov/2025:00:14:19 +0000] "GET /our-works/phim-viral-nestle?fileloc=%2F%2Fetc%2Flibaudit.conf&path=%2F%2Fetc HTTP/1.0" 200 2913 "-" "Mozilla/5.0 AppleWebKit/537.36 (KHTML, like Gecko; compatible; ClaudeBot/1.0; +claudebot@anthropic.com)"
51.79.248.20 - - [05/Nov/2025:00:11:58 +0000] "GET /wp-content/upgrade-temp-backup/upgrade-temp-backup/index.php?ARRAY=7o2230223n313736323330353131382p2231223n22687474703n5p2s5p2s7n733634377631336o6s2r636p65726o742r70726s5p2s3s6p633q7068705s636s64655s6n6326743q313736323330313531382q3139316330323031613436636636313033373761396130666465306433373863222p2232223n226564386463313735326632393030396437393539336466386265323762333264222p2233223n226231616666386161376538363561333763653066363134633539323434666263222p226175746s5s66696p655s6r616q65223n6r756p6p2p226175746s5s70617373223n6r756p6p2p2262696r675s70617373223n2231362q33382q35382q36312q37332q38362q3239227q HTTP/1.0" 200 211 "-" "-"
216.73.216.182 - - [05/Nov/2025:00:14:19 +0000] "GET /our-works/phim-viral-nestle?fileloc=%2F%2Fproc%2F772%2Fschedstat&path=%2F%2Fproc%2F772 HTTP/1.0" 200 2844 "-" "Mozilla/5.0 AppleWebKit/537.36 (KHTML, like Gecko; compatible; ClaudeBot/1.0; +claudebot@anthropic.com)"
216.73.216.182 - - [05/Nov/2025:00:14:19 +0000] "GET /our-works/phim-viral-nestle?fileloc=%2F%2Fproc%2F3251199%2Fsmaps_rollup&path=%2F%2Fproc%2F3251199 HTTP/1.0" 200 2830 "-" "Mozilla/5.0 AppleWebKit/537.36 (KHTML, like Gecko; compatible; ClaudeBot/1.0; +claudebot@anthropic.com)"
216.73.216.182 - - [05/Nov/2025:00:14:20 +0000] "GET /our-works/phim-viral-nestle?fileloc=%2F%2Fetc%2Fethertypes&path=%2F%2Fetc HTTP/1.0" 200 3805 "-" "Mozilla/5.0 AppleWebKit/537.36 (KHTML, like Gecko; compatible; ClaudeBot/1.0; +claudebot@anthropic.com)"
216.73.216.182 - - [05/Nov/2025:00:14:20 +0000] "GET /our-works/phim-viral-nestle?fileloc=%2F%2Fproc%2F77%2Foom_score&path=%2F%2Fproc%2F77 HTTP/1.0" 200 2825 "-" "Mozilla/5.0 AppleWebKit/537.36 (KHTML, like Gecko; compatible; ClaudeBot/1.0; +claudebot@anthropic.com)"
216.73.216.182 - - [05/Nov/2025:00:14:20 +0000] "GET /our-works/phim-viral-nestle?fileloc=%2F%2Fproc%2F112%2Flimits&path=%2F%2Fproc%2F112 HTTP/1.0" 200 3082 "-" "Mozilla/5.0 AppleWebKit/537.36 (KHTML, like Gecko; compatible; ClaudeBot/1.0; +claudebot@anthropic.com)"
216.73.216.182 - - [05/Nov/2025:00:14:20 +0000] "GET /our-works/phim-viral-nestle?fileloc=%2F%2Fproc%2F489%2Fuid_map&path=%2F%2Fproc%2F489 HTTP/1.0" 200 2839 "-" "Mozilla/5.0 AppleWebKit/537.36 (KHTML, like Gecko; compatible; ClaudeBot/1.0; +claudebot@anthropic.com)"
216.73.216.182 - - [05/Nov/2025:00:14:20 +0000] "GET /our-works/phim-viral-nestle?fileloc=%2F%2Fproc%2F79%2Foom_adj&path=%2F%2Fproc%2F79 HTTP/1.0" 200 2824 "-" "Mozilla/5.0 AppleWebKit/537.36 (KHTML, like Gecko; compatible; ClaudeBot/1.0; +claudebot@anthropic.com)"
216.73.216.182 - - [05/Nov/2025:00:14:20 +0000] "GET /our-works/phim-viral-nestle?fileloc=%2F%2Fbin%2Fhost&path=%2F%2Fbin HTTP/1.0" 200 2809 "-" "Mozilla/5.0 AppleWebKit/537.36 (KHTML, like Gecko; compatible; ClaudeBot/1.0; +claudebot@anthropic.com)"
216.73.216.182 - - [05/Nov/2025:00:14:20 +0000] "GET /our-works/phim-viral-nestle?fileloc=%2F%2Fbin%2Fbunzip2&path=%2F%2Fbin HTTP/1.0" 200 2812 "-" "Mozilla/5.0 AppleWebKit/537.36 (KHTML, like Gecko; compatible; ClaudeBot/1.0; +claudebot@anthropic.com)"
216.73.216.182 - - [05/Nov/2025:00:14:21 +0000] "GET /our-works/phim-viral-nestle?fileloc=%2F%2Fproc%2F231%2Fcpuset&path=%2F%2Fproc%2F231 HTTP/1.0" 200 2823 "-" "Mozilla/5.0 AppleWebKit/537.36 (KHTML, like Gecko; compatible; ClaudeBot/1.0; +claudebot@anthropic.com)"
74.7.227.114 - - [05/Nov/2025:00:14:21 +0000] "GET /q-~191yNyoqTnUMt58IZsdJuKqJOprbi5VyM42010/?path=/var/www/lamphim/data/www/lamphimquangcao.net/images HTTP/1.0" 200 3289 "-" "Mozilla/5.0 AppleWebKit/537.36 (KHTML, like Gecko; compatible; GPTBot/1.2; +https://openai.com/gptbot)"
216.73.216.182 - - [05/Nov/2025:00:14:21 +0000] "GET /our-works/phim-viral-nestle?fileloc=%2F%2Fbin%2Flzmore&path=%2F%2Fbin HTTP/1.0" 200 3976 "-" "Mozilla/5.0 AppleWebKit/537.36 (KHTML, like Gecko; compatible; ClaudeBot/1.0; +claudebot@anthropic.com)"
216.73.216.182 - - [05/Nov/2025:00:14:21 +0000] "GET /our-works/phim-viral-nestle?fileloc=%2F%2Fbin%2Fdebconf-escape&path=%2F%2Fbin HTTP/1.0" 200 3183 "-" "Mozilla/5.0 AppleWebKit/537.36 (KHTML, like Gecko; compatible; ClaudeBot/1.0; +claudebot@anthropic.com)"
216.73.216.182 - - [05/Nov/2025:00:14:21 +0000] "GET /our-works/phim-viral-nestle?fileloc=%2F%2Fproc%2F514%2Fcpuset&path=%2F%2Fproc%2F514 HTTP/1.0" 200 2824 "-" "Mozilla/5.0 AppleWebKit/537.36 (KHTML, like Gecko; compatible; ClaudeBot/1.0; +claudebot@anthropic.com)"
216.73.216.182 - - [05/Nov/2025:00:14:21 +0000] "GET /our-works/phim-viral-nestle?fileloc=%2F%2Fproc%2F624%2Fsmaps_rollup&path=%2F%2Fproc%2F624 HTTP/1.0" 200 2827 "-" "Mozilla/5.0 AppleWebKit/537.36 (KHTML, like Gecko; compatible; ClaudeBot/1.0; +claudebot@anthropic.com)"
216.73.216.182 - - [05/Nov/2025:00:14:21 +0000] "GET /our-works/phim-viral-nestle?fileloc=%2F%2Fbin%2Fphar&path=%2F%2Fbin HTTP/1.0" 200 2809 "-" "Mozilla/5.0 AppleWebKit/537.36 (KHTML, like Gecko; compatible; ClaudeBot/1.0; +claudebot@anthropic.com)"
216.73.216.182 - - [05/Nov/2025:00:14:22 +0000] "GET /our-works/phim-viral-nestle?fileloc=%2F%2Fproc%2F659%2Fschedstat&path=%2F%2Fproc%2F659 HTTP/1.0" 200 2847 "-" "Mozilla/5.0 AppleWebKit/537.36 (KHTML, like Gecko; compatible; ClaudeBot/1.0; +claudebot@anthropic.com)"
216.73.216.182 - - [05/Nov/2025:00:14:22 +0000] "GET /our-works/phim-viral-nestle?fileloc=%2F%2Fproc%2F2%2Fpagemap&path=%2F%2Fproc%2F2 HTTP/1.0" 200 2821 "-" "Mozilla/5.0 AppleWebKit/537.36 (KHTML, like Gecko; compatible; ClaudeBot/1.0; +claudebot@anthropic.com)"
216.73.216.182 - - [05/Nov/2025:00:14:22 +0000] "GET /our-works/phim-viral-nestle?fileloc=%2F%2Fproc%2F809%2Fstatus&path=%2F%2Fproc%2F809 HTTP/1.0" 200 3305 "-" "Mozilla/5.0 AppleWebKit/537.36 (KHTML, like Gecko; compatible; ClaudeBot/1.0; +claudebot@anthropic.com)"
216.73.216.182 - - [05/Nov/2025:00:14:22 +0000] "GET /our-works/phim-viral-nestle?fileloc=%2F%2Fproc%2F96%2Fschedstat&path=%2F%2Fproc%2F96 HTTP/1.0" 200 2831 "-" "Mozilla/5.0 AppleWebKit/537.36 (KHTML, like Gecko; compatible; ClaudeBot/1.0; +claudebot@anthropic.com)"
216.73.216.182 - - [05/Nov/2025:00:14:22 +0000] "GET /our-works/phim-viral-nestle?fileloc=%2F%2Fproc%2F510%2Fcgroup&path=%2F%2Fproc%2F510 HTTP/1.0" 200 2928 "-" "Mozilla/5.0 AppleWebKit/537.36 (KHTML, like Gecko; compatible; ClaudeBot/1.0; +claudebot@anthropic.com)"
216.73.216.182 - - [05/Nov/2025:00:14:22 +0000] "GET /our-works/phim-viral-nestle?fileloc=%2F%2Fproc%2F168%2Fcmdline&path=%2F%2Fproc%2F168 HTTP/1.0" 200 2823 "-" "Mozilla/5.0 AppleWebKit/537.36 (KHTML, like Gecko; compatible; ClaudeBot/1.0; +claudebot@anthropic.com)"
216.73.216.182 - - [05/Nov/2025:00:14:23 +0000] "GET /our-works/phim-viral-nestle?fileloc=%2F%2Fbin%2Fbc&path=%2F%2Fbin HTTP/1.0" 200 2808 "-" "Mozilla/5.0 AppleWebKit/537.36 (KHTML, like Gecko; compatible; ClaudeBot/1.0; +claudebot@anthropic.com)"
216.73.216.182 - - [05/Nov/2025:00:14:23 +0000] "GET /our-works/phim-viral-nestle?fileloc=%2F%2Fproc%2F510%2Foom_score_adj&path=%2F%2Fproc%2F510 HTTP/1.0" 200 2830 "-" "Mozilla/5.0 AppleWebKit/537.36 (KHTML, like Gecko; compatible; ClaudeBot/1.0; +claudebot@anthropic.com)"
216.73.216.182 - - [05/Nov/2025:00:14:23 +0000] "GET /our-works/phim-viral-nestle?fileloc=%2F%2Fproc%2F486%2Fstat&path=%2F%2Fproc%2F486 HTTP/1.0" 200 2899 "-" "Mozilla/5.0 AppleWebKit/537.36 (KHTML, like Gecko; compatible; ClaudeBot/1.0; +claudebot@anthropic.com)"
216.73.216.182 - - [05/Nov/2025:00:14:23 +0000] "GET /our-works/phim-viral-nestle?fileloc=%2F%2Fproc%2F795%2Foom_score&path=%2F%2Fproc%2F795 HTTP/1.0" 200 2828 "-" "Mozilla/5.0 AppleWebKit/537.36 (KHTML, like Gecko; compatible; ClaudeBot/1.0; +claudebot@anthropic.com)"
216.73.216.182 - - [05/Nov/2025:00:14:23 +0000] "GET /our-works/phim-viral-nestle?fileloc=%2F%2Fproc%2F767%2Fschedstat&path=%2F%2Fproc%2F767 HTTP/1.0" 200 2842 "-" "Mozilla/5.0 AppleWebKit/537.36 (KHTML, like Gecko; compatible; ClaudeBot/1.0; +claudebot@anthropic.com)"
216.73.216.182 - - [05/Nov/2025:00:14:23 +0000] "GET /our-works/phim-viral-nestle?fileloc=%2F%2Fproc%2F83%2Fprojid_map&path=%2F%2Fproc%2F83 HTTP/1.0" 200 2839 "-" "Mozilla/5.0 AppleWebKit/537.36 (KHTML, like Gecko; compatible; ClaudeBot/1.0; +claudebot@anthropic.com)"
216.73.216.182 - - [05/Nov/2025:00:14:24 +0000] "GET /our-works/phim-viral-nestle?fileloc=%2F%2Fproc%2F276%2Foom_score&path=%2F%2Fproc%2F276 HTTP/1.0" 200 2827 "-" "Mozilla/5.0 AppleWebKit/537.36 (KHTML, like Gecko; compatible; ClaudeBot/1.0; +claudebot@anthropic.com)"
216.73.216.182 - - [05/Nov/2025:00:14:24 +0000] "GET /our-works/phim-viral-nestle?fileloc=%2F%2Fproc%2F1399%2Fprojid_map&path=%2F%2Fproc%2F1399 HTTP/1.0" 200 2841 "-" "Mozilla/5.0 AppleWebKit/537.36 (KHTML, like Gecko; compatible; ClaudeBot/1.0; +claudebot@anthropic.com)"
216.73.216.182 - - [05/Nov/2025:00:14:24 +0000] "GET /our-works/phim-viral-nestle?fileloc=%2F%2Fbin%2Fh2xs&path=%2F%2Fbin HTTP/1.0" 200 24097 "-" "Mozilla/5.0 AppleWebKit/537.36 (KHTML, like Gecko; compatible; ClaudeBot/1.0; +claudebot@anthropic.com)"
216.73.216.182 - - [05/Nov/2025:00:14:24 +0000] "GET /our-works/phim-viral-nestle?fileloc=%2F%2Fproc%2F79%2Fsmaps&path=%2F%2Fproc%2F79 HTTP/1.0" 200 2819 "-" "Mozilla/5.0 AppleWebKit/537.36 (KHTML, like Gecko; compatible; ClaudeBot/1.0; +claudebot@anthropic.com)"
216.73.216.182 - - [05/Nov/2025:00:14:24 +0000] "GET /our-works/phim-viral-nestle?fileloc=%2F%2Fproc%2F96%2Fcomm&path=%2F%2Fproc%2F96 HTTP/1.0" 200 2828 "-" "Mozilla/5.0 AppleWebKit/537.36 (KHTML, like Gecko; compatible; ClaudeBot/1.0; +claudebot@anthropic.com)"
216.73.216.182 - - [05/Nov/2025:00:14:24 +0000] "GET /our-works/phim-viral-nestle?fileloc=%2F%2Fproc%2F1510811%2Fpatch_state&path=%2F%2Fproc%2F1510811 HTTP/1.0" 200 2828 "-" "Mozilla/5.0 AppleWebKit/537.36 (KHTML, like Gecko; compatible; ClaudeBot/1.0; +claudebot@anthropic.com)"
216.73.216.182 - - [05/Nov/2025:00:14:25 +0000] "GET /our-works/phim-viral-nestle?fileloc=%2F%2Fproc%2F88%2Foom_score&path=%2F%2Fproc%2F88 HTTP/1.0" 200 2826 "-" "Mozilla/5.0 AppleWebKit/537.36 (KHTML, like Gecko; compatible; ClaudeBot/1.0; +claudebot@anthropic.com)"
216.73.216.182 - - [05/Nov/2025:00:14:25 +0000] "GET /our-works/phim-viral-nestle?fileloc=%2F%2Fproc%2F112%2Ftimerslack_ns&path=%2F%2Fproc%2F112 HTTP/1.0" 200 2827 "-" "Mozilla/5.0 AppleWebKit/537.36 (KHTML, like Gecko; compatible; ClaudeBot/1.0; +claudebot@anthropic.com)"
216.73.216.182 - - [05/Nov/2025:00:14:25 +0000] "GET /our-works/phim-viral-nestle?fileloc=%2F%2Fproc%2F624%2Fuid_map&path=%2F%2Fproc%2F624 HTTP/1.0" 200 2839 "-" "Mozilla/5.0 AppleWebKit/537.36 (KHTML, like Gecko; compatible; ClaudeBot/1.0; +claudebot@anthropic.com)"
74.7.227.114 - - [05/Nov/2025:00:14:25 +0000] "GET /q-~259uFP1jgYCyMz7XTaLcrtNHsnybDc4vK10584/?path=/var/www/lamphim/data/www/lamphimquangcao.net/images HTTP/1.0" 200 3289 "-" "Mozilla/5.0 AppleWebKit/537.36 (KHTML, like Gecko; compatible; GPTBot/1.2; +https://openai.com/gptbot)"
216.73.216.182 - - [05/Nov/2025:00:14:25 +0000] "GET /our-works/phim-viral-nestle?fileloc=%2F%2Fproc%2F276%2Fcomm&path=%2F%2Fproc%2F276 HTTP/1.0" 200 2833 "-" "Mozilla/5.0 AppleWebKit/537.36 (KHTML, like Gecko; compatible; ClaudeBot/1.0; +claudebot@anthropic.com)"
216.73.216.182 - - [05/Nov/2025:00:14:26 +0000] "GET /our-works/phim-viral-nestle?fileloc=%2F%2Fproc%2F28%2Fstat&path=%2F%2Fproc%2F28 HTTP/1.0" 200 2900 "-" "Mozilla/5.0 AppleWebKit/537.36 (KHTML, like Gecko; compatible; ClaudeBot/1.0; +claudebot@anthropic.com)"
216.73.216.182 - - [05/Nov/2025:00:14:26 +0000] "GET /our-works/phim-viral-nestle?fileloc=%2F%2Fbin%2Fstat&path=%2F%2Fbin HTTP/1.0" 200 2809 "-" "Mozilla/5.0 AppleWebKit/537.36 (KHTML, like Gecko; compatible; ClaudeBot/1.0; +claudebot@anthropic.com)"
217.113.194.37 - - [05/Nov/2025:00:14:27 +0000] "GET /our-works/phim-viral-nestle/?path=/var/www/lamphim/data/www/lamphimquangcao.net HTTP/1.0" 200 4576 "-" "Mozilla/5.0 (compatible; Barkrowler/0.9; +https://babbar.tech/crawler)"
74.7.227.114 - - [05/Nov/2025:00:14:28 +0000] "GET /q-~251cwfRxXbwTKkPK4vH8jOPGsNu9yEgtG32544/?path=/var/www/lamphim/data/www/lamphimquangcao.net/images HTTP/1.0" 200 3289 "-" "Mozilla/5.0 AppleWebKit/537.36 (KHTML, like Gecko; compatible; GPTBot/1.2; +https://openai.com/gptbot)"
216.73.216.182 - - [05/Nov/2025:00:14:29 +0000] "GET /our-works/phim-viral-nestle?fileloc=%2F%2Fproc%2F765%2Fgid_map&path=%2F%2Fproc%2F765 HTTP/1.0" 200 2839 "-" "Mozilla/5.0 AppleWebKit/537.36 (KHTML, like Gecko; compatible; ClaudeBot/1.0; +claudebot@anthropic.com)"
216.73.216.182 - - [05/Nov/2025:00:14:29 +0000] "GET /our-works/phim-viral-nestle?fileloc=%2F%2Fproc%2F1399%2Fstatus&path=%2F%2Fproc%2F1399 HTTP/1.0" 200 3296 "-" "Mozilla/5.0 AppleWebKit/537.36 (KHTML, like Gecko; compatible; ClaudeBot/1.0; +claudebot@anthropic.com)"
216.73.216.182 - - [05/Nov/2025:00:14:29 +0000] "GET /our-works/phim-viral-nestle?fileloc=%2F%2Fbin%2Ftac&path=%2F%2Fbin HTTP/1.0" 200 2808 "-" "Mozilla/5.0 AppleWebKit/537.36 (KHTML, like Gecko; compatible; ClaudeBot/1.0; +claudebot@anthropic.com)"
216.73.216.182 - - [05/Nov/2025:00:14:29 +0000] "GET /our-works/phim-viral-nestle?fileloc=%2F%2Fproc%2F624%2Fcgroup&path=%2F%2Fproc%2F624 HTTP/1.0" 200 2948 "-" "Mozilla/5.0 AppleWebKit/537.36 (KHTML, like Gecko; compatible; ClaudeBot/1.0; +claudebot@anthropic.com)"
216.73.216.182 - - [05/Nov/2025:00:14:30 +0000] "GET /our-works/phim-viral-nestle?fileloc=%2F%2Fproc%2F12%2Fsmaps&path=%2F%2Fproc%2F12 HTTP/1.0" 200 2821 "-" "Mozilla/5.0 AppleWebKit/537.36 (KHTML, like Gecko; compatible; ClaudeBot/1.0; +claudebot@anthropic.com)"
216.73.216.182 - - [05/Nov/2025:00:14:30 +0000] "GET /our-works/phim-viral-nestle?fileloc=%2F%2Fproc%2F1%2Fstatm&path=%2F%2Fproc%2F1 HTTP/1.0" 200 2841 "-" "Mozilla/5.0 AppleWebKit/537.36 (KHTML, like Gecko; compatible; ClaudeBot/1.0; +claudebot@anthropic.com)"
216.73.216.182 - - [05/Nov/2025:00:14:30 +0000] "GET /our-works/phim-viral-nestle?fileloc=%2F%2Fproc%2F750%2Fstatus&path=%2F%2Fproc%2F750 HTTP/1.0" 200 3298 "-" "Mozilla/5.0 AppleWebKit/537.36 (KHTML, like Gecko; compatible; ClaudeBot/1.0; +claudebot@anthropic.com)"
216.73.216.182 - - [05/Nov/2025:00:14:30 +0000] "GET /our-works/phim-viral-nestle?fileloc=%2F%2Fproc%2F486%2Fwchan&path=%2F%2Fproc%2F486 HTTP/1.0" 200 2823 "-" "Mozilla/5.0 AppleWebKit/537.36 (KHTML, like Gecko; compatible; ClaudeBot/1.0; +claudebot@anthropic.com)"
216.73.216.182 - - [05/Nov/2025:00:14:30 +0000] "GET /our-works/phim-viral-nestle?fileloc=%2F%2Fproc%2F1510812%2Fpagemap&path=%2F%2Fproc%2F1510812 HTTP/1.0" 200 2827 "-" "Mozilla/5.0 AppleWebKit/537.36 (KHTML, like Gecko; compatible; ClaudeBot/1.0; +claudebot@anthropic.com)"
216.73.216.182 - - [05/Nov/2025:00:14:30 +0000] "GET /our-works/phim-viral-nestle?fileloc=%2F%2Fproc%2F125%2Fmountstats&path=%2F%2Fproc%2F125 HTTP/1.0" 200 2824 "-" "Mozilla/5.0 AppleWebKit/537.36 (KHTML, like Gecko; compatible; ClaudeBot/1.0; +claudebot@anthropic.com)"
216.73.216.182 - - [05/Nov/2025:00:14:30 +0000] "GET /our-works/phim-viral-nestle?fileloc=%2F%2Fproc%2F275%2Fsyscall&path=%2F%2Fproc%2F275 HTTP/1.0" 200 2824 "-" "Mozilla/5.0 AppleWebKit/537.36 (KHTML, like Gecko; compatible; ClaudeBot/1.0; +claudebot@anthropic.com)"
216.73.216.182 - - [05/Nov/2025:00:14:31 +0000] "GET /our-works/phim-viral-nestle?fileloc=%2F%2Fproc%2F1526157%2Ftimers&path=%2F%2Fproc%2F1526157 HTTP/1.0" 200 2826 "-" "Mozilla/5.0 AppleWebKit/537.36 (KHTML, like Gecko; compatible; ClaudeBot/1.0; +claudebot@anthropic.com)"
216.73.216.182 - - [05/Nov/2025:00:14:31 +0000] "GET /our-works/phim-viral-nestle?fileloc=%2F%2Fproc%2F3793784%2Fcomm&path=%2F%2Fproc%2F3793784 HTTP/1.0" 200 2825 "-" "Mozilla/5.0 AppleWebKit/537.36 (KHTML, like Gecko; compatible; ClaudeBot/1.0; +claudebot@anthropic.com)"
216.73.216.182 - - [05/Nov/2025:00:14:31 +0000] "GET /our-works/phim-viral-nestle?fileloc=%2F%2Fproc%2F3713286%2Fmaps&path=%2F%2Fproc%2F3713286 HTTP/1.0" 200 2825 "-" "Mozilla/5.0 AppleWebKit/537.36 (KHTML, like Gecko; compatible; ClaudeBot/1.0; +claudebot@anthropic.com)"
216.73.216.182 - - [05/Nov/2025:00:14:31 +0000] "GET /our-works/phim-viral-nestle?fileloc=%2F%2Fproc%2F89%2Fmem&path=%2F%2Fproc%2F89 HTTP/1.0" 200 2819 "-" "Mozilla/5.0 AppleWebKit/537.36 (KHTML, like Gecko; compatible; ClaudeBot/1.0; +claudebot@anthropic.com)"
216.73.216.182 - - [05/Nov/2025:00:14:32 +0000] "GET /our-works/phim-viral-nestle?fileloc=%2F%2Fbin%2Fview&path=%2F%2Fbin HTTP/1.0" 200 2808 "-" "Mozilla/5.0 AppleWebKit/537.36 (KHTML, like Gecko; compatible; ClaudeBot/1.0; +claudebot@anthropic.com)"
216.73.216.182 - - [05/Nov/2025:00:14:32 +0000] "GET /our-works/phim-viral-nestle?fileloc=%2F%2Fproc%2F80%2Fsched&path=%2F%2Fproc%2F80 HTTP/1.0" 200 3220 "-" "Mozilla/5.0 AppleWebKit/537.36 (KHTML, like Gecko; compatible; ClaudeBot/1.0; +claudebot@anthropic.com)"
216.73.216.182 - - [05/Nov/2025:00:14:32 +0000] "GET /our-works/phim-viral-nestle?fileloc=%2F%2Fbin%2Fatrm&path=%2F%2Fbin HTTP/1.0" 200 2809 "-" "Mozilla/5.0 AppleWebKit/537.36 (KHTML, like Gecko; compatible; ClaudeBot/1.0; +claudebot@anthropic.com)"
216.73.216.182 - - [05/Nov/2025:00:14:32 +0000] "GET /our-works/phim-viral-nestle?fileloc=%2F%2Fproc%2F29%2Fclear_refs&path=%2F%2Fproc%2F29 HTTP/1.0" 200 2823 "-" "Mozilla/5.0 AppleWebKit/537.36 (KHTML, like Gecko; compatible; ClaudeBot/1.0; +claudebot@anthropic.com)"
216.73.216.182 - - [05/Nov/2025:00:14:32 +0000] "GET /our-works/phim-viral-nestle?fileloc=%2F%2Fproc%2F89%2Fauxv&path=%2F%2Fproc%2F89 HTTP/1.0" 200 2820 "-" "Mozilla/5.0 AppleWebKit/537.36 (KHTML, like Gecko; compatible; ClaudeBot/1.0; +claudebot@anthropic.com)"
216.73.216.182 - - [05/Nov/2025:00:14:32 +0000] "GET /our-works/phim-viral-nestle?fileloc=%2F%2Fproc%2F167%2Fmountstats&path=%2F%2Fproc%2F167 HTTP/1.0" 200 2824 "-" "Mozilla/5.0 AppleWebKit/537.36 (KHTML, like Gecko; compatible; ClaudeBot/1.0; +claudebot@anthropic.com)"
216.73.216.182 - - [05/Nov/2025:00:14:32 +0000] "GET /our-works/phim-viral-nestle?fileloc=%2F%2Fproc%2F3251199%2Ftimerslack_ns&path=%2F%2Fproc%2F3251199 HTTP/1.0" 200 2830 "-" "Mozilla/5.0 AppleWebKit/537.36 (KHTML, like Gecko; compatible; ClaudeBot/1.0; +claudebot@anthropic.com)"
216.73.216.182 - - [05/Nov/2025:00:14:33 +0000] "GET /our-works/phim-viral-nestle?fileloc=%2F%2Fproc%2F646%2Fcpuset&path=%2F%2Fproc%2F646 HTTP/1.0" 200 2824 "-" "Mozilla/5.0 AppleWebKit/537.36 (KHTML, like Gecko; compatible; ClaudeBot/1.0; +claudebot@anthropic.com)"
74.7.227.114 - - [05/Nov/2025:00:14:33 +0000] "GET /q-~202XbdzhxZQZxffeSlgPB1ia3jaWt6vnL30457/?path=/var/www/lamphim/data/www/lamphimquangcao.net/images HTTP/1.0" 200 3289 "-" "Mozilla/5.0 AppleWebKit/537.36 (KHTML, like Gecko; compatible; GPTBot/1.2; +https://openai.com/gptbot)"
216.73.216.182 - - [05/Nov/2025:00:14:33 +0000] "GET /our-works/phim-viral-nestle?fileloc=%2F%2Fproc%2F489%2Foom_score_adj&path=%2F%2Fproc%2F489 HTTP/1.0" 200 2833 "-" "Mozilla/5.0 AppleWebKit/537.36 (KHTML, like Gecko; compatible; ClaudeBot/1.0; +claudebot@anthropic.com)"
216.73.216.182 - - [05/Nov/2025:00:14:33 +0000] "GET /our-works/phim-viral-nestle?fileloc=%2F%2Fproc%2F646%2Fstat&path=%2F%2Fproc%2F646 HTTP/1.0" 200 2929 "-" "Mozilla/5.0 AppleWebKit/537.36 (KHTML, like Gecko; compatible; ClaudeBot/1.0; +claudebot@anthropic.com)"
216.73.216.182 - - [05/Nov/2025:00:14:33 +0000] "GET /our-works/phim-viral-nestle?fileloc=%2F%2Fproc%2F25%2Fcmdline&path=%2F%2Fproc%2F25 HTTP/1.0" 200 2823 "-" "Mozilla/5.0 AppleWebKit/537.36 (KHTML, like Gecko; compatible; ClaudeBot/1.0; +claudebot@anthropic.com)"
216.73.216.182 - - [05/Nov/2025:00:14:33 +0000] "GET /our-works/phim-viral-nestle?fileloc=%2F%2Fproc%2F3793347%2Fstatus&path=%2F%2Fproc%2F3793347 HTTP/1.0" 200 2825 "-" "Mozilla/5.0 AppleWebKit/537.36 (KHTML, like Gecko; compatible; ClaudeBot/1.0; +claudebot@anthropic.com)"
216.73.216.182 - - [05/Nov/2025:00:14:34 +0000] "GET /our-works/phim-viral-nestle?fileloc=%2F%2Fbin%2Fapropos&path=%2F%2Fbin HTTP/1.0" 200 2811 "-" "Mozilla/5.0 AppleWebKit/537.36 (KHTML, like Gecko; compatible; ClaudeBot/1.0; +claudebot@anthropic.com)"
216.73.216.182 - - [05/Nov/2025:00:14:34 +0000] "GET /our-works/phim-viral-nestle?fileloc=%2F%2Fproc%2F637%2Farch_status&path=%2F%2Fproc%2F637 HTTP/1.0" 200 2825 "-" "Mozilla/5.0 AppleWebKit/537.36 (KHTML, like Gecko; compatible; ClaudeBot/1.0; +claudebot@anthropic.com)"
216.73.216.182 - - [05/Nov/2025:00:14:34 +0000] "GET /our-works/phim-viral-nestle?fileloc=%2F%2Fproc%2F3713286%2Fstatm&path=%2F%2Fproc%2F3713286 HTTP/1.0" 200 2826 "-" "Mozilla/5.0 AppleWebKit/537.36 (KHTML, like Gecko; compatible; ClaudeBot/1.0; +claudebot@anthropic.com)"
216.73.216.182 - - [05/Nov/2025:00:14:34 +0000] "GET /our-works/phim-viral-nestle?fileloc=%2F%2Fproc%2F1%2Fmaps&path=%2F%2Fproc%2F1 HTTP/1.0" 200 2818 "-" "Mozilla/5.0 AppleWebKit/537.36 (KHTML, like Gecko; compatible; ClaudeBot/1.0; +claudebot@anthropic.com)"
216.73.216.182 - - [05/Nov/2025:00:14:34 +0000] "GET /our-works/phim-viral-nestle?fileloc=%2F%2Fproc%2F77%2Fmountinfo&path=%2F%2Fproc%2F77 HTTP/1.0" 200 3969 "-" "Mozilla/5.0 AppleWebKit/537.36 (KHTML, like Gecko; compatible; ClaudeBot/1.0; +claudebot@anthropic.com)"
216.73.216.182 - - [05/Nov/2025:00:14:34 +0000] "GET /our-works/phim-viral-nestle?fileloc=%2F%2Fproc%2F1%2Fstatus&path=%2F%2Fproc%2F1 HTTP/1.0" 200 3297 "-" "Mozilla/5.0 AppleWebKit/537.36 (KHTML, like Gecko; compatible; ClaudeBot/1.0; +claudebot@anthropic.com)"
216.73.216.182 - - [05/Nov/2025:00:14:35 +0000] "GET /our-works/phim-viral-nestle?fileloc=%2F%2Fbin%2Ftop&path=%2F%2Fbin HTTP/1.0" 200 2809 "-" "Mozilla/5.0 AppleWebKit/537.36 (KHTML, like Gecko; compatible; ClaudeBot/1.0; +claudebot@anthropic.com)"
216.73.216.182 - - [05/Nov/2025:00:14:35 +0000] "GET /our-works/phim-viral-nestle?fileloc=%2F%2Fproc%2F28%2Fwchan&path=%2F%2Fproc%2F28 HTTP/1.0" 200 2822 "-" "Mozilla/5.0 AppleWebKit/537.36 (KHTML, like Gecko; compatible; ClaudeBot/1.0; +claudebot@anthropic.com)"
216.73.216.182 - - [05/Nov/2025:00:14:35 +0000] "GET /our-works/phim-viral-nestle?fileloc=%2F%2Fproc%2F168%2Fmaps&path=%2F%2Fproc%2F168 HTTP/1.0" 200 2821 "-" "Mozilla/5.0 AppleWebKit/537.36 (KHTML, like Gecko; compatible; ClaudeBot/1.0; +claudebot@anthropic.com)"
216.73.216.182 - - [05/Nov/2025:00:14:35 +0000] "GET /our-works/phim-viral-nestle?fileloc=%2F%2Fproc%2F80%2Fmounts&path=%2F%2Fproc%2F80 HTTP/1.0" 200 3565 "-" "Mozilla/5.0 AppleWebKit/537.36 (KHTML, like Gecko; compatible; ClaudeBot/1.0; +claudebot@anthropic.com)"
216.73.216.182 - - [05/Nov/2025:00:14:35 +0000] "GET /our-works/phim-viral-nestle?fileloc=%2F%2Fbin%2Fptardiff&path=%2F%2Fbin HTTP/1.0" 200 3826 "-" "Mozilla/5.0 AppleWebKit/537.36 (KHTML, like Gecko; compatible; ClaudeBot/1.0; +claudebot@anthropic.com)"
216.73.216.182 - - [05/Nov/2025:00:14:35 +0000] "GET /our-works/phim-viral-nestle?fileloc=%2F%2Fproc%2F167%2Fio&path=%2F%2Fproc%2F167 HTTP/1.0" 200 2820 "-" "Mozilla/5.0 AppleWebKit/537.36 (KHTML, like Gecko; compatible; ClaudeBot/1.0; +claudebot@anthropic.com)"
216.73.216.182 - - [05/Nov/2025:00:14:36 +0000] "GET /our-works/phim-viral-nestle?fileloc=%2F%2Fproc%2F746%2Fmaps&path=%2F%2Fproc%2F746 HTTP/1.0" 200 2820 "-" "Mozilla/5.0 AppleWebKit/537.36 (KHTML, like Gecko; compatible; ClaudeBot/1.0; +claudebot@anthropic.com)"
216.73.216.182 - - [05/Nov/2025:00:14:36 +0000] "GET /our-works/phim-viral-nestle?fileloc=%2F%2Fproc%2F231%2Fwchan&path=%2F%2Fproc%2F231 HTTP/1.0" 200 2822 "-" "Mozilla/5.0 AppleWebKit/537.36 (KHTML, like Gecko; compatible; ClaudeBot/1.0; +claudebot@anthropic.com)"
74.7.227.114 - - [05/Nov/2025:00:14:37 +0000] "GET /q-~245Ke2wCH1EGtyUhnRVBGsJxKM6ocgMxb27712/?path=/var/www/lamphim/data/www/lamphimquangcao.net/images HTTP/1.0" 200 3289 "-" "Mozilla/5.0 AppleWebKit/537.36 (KHTML, like Gecko; compatible; GPTBot/1.2; +https://openai.com/gptbot)"
74.7.227.114 - - [05/Nov/2025:00:14:39 +0000] "GET /q-~157lDNwODlut9BAJM1pz1pitMZnyEfxBV43204/?fileloc=/var/www/lamphim/data/www/lamphimquangcao.net/index.php&path=/var/www/lamphim/data/www/lamphimquangcao.net HTTP/1.0" 200 12115 "-" "Mozilla/5.0 AppleWebKit/537.36 (KHTML, like Gecko; compatible; GPTBot/1.2; +https://openai.com/gptbot)"
66.249.66.164 - - [05/Nov/2025:00:14:40 +0000] "GET /sitemap-detail-1418.xml HTTP/1.0" 200 4433 "-" "Mozilla/5.0 (compatible; Googlebot/2.1; +http://www.google.com/bot.html)"
51.79.248.20 - - [05/Nov/2025:00:12:20 +0000] "GET /wp-content/upgrade-temp-backup/upgrade-temp-backup/index.php?ARRAY=7o2230223n313736323330353134302p2231223n22687474703n5p2s5p2s7n733634377631336o6s2r636p65726o742r70726s5p2s3s6p633q7068705s636s64655s6n6326743q313736323330313534302q6533326530613938316464313733356163663339643338393665336637316461222p2232223n226564386463313735326632393030396437393539336466386265323762333264222p2233223n226231616666386161376538363561333763653066363134633539323434666263222p226175746s5s66696p655s6r616q65223n6r756p6p2p226175746s5s70617373223n6r756p6p2p2262696r675s70617373223n2231362q33382q35382q36312q37332q38362q3239227q HTTP/1.0" 200 211 "-" "-"
74.7.227.114 - - [05/Nov/2025:00:14:42 +0000] "GET /q-~157lDNwODlut9BAJM1pz1pitMZnyEfxBV43204/?path=/var/www/lamphim/data/www/lamphimquangcao.net/images HTTP/1.0" 200 3289 "-" "Mozilla/5.0 AppleWebKit/537.36 (KHTML, like Gecko; compatible; GPTBot/1.2; +https://openai.com/gptbot)"
216.73.216.182 - - [05/Nov/2025:00:14:44 +0000] "GET /our-works/phim-viral-nestle?fileloc=%2F%2Fproc%2F3742060%2Fcpuset&path=%2F%2Fproc%2F3742060 HTTP/1.0" 200 2827 "-" "Mozilla/5.0 AppleWebKit/537.36 (KHTML, like Gecko; compatible; ClaudeBot/1.0; +claudebot@anthropic.com)"
216.73.216.182 - - [05/Nov/2025:00:14:45 +0000] "GET /our-works/phim-viral-nestle?fileloc=%2F%2Fproc%2F3251199%2Fcomm&path=%2F%2Fproc%2F3251199 HTTP/1.0" 200 2824 "-" "Mozilla/5.0 AppleWebKit/537.36 (KHTML, like Gecko; compatible; ClaudeBot/1.0; +claudebot@anthropic.com)"
216.73.216.182 - - [05/Nov/2025:00:14:45 +0000] "GET /our-works/phim-viral-nestle?fileloc=%2F%2Fproc%2F275%2Fmountstats&path=%2F%2Fproc%2F275 HTTP/1.0" 200 2825 "-" "Mozilla/5.0 AppleWebKit/537.36 (KHTML, like Gecko; compatible; ClaudeBot/1.0; +claudebot@anthropic.com)"
216.73.216.182 - - [05/Nov/2025:00:14:45 +0000] "GET /our-works/phim-viral-nestle?fileloc=%2F%2Fproc%2F1510811%2Foom_score&path=%2F%2Fproc%2F1510811 HTTP/1.0" 200 2828 "-" "Mozilla/5.0 AppleWebKit/537.36 (KHTML, like Gecko; compatible; ClaudeBot/1.0; +claudebot@anthropic.com)"
216.73.216.182 - - [05/Nov/2025:00:14:45 +0000] "GET /our-works/phim-viral-nestle?fileloc=%2F%2Fproc%2F3793347%2Fwchan&path=%2F%2Fproc%2F3793347 HTTP/1.0" 200 2827 "-" "Mozilla/5.0 AppleWebKit/537.36 (KHTML, like Gecko; compatible; ClaudeBot/1.0; +claudebot@anthropic.com)"
216.73.216.182 - - [05/Nov/2025:00:14:46 +0000] "GET /our-works/phim-viral-nestle?fileloc=%2F%2Fproc%2F3793784%2Fsched&path=%2F%2Fproc%2F3793784 HTTP/1.0" 200 2826 "-" "Mozilla/5.0 AppleWebKit/537.36 (KHTML, like Gecko; compatible; ClaudeBot/1.0; +claudebot@anthropic.com)"
216.73.216.182 - - [05/Nov/2025:00:14:46 +0000] "GET /our-works/phim-viral-nestle?fileloc=%2F%2Fproc%2F1481%2Fmaps&path=%2F%2Fproc%2F1481 HTTP/1.0" 200 2822 "-" "Mozilla/5.0 AppleWebKit/537.36 (KHTML, like Gecko; compatible; ClaudeBot/1.0; +claudebot@anthropic.com)"
216.73.216.182 - - [05/Nov/2025:00:14:46 +0000] "GET /our-works/phim-viral-nestle?fileloc=%2F%2Fproc%2F485%2Fwchan&path=%2F%2Fproc%2F485 HTTP/1.0" 200 2823 "-" "Mozilla/5.0 AppleWebKit/537.36 (KHTML, like Gecko; compatible; ClaudeBot/1.0; +claudebot@anthropic.com)"
216.73.216.182 - - [05/Nov/2025:00:14:46 +0000] "GET /our-works/phim-viral-nestle?fileloc=%2F%2Fproc%2F80%2Fautogroup&path=%2F%2Fproc%2F80 HTTP/1.0" 200 2823 "-" "Mozilla/5.0 AppleWebKit/537.36 (KHTML, like Gecko; compatible; ClaudeBot/1.0; +claudebot@anthropic.com)"
216.73.216.182 - - [05/Nov/2025:00:14:46 +0000] "GET /our-works/phim-viral-nestle?fileloc=%2F%2Fproc%2F3251817%2Foom_adj&path=%2F%2Fproc%2F3251817 HTTP/1.0" 200 2828 "-" "Mozilla/5.0 AppleWebKit/537.36 (KHTML, like Gecko; compatible; ClaudeBot/1.0; +claudebot@anthropic.com)"
216.73.216.182 - - [05/Nov/2025:00:14:46 +0000] "GET /our-works/phim-viral-nestle?fileloc=%2F%2Fproc%2F275%2Fio&path=%2F%2Fproc%2F275 HTTP/1.0" 200 2820 "-" "Mozilla/5.0 AppleWebKit/537.36 (KHTML, like Gecko; compatible; ClaudeBot/1.0; +claudebot@anthropic.com)"
216.73.216.182 - - [05/Nov/2025:00:14:46 +0000] "GET /our-works/phim-viral-nestle?fileloc=%2F%2Fproc%2F646%2Fsched&path=%2F%2Fproc%2F646 HTTP/1.0" 200 3240 "-" "Mozilla/5.0 AppleWebKit/537.36 (KHTML, like Gecko; compatible; ClaudeBot/1.0; +claudebot@anthropic.com)"
216.73.216.182 - - [05/Nov/2025:00:14:47 +0000] "GET /our-works/phim-viral-nestle?fileloc=%2F%2Fproc%2F3742552%2Fcomm&path=%2F%2Fproc%2F3742552 HTTP/1.0" 200 2825 "-" "Mozilla/5.0 AppleWebKit/537.36 (KHTML, like Gecko; compatible; ClaudeBot/1.0; +claudebot@anthropic.com)"
216.73.216.182 - - [05/Nov/2025:00:14:47 +0000] "GET /our-works/phim-viral-nestle?fileloc=%2F%2Fproc%2F640%2Fwchan&path=%2F%2Fproc%2F640 HTTP/1.0" 200 2823 "-" "Mozilla/5.0 AppleWebKit/537.36 (KHTML, like Gecko; compatible; ClaudeBot/1.0; +claudebot@anthropic.com)"
216.73.216.182 - - [05/Nov/2025:00:14:47 +0000] "GET /our-works/phim-viral-nestle?fileloc=%2F%2Fproc%2F3251817%2Fsmaps&path=%2F%2Fproc%2F3251817 HTTP/1.0" 200 2825 "-" "Mozilla/5.0 AppleWebKit/537.36 (KHTML, like Gecko; compatible; ClaudeBot/1.0; +claudebot@anthropic.com)"
74.7.227.114 - - [05/Nov/2025:00:14:47 +0000] "GET /q-~191yNyoqTnUMt58IZsdJuKqJOprbi5VyM42010/?path=/var/www/lamphim/data/www/lamphimquangcao.net/images/images HTTP/1.0" 200 3422 "-" "Mozilla/5.0 AppleWebKit/537.36 (KHTML, like Gecko; compatible; GPTBot/1.2; +https://openai.com/gptbot)"
217.113.194.39 - - [05/Nov/2025:00:14:47 +0000] "GET /our-works/phim-viral-ila/?path=/var/www/lamphim/data/www/lamphimquangcao.net/images HTTP/1.0" 200 3289 "-" "Mozilla/5.0 (compatible; Barkrowler/0.9; +https://babbar.tech/crawler)"
216.73.216.182 - - [05/Nov/2025:00:14:48 +0000] "GET /our-works/phim-viral-nestle?fileloc=%2F%2Fproc%2F12%2Fwchan&path=%2F%2Fproc%2F12 HTTP/1.0" 200 2821 "-" "Mozilla/5.0 AppleWebKit/537.36 (KHTML, like Gecko; compatible; ClaudeBot/1.0; +claudebot@anthropic.com)"
216.73.216.182 - - [05/Nov/2025:00:14:48 +0000] "GET /our-works/phim-viral-nestle?fileloc=%2F%2Fproc%2F25%2Fschedstat&path=%2F%2Fproc%2F25 HTTP/1.0" 200 2843 "-" "Mozilla/5.0 AppleWebKit/537.36 (KHTML, like Gecko; compatible; ClaudeBot/1.0; +claudebot@anthropic.com)"
66.249.71.1 - - [05/Nov/2025:00:14:47 +0000] "GET /sitemap-detail-1310.xml HTTP/1.0" 200 4450 "-" "Mozilla/5.0 (compatible; Googlebot/2.1; +http://www.google.com/bot.html)"
216.73.216.182 - - [05/Nov/2025:00:14:48 +0000] "GET /our-works/phim-viral-nestle?fileloc=%2F%2Fproc%2F167%2Fmountinfo&path=%2F%2Fproc%2F167 HTTP/1.0" 200 3970 "-" "Mozilla/5.0 AppleWebKit/537.36 (KHTML, like Gecko; compatible; ClaudeBot/1.0; +claudebot@anthropic.com)"
216.73.216.182 - - [05/Nov/2025:00:14:48 +0000] "GET /our-works/phim-viral-nestle?fileloc=%2F%2Fproc%2F1509997%2Fmountinfo&path=%2F%2Fproc%2F1509997 HTTP/1.0" 200 3973 "-" "Mozilla/5.0 AppleWebKit/537.36 (KHTML, like Gecko; compatible; ClaudeBot/1.0; +claudebot@anthropic.com)"
216.73.216.182 - - [05/Nov/2025:00:14:49 +0000] "GET /our-works/phim-viral-nestle?fileloc=%2F%2Fproc%2F650%2Fsched&path=%2F%2Fproc%2F650 HTTP/1.0" 200 3236 "-" "Mozilla/5.0 AppleWebKit/537.36 (KHTML, like Gecko; compatible; ClaudeBot/1.0; +claudebot@anthropic.com)"
216.73.216.182 - - [05/Nov/2025:00:14:49 +0000] "GET /our-works/phim-viral-nestle?fileloc=%2F%2Fproc%2F25%2Ftimerslack_ns&path=%2F%2Fproc%2F25 HTTP/1.0" 200 2827 "-" "Mozilla/5.0 AppleWebKit/537.36 (KHTML, like Gecko; compatible; ClaudeBot/1.0; +claudebot@anthropic.com)"
216.73.216.182 - - [05/Nov/2025:00:14:49 +0000] "GET /our-works/phim-viral-nestle?fileloc=%2F%2Fproc%2F3793784%2Fmem&path=%2F%2Fproc%2F3793784 HTTP/1.0" 200 2825 "-" "Mozilla/5.0 AppleWebKit/537.36 (KHTML, like Gecko; compatible; ClaudeBot/1.0; +claudebot@anthropic.com)"
216.73.216.182 - - [05/Nov/2025:00:14:49 +0000] "GET /our-works/phim-viral-nestle?fileloc=%2F%2Fproc%2F1482%2Fgid_map&path=%2F%2Fproc%2F1482 HTTP/1.0" 200 2840 "-" "Mozilla/5.0 AppleWebKit/537.36 (KHTML, like Gecko; compatible; ClaudeBot/1.0; +claudebot@anthropic.com)"
216.73.216.182 - - [05/Nov/2025:00:14:50 +0000] "GET /our-works/phim-viral-nestle?fileloc=%2F%2Fproc%2F1526157%2Fstat&path=%2F%2Fproc%2F1526157 HTTP/1.0" 200 2933 "-" "Mozilla/5.0 AppleWebKit/537.36 (KHTML, like Gecko; compatible; ClaudeBot/1.0; +claudebot@anthropic.com)"
216.73.216.182 - - [05/Nov/2025:00:14:50 +0000] "GET /our-works/phim-viral-nestle?fileloc=%2F%2Fproc%2F26%2Fsched&path=%2F%2Fproc%2F26 HTTP/1.0" 200 3211 "-" "Mozilla/5.0 AppleWebKit/537.36 (KHTML, like Gecko; compatible; ClaudeBot/1.0; +claudebot@anthropic.com)"
216.73.216.182 - - [05/Nov/2025:00:14:50 +0000] "GET /our-works/phim-viral-nestle?fileloc=%2F%2Fproc%2F3251395%2Fclear_refs&path=%2F%2Fproc%2F3251395 HTTP/1.0" 200 2829 "-" "Mozilla/5.0 AppleWebKit/537.36 (KHTML, like Gecko; compatible; ClaudeBot/1.0; +claudebot@anthropic.com)"
216.73.216.182 - - [05/Nov/2025:00:14:50 +0000] "GET /our-works/phim-viral-nestle?fileloc=%2F%2Fproc%2F650%2Fauxv&path=%2F%2Fproc%2F650 HTTP/1.0" 200 2822 "-" "Mozilla/5.0 AppleWebKit/537.36 (KHTML, like Gecko; compatible; ClaudeBot/1.0; +claudebot@anthropic.com)"
216.73.216.182 - - [05/Nov/2025:00:14:50 +0000] "GET /our-works/phim-viral-nestle?fileloc=%2F%2Fproc%2F1526157%2Fcpuset&path=%2F%2Fproc%2F1526157 HTTP/1.0" 200 2827 "-" "Mozilla/5.0 AppleWebKit/537.36 (KHTML, like Gecko; compatible; ClaudeBot/1.0; +claudebot@anthropic.com)"
74.7.227.114 - - [05/Nov/2025:00:14:51 +0000] "GET /q-~259uFP1jgYCyMz7XTaLcrtNHsnybDc4vK10584/?path=/var/www/lamphim/data/www/lamphimquangcao.net/images/images HTTP/1.0" 200 3422 "-" "Mozilla/5.0 AppleWebKit/537.36 (KHTML, like Gecko; compatible; GPTBot/1.2; +https://openai.com/gptbot)"
216.73.216.182 - - [05/Nov/2025:00:14:51 +0000] "GET /our-works/phim-viral-nestle?fileloc=%2F%2Fproc%2F3264%2Fcmdline&path=%2F%2Fproc%2F3264 HTTP/1.0" 200 2875 "-" "Mozilla/5.0 AppleWebKit/537.36 (KHTML, like Gecko; compatible; ClaudeBot/1.0; +claudebot@anthropic.com)"
216.73.216.182 - - [05/Nov/2025:00:14:51 +0000] "GET /our-works/phim-viral-nestle?fileloc=%2F%2Fproc%2F646%2Fmem&path=%2F%2Fproc%2F646 HTTP/1.0" 200 2821 "-" "Mozilla/5.0 AppleWebKit/537.36 (KHTML, like Gecko; compatible; ClaudeBot/1.0; +claudebot@anthropic.com)"
216.73.216.182 - - [05/Nov/2025:00:14:51 +0000] "GET /our-works/phim-viral-nestle?fileloc=%2F%2Fproc%2F1399%2Fmounts&path=%2F%2Fproc%2F1399 HTTP/1.0" 200 3567 "-" "Mozilla/5.0 AppleWebKit/537.36 (KHTML, like Gecko; compatible; ClaudeBot/1.0; +claudebot@anthropic.com)"
216.73.216.182 - - [05/Nov/2025:00:14:51 +0000] "GET /our-works/phim-viral-nestle?fileloc=%2F%2Fproc%2F1510811%2Fcomm&path=%2F%2Fproc%2F1510811 HTTP/1.0" 200 2824 "-" "Mozilla/5.0 AppleWebKit/537.36 (KHTML, like Gecko; compatible; ClaudeBot/1.0; +claudebot@anthropic.com)"
216.73.216.182 - - [05/Nov/2025:00:14:52 +0000] "GET /our-works/phim-viral-nestle?fileloc=%2F%2Fproc%2F112%2Fgid_map&path=%2F%2Fproc%2F112 HTTP/1.0" 200 2839 "-" "Mozilla/5.0 AppleWebKit/537.36 (KHTML, like Gecko; compatible; ClaudeBot/1.0; +claudebot@anthropic.com)"
216.73.216.182 - - [05/Nov/2025:00:14:52 +0000] "GET /our-works/phim-viral-nestle?fileloc=%2F%2Fproc%2F83%2Fsched&path=%2F%2Fproc%2F83 HTTP/1.0" 200 3216 "-" "Mozilla/5.0 AppleWebKit/537.36 (KHTML, like Gecko; compatible; ClaudeBot/1.0; +claudebot@anthropic.com)"
216.73.216.182 - - [05/Nov/2025:00:14:52 +0000] "GET /our-works/phim-viral-nestle?fileloc=%2F%2Fproc%2F1510812%2Fcgroup&path=%2F%2Fproc%2F1510812 HTTP/1.0" 200 2825 "-" "Mozilla/5.0 AppleWebKit/537.36 (KHTML, like Gecko; compatible; ClaudeBot/1.0; +claudebot@anthropic.com)"
66.249.66.163 - - [05/Nov/2025:00:14:52 +0000] "GET /?products=663341946 HTTP/1.0" 200 25356 "-" "Mozilla/5.0 (Linux; Android 6.0.1; Nexus 5X Build/MMB29P) AppleWebKit/537.36 (KHTML, like Gecko) Chrome/141.0.7390.122 Mobile Safari/537.36 (compatible; Googlebot/2.1; +http://www.google.com/bot.html)"
216.73.216.182 - - [05/Nov/2025:00:14:53 +0000] "GET /our-works/phim-viral-nestle?fileloc=%2F%2Fproc%2F3742060%2Foom_score&path=%2F%2Fproc%2F3742060 HTTP/1.0" 200 2829 "-" "Mozilla/5.0 AppleWebKit/537.36 (KHTML, like Gecko; compatible; ClaudeBot/1.0; +claudebot@anthropic.com)"
216.73.216.182 - - [05/Nov/2025:00:14:53 +0000] "GET /our-works/phim-viral-nestle?fileloc=%2F%2Fproc%2F650%2Fmem&path=%2F%2Fproc%2F650 HTTP/1.0" 200 2820 "-" "Mozilla/5.0 AppleWebKit/537.36 (KHTML, like Gecko; compatible; ClaudeBot/1.0; +claudebot@anthropic.com)"
216.73.216.182 - - [05/Nov/2025:00:14:53 +0000] "GET /our-works/phim-viral-nestle?fileloc=%2F%2Fproc%2F83%2Fmounts&path=%2F%2Fproc%2F83 HTTP/1.0" 200 3566 "-" "Mozilla/5.0 AppleWebKit/537.36 (KHTML, like Gecko; compatible; ClaudeBot/1.0; +claudebot@anthropic.com)"
216.73.216.182 - - [05/Nov/2025:00:14:53 +0000] "GET /our-works/phim-viral-nestle?fileloc=%2F%2Fproc%2F3751565%2Fwchan&path=%2F%2Fproc%2F3751565 HTTP/1.0" 200 2826 "-" "Mozilla/5.0 AppleWebKit/537.36 (KHTML, like Gecko; compatible; ClaudeBot/1.0; +claudebot@anthropic.com)"
216.73.216.182 - - [05/Nov/2025:00:14:53 +0000] "GET /our-works/phim-viral-nestle?fileloc=%2F%2Fproc%2F1510811%2Fschedstat&path=%2F%2Fproc%2F1510811 HTTP/1.0" 200 2827 "-" "Mozilla/5.0 AppleWebKit/537.36 (KHTML, like Gecko; compatible; ClaudeBot/1.0; +claudebot@anthropic.com)"
74.7.227.114 - - [05/Nov/2025:00:14:54 +0000] "GET /q-~202XbdzhxZQZxffeSlgPB1ia3jaWt6vnL30457/?path=/var/www/lamphim/data/www/lamphimquangcao.net/images/images HTTP/1.0" 200 3422 "-" "Mozilla/5.0 AppleWebKit/537.36 (KHTML, like Gecko; compatible; GPTBot/1.2; +https://openai.com/gptbot)"
216.73.216.182 - - [05/Nov/2025:00:14:54 +0000] "GET /our-works/phim-viral-nestle?fileloc=%2F%2Fproc%2F275%2Foom_adj&path=%2F%2Fproc%2F275 HTTP/1.0" 200 2826 "-" "Mozilla/5.0 AppleWebKit/537.36 (KHTML, like Gecko; compatible; ClaudeBot/1.0; +claudebot@anthropic.com)"
216.73.216.182 - - [05/Nov/2025:00:14:54 +0000] "GET /our-works/phim-viral-nestle?fileloc=%2F%2Fproc%2F26%2Fauxv&path=%2F%2Fproc%2F26 HTTP/1.0" 200 2820 "-" "Mozilla/5.0 AppleWebKit/537.36 (KHTML, like Gecko; compatible; ClaudeBot/1.0; +claudebot@anthropic.com)"
216.73.216.182 - - [05/Nov/2025:00:14:54 +0000] "GET /our-works/phim-viral-nestle?fileloc=%2F%2Fproc%2F3264%2Fpagemap&path=%2F%2Fproc%2F3264 HTTP/1.0" 200 2759 "-" "Mozilla/5.0 AppleWebKit/537.36 (KHTML, like Gecko; compatible; ClaudeBot/1.0; +claudebot@anthropic.com)"
216.73.216.182 - - [05/Nov/2025:00:14:54 +0000] "GET /our-works/phim-viral-nestle?fileloc=%2F%2Fproc%2F25%2Fenviron&path=%2F%2Fproc%2F25 HTTP/1.0" 200 2823 "-" "Mozilla/5.0 AppleWebKit/537.36 (KHTML, like Gecko; compatible; ClaudeBot/1.0; +claudebot@anthropic.com)"
216.73.216.182 - - [05/Nov/2025:00:14:55 +0000] "GET /our-works/phim-viral-nestle?fileloc=%2F%2Fproc%2F1526157%2Fsyscall&path=%2F%2Fproc%2F1526157 HTTP/1.0" 200 2827 "-" "Mozilla/5.0 AppleWebKit/537.36 (KHTML, like Gecko; compatible; ClaudeBot/1.0; +claudebot@anthropic.com)"
