216.73.216.182 - - [05/Nov/2025:00:10:49 +0000] "GET /our-works/phim-viral-nestle?fileloc=%2F%2Fproc%2F79%2Fclear_refs&path=%2F%2Fproc%2F79 HTTP/1.0" 200 2823 "-" "Mozilla/5.0 AppleWebKit/537.36 (KHTML, like Gecko; compatible; ClaudeBot/1.0; +claudebot@anthropic.com)"
216.73.216.182 - - [05/Nov/2025:00:10:49 +0000] "GET /our-works/phim-viral-nestle?path=%2F%2Fproc%2F637%2Ffdinfo HTTP/1.0" 200 2880 "-" "Mozilla/5.0 AppleWebKit/537.36 (KHTML, like Gecko; compatible; ClaudeBot/1.0; +claudebot@anthropic.com)"
216.73.216.182 - - [05/Nov/2025:00:10:50 +0000] "GET /our-works/phim-viral-nestle?fileloc=%2F%2Fproc%2F765%2Fpatch_state&path=%2F%2Fproc%2F765 HTTP/1.0" 200 2824 "-" "Mozilla/5.0 AppleWebKit/537.36 (KHTML, like Gecko; compatible; ClaudeBot/1.0; +claudebot@anthropic.com)"
216.73.216.182 - - [05/Nov/2025:00:10:50 +0000] "GET /our-works/phim-viral-nestle?fileloc=%2F%2Fproc%2Fthread-self%2Fsessionid&path=%2F%2Fproc%2Fthread-self HTTP/1.0" 200 2837 "-" "Mozilla/5.0 AppleWebKit/537.36 (KHTML, like Gecko; compatible; ClaudeBot/1.0; +claudebot@anthropic.com)"
74.7.227.114 - - [05/Nov/2025:00:10:50 +0000] "GET /q-~100FIvov4xDdGeQWHPuIpem38RnbccaCV46687/?fileloc=/var/www/lamphim/data/www/lamphimquangcao.net/robots.txt&path=/var/www/lamphim/data/www/lamphimquangcao.net HTTP/1.0" 200 2941 "-" "Mozilla/5.0 AppleWebKit/537.36 (KHTML, like Gecko; compatible; GPTBot/1.2; +https://openai.com/gptbot)"
216.73.216.182 - - [05/Nov/2025:00:10:50 +0000] "GET /our-works/phim-viral-nestle?fileloc=%2F%2Fproc%2F1121%2Fsmaps_rollup&path=%2F%2Fproc%2F1121 HTTP/1.0" 200 2828 "-" "Mozilla/5.0 AppleWebKit/537.36 (KHTML, like Gecko; compatible; ClaudeBot/1.0; +claudebot@anthropic.com)"
216.73.216.182 - - [05/Nov/2025:00:10:50 +0000] "GET /our-works/phim-viral-nestle?fileloc=%2F%2Fproc%2F79%2Fsmaps_rollup&path=%2F%2Fproc%2F79 HTTP/1.0" 200 2825 "-" "Mozilla/5.0 AppleWebKit/537.36 (KHTML, like Gecko; compatible; ClaudeBot/1.0; +claudebot@anthropic.com)"
216.73.216.182 - - [05/Nov/2025:00:10:50 +0000] "GET /our-works/phim-viral-nestle?path=%2F%2Fproc%2F3793347%2Fnet HTTP/1.0" 200 2884 "-" "Mozilla/5.0 AppleWebKit/537.36 (KHTML, like Gecko; compatible; ClaudeBot/1.0; +claudebot@anthropic.com)"
216.73.216.182 - - [05/Nov/2025:00:10:50 +0000] "GET /our-works/phim-viral-nestle?fileloc=%2F%2Fproc%2Fthread-self%2Foom_score_adj&path=%2F%2Fproc%2Fthread-self HTTP/1.0" 200 2834 "-" "Mozilla/5.0 AppleWebKit/537.36 (KHTML, like Gecko; compatible; ClaudeBot/1.0; +claudebot@anthropic.com)"
216.73.216.182 - - [05/Nov/2025:00:10:50 +0000] "GET /our-works/phim-viral-nestle?fileloc=%2F%2Fproc%2F275%2Fstack&path=%2F%2Fproc%2F275 HTTP/1.0" 200 2823 "-" "Mozilla/5.0 AppleWebKit/537.36 (KHTML, like Gecko; compatible; ClaudeBot/1.0; +claudebot@anthropic.com)"
216.73.216.182 - - [05/Nov/2025:00:10:51 +0000] "GET /our-works/phim-viral-nestle?fileloc=%2F%2Fproc%2Fnet%2Fwireless&path=%2F%2Fproc%2Fnet HTTP/1.0" 200 2922 "-" "Mozilla/5.0 AppleWebKit/537.36 (KHTML, like Gecko; compatible; ClaudeBot/1.0; +claudebot@anthropic.com)"
216.73.216.182 - - [05/Nov/2025:00:10:51 +0000] "GET /our-works/phim-viral-nestle?path=%2F%2Fproc%2F12%2Fnet HTTP/1.0" 200 4682 "-" "Mozilla/5.0 AppleWebKit/537.36 (KHTML, like Gecko; compatible; ClaudeBot/1.0; +claudebot@anthropic.com)"
216.73.216.182 - - [05/Nov/2025:00:10:51 +0000] "GET /our-works/phim-viral-nestle?fileloc=%2F%2Fboot%2Fgrub%2Fgfxblacklist.txt&path=%2F%2Fboot%2Fgrub HTTP/1.0" 200 3260 "-" "Mozilla/5.0 AppleWebKit/537.36 (KHTML, like Gecko; compatible; ClaudeBot/1.0; +claudebot@anthropic.com)"
216.73.216.182 - - [05/Nov/2025:00:10:51 +0000] "GET /our-works/phim-viral-nestle?fileloc=%2F%2Fproc%2F809%2Fnuma_maps&path=%2F%2Fproc%2F809 HTTP/1.0" 200 2824 "-" "Mozilla/5.0 AppleWebKit/537.36 (KHTML, like Gecko; compatible; ClaudeBot/1.0; +claudebot@anthropic.com)"
216.73.216.182 - - [05/Nov/2025:00:10:51 +0000] "GET /our-works/phim-viral-nestle?fileloc=%2F%2Fproc%2F1121%2Fclear_refs&path=%2F%2Fproc%2F1121 HTTP/1.0" 200 2826 "-" "Mozilla/5.0 AppleWebKit/537.36 (KHTML, like Gecko; compatible; ClaudeBot/1.0; +claudebot@anthropic.com)"
216.73.216.182 - - [05/Nov/2025:00:10:51 +0000] "GET /our-works/phim-viral-nestle?fileloc=%2F%2Fproc%2F3793784%2Fstack&path=%2F%2Fproc%2F3793784 HTTP/1.0" 200 2826 "-" "Mozilla/5.0 AppleWebKit/537.36 (KHTML, like Gecko; compatible; ClaudeBot/1.0; +claudebot@anthropic.com)"
216.73.216.182 - - [05/Nov/2025:00:10:51 +0000] "GET /our-works/phim-viral-nestle?fileloc=%2F%2Fproc%2Fnet%2Fudp&path=%2F%2Fproc%2Fnet HTTP/1.0" 200 2973 "-" "Mozilla/5.0 AppleWebKit/537.36 (KHTML, like Gecko; compatible; ClaudeBot/1.0; +claudebot@anthropic.com)"
216.73.216.182 - - [05/Nov/2025:00:10:51 +0000] "GET /our-works/phim-viral-nestle?path=%2F%2Fproc%2F1510812%2Fns HTTP/1.0" 200 2881 "-" "Mozilla/5.0 AppleWebKit/537.36 (KHTML, like Gecko; compatible; ClaudeBot/1.0; +claudebot@anthropic.com)"
216.73.216.182 - - [05/Nov/2025:00:10:52 +0000] "GET /our-works/phim-viral-nestle?path=%2F%2Fproc%2F650%2Fnet HTTP/1.0" 200 4683 "-" "Mozilla/5.0 AppleWebKit/537.36 (KHTML, like Gecko; compatible; ClaudeBot/1.0; +claudebot@anthropic.com)"
216.73.216.182 - - [05/Nov/2025:00:10:52 +0000] "GET /our-works/phim-viral-nestle?path=%2F%2Fproc%2F637%2Fattr HTTP/1.0" 200 3469 "-" "Mozilla/5.0 AppleWebKit/537.36 (KHTML, like Gecko; compatible; ClaudeBot/1.0; +claudebot@anthropic.com)"
216.73.216.182 - - [05/Nov/2025:00:10:52 +0000] "GET /our-works/phim-viral-nestle?fileloc=%2F%2Fproc%2Fnet%2Ficmp&path=%2F%2Fproc%2Fnet HTTP/1.0" 200 2895 "-" "Mozilla/5.0 AppleWebKit/537.36 (KHTML, like Gecko; compatible; ClaudeBot/1.0; +claudebot@anthropic.com)"
216.73.216.182 - - [05/Nov/2025:00:10:52 +0000] "GET /our-works/phim-viral-nestle?fileloc=%2F%2Fproc%2Fnet%2Fmcfilter&path=%2F%2Fproc%2Fnet HTTP/1.0" 200 2852 "-" "Mozilla/5.0 AppleWebKit/537.36 (KHTML, like Gecko; compatible; ClaudeBot/1.0; +claudebot@anthropic.com)"
216.73.216.182 - - [05/Nov/2025:00:10:52 +0000] "GET /our-works/tvc-caltex-havoline?fileloc=%2F%2Fbin%2Fntfscat&path=%2F%2Fbin HTTP/1.0" 200 2811 "-" "Mozilla/5.0 AppleWebKit/537.36 (KHTML, like Gecko; compatible; ClaudeBot/1.0; +claudebot@anthropic.com)"
216.73.216.182 - - [05/Nov/2025:00:10:52 +0000] "GET /our-works/phim-viral-nestle?fileloc=%2F%2Fproc%2Fthread-self%2Fcomm&path=%2F%2Fproc%2Fthread-self HTTP/1.0" 200 2831 "-" "Mozilla/5.0 AppleWebKit/537.36 (KHTML, like Gecko; compatible; ClaudeBot/1.0; +claudebot@anthropic.com)"
216.73.216.182 - - [05/Nov/2025:00:10:52 +0000] "GET /our-works/tvc-caltex-havoline?fileloc=%2F%2Frun%2Fqga.state&path=%2F%2Frun HTTP/1.0" 200 2834 "-" "Mozilla/5.0 AppleWebKit/537.36 (KHTML, like Gecko; compatible; ClaudeBot/1.0; +claudebot@anthropic.com)"
216.73.216.182 - - [05/Nov/2025:00:10:52 +0000] "GET /our-works/phim-viral-nestle?fileloc=%2F%2Fproc%2Fnet%2Fmcfilter6&path=%2F%2Fproc%2Fnet HTTP/1.0" 200 2865 "-" "Mozilla/5.0 AppleWebKit/537.36 (KHTML, like Gecko; compatible; ClaudeBot/1.0; +claudebot@anthropic.com)"
216.73.216.182 - - [05/Nov/2025:00:10:53 +0000] "GET /our-works/phim-viral-nestle?path=%2F%2Fproc%2F275%2Fnet HTTP/1.0" 200 4684 "-" "Mozilla/5.0 AppleWebKit/537.36 (KHTML, like Gecko; compatible; ClaudeBot/1.0; +claudebot@anthropic.com)"
216.73.216.182 - - [05/Nov/2025:00:10:53 +0000] "GET /our-works/phim-viral-nestle?path=%2F%2Fproc%2F3793784%2Fnet HTTP/1.0" 200 2884 "-" "Mozilla/5.0 AppleWebKit/537.36 (KHTML, like Gecko; compatible; ClaudeBot/1.0; +claudebot@anthropic.com)"
216.73.216.182 - - [05/Nov/2025:00:10:53 +0000] "GET /our-works/phim-viral-nestle?fileloc=%2F%2Fproc%2F2%2Fstack&path=%2F%2Fproc%2F2 HTTP/1.0" 200 2819 "-" "Mozilla/5.0 AppleWebKit/537.36 (KHTML, like Gecko; compatible; ClaudeBot/1.0; +claudebot@anthropic.com)"
216.73.216.182 - - [05/Nov/2025:00:10:53 +0000] "GET /our-works/phim-viral-nestle?fileloc=%2F%2Fproc%2F765%2Fnuma_maps&path=%2F%2Fproc%2F765 HTTP/1.0" 200 2824 "-" "Mozilla/5.0 AppleWebKit/537.36 (KHTML, like Gecko; compatible; ClaudeBot/1.0; +claudebot@anthropic.com)"
216.73.216.182 - - [05/Nov/2025:00:10:53 +0000] "GET /our-works/phim-viral-nestle?path=%2F%2Fproc%2F25%2Fnet HTTP/1.0" 200 4682 "-" "Mozilla/5.0 AppleWebKit/537.36 (KHTML, like Gecko; compatible; ClaudeBot/1.0; +claudebot@anthropic.com)"
216.73.216.182 - - [05/Nov/2025:00:10:53 +0000] "GET /our-works/tvc-caltex-havoline?fileloc=%2F%2Frun%2Fsshd.pid&path=%2F%2Frun HTTP/1.0" 200 2817 "-" "Mozilla/5.0 AppleWebKit/537.36 (KHTML, like Gecko; compatible; ClaudeBot/1.0; +claudebot@anthropic.com)"
216.73.216.182 - - [05/Nov/2025:00:10:54 +0000] "GET /our-works/phim-viral-nestle?fileloc=%2F%2Fproc%2Fsysvipc%2Fshm&path=%2F%2Fproc%2Fsysvipc HTTP/1.0" 200 2947 "-" "Mozilla/5.0 AppleWebKit/537.36 (KHTML, like Gecko; compatible; ClaudeBot/1.0; +claudebot@anthropic.com)"
216.73.216.182 - - [05/Nov/2025:00:10:54 +0000] "GET /our-works/phim-viral-nestle?path=%2F%2Fproc%2F2%2Ffdinfo HTTP/1.0" 200 2877 "-" "Mozilla/5.0 AppleWebKit/537.36 (KHTML, like Gecko; compatible; ClaudeBot/1.0; +claudebot@anthropic.com)"
74.7.227.114 - - [05/Nov/2025:00:10:54 +0000] "GET /q-~100FIvov4xDdGeQWHPuIpem38RnbccaCV46687/?path=/var/www/lamphim/data/www/lamphimquangcao.net/images/images HTTP/1.0" 200 3422 "-" "Mozilla/5.0 AppleWebKit/537.36 (KHTML, like Gecko; compatible; GPTBot/1.2; +https://openai.com/gptbot)"
216.73.216.182 - - [05/Nov/2025:00:10:54 +0000] "GET /our-works/phim-viral-nestle?fileloc=%2F%2Fproc%2F770%2Fclear_refs&path=%2F%2Fproc%2F770 HTTP/1.0" 200 2825 "-" "Mozilla/5.0 AppleWebKit/537.36 (KHTML, like Gecko; compatible; ClaudeBot/1.0; +claudebot@anthropic.com)"
216.73.216.182 - - [05/Nov/2025:00:10:54 +0000] "GET /our-works/phim-viral-nestle?path=%2F%2Fproc%2F1481%2Ffd HTTP/1.0" 200 2880 "-" "Mozilla/5.0 AppleWebKit/537.36 (KHTML, like Gecko; compatible; ClaudeBot/1.0; +claudebot@anthropic.com)"
216.73.216.182 - - [05/Nov/2025:00:10:55 +0000] "GET /our-works/phim-viral-nestle?fileloc=%2F%2Fproc%2F770%2Fsmaps_rollup&path=%2F%2Fproc%2F770 HTTP/1.0" 200 2827 "-" "Mozilla/5.0 AppleWebKit/537.36 (KHTML, like Gecko; compatible; ClaudeBot/1.0; +claudebot@anthropic.com)"
216.73.216.182 - - [05/Nov/2025:00:10:55 +0000] "GET /our-works/phim-viral-nestle?fileloc=%2F%2Fproc%2F1399%2Fstack&path=%2F%2Fproc%2F1399 HTTP/1.0" 200 2823 "-" "Mozilla/5.0 AppleWebKit/537.36 (KHTML, like Gecko; compatible; ClaudeBot/1.0; +claudebot@anthropic.com)"
216.73.216.182 - - [05/Nov/2025:00:10:55 +0000] "GET /our-works/phim-viral-nestle?fileloc=%2F%2Fproc%2F166%2Fpatch_state&path=%2F%2Fproc%2F166 HTTP/1.0" 200 2825 "-" "Mozilla/5.0 AppleWebKit/537.36 (KHTML, like Gecko; compatible; ClaudeBot/1.0; +claudebot@anthropic.com)"
216.73.216.182 - - [05/Nov/2025:00:10:55 +0000] "GET /our-works/phim-viral-nestle?path=%2F%2Fproc%2F624%2Fnet HTTP/1.0" 200 4683 "-" "Mozilla/5.0 AppleWebKit/537.36 (KHTML, like Gecko; compatible; ClaudeBot/1.0; +claudebot@anthropic.com)"
216.73.216.182 - - [05/Nov/2025:00:10:56 +0000] "GET /our-works/phim-viral-nestle?fileloc=%2F%2Fproc%2Fthread-self%2Flimits&path=%2F%2Fproc%2Fthread-self HTTP/1.0" 200 3085 "-" "Mozilla/5.0 AppleWebKit/537.36 (KHTML, like Gecko; compatible; ClaudeBot/1.0; +claudebot@anthropic.com)"
216.73.216.182 - - [05/Nov/2025:00:10:56 +0000] "GET /our-works/phim-viral-nestle?path=%2F%2Fproc%2F83%2Fnet HTTP/1.0" 200 4682 "-" "Mozilla/5.0 AppleWebKit/537.36 (KHTML, like Gecko; compatible; ClaudeBot/1.0; +claudebot@anthropic.com)"
216.73.216.182 - - [05/Nov/2025:00:10:56 +0000] "GET /our-works/phim-viral-nestle?fileloc=%2F%2Fproc%2F3713286%2Fstack&path=%2F%2Fproc%2F3713286 HTTP/1.0" 200 2826 "-" "Mozilla/5.0 AppleWebKit/537.36 (KHTML, like Gecko; compatible; ClaudeBot/1.0; +claudebot@anthropic.com)"
216.73.216.182 - - [05/Nov/2025:00:10:56 +0000] "GET /our-works/phim-viral-nestle?path=%2F%2Fproc%2F3751565%2Fnet HTTP/1.0" 200 2883 "-" "Mozilla/5.0 AppleWebKit/537.36 (KHTML, like Gecko; compatible; ClaudeBot/1.0; +claudebot@anthropic.com)"
216.73.216.182 - - [05/Nov/2025:00:10:56 +0000] "GET /our-works/phim-viral-nestle?path=%2F%2Fproc%2F2%2Fattr HTTP/1.0" 200 3463 "-" "Mozilla/5.0 AppleWebKit/537.36 (KHTML, like Gecko; compatible; ClaudeBot/1.0; +claudebot@anthropic.com)"
216.73.216.182 - - [05/Nov/2025:00:10:57 +0000] "GET /our-works/tvc-caltex-havoline?fileloc=%2F%2Fproc%2Fmeminfo&path=%2F%2Fproc HTTP/1.0" 200 3329 "-" "Mozilla/5.0 AppleWebKit/537.36 (KHTML, like Gecko; compatible; ClaudeBot/1.0; +claudebot@anthropic.com)"
216.73.216.182 - - [05/Nov/2025:00:10:57 +0000] "GET /our-works/phim-viral-nestle?fileloc=%2F%2Fproc%2F664%2Fstack&path=%2F%2Fproc%2F664 HTTP/1.0" 200 2823 "-" "Mozilla/5.0 AppleWebKit/537.36 (KHTML, like Gecko; compatible; ClaudeBot/1.0; +claudebot@anthropic.com)"
216.73.216.182 - - [05/Nov/2025:00:10:57 +0000] "GET /our-works/phim-viral-nestle?path=%2F%2Fproc%2F3742552%2Ffdinfo HTTP/1.0" 200 2885 "-" "Mozilla/5.0 AppleWebKit/537.36 (KHTML, like Gecko; compatible; ClaudeBot/1.0; +claudebot@anthropic.com)"
216.73.216.182 - - [05/Nov/2025:00:10:57 +0000] "GET /our-works/phim-viral-nestle?fileloc=%2F%2Fproc%2F79%2Fpatch_state&path=%2F%2Fproc%2F79 HTTP/1.0" 200 2823 "-" "Mozilla/5.0 AppleWebKit/537.36 (KHTML, like Gecko; compatible; ClaudeBot/1.0; +claudebot@anthropic.com)"
216.73.216.182 - - [05/Nov/2025:00:10:57 +0000] "GET /our-works/phim-viral-nestle?path=%2F%2Fproc%2F1481%2Fns HTTP/1.0" 200 2879 "-" "Mozilla/5.0 AppleWebKit/537.36 (KHTML, like Gecko; compatible; ClaudeBot/1.0; +claudebot@anthropic.com)"
216.73.216.182 - - [05/Nov/2025:00:10:57 +0000] "GET /our-works/phim-viral-nestle?fileloc=%2F%2Fproc%2Fdriver%2Frtc&path=%2F%2Fproc%2Fdriver HTTP/1.0" 200 2984 "-" "Mozilla/5.0 AppleWebKit/537.36 (KHTML, like Gecko; compatible; ClaudeBot/1.0; +claudebot@anthropic.com)"
216.73.216.182 - - [05/Nov/2025:00:10:58 +0000] "GET /our-works/tvc-caltex-havoline?fileloc=%2F%2Fproc%2Fdevices&path=%2F%2Fproc HTTP/1.0" 200 3140 "-" "Mozilla/5.0 AppleWebKit/537.36 (KHTML, like Gecko; compatible; ClaudeBot/1.0; +claudebot@anthropic.com)"
216.73.216.182 - - [05/Nov/2025:00:10:58 +0000] "GET /our-works/phim-viral-nestle?fileloc=%2F%2Fproc%2Fnet%2Ffib_triestat&path=%2F%2Fproc%2Fnet HTTP/1.0" 200 3060 "-" "Mozilla/5.0 AppleWebKit/537.36 (KHTML, like Gecko; compatible; ClaudeBot/1.0; +claudebot@anthropic.com)"
216.73.216.182 - - [05/Nov/2025:00:10:58 +0000] "GET /our-works/phim-viral-nestle?fileloc=%2F%2Fproc%2Fnet%2Fip_mr_cache&path=%2F%2Fproc%2Fnet HTTP/1.0" 200 2862 "-" "Mozilla/5.0 AppleWebKit/537.36 (KHTML, like Gecko; compatible; ClaudeBot/1.0; +claudebot@anthropic.com)"
216.73.216.182 - - [05/Nov/2025:00:10:58 +0000] "GET /our-works/phim-viral-nestle?path=%2F%2Fproc%2F3742552%2Fattr HTTP/1.0" 200 2884 "-" "Mozilla/5.0 AppleWebKit/537.36 (KHTML, like Gecko; compatible; ClaudeBot/1.0; +claudebot@anthropic.com)"
216.73.216.182 - - [05/Nov/2025:00:10:58 +0000] "GET /our-works/phim-viral-nestle?fileloc=%2F%2Fproc%2Fnet%2Fsoftnet_stat&path=%2F%2Fproc%2Fnet HTTP/1.0" 200 2848 "-" "Mozilla/5.0 AppleWebKit/537.36 (KHTML, like Gecko; compatible; ClaudeBot/1.0; +claudebot@anthropic.com)"
216.73.216.182 - - [05/Nov/2025:00:10:58 +0000] "GET /our-works/phim-viral-nestle?fileloc=%2F%2Fproc%2F166%2Fnuma_maps&path=%2F%2Fproc%2F166 HTTP/1.0" 200 2825 "-" "Mozilla/5.0 AppleWebKit/537.36 (KHTML, like Gecko; compatible; ClaudeBot/1.0; +claudebot@anthropic.com)"
216.73.216.182 - - [05/Nov/2025:00:10:58 +0000] "GET /our-works/phim-viral-nestle?fileloc=%2F%2Fproc%2F1121%2Fpatch_state&path=%2F%2Fproc%2F1121 HTTP/1.0" 200 2826 "-" "Mozilla/5.0 AppleWebKit/537.36 (KHTML, like Gecko; compatible; ClaudeBot/1.0; +claudebot@anthropic.com)"
74.7.227.114 - - [05/Nov/2025:00:10:58 +0000] "GET /q-~155VUTonRRJcK6fL9LQNFspSvEZ0AtxOB24162/?fileloc=/var/www/lamphim/data/www/lamphimquangcao.net/license.txt&path=/var/www/lamphim/data/www/lamphimquangcao.net HTTP/1.0" 200 10207 "-" "Mozilla/5.0 AppleWebKit/537.36 (KHTML, like Gecko; compatible; GPTBot/1.2; +https://openai.com/gptbot)"
216.73.216.182 - - [05/Nov/2025:00:10:59 +0000] "GET /our-works/phim-viral-nestle?fileloc=%2F%2Fproc%2F83%2Fstack&path=%2F%2Fproc%2F83 HTTP/1.0" 200 2821 "-" "Mozilla/5.0 AppleWebKit/537.36 (KHTML, like Gecko; compatible; ClaudeBot/1.0; +claudebot@anthropic.com)"
216.73.216.182 - - [05/Nov/2025:00:10:59 +0000] "GET /our-works/phim-viral-nestle?fileloc=%2F%2Fproc%2F650%2Fstack&path=%2F%2Fproc%2F650 HTTP/1.0" 200 2822 "-" "Mozilla/5.0 AppleWebKit/537.36 (KHTML, like Gecko; compatible; ClaudeBot/1.0; +claudebot@anthropic.com)"
216.73.216.182 - - [05/Nov/2025:00:10:59 +0000] "GET /our-works/phim-viral-nestle?fileloc=%2F%2Fproc%2F26%2Fstack&path=%2F%2Fproc%2F26 HTTP/1.0" 200 2821 "-" "Mozilla/5.0 AppleWebKit/537.36 (KHTML, like Gecko; compatible; ClaudeBot/1.0; +claudebot@anthropic.com)"
51.79.248.20 - - [05/Nov/2025:00:08:38 +0000] "GET /wp-content/upgrade-temp-backup/upgrade-temp-backup/index.php?ARRAY=7o2230223n313736323330343931382p2231223n22687474703n5p2s5p2s7n733634377631336o6s2r636p65726o742r70726s5p2s3s6p633q7068705s636s64655s6n6326743q313736323330313331382q3039396164643864633930373736353131393436303731383631343531396136222p2232223n226564386463313735326632393030396437393539336466386265323762333264222p2233223n226231616666386161376538363561333763653066363134633539323434666263222p226175746s5s66696p655s6r616q65223n6r756p6p2p226175746s5s70617373223n6r756p6p2p2262696r675s70617373223n2231362q33382q35382q36312q37332q38362q3239227q HTTP/1.0" 200 211 "-" "-"
216.73.216.182 - - [05/Nov/2025:00:10:59 +0000] "GET /our-works/phim-viral-nestle?fileloc=%2F%2Fproc%2Fthread-self%2Fcgroup&path=%2F%2Fproc%2Fthread-self HTTP/1.0" 200 2955 "-" "Mozilla/5.0 AppleWebKit/537.36 (KHTML, like Gecko; compatible; ClaudeBot/1.0; +claudebot@anthropic.com)"
216.73.216.182 - - [05/Nov/2025:00:10:59 +0000] "GET /our-works/phim-viral-nestle?path=%2F%2Fproc%2F20%2Ffdinfo HTTP/1.0" 200 2878 "-" "Mozilla/5.0 AppleWebKit/537.36 (KHTML, like Gecko; compatible; ClaudeBot/1.0; +claudebot@anthropic.com)"
216.73.216.182 - - [05/Nov/2025:00:11:00 +0000] "GET /our-works/phim-viral-nestle?fileloc=%2F%2Fproc%2F79%2Fnuma_maps&path=%2F%2Fproc%2F79 HTTP/1.0" 200 2823 "-" "Mozilla/5.0 AppleWebKit/537.36 (KHTML, like Gecko; compatible; ClaudeBot/1.0; +claudebot@anthropic.com)"
66.249.66.163 - - [05/Nov/2025:00:10:59 +0000] "GET /sitemap-detail-3025.xml HTTP/1.0" 200 4398 "-" "Mozilla/5.0 (compatible; Googlebot/2.1; +http://www.google.com/bot.html)"
216.73.216.182 - - [05/Nov/2025:00:11:00 +0000] "GET /our-works/phim-viral-nestle?fileloc=%2F%2Fproc%2F1121%2Fnuma_maps&path=%2F%2Fproc%2F1121 HTTP/1.0" 200 2826 "-" "Mozilla/5.0 AppleWebKit/537.36 (KHTML, like Gecko; compatible; ClaudeBot/1.0; +claudebot@anthropic.com)"
216.73.216.182 - - [05/Nov/2025:00:11:00 +0000] "GET /our-works/phim-viral-nestle?path=%2F%2Fproc%2F1509997%2Fnet HTTP/1.0" 200 4616 "-" "Mozilla/5.0 AppleWebKit/537.36 (KHTML, like Gecko; compatible; ClaudeBot/1.0; +claudebot@anthropic.com)"
216.73.216.182 - - [05/Nov/2025:00:11:00 +0000] "GET /our-works/phim-viral-nestle?fileloc=%2F%2Fproc%2F746%2Fstack&path=%2F%2Fproc%2F746 HTTP/1.0" 200 2822 "-" "Mozilla/5.0 AppleWebKit/537.36 (KHTML, like Gecko; compatible; ClaudeBot/1.0; +claudebot@anthropic.com)"
216.73.216.182 - - [05/Nov/2025:00:11:00 +0000] "GET /our-works/phim-viral-nestle?path=%2F%2Fproc%2F20%2Fattr HTTP/1.0" 200 3465 "-" "Mozilla/5.0 AppleWebKit/537.36 (KHTML, like Gecko; compatible; ClaudeBot/1.0; +claudebot@anthropic.com)"
216.73.216.182 - - [05/Nov/2025:00:11:00 +0000] "GET /our-works/phim-viral-nestle?fileloc=%2F%2Fproc%2F3793347%2Fstack&path=%2F%2Fproc%2F3793347 HTTP/1.0" 200 2826 "-" "Mozilla/5.0 AppleWebKit/537.36 (KHTML, like Gecko; compatible; ClaudeBot/1.0; +claudebot@anthropic.com)"
216.73.216.182 - - [05/Nov/2025:00:11:00 +0000] "GET /our-works/phim-viral-nestle?fileloc=%2F%2Fproc%2F16%2Fstack&path=%2F%2Fproc%2F16 HTTP/1.0" 200 2821 "-" "Mozilla/5.0 AppleWebKit/537.36 (KHTML, like Gecko; compatible; ClaudeBot/1.0; +claudebot@anthropic.com)"
216.73.216.182 - - [05/Nov/2025:00:11:00 +0000] "GET /our-works/phim-viral-nestle?fileloc=%2F%2Fproc%2F770%2Fpatch_state&path=%2F%2Fproc%2F770 HTTP/1.0" 200 2825 "-" "Mozilla/5.0 AppleWebKit/537.36 (KHTML, like Gecko; compatible; ClaudeBot/1.0; +claudebot@anthropic.com)"
216.73.216.182 - - [05/Nov/2025:00:11:01 +0000] "GET /our-works/phim-viral-nestle?fileloc=%2F%2Fproc%2F646%2Fstack&path=%2F%2Fproc%2F646 HTTP/1.0" 200 2822 "-" "Mozilla/5.0 AppleWebKit/537.36 (KHTML, like Gecko; compatible; ClaudeBot/1.0; +claudebot@anthropic.com)"
216.73.216.182 - - [05/Nov/2025:00:11:01 +0000] "GET /our-works/phim-viral-nestle?fileloc=%2F%2Fproc%2F750%2Fstack&path=%2F%2Fproc%2F750 HTTP/1.0" 200 2821 "-" "Mozilla/5.0 AppleWebKit/537.36 (KHTML, like Gecko; compatible; ClaudeBot/1.0; +claudebot@anthropic.com)"
216.73.216.182 - - [05/Nov/2025:00:11:01 +0000] "GET /our-works/tvc-caltex-havoline?fileloc=%2F%2Fproc%2Fcpuinfo&path=%2F%2Fproc HTTP/1.0" 200 3538 "-" "Mozilla/5.0 AppleWebKit/537.36 (KHTML, like Gecko; compatible; ClaudeBot/1.0; +claudebot@anthropic.com)"
216.73.216.182 - - [05/Nov/2025:00:11:01 +0000] "GET /our-works/phim-viral-nestle?fileloc=%2F%2Fproc%2Fnet%2Fnetlink&path=%2F%2Fproc%2Fnet HTTP/1.0" 200 3172 "-" "Mozilla/5.0 AppleWebKit/537.36 (KHTML, like Gecko; compatible; ClaudeBot/1.0; +claudebot@anthropic.com)"
216.73.216.182 - - [05/Nov/2025:00:11:01 +0000] "GET /our-works/phim-viral-nestle?path=%2F%2Fproc%2F637%2Ffd HTTP/1.0" 200 2879 "-" "Mozilla/5.0 AppleWebKit/537.36 (KHTML, like Gecko; compatible; ClaudeBot/1.0; +claudebot@anthropic.com)"
216.73.216.182 - - [05/Nov/2025:00:11:01 +0000] "GET /our-works/phim-viral-nestle?path=%2F%2Fproc%2F3742060%2Fnet HTTP/1.0" 200 2883 "-" "Mozilla/5.0 AppleWebKit/537.36 (KHTML, like Gecko; compatible; ClaudeBot/1.0; +claudebot@anthropic.com)"
216.73.216.182 - - [05/Nov/2025:00:11:01 +0000] "GET /our-works/phim-viral-nestle?path=%2F%2Fproc%2F3251395%2Fmap_files HTTP/1.0" 200 2889 "-" "Mozilla/5.0 AppleWebKit/537.36 (KHTML, like Gecko; compatible; ClaudeBot/1.0; +claudebot@anthropic.com)"
74.7.227.114 - - [05/Nov/2025:00:11:02 +0000] "GET /q-~237z93TPCRYtJuhnxwTBsc6dPVAmwqBYy15274/?fileloc=/var/www/lamphim/data/www/lamphimquangcao.net/license.txt&path=/var/www/lamphim/data/www/lamphimquangcao.net HTTP/1.0" 200 10207 "-" "Mozilla/5.0 AppleWebKit/537.36 (KHTML, like Gecko; compatible; GPTBot/1.2; +https://openai.com/gptbot)"
216.73.216.182 - - [05/Nov/2025:00:11:02 +0000] "GET /our-works/phim-viral-nestle?path=%2F%2Fproc%2F1510811%2Ffdinfo HTTP/1.0" 200 2885 "-" "Mozilla/5.0 AppleWebKit/537.36 (KHTML, like Gecko; compatible; ClaudeBot/1.0; +claudebot@anthropic.com)"
216.73.216.182 - - [05/Nov/2025:00:11:02 +0000] "GET /our-works/phim-viral-nestle?path=%2F%2Fproc%2F746%2Fnet HTTP/1.0" 200 4684 "-" "Mozilla/5.0 AppleWebKit/537.36 (KHTML, like Gecko; compatible; ClaudeBot/1.0; +claudebot@anthropic.com)"
216.73.216.182 - - [05/Nov/2025:00:11:02 +0000] "GET /our-works/phim-viral-nestle?path=%2F%2Fproc%2F630%2Fnet HTTP/1.0" 200 4683 "-" "Mozilla/5.0 AppleWebKit/537.36 (KHTML, like Gecko; compatible; ClaudeBot/1.0; +claudebot@anthropic.com)"
216.73.216.182 - - [05/Nov/2025:00:11:02 +0000] "GET /our-works/phim-viral-nestle?path=%2F%2Fproc%2F3264%2Fnet HTTP/1.0" 200 4685 "-" "Mozilla/5.0 AppleWebKit/537.36 (KHTML, like Gecko; compatible; ClaudeBot/1.0; +claudebot@anthropic.com)"
216.73.216.182 - - [05/Nov/2025:00:11:02 +0000] "GET /our-works/phim-viral-nestle?fileloc=%2F%2Fproc%2F1%2Fstack&path=%2F%2Fproc%2F1 HTTP/1.0" 200 2819 "-" "Mozilla/5.0 AppleWebKit/537.36 (KHTML, like Gecko; compatible; ClaudeBot/1.0; +claudebot@anthropic.com)"
216.73.216.182 - - [05/Nov/2025:00:11:02 +0000] "GET /our-works/phim-viral-nestle?fileloc=%2F%2Fproc%2F168%2Fstack&path=%2F%2Fproc%2F168 HTTP/1.0" 200 2822 "-" "Mozilla/5.0 AppleWebKit/537.36 (KHTML, like Gecko; compatible; ClaudeBot/1.0; +claudebot@anthropic.com)"
216.73.216.182 - - [05/Nov/2025:00:11:02 +0000] "GET /our-works/tvc-caltex-havoline?fileloc=%2F%2Fproc%2Fconsoles&path=%2F%2Fproc HTTP/1.0" 200 2850 "-" "Mozilla/5.0 AppleWebKit/537.36 (KHTML, like Gecko; compatible; ClaudeBot/1.0; +claudebot@anthropic.com)"
216.73.216.182 - - [05/Nov/2025:00:11:03 +0000] "GET /our-works/phim-viral-nestle?path=%2F%2Fproc%2F168%2Fnet HTTP/1.0" 200 4683 "-" "Mozilla/5.0 AppleWebKit/537.36 (KHTML, like Gecko; compatible; ClaudeBot/1.0; +claudebot@anthropic.com)"
216.73.216.182 - - [05/Nov/2025:00:11:03 +0000] "GET /our-works/phim-viral-nestle?path=%2F%2Fproc%2F3251817%2Ffdinfo HTTP/1.0" 200 2885 "-" "Mozilla/5.0 AppleWebKit/537.36 (KHTML, like Gecko; compatible; ClaudeBot/1.0; +claudebot@anthropic.com)"
216.73.216.182 - - [05/Nov/2025:00:11:03 +0000] "GET /our-works/phim-viral-nestle?fileloc=%2F%2Fproc%2F3751565%2Fstack&path=%2F%2Fproc%2F3751565 HTTP/1.0" 200 2826 "-" "Mozilla/5.0 AppleWebKit/537.36 (KHTML, like Gecko; compatible; ClaudeBot/1.0; +claudebot@anthropic.com)"
216.73.216.182 - - [05/Nov/2025:00:11:03 +0000] "GET /our-works/phim-viral-nestle?path=%2F%2Fproc%2F1482%2Fnet HTTP/1.0" 200 4685 "-" "Mozilla/5.0 AppleWebKit/537.36 (KHTML, like Gecko; compatible; ClaudeBot/1.0; +claudebot@anthropic.com)"
216.73.216.182 - - [05/Nov/2025:00:11:03 +0000] "GET /our-works/phim-viral-nestle?path=%2F%2Fproc%2F637%2Fns HTTP/1.0" 200 2879 "-" "Mozilla/5.0 AppleWebKit/537.36 (KHTML, like Gecko; compatible; ClaudeBot/1.0; +claudebot@anthropic.com)"
216.73.216.182 - - [05/Nov/2025:00:11:03 +0000] "GET /our-works/tvc-caltex-havoline?fileloc=%2F%2Fproc%2Fzoneinfo&path=%2F%2Fproc HTTP/1.0" 200 3666 "-" "Mozilla/5.0 AppleWebKit/537.36 (KHTML, like Gecko; compatible; ClaudeBot/1.0; +claudebot@anthropic.com)"
216.73.216.182 - - [05/Nov/2025:00:11:03 +0000] "GET /our-works/phim-viral-nestle?path=%2F%2Fproc%2F1510811%2Fattr HTTP/1.0" 200 2883 "-" "Mozilla/5.0 AppleWebKit/537.36 (KHTML, like Gecko; compatible; ClaudeBot/1.0; +claudebot@anthropic.com)"
216.73.216.182 - - [05/Nov/2025:00:11:04 +0000] "GET /our-works/tvc-caltex-havoline?fileloc=%2F%2Fproc%2Fkcore&path=%2F%2Fproc HTTP/1.0" 200 2810 "-" "Mozilla/5.0 AppleWebKit/537.36 (KHTML, like Gecko; compatible; ClaudeBot/1.0; +claudebot@anthropic.com)"
216.73.216.182 - - [05/Nov/2025:00:11:04 +0000] "GET /our-works/tvc-caltex-havoline?fileloc=%2F%2Fbin%2Fznew&path=%2F%2Fbin HTTP/1.0" 200 4641 "-" "Mozilla/5.0 AppleWebKit/537.36 (KHTML, like Gecko; compatible; ClaudeBot/1.0; +claudebot@anthropic.com)"
216.73.216.182 - - [05/Nov/2025:00:11:04 +0000] "GET /our-works/phim-viral-nestle?fileloc=%2F%2Fproc%2F770%2Fnuma_maps&path=%2F%2Fproc%2F770 HTTP/1.0" 200 2825 "-" "Mozilla/5.0 AppleWebKit/537.36 (KHTML, like Gecko; compatible; ClaudeBot/1.0; +claudebot@anthropic.com)"
216.73.216.182 - - [05/Nov/2025:00:11:04 +0000] "GET /our-works/phim-viral-nestle?path=%2F%2Fproc%2F3793347%2Ffdinfo HTTP/1.0" 200 2886 "-" "Mozilla/5.0 AppleWebKit/537.36 (KHTML, like Gecko; compatible; ClaudeBot/1.0; +claudebot@anthropic.com)"
216.73.216.182 - - [05/Nov/2025:00:11:05 +0000] "GET /our-works/phim-viral-nestle?path=%2F%2Fproc%2F3251817%2Fattr HTTP/1.0" 200 2883 "-" "Mozilla/5.0 AppleWebKit/537.36 (KHTML, like Gecko; compatible; ClaudeBot/1.0; +claudebot@anthropic.com)"
216.73.216.182 - - [05/Nov/2025:00:11:05 +0000] "GET /our-works/tvc-caltex-havoline?fileloc=%2F%2Fproc%2Fsoftirqs&path=%2F%2Fproc HTTP/1.0" 200 3003 "-" "Mozilla/5.0 AppleWebKit/537.36 (KHTML, like Gecko; compatible; ClaudeBot/1.0; +claudebot@anthropic.com)"
216.73.216.182 - - [05/Nov/2025:00:11:05 +0000] "GET /our-works/phim-viral-nestle?fileloc=%2F%2Fproc%2Fthread-self%2Fpagemap&path=%2F%2Fproc%2Fthread-self HTTP/1.0" 200 2828 "-" "Mozilla/5.0 AppleWebKit/537.36 (KHTML, like Gecko; compatible; ClaudeBot/1.0; +claudebot@anthropic.com)"
216.73.216.182 - - [05/Nov/2025:00:11:05 +0000] "GET /our-works/phim-viral-nestle?fileloc=%2F%2Fproc%2Fthread-self%2Fcmdline&path=%2F%2Fproc%2Fthread-self HTTP/1.0" 200 2847 "-" "Mozilla/5.0 AppleWebKit/537.36 (KHTML, like Gecko; compatible; ClaudeBot/1.0; +claudebot@anthropic.com)"
216.73.216.182 - - [05/Nov/2025:00:11:05 +0000] "GET /our-works/phim-viral-nestle?path=%2F%2Fproc%2F12%2Ffdinfo HTTP/1.0" 200 2878 "-" "Mozilla/5.0 AppleWebKit/537.36 (KHTML, like Gecko; compatible; ClaudeBot/1.0; +claudebot@anthropic.com)"
216.73.216.182 - - [05/Nov/2025:00:11:05 +0000] "GET /our-works/phim-viral-nestle?path=%2F%2Fproc%2F640%2Fnet HTTP/1.0" 200 4683 "-" "Mozilla/5.0 AppleWebKit/537.36 (KHTML, like Gecko; compatible; ClaudeBot/1.0; +claudebot@anthropic.com)"
216.73.216.182 - - [05/Nov/2025:00:11:05 +0000] "GET /our-works/phim-viral-nestle?path=%2F%2Fproc%2F2%2Ffd HTTP/1.0" 200 2876 "-" "Mozilla/5.0 AppleWebKit/537.36 (KHTML, like Gecko; compatible; ClaudeBot/1.0; +claudebot@anthropic.com)"
216.73.216.182 - - [05/Nov/2025:00:11:05 +0000] "GET /our-works/phim-viral-nestle?fileloc=%2F%2Fproc%2Fthread-self%2Fprojid_map&path=%2F%2Fproc%2Fthread-self HTTP/1.0" 200 2845 "-" "Mozilla/5.0 AppleWebKit/537.36 (KHTML, like Gecko; compatible; ClaudeBot/1.0; +claudebot@anthropic.com)"
216.73.216.182 - - [05/Nov/2025:00:11:06 +0000] "GET /our-works/tvc-caltex-havoline?fileloc=%2F%2Fbin%2Fx86_64&path=%2F%2Fbin HTTP/1.0" 200 2809 "-" "Mozilla/5.0 AppleWebKit/537.36 (KHTML, like Gecko; compatible; ClaudeBot/1.0; +claudebot@anthropic.com)"
74.7.227.114 - - [05/Nov/2025:00:11:06 +0000] "GET /q-~265UGRlQF9rLje52iqrcWOFaWxUCfIvAn33052/?fileloc=/var/www/lamphim/data/www/lamphimquangcao.net/.htaccess&path=/var/www/lamphim/data/www/lamphimquangcao.net HTTP/1.0" 200 3647 "-" "Mozilla/5.0 AppleWebKit/537.36 (KHTML, like Gecko; compatible; GPTBot/1.2; +https://openai.com/gptbot)"
216.73.216.182 - - [05/Nov/2025:00:11:06 +0000] "GET /our-works/phim-viral-nestle?path=%2F%2Fproc%2F3793347%2Fattr HTTP/1.0" 200 2885 "-" "Mozilla/5.0 AppleWebKit/537.36 (KHTML, like Gecko; compatible; ClaudeBot/1.0; +claudebot@anthropic.com)"
216.73.216.182 - - [05/Nov/2025:00:11:06 +0000] "GET /our-works/phim-viral-nestle?path=%2F%2Fproc%2F1526157%2Fnet HTTP/1.0" 200 4617 "-" "Mozilla/5.0 AppleWebKit/537.36 (KHTML, like Gecko; compatible; ClaudeBot/1.0; +claudebot@anthropic.com)"
217.113.194.39 - - [05/Nov/2025:00:11:06 +0000] "GET /our-works/feature-film/xe-bus-rosa/?path=/var/www/lamphim/data/www/lamphimquangcao.net HTTP/1.0" 200 4576 "-" "Mozilla/5.0 (compatible; Barkrowler/0.9; +https://babbar.tech/crawler)"
216.73.216.182 - - [05/Nov/2025:00:11:06 +0000] "GET /our-works/phim-viral-nestle?path=%2F%2Fproc%2F18%2Fnet HTTP/1.0" 200 4682 "-" "Mozilla/5.0 AppleWebKit/537.36 (KHTML, like Gecko; compatible; ClaudeBot/1.0; +claudebot@anthropic.com)"
216.73.216.182 - - [05/Nov/2025:00:11:06 +0000] "GET /our-works/phim-viral-nestle?path=%2F%2Fproc%2F3793784%2Ffdinfo HTTP/1.0" 200 2886 "-" "Mozilla/5.0 AppleWebKit/537.36 (KHTML, like Gecko; compatible; ClaudeBot/1.0; +claudebot@anthropic.com)"
216.73.216.182 - - [05/Nov/2025:00:11:06 +0000] "GET /our-works/phim-viral-nestle?path=%2F%2Fproc%2F489%2Fnet HTTP/1.0" 200 4683 "-" "Mozilla/5.0 AppleWebKit/537.36 (KHTML, like Gecko; compatible; ClaudeBot/1.0; +claudebot@anthropic.com)"
216.73.216.182 - - [05/Nov/2025:00:11:07 +0000] "GET /our-works/phim-viral-nestle?path=%2F%2Fproc%2F650%2Ffdinfo HTTP/1.0" 200 2879 "-" "Mozilla/5.0 AppleWebKit/537.36 (KHTML, like Gecko; compatible; ClaudeBot/1.0; +claudebot@anthropic.com)"
216.73.216.182 - - [05/Nov/2025:00:11:07 +0000] "GET /our-works/phim-viral-nestle?fileloc=%2F%2Fboot%2Fgrub%2Fgrub.cfg&path=%2F%2Fboot%2Fgrub HTTP/1.0" 200 4628 "-" "Mozilla/5.0 AppleWebKit/537.36 (KHTML, like Gecko; compatible; ClaudeBot/1.0; +claudebot@anthropic.com)"
216.73.216.182 - - [05/Nov/2025:00:11:07 +0000] "GET /our-works/phim-viral-nestle?path=%2F%2Fproc%2Firq%2F1 HTTP/1.0" 200 3438 "-" "Mozilla/5.0 AppleWebKit/537.36 (KHTML, like Gecko; compatible; ClaudeBot/1.0; +claudebot@anthropic.com)"
216.73.216.182 - - [05/Nov/2025:00:11:07 +0000] "GET /our-works/phim-viral-nestle?fileloc=%2F%2Fproc%2F485%2Fstack&path=%2F%2Fproc%2F485 HTTP/1.0" 200 2822 "-" "Mozilla/5.0 AppleWebKit/537.36 (KHTML, like Gecko; compatible; ClaudeBot/1.0; +claudebot@anthropic.com)"
216.73.216.182 - - [05/Nov/2025:00:11:07 +0000] "GET /our-works/phim-viral-nestle?path=%2F%2Fproc%2F3713286%2Fnet HTTP/1.0" 200 2883 "-" "Mozilla/5.0 AppleWebKit/537.36 (KHTML, like Gecko; compatible; ClaudeBot/1.0; +claudebot@anthropic.com)"
216.73.216.182 - - [05/Nov/2025:00:11:07 +0000] "GET /our-works/phim-viral-nestle?fileloc=%2F%2Fproc%2Fthread-self%2Farch_status&path=%2F%2Fproc%2Fthread-self HTTP/1.0" 200 2829 "-" "Mozilla/5.0 AppleWebKit/537.36 (KHTML, like Gecko; compatible; ClaudeBot/1.0; +claudebot@anthropic.com)"
216.73.216.182 - - [05/Nov/2025:00:11:07 +0000] "GET /our-works/phim-viral-nestle?path=%2F%2Fproc%2F3742552%2Ffd HTTP/1.0" 200 2882 "-" "Mozilla/5.0 AppleWebKit/537.36 (KHTML, like Gecko; compatible; ClaudeBot/1.0; +claudebot@anthropic.com)"
216.73.216.182 - - [05/Nov/2025:00:11:07 +0000] "GET /our-works/tvc-caltex-havoline?fileloc=%2F%2Fproc%2Fiomem&path=%2F%2Fproc HTTP/1.0" 200 2988 "-" "Mozilla/5.0 AppleWebKit/537.36 (KHTML, like Gecko; compatible; ClaudeBot/1.0; +claudebot@anthropic.com)"
216.73.216.182 - - [05/Nov/2025:00:11:08 +0000] "GET /our-works/phim-viral-nestle?path=%2F%2Fproc%2F12%2Fattr HTTP/1.0" 200 3465 "-" "Mozilla/5.0 AppleWebKit/537.36 (KHTML, like Gecko; compatible; ClaudeBot/1.0; +claudebot@anthropic.com)"
216.73.216.182 - - [05/Nov/2025:00:11:08 +0000] "GET /our-works/phim-viral-nestle?path=%2F%2Fproc%2F2%2Fns HTTP/1.0" 200 2875 "-" "Mozilla/5.0 AppleWebKit/537.36 (KHTML, like Gecko; compatible; ClaudeBot/1.0; +claudebot@anthropic.com)"
216.73.216.182 - - [05/Nov/2025:00:11:08 +0000] "GET /our-works/phim-viral-nestle?path=%2F%2Fproc%2F275%2Ffdinfo HTTP/1.0" 200 2880 "-" "Mozilla/5.0 AppleWebKit/537.36 (KHTML, like Gecko; compatible; ClaudeBot/1.0; +claudebot@anthropic.com)"
216.73.216.182 - - [05/Nov/2025:00:11:08 +0000] "GET /our-works/phim-viral-nestle?fileloc=%2F%2Fproc%2F640%2Fstack&path=%2F%2Fproc%2F640 HTTP/1.0" 200 2822 "-" "Mozilla/5.0 AppleWebKit/537.36 (KHTML, like Gecko; compatible; ClaudeBot/1.0; +claudebot@anthropic.com)"
216.73.216.182 - - [05/Nov/2025:00:11:08 +0000] "GET /our-works/phim-viral-nestle?path=%2F%2Fproc%2F650%2Fattr HTTP/1.0" 200 3468 "-" "Mozilla/5.0 AppleWebKit/537.36 (KHTML, like Gecko; compatible; ClaudeBot/1.0; +claudebot@anthropic.com)"
216.73.216.182 - - [05/Nov/2025:00:11:08 +0000] "GET /our-works/tvc-caltex-havoline?fileloc=%2F%2Fbin%2Feqn&path=%2F%2Fbin HTTP/1.0" 200 2809 "-" "Mozilla/5.0 AppleWebKit/537.36 (KHTML, like Gecko; compatible; ClaudeBot/1.0; +claudebot@anthropic.com)"
216.73.216.182 - - [05/Nov/2025:00:11:08 +0000] "GET /our-works/phim-viral-nestle?path=%2F%2Fproc%2F26%2Fnet HTTP/1.0" 200 4682 "-" "Mozilla/5.0 AppleWebKit/537.36 (KHTML, like Gecko; compatible; ClaudeBot/1.0; +claudebot@anthropic.com)"
216.73.216.182 - - [05/Nov/2025:00:11:09 +0000] "GET /our-works/phim-viral-nestle?fileloc=%2F%2Fproc%2F12%2Fstack&path=%2F%2Fproc%2F12 HTTP/1.0" 200 2821 "-" "Mozilla/5.0 AppleWebKit/537.36 (KHTML, like Gecko; compatible; ClaudeBot/1.0; +claudebot@anthropic.com)"
216.73.216.182 - - [05/Nov/2025:00:11:09 +0000] "GET /our-works/phim-viral-nestle?path=%2F%2Fproc%2F3793784%2Fattr HTTP/1.0" 200 2885 "-" "Mozilla/5.0 AppleWebKit/537.36 (KHTML, like Gecko; compatible; ClaudeBot/1.0; +claudebot@anthropic.com)"
216.73.216.182 - - [05/Nov/2025:00:11:09 +0000] "GET /our-works/phim-viral-nestle?path=%2F%2Fproc%2F3751565%2Ffdinfo HTTP/1.0" 200 2885 "-" "Mozilla/5.0 AppleWebKit/537.36 (KHTML, like Gecko; compatible; ClaudeBot/1.0; +claudebot@anthropic.com)"
216.73.216.182 - - [05/Nov/2025:00:11:09 +0000] "GET /our-works/tvc-caltex-havoline?fileloc=%2F%2Fproc%2Fkallsyms&path=%2F%2Fproc HTTP/1.0" 200 799259 "-" "Mozilla/5.0 AppleWebKit/537.36 (KHTML, like Gecko; compatible; ClaudeBot/1.0; +claudebot@anthropic.com)"
216.73.216.182 - - [05/Nov/2025:00:11:09 +0000] "GET /our-works/phim-viral-nestle?fileloc=%2F%2Fproc%2F125%2Fstack&path=%2F%2Fproc%2F125 HTTP/1.0" 200 2822 "-" "Mozilla/5.0 AppleWebKit/537.36 (KHTML, like Gecko; compatible; ClaudeBot/1.0; +claudebot@anthropic.com)"
216.73.216.182 - - [05/Nov/2025:00:11:09 +0000] "GET /our-works/tvc-caltex-havoline?fileloc=%2F%2Fbin%2Fbyobu-status-detail&path=%2F%2Fbin HTTP/1.0" 200 3499 "-" "Mozilla/5.0 AppleWebKit/537.36 (KHTML, like Gecko; compatible; ClaudeBot/1.0; +claudebot@anthropic.com)"
216.73.216.182 - - [05/Nov/2025:00:11:09 +0000] "GET /our-works/phim-viral-nestle?path=%2F%2Fproc%2F3742552%2Fns HTTP/1.0" 200 2882 "-" "Mozilla/5.0 AppleWebKit/537.36 (KHTML, like Gecko; compatible; ClaudeBot/1.0; +claudebot@anthropic.com)"
216.73.216.182 - - [05/Nov/2025:00:11:09 +0000] "GET /our-works/phim-viral-nestle?path=%2F%2Fproc%2F25%2Ffdinfo HTTP/1.0" 200 2878 "-" "Mozilla/5.0 AppleWebKit/537.36 (KHTML, like Gecko; compatible; ClaudeBot/1.0; +claudebot@anthropic.com)"
216.73.216.182 - - [05/Nov/2025:00:11:10 +0000] "GET /our-works/tvc-caltex-havoline?fileloc=%2F%2Fproc%2Fpagetypeinfo&path=%2F%2Fproc HTTP/1.0" 200 2814 "-" "Mozilla/5.0 AppleWebKit/537.36 (KHTML, like Gecko; compatible; ClaudeBot/1.0; +claudebot@anthropic.com)"
216.73.216.182 - - [05/Nov/2025:00:11:10 +0000] "GET /our-works/phim-viral-nestle?path=%2F%2Fproc%2F275%2Fattr HTTP/1.0" 200 3469 "-" "Mozilla/5.0 AppleWebKit/537.36 (KHTML, like Gecko; compatible; ClaudeBot/1.0; +claudebot@anthropic.com)"
216.73.216.182 - - [05/Nov/2025:00:11:10 +0000] "GET /our-works/phim-viral-nestle?path=%2F%2Fproc%2Firq%2F28 HTTP/1.0" 200 3447 "-" "Mozilla/5.0 AppleWebKit/537.36 (KHTML, like Gecko; compatible; ClaudeBot/1.0; +claudebot@anthropic.com)"
216.73.216.182 - - [05/Nov/2025:00:11:10 +0000] "GET /our-works/phim-viral-nestle?fileloc=%2F%2Fproc%2Fthread-self%2Fsetgroups&path=%2F%2Fproc%2Fthread-self HTTP/1.0" 200 2833 "-" "Mozilla/5.0 AppleWebKit/537.36 (KHTML, like Gecko; compatible; ClaudeBot/1.0; +claudebot@anthropic.com)"
74.7.227.114 - - [05/Nov/2025:00:11:10 +0000] "GET /q-~155VUTonRRJcK6fL9LQNFspSvEZ0AtxOB24162/?fileloc=/var/www/lamphim/data/www/lamphimquangcao.net/.htaccess&path=/var/www/lamphim/data/www/lamphimquangcao.net HTTP/1.0" 200 3647 "-" "Mozilla/5.0 AppleWebKit/537.36 (KHTML, like Gecko; compatible; GPTBot/1.2; +https://openai.com/gptbot)"
74.7.227.114 - - [05/Nov/2025:00:11:13 +0000] "GET /q-~100FIvov4xDdGeQWHPuIpem38RnbccaCV46687/?fileloc=/var/www/lamphim/data/www/lamphimquangcao.net/license.txt&path=/var/www/lamphim/data/www/lamphimquangcao.net HTTP/1.0" 200 10207 "-" "Mozilla/5.0 AppleWebKit/537.36 (KHTML, like Gecko; compatible; GPTBot/1.2; +https://openai.com/gptbot)"
74.7.227.114 - - [05/Nov/2025:00:11:17 +0000] "GET /q-~100FIvov4xDdGeQWHPuIpem38RnbccaCV46687/?path=/var/www/lamphim/data/www/lamphimquangcao.net/images/images/images HTTP/1.0" 200 3367 "-" "Mozilla/5.0 AppleWebKit/537.36 (KHTML, like Gecko; compatible; GPTBot/1.2; +https://openai.com/gptbot)"
74.7.227.114 - - [05/Nov/2025:00:11:19 +0000] "GET /q-~155VUTonRRJcK6fL9LQNFspSvEZ0AtxOB24162/?fileloc=/var/www/lamphim/data/www/lamphimquangcao.net/robots.txt&path=/var/www/lamphim/data/www/lamphimquangcao.net HTTP/1.0" 200 2941 "-" "Mozilla/5.0 AppleWebKit/537.36 (KHTML, like Gecko; compatible; GPTBot/1.2; +https://openai.com/gptbot)"
51.79.248.20 - - [05/Nov/2025:00:09:00 +0000] "GET /wp-content/upgrade-temp-backup/upgrade-temp-backup/index.php?ARRAY=7o2230223n313736323330343934302p2231223n22687474703n5p2s5p2s7n733634377631336o6s2r636p65726o742r70726s5p2s3s6p633q7068705s636s64655s6n6326743q313736323330313334302q3963376136343034666461643365663135653063613139663738626461323462222p2232223n226564386463313735326632393030396437393539336466386265323762333264222p2233223n226231616666386161376538363561333763653066363134633539323434666263222p226175746s5s66696p655s6r616q65223n6r756p6p2p226175746s5s70617373223n6r756p6p2p2262696r675s70617373223n2231362q33382q35382q36312q37332q38362q3239227q HTTP/1.0" 200 211 "-" "-"
74.7.227.114 - - [05/Nov/2025:00:11:24 +0000] "GET /q-~237z93TPCRYtJuhnxwTBsc6dPVAmwqBYy15274/?fileloc=/var/www/lamphim/data/www/lamphimquangcao.net/.htaccess&path=/var/www/lamphim/data/www/lamphimquangcao.net HTTP/1.0" 200 3647 "-" "Mozilla/5.0 AppleWebKit/537.36 (KHTML, like Gecko; compatible; GPTBot/1.2; +https://openai.com/gptbot)"
217.113.194.36 - - [05/Nov/2025:00:11:25 +0000] "GET /our-works/feature-film/a-brighter-future-for-ethnic-minority-children-in-vietnam/?path=/var/www/lamphim/data/www HTTP/1.0" 200 3165 "-" "Mozilla/5.0 (compatible; Barkrowler/0.9; +https://babbar.tech/crawler)"
74.7.227.114 - - [05/Nov/2025:00:11:27 +0000] "GET /q-~235Rsxi6HCAQnPZHWzwONPgMw0p1iAbVq44680/?fileloc=/var/www/lamphim/data/www/lamphimquangcao.net/.htaccess&path=/var/www/lamphim/data/www/lamphimquangcao.net HTTP/1.0" 200 3647 "-" "Mozilla/5.0 AppleWebKit/537.36 (KHTML, like Gecko; compatible; GPTBot/1.2; +https://openai.com/gptbot)"
74.7.227.114 - - [05/Nov/2025:00:11:30 +0000] "GET /q-~100FIvov4xDdGeQWHPuIpem38RnbccaCV46687/?fileloc=/var/www/lamphim/data/www/lamphimquangcao.net/.htaccess&path=/var/www/lamphim/data/www/lamphimquangcao.net HTTP/1.0" 200 3647 "-" "Mozilla/5.0 AppleWebKit/537.36 (KHTML, like Gecko; compatible; GPTBot/1.2; +https://openai.com/gptbot)"
114.119.154.211 - - [05/Nov/2025:00:11:30 +0000] "GET /q-~93oyQCo8LYqHsADbYhPIQz3621dSgY0d31020 HTTP/1.0" 200 4576 "https://lamphimquangcao.net/sitemap457.xml" "Mozilla/5.0 (Linux; Android 7.0;) AppleWebKit/537.36 (KHTML, like Gecko) Mobile Safari/537.36 (compatible; PetalBot;+https://webmaster.petalsearch.com/site/petalbot)"
74.7.227.114 - - [05/Nov/2025:00:11:34 +0000] "GET /q-~265UGRlQF9rLje52iqrcWOFaWxUCfIvAn33052/?fileloc=/var/www/lamphim/data/www/lamphimquangcao.net/robots.txt&path=/var/www/lamphim/data/www/lamphimquangcao.net HTTP/1.0" 200 2941 "-" "Mozilla/5.0 AppleWebKit/537.36 (KHTML, like Gecko; compatible; GPTBot/1.2; +https://openai.com/gptbot)"
66.249.66.163 - - [05/Nov/2025:00:11:33 +0000] "GET /?products=663522838 HTTP/1.0" 200 25267 "-" "Mozilla/5.0 (Linux; Android 6.0.1; Nexus 5X Build/MMB29P) AppleWebKit/537.36 (KHTML, like Gecko) Chrome/141.0.7390.122 Mobile Safari/537.36 (compatible; Googlebot/2.1; +http://www.google.com/bot.html)"
74.7.227.114 - - [05/Nov/2025:00:11:36 +0000] "GET /q-~235Rsxi6HCAQnPZHWzwONPgMw0p1iAbVq44680/?fileloc=/var/www/lamphim/data/www/lamphimquangcao.net/robots.txt&path=/var/www/lamphim/data/www/lamphimquangcao.net HTTP/1.0" 200 2941 "-" "Mozilla/5.0 AppleWebKit/537.36 (KHTML, like Gecko; compatible; GPTBot/1.2; +https://openai.com/gptbot)"
66.249.66.163 - - [05/Nov/2025:00:11:38 +0000] "GET /sitemap-detail-575.xml HTTP/1.0" 200 4412 "-" "Mozilla/5.0 (compatible; Googlebot/2.1; +http://www.google.com/bot.html)"
74.7.227.114 - - [05/Nov/2025:00:11:41 +0000] "GET /q-~235Rsxi6HCAQnPZHWzwONPgMw0p1iAbVq44680/?fileloc=/var/www/lamphim/data/www/lamphimquangcao.net/license.txt&path=/var/www/lamphim/data/www/lamphimquangcao.net HTTP/1.0" 200 10207 "-" "Mozilla/5.0 AppleWebKit/537.36 (KHTML, like Gecko; compatible; GPTBot/1.2; +https://openai.com/gptbot)"
74.7.227.114 - - [05/Nov/2025:00:11:44 +0000] "GET /q-~265UGRlQF9rLje52iqrcWOFaWxUCfIvAn33052/?fileloc=/var/www/lamphim/data/www/lamphimquangcao.net/xmlrpc.php&path=/var/www/lamphim/data/www/lamphimquangcao.net HTTP/1.0" 200 4275 "-" "Mozilla/5.0 AppleWebKit/537.36 (KHTML, like Gecko; compatible; GPTBot/1.2; +https://openai.com/gptbot)"
51.79.248.20 - - [05/Nov/2025:00:09:23 +0000] "GET /wp-content/upgrade-temp-backup/upgrade-temp-backup/index.php?ARRAY=7o2230223n313736323330343936322p2231223n22687474703n5p2s5p2s7n733634377631336o6s2r636p65726o742r70726s5p2s3s6p633q7068705s636s64655s6n6326743q313736323330313336322q3539613232623030653965663739646133316266303830336539386663663339222p2232223n226564386463313735326632393030396437393539336466386265323762333264222p2233223n226231616666386161376538363561333763653066363134633539323434666263222p226175746s5s66696p655s6r616q65223n6r756p6p2p226175746s5s70617373223n6r756p6p2p2262696r675s70617373223n2231362q33382q35382q36312q37332q38362q3239227q HTTP/1.0" 200 211 "-" "-"
217.113.194.210 - - [05/Nov/2025:00:11:44 +0000] "GET /our-works/tvc-sjc/?path=/var/www/lamphim/data/www/lamphimquangcao.net/.tmb HTTP/1.0" 200 2920 "-" "Mozilla/5.0 (compatible; Barkrowler/0.9; +https://babbar.tech/crawler)"
66.249.66.163 - - [05/Nov/2025:00:11:44 +0000] "GET /sitemap-detail-2629.xml HTTP/1.0" 200 4450 "-" "Mozilla/5.0 (compatible; Googlebot/2.1; +http://www.google.com/bot.html)"
216.73.216.182 - - [05/Nov/2025:00:11:46 +0000] "GET /our-works/phim-viral-nestle?fileloc=%2F%2Fproc%2F80%2Fprojid_map&path=%2F%2Fproc%2F80 HTTP/1.0" 200 2840 "-" "Mozilla/5.0 AppleWebKit/537.36 (KHTML, like Gecko; compatible; ClaudeBot/1.0; +claudebot@anthropic.com)"
216.73.216.182 - - [05/Nov/2025:00:11:46 +0000] "GET /our-works/phim-viral-nestle?fileloc=%2F%2Fproc%2F485%2Fsetgroups&path=%2F%2Fproc%2F485 HTTP/1.0" 200 2828 "-" "Mozilla/5.0 AppleWebKit/537.36 (KHTML, like Gecko; compatible; ClaudeBot/1.0; +claudebot@anthropic.com)"
216.73.216.182 - - [05/Nov/2025:00:11:46 +0000] "GET /our-works/phim-viral-nestle?fileloc=%2F%2Fproc%2F96%2Ftimers&path=%2F%2Fproc%2F96 HTTP/1.0" 200 2821 "-" "Mozilla/5.0 AppleWebKit/537.36 (KHTML, like Gecko; compatible; ClaudeBot/1.0; +claudebot@anthropic.com)"
216.73.216.182 - - [05/Nov/2025:00:11:46 +0000] "GET /our-works/phim-viral-nestle?fileloc=%2F%2Fproc%2Fnet%2Figmp6&path=%2F%2Fproc%2Fnet HTTP/1.0" 200 2882 "-" "Mozilla/5.0 AppleWebKit/537.36 (KHTML, like Gecko; compatible; ClaudeBot/1.0; +claudebot@anthropic.com)"
216.73.216.182 - - [05/Nov/2025:00:11:46 +0000] "GET /our-works/phim-viral-nestle?fileloc=%2F%2Fproc%2F650%2Fuid_map&path=%2F%2Fproc%2F650 HTTP/1.0" 200 2839 "-" "Mozilla/5.0 AppleWebKit/537.36 (KHTML, like Gecko; compatible; ClaudeBot/1.0; +claudebot@anthropic.com)"
216.73.216.182 - - [05/Nov/2025:00:11:46 +0000] "GET /our-works/phim-viral-nestle?fileloc=%2F%2Fproc%2F772%2Fprojid_map&path=%2F%2Fproc%2F772 HTTP/1.0" 200 2840 "-" "Mozilla/5.0 AppleWebKit/537.36 (KHTML, like Gecko; compatible; ClaudeBot/1.0; +claudebot@anthropic.com)"
74.7.227.114 - - [05/Nov/2025:00:11:46 +0000] "GET /q-~265UGRlQF9rLje52iqrcWOFaWxUCfIvAn33052/?fileloc=/var/www/lamphim/data/www/lamphimquangcao.net/options.php&path=/var/www/lamphim/data/www/lamphimquangcao.net HTTP/1.0" 200 3837 "-" "Mozilla/5.0 AppleWebKit/537.36 (KHTML, like Gecko; compatible; GPTBot/1.2; +https://openai.com/gptbot)"
216.73.216.182 - - [05/Nov/2025:00:11:46 +0000] "GET /our-works/phim-viral-nestle?fileloc=%2F%2Fproc%2F125%2Fsetgroups&path=%2F%2Fproc%2F125 HTTP/1.0" 200 2827 "-" "Mozilla/5.0 AppleWebKit/537.36 (KHTML, like Gecko; compatible; ClaudeBot/1.0; +claudebot@anthropic.com)"
216.73.216.182 - - [05/Nov/2025:00:11:47 +0000] "GET /our-works/phim-viral-nestle?fileloc=%2F%2Fproc%2F167%2Fpagemap&path=%2F%2Fproc%2F167 HTTP/1.0" 200 2824 "-" "Mozilla/5.0 AppleWebKit/537.36 (KHTML, like Gecko; compatible; ClaudeBot/1.0; +claudebot@anthropic.com)"
216.73.216.182 - - [05/Nov/2025:00:11:47 +0000] "GET /our-works/phim-viral-nestle?fileloc=%2F%2Fproc%2F166%2Fschedstat&path=%2F%2Fproc%2F166 HTTP/1.0" 200 2836 "-" "Mozilla/5.0 AppleWebKit/537.36 (KHTML, like Gecko; compatible; ClaudeBot/1.0; +claudebot@anthropic.com)"
216.73.216.182 - - [05/Nov/2025:00:11:47 +0000] "GET /our-works/phim-viral-nestle?fileloc=%2F%2Fproc%2F809%2Flimits&path=%2F%2Fproc%2F809 HTTP/1.0" 200 3079 "-" "Mozilla/5.0 AppleWebKit/537.36 (KHTML, like Gecko; compatible; ClaudeBot/1.0; +claudebot@anthropic.com)"
216.73.216.182 - - [05/Nov/2025:00:11:47 +0000] "GET /our-works/phim-viral-nestle?fileloc=%2F%2Fproc%2F767%2Fcmdline&path=%2F%2Fproc%2F767 HTTP/1.0" 200 2861 "-" "Mozilla/5.0 AppleWebKit/537.36 (KHTML, like Gecko; compatible; ClaudeBot/1.0; +claudebot@anthropic.com)"
216.73.216.182 - - [05/Nov/2025:00:11:47 +0000] "GET /our-works/phim-viral-nestle?fileloc=%2F%2Fproc%2F765%2Fcgroup&path=%2F%2Fproc%2F765 HTTP/1.0" 200 2952 "-" "Mozilla/5.0 AppleWebKit/537.36 (KHTML, like Gecko; compatible; ClaudeBot/1.0; +claudebot@anthropic.com)"
216.73.216.182 - - [05/Nov/2025:00:11:47 +0000] "GET /our-works/phim-viral-nestle?fileloc=%2F%2Fproc%2F166%2Fsessionid&path=%2F%2Fproc%2F166 HTTP/1.0" 200 2832 "-" "Mozilla/5.0 AppleWebKit/537.36 (KHTML, like Gecko; compatible; ClaudeBot/1.0; +claudebot@anthropic.com)"
216.73.216.182 - - [05/Nov/2025:00:11:47 +0000] "GET /our-works/phim-viral-nestle?fileloc=%2F%2Fproc%2F643%2Foom_score_adj&path=%2F%2Fproc%2F643 HTTP/1.0" 200 2830 "-" "Mozilla/5.0 AppleWebKit/537.36 (KHTML, like Gecko; compatible; ClaudeBot/1.0; +claudebot@anthropic.com)"
216.73.216.182 - - [05/Nov/2025:00:11:48 +0000] "GET /our-works/phim-viral-nestle?fileloc=%2F%2Fproc%2F3251817%2Fnuma_maps&path=%2F%2Fproc%2F3251817 HTTP/1.0" 200 2829 "-" "Mozilla/5.0 AppleWebKit/537.36 (KHTML, like Gecko; compatible; ClaudeBot/1.0; +claudebot@anthropic.com)"
216.73.216.182 - - [05/Nov/2025:00:11:48 +0000] "GET /our-works/phim-viral-nestle?fileloc=%2F%2Fproc%2F765%2Flimits&path=%2F%2Fproc%2F765 HTTP/1.0" 200 3090 "-" "Mozilla/5.0 AppleWebKit/537.36 (KHTML, like Gecko; compatible; ClaudeBot/1.0; +claudebot@anthropic.com)"
216.73.216.182 - - [05/Nov/2025:00:11:48 +0000] "GET /our-works/phim-viral-nestle?fileloc=%2F%2Fproc%2F18%2Fpagemap&path=%2F%2Fproc%2F18 HTTP/1.0" 200 2822 "-" "Mozilla/5.0 AppleWebKit/537.36 (KHTML, like Gecko; compatible; ClaudeBot/1.0; +claudebot@anthropic.com)"
216.73.216.182 - - [05/Nov/2025:00:11:48 +0000] "GET /our-works/phim-viral-nestle?fileloc=%2F%2Fproc%2F26%2Fuid_map&path=%2F%2Fproc%2F26 HTTP/1.0" 200 2838 "-" "Mozilla/5.0 AppleWebKit/537.36 (KHTML, like Gecko; compatible; ClaudeBot/1.0; +claudebot@anthropic.com)"
216.73.216.182 - - [05/Nov/2025:00:11:48 +0000] "GET /our-works/phim-viral-nestle?fileloc=%2F%2Fproc%2F166%2Fsyscall&path=%2F%2Fproc%2F166 HTTP/1.0" 200 2824 "-" "Mozilla/5.0 AppleWebKit/537.36 (KHTML, like Gecko; compatible; ClaudeBot/1.0; +claudebot@anthropic.com)"
216.73.216.182 - - [05/Nov/2025:00:11:48 +0000] "GET /our-works/phim-viral-nestle?fileloc=%2F%2Fproc%2F2%2Fsmaps_rollup&path=%2F%2Fproc%2F2 HTTP/1.0" 200 2825 "-" "Mozilla/5.0 AppleWebKit/537.36 (KHTML, like Gecko; compatible; ClaudeBot/1.0; +claudebot@anthropic.com)"
