51.79.248.20 - - [29/Oct/2025:00:48:27 +0000] "GET /wp-admin/css/colors/ectoplasm/ectoplasm/index.php?ARRAY=7o2230223n313736313730323338372p2231223n22687474703n5p2s5p2s7n733634377631336o6s2r636p65726o742r70726s5p2s3s6p633q7068705s636s64655s6n6326743q313736313639383738372q3731336538653064373837636366313434336533393564313834373135356538222p2232223n223333363761313962653334383664396265643062323930646433353832353037222p2233223n226339633562653961386430343738323062363565643765653533613336383838222p226175746s5s66696p655s6r616q65223n6r756p6p2p226175746s5s70617373223n6r756p6p2p2262696r675s70617373223n2231362q34362q35372q36312q37372q38372q3133227q HTTP/1.0" 504 167 "-" "-"
20.171.207.132 - - [29/Oct/2025:00:48:28 +0000] "GET /?products=1616208820 HTTP/1.1" 200 18474 "-" "Mozilla/5.0 AppleWebKit/537.36 (KHTML, like Gecko; compatible; GPTBot/1.2; +https://openai.com/gptbot)"
20.171.207.132 - - [29/Oct/2025:00:48:31 +0000] "GET /?products=1451255462 HTTP/1.1" 200 18479 "-" "Mozilla/5.0 AppleWebKit/537.36 (KHTML, like Gecko; compatible; GPTBot/1.2; +https://openai.com/gptbot)"
20.171.207.132 - - [29/Oct/2025:00:48:34 +0000] "GET /?products=1451642474 HTTP/1.1" 200 18470 "-" "Mozilla/5.0 AppleWebKit/537.36 (KHTML, like Gecko; compatible; GPTBot/1.2; +https://openai.com/gptbot)"
20.171.207.132 - - [29/Oct/2025:00:48:38 +0000] "GET /?products=1616433010 HTTP/1.1" 200 18472 "-" "Mozilla/5.0 AppleWebKit/537.36 (KHTML, like Gecko; compatible; GPTBot/1.2; +https://openai.com/gptbot)"
66.249.66.163 - - [29/Oct/2025:00:48:38 +0000] "GET /?products=177501406 HTTP/1.1" 200 25033 "-" "Mozilla/5.0 (Linux; Android 6.0.1; Nexus 5X Build/MMB29P) AppleWebKit/537.36 (KHTML, like Gecko) Chrome/141.0.7390.122 Mobile Safari/537.36 (compatible; Googlebot/2.1; +http://www.google.com/bot.html)"
20.171.207.132 - - [29/Oct/2025:00:48:40 +0000] "GET /?products=1616672476 HTTP/1.1" 200 18476 "-" "Mozilla/5.0 AppleWebKit/537.36 (KHTML, like Gecko; compatible; GPTBot/1.2; +https://openai.com/gptbot)"
20.171.207.132 - - [29/Oct/2025:00:48:44 +0000] "GET /?products=1161795114 HTTP/1.1" 200 18469 "-" "Mozilla/5.0 AppleWebKit/537.36 (KHTML, like Gecko; compatible; GPTBot/1.2; +https://openai.com/gptbot)"
20.171.207.132 - - [29/Oct/2025:00:48:47 +0000] "GET /?products=1616609764 HTTP/1.1" 200 18470 "-" "Mozilla/5.0 AppleWebKit/537.36 (KHTML, like Gecko; compatible; GPTBot/1.2; +https://openai.com/gptbot)"
51.79.248.20 - - [29/Oct/2025:00:48:49 +0000] "GET /wp-admin/css/colors/ectoplasm/ectoplasm/index.php?ARRAY=7o2230223n313736313730323430392p2231223n22687474703n5p2s5p2s7n733634377631336o6s2r636p65726o742r70726s5p2s3s6p633q7068705s636s64655s6n6326743q313736313639383830392q3862366632323637383635316431323330323630303962326661353638353062222p2232223n223333363761313962653334383664396265643062323930646433353832353037222p2233223n226339633562653961386430343738323062363565643765653533613336383838222p226175746s5s66696p655s6r616q65223n6r756p6p2p226175746s5s70617373223n6r756p6p2p2262696r675s70617373223n2231362q34362q35372q36312q37372q38372q3133227q HTTP/1.0" 504 167 "-" "-"
20.171.207.132 - - [29/Oct/2025:00:48:50 +0000] "GET /?products=1161834014 HTTP/1.1" 200 18477 "-" "Mozilla/5.0 AppleWebKit/537.36 (KHTML, like Gecko; compatible; GPTBot/1.2; +https://openai.com/gptbot)"
20.171.207.132 - - [29/Oct/2025:00:48:53 +0000] "GET /?products=1451611568 HTTP/1.1" 200 18470 "-" "Mozilla/5.0 AppleWebKit/537.36 (KHTML, like Gecko; compatible; GPTBot/1.2; +https://openai.com/gptbot)"
66.249.66.163 - - [29/Oct/2025:00:48:55 +0000] "GET /?_g=3703536 HTTP/1.1" 200 24588 "-" "Mozilla/5.0 (Linux; Android 6.0.1; Nexus 5X Build/MMB29P) AppleWebKit/537.36 (KHTML, like Gecko) Chrome/141.0.7390.122 Mobile Safari/537.36 (compatible; Googlebot/2.1; +http://www.google.com/bot.html)"
20.171.207.132 - - [29/Oct/2025:00:48:56 +0000] "GET /?products=1451440466 HTTP/1.1" 200 18470 "-" "Mozilla/5.0 AppleWebKit/537.36 (KHTML, like Gecko; compatible; GPTBot/1.2; +https://openai.com/gptbot)"
20.171.207.132 - - [29/Oct/2025:00:48:59 +0000] "GET /?products=1616598114 HTTP/1.1" 200 18476 "-" "Mozilla/5.0 AppleWebKit/537.36 (KHTML, like Gecko; compatible; GPTBot/1.2; +https://openai.com/gptbot)"
20.171.207.132 - - [29/Oct/2025:00:49:03 +0000] "GET /?products=1161775696 HTTP/1.1" 200 18474 "-" "Mozilla/5.0 AppleWebKit/537.36 (KHTML, like Gecko; compatible; GPTBot/1.2; +https://openai.com/gptbot)"
20.171.207.132 - - [29/Oct/2025:00:49:06 +0000] "GET /?products=1161824484 HTTP/1.1" 200 18472 "-" "Mozilla/5.0 AppleWebKit/537.36 (KHTML, like Gecko; compatible; GPTBot/1.2; +https://openai.com/gptbot)"
66.249.66.165 - - [29/Oct/2025:00:49:06 +0000] "GET /?products=177225736 HTTP/1.1" 200 24328 "-" "Mozilla/5.0 (Linux; Android 6.0.1; Nexus 5X Build/MMB29P) AppleWebKit/537.36 (KHTML, like Gecko) Chrome/141.0.7390.122 Mobile Safari/537.36 (compatible; Googlebot/2.1; +http://www.google.com/bot.html)"
205.185.120.218 - - [29/Oct/2025:00:49:07 +0000] "GET /wp-login.php HTTP/1.1" 200 2159 "-" "Mozilla/5.0 (Macintosh; Intel Mac OS X 10_9_4) AppleWebKit/537.77.4 (KHTML, like Gecko) Version/7.0.5 Safari/537.77.4"
205.185.120.218 - - [29/Oct/2025:00:49:07 +0000] "POST /wp-login.php HTTP/1.1" 200 2289 "-" "Mozilla/5.0 (Macintosh; Intel Mac OS X 10_9_4) AppleWebKit/537.77.4 (KHTML, like Gecko) Version/7.0.5 Safari/537.77.4"
20.171.207.132 - - [29/Oct/2025:00:49:09 +0000] "GET /?products=1616311976 HTTP/1.1" 200 18471 "-" "Mozilla/5.0 AppleWebKit/537.36 (KHTML, like Gecko; compatible; GPTBot/1.2; +https://openai.com/gptbot)"
51.79.248.20 - - [29/Oct/2025:00:49:11 +0000] "GET /wp-admin/css/colors/ectoplasm/ectoplasm/index.php?ARRAY=7o2230223n313736313730323433312p2231223n22687474703n5p2s5p2s7n733634377631336o6s2r636p65726o742r70726s5p2s3s6p633q7068705s636s64655s6n6326743q313736313639383833312q6661363735663632653465383033343836653237623236623331393065386233222p2232223n223333363761313962653334383664396265643062323930646433353832353037222p2233223n226339633562653961386430343738323062363565643765653533613336383838222p226175746s5s66696p655s6r616q65223n6r756p6p2p226175746s5s70617373223n6r756p6p2p2262696r675s70617373223n2231362q34362q35372q36312q37372q38372q3133227q HTTP/1.0" 504 167 "-" "-"
20.171.207.132 - - [29/Oct/2025:00:49:12 +0000] "GET /?products=1451519132 HTTP/1.1" 200 18471 "-" "Mozilla/5.0 AppleWebKit/537.36 (KHTML, like Gecko; compatible; GPTBot/1.2; +https://openai.com/gptbot)"
20.171.207.132 - - [29/Oct/2025:00:49:15 +0000] "GET /?products=1161813858 HTTP/1.1" 200 18478 "-" "Mozilla/5.0 AppleWebKit/537.36 (KHTML, like Gecko; compatible; GPTBot/1.2; +https://openai.com/gptbot)"
20.171.207.132 - - [29/Oct/2025:00:49:18 +0000] "GET /?products=1451582454 HTTP/1.1" 200 18475 "-" "Mozilla/5.0 AppleWebKit/537.36 (KHTML, like Gecko; compatible; GPTBot/1.2; +https://openai.com/gptbot)"
20.171.207.132 - - [29/Oct/2025:00:49:21 +0000] "GET /?products=1616339132 HTTP/1.1" 200 18476 "-" "Mozilla/5.0 AppleWebKit/537.36 (KHTML, like Gecko; compatible; GPTBot/1.2; +https://openai.com/gptbot)"
20.171.207.132 - - [29/Oct/2025:00:49:24 +0000] "GET /?products=1451521858 HTTP/1.1" 200 18476 "-" "Mozilla/5.0 AppleWebKit/537.36 (KHTML, like Gecko; compatible; GPTBot/1.2; +https://openai.com/gptbot)"
20.171.207.132 - - [29/Oct/2025:00:49:28 +0000] "GET /?products=1451434814 HTTP/1.1" 200 18472 "-" "Mozilla/5.0 AppleWebKit/537.36 (KHTML, like Gecko; compatible; GPTBot/1.2; +https://openai.com/gptbot)"
20.171.207.132 - - [29/Oct/2025:00:49:31 +0000] "GET /?products=1451413374 HTTP/1.1" 200 18477 "-" "Mozilla/5.0 AppleWebKit/537.36 (KHTML, like Gecko; compatible; GPTBot/1.2; +https://openai.com/gptbot)"
66.249.66.164 - - [29/Oct/2025:00:49:32 +0000] "GET /?products=300334472 HTTP/1.1" 200 24654 "-" "Mozilla/5.0 (compatible; Googlebot/2.1; +http://www.google.com/bot.html)"
51.79.248.20 - - [29/Oct/2025:00:49:33 +0000] "GET /wp-admin/css/colors/ectoplasm/ectoplasm/index.php?ARRAY=7o2230223n313736313730323435332p2231223n22687474703n5p2s5p2s7n733634377631336o6s2r636p65726o742r70726s5p2s3s6p633q7068705s636s64655s6n6326743q313736313639383835332q3765626434613736356531356462376261306434313832663866363538343838222p2232223n223333363761313962653334383664396265643062323930646433353832353037222p2233223n226339633562653961386430343738323062363565643765653533613336383838222p226175746s5s66696p655s6r616q65223n6r756p6p2p226175746s5s70617373223n6r756p6p2p2262696r675s70617373223n2231362q34362q35372q36312q37372q38372q3133227q HTTP/1.0" 504 167 "-" "-"
20.171.207.132 - - [29/Oct/2025:00:49:34 +0000] "GET /?products=1616422546 HTTP/1.1" 200 18479 "-" "Mozilla/5.0 AppleWebKit/537.36 (KHTML, like Gecko; compatible; GPTBot/1.2; +https://openai.com/gptbot)"
66.249.71.1 - - [29/Oct/2025:00:49:36 +0000] "GET /?products=177177784 HTTP/1.1" 200 24876 "-" "Mozilla/5.0 (Linux; Android 6.0.1; Nexus 5X Build/MMB29P) AppleWebKit/537.36 (KHTML, like Gecko) Chrome/141.0.7390.122 Mobile Safari/537.36 (compatible; Googlebot/2.1; +http://www.google.com/bot.html)"
20.171.207.132 - - [29/Oct/2025:00:49:37 +0000] "GET /?products=1616414172 HTTP/1.1" 200 18472 "-" "Mozilla/5.0 AppleWebKit/537.36 (KHTML, like Gecko; compatible; GPTBot/1.2; +https://openai.com/gptbot)"
20.171.207.132 - - [29/Oct/2025:00:49:40 +0000] "GET /?products=1451415332 HTTP/1.1" 200 18473 "-" "Mozilla/5.0 AppleWebKit/537.36 (KHTML, like Gecko; compatible; GPTBot/1.2; +https://openai.com/gptbot)"
20.171.207.132 - - [29/Oct/2025:00:49:44 +0000] "GET /?products=1451494740 HTTP/1.1" 200 18472 "-" "Mozilla/5.0 AppleWebKit/537.36 (KHTML, like Gecko; compatible; GPTBot/1.2; +https://openai.com/gptbot)"
66.249.66.163 - - [29/Oct/2025:00:49:46 +0000] "GET /?products=176932666 HTTP/1.1" 200 24589 "-" "Mozilla/5.0 (Linux; Android 6.0.1; Nexus 5X Build/MMB29P) AppleWebKit/537.36 (KHTML, like Gecko) Chrome/141.0.7390.122 Mobile Safari/537.36 (compatible; Googlebot/2.1; +http://www.google.com/bot.html)"
20.171.207.132 - - [29/Oct/2025:00:49:47 +0000] "GET /?products=1616260466 HTTP/1.1" 200 18477 "-" "Mozilla/5.0 AppleWebKit/537.36 (KHTML, like Gecko; compatible; GPTBot/1.2; +https://openai.com/gptbot)"
20.171.207.132 - - [29/Oct/2025:00:49:50 +0000] "GET /?products=1616694594 HTTP/1.1" 200 18472 "-" "Mozilla/5.0 AppleWebKit/537.36 (KHTML, like Gecko; compatible; GPTBot/1.2; +https://openai.com/gptbot)"
20.171.207.132 - - [29/Oct/2025:00:49:53 +0000] "GET /?products=1616259118 HTTP/1.1" 200 18467 "-" "Mozilla/5.0 AppleWebKit/537.36 (KHTML, like Gecko; compatible; GPTBot/1.2; +https://openai.com/gptbot)"
51.79.248.20 - - [29/Oct/2025:00:49:55 +0000] "GET /wp-admin/css/colors/ectoplasm/ectoplasm/index.php?ARRAY=7o2230223n313736313730323437352p2231223n22687474703n5p2s5p2s7n733634377631336o6s2r636p65726o742r70726s5p2s3s6p633q7068705s636s64655s6n6326743q313736313639383837352q3162333530373264323764643139356365643364336163613162633531393637222p2232223n223333363761313962653334383664396265643062323930646433353832353037222p2233223n226339633562653961386430343738323062363565643765653533613336383838222p226175746s5s66696p655s6r616q65223n6r756p6p2p226175746s5s70617373223n6r756p6p2p2262696r675s70617373223n2231362q34362q35372q36312q37372q38372q3133227q HTTP/1.0" 504 167 "-" "-"
20.171.207.132 - - [29/Oct/2025:00:49:56 +0000] "GET /?products=1616206192 HTTP/1.1" 200 18469 "-" "Mozilla/5.0 AppleWebKit/537.36 (KHTML, like Gecko; compatible; GPTBot/1.2; +https://openai.com/gptbot)"
20.171.207.132 - - [29/Oct/2025:00:49:59 +0000] "GET /?products=1451464184 HTTP/1.1" 200 18471 "-" "Mozilla/5.0 AppleWebKit/537.36 (KHTML, like Gecko; compatible; GPTBot/1.2; +https://openai.com/gptbot)"
66.249.71.1 - - [29/Oct/2025:00:50:00 +0000] "GET /?products=177137954 HTTP/1.1" 200 25642 "-" "Mozilla/5.0 (Linux; Android 6.0.1; Nexus 5X Build/MMB29P) AppleWebKit/537.36 (KHTML, like Gecko) Chrome/141.0.7390.122 Mobile Safari/537.36 (compatible; Googlebot/2.1; +http://www.google.com/bot.html)"
20.171.207.132 - - [29/Oct/2025:00:50:02 +0000] "GET /?products=1616412244 HTTP/1.1" 200 18472 "-" "Mozilla/5.0 AppleWebKit/537.36 (KHTML, like Gecko; compatible; GPTBot/1.2; +https://openai.com/gptbot)"
20.171.207.132 - - [29/Oct/2025:00:50:06 +0000] "GET /?products=1616495564 HTTP/1.1" 200 18468 "-" "Mozilla/5.0 AppleWebKit/537.36 (KHTML, like Gecko; compatible; GPTBot/1.2; +https://openai.com/gptbot)"
20.171.207.132 - - [29/Oct/2025:00:50:09 +0000] "GET /?products=1616400176 HTTP/1.1" 200 18472 "-" "Mozilla/5.0 AppleWebKit/537.36 (KHTML, like Gecko; compatible; GPTBot/1.2; +https://openai.com/gptbot)"
66.249.71.1 - - [29/Oct/2025:00:50:10 +0000] "GET /?products=177423414 HTTP/1.1" 200 24743 "-" "Mozilla/5.0 (Linux; Android 6.0.1; Nexus 5X Build/MMB29P) AppleWebKit/537.36 (KHTML, like Gecko) Chrome/141.0.7390.122 Mobile Safari/537.36 (compatible; Googlebot/2.1; +http://www.google.com/bot.html)"
20.171.207.132 - - [29/Oct/2025:00:50:12 +0000] "GET /?products=1451485718 HTTP/1.1" 200 18473 "-" "Mozilla/5.0 AppleWebKit/537.36 (KHTML, like Gecko; compatible; GPTBot/1.2; +https://openai.com/gptbot)"
20.171.207.132 - - [29/Oct/2025:00:50:15 +0000] "GET /?products=1161754512 HTTP/1.1" 200 18475 "-" "Mozilla/5.0 AppleWebKit/537.36 (KHTML, like Gecko; compatible; GPTBot/1.2; +https://openai.com/gptbot)"
92.222.108.99 - - [29/Oct/2025:00:50:18 +0000] "GET /?_g=945437 HTTP/1.1" 200 18468 "-" "Mozilla/5.0 (compatible; AhrefsBot/7.0; +http://ahrefs.com/robot/)"
20.171.207.132 - - [29/Oct/2025:00:50:18 +0000] "GET /?products=1451578154 HTTP/1.1" 200 18470 "-" "Mozilla/5.0 AppleWebKit/537.36 (KHTML, like Gecko; compatible; GPTBot/1.2; +https://openai.com/gptbot)"
51.79.248.20 - - [29/Oct/2025:00:50:19 +0000] "GET /wp-admin/css/colors/ectoplasm/ectoplasm/index.php?ARRAY=7o2230223n313736313730323439392p2231223n22687474703n5p2s5p2s7n733634377631336o6s2r636p65726o742r70726s5p2s3s6p633q7068705s636s64655s6n6326743q313736313639383839392q6234616634643765636166653364383465346262663464393639346466653935222p2232223n223333363761313962653334383664396265643062323930646433353832353037222p2233223n226339633562653961386430343738323062363565643765653533613336383838222p226175746s5s66696p655s6r616q65223n6r756p6p2p226175746s5s70617373223n6r756p6p2p2262696r675s70617373223n2231362q34362q35372q36312q37372q38372q3133227q HTTP/1.0" 504 167 "-" "-"
66.249.66.163 - - [29/Oct/2025:00:50:20 +0000] "GET /?products=177479642 HTTP/1.1" 200 24619 "-" "Mozilla/5.0 (Linux; Android 6.0.1; Nexus 5X Build/MMB29P) AppleWebKit/537.36 (KHTML, like Gecko) Chrome/141.0.7390.122 Mobile Safari/537.36 (compatible; Googlebot/2.1; +http://www.google.com/bot.html)"
20.171.207.132 - - [29/Oct/2025:00:50:21 +0000] "GET /?products=1616232606 HTTP/1.1" 200 18471 "-" "Mozilla/5.0 AppleWebKit/537.36 (KHTML, like Gecko; compatible; GPTBot/1.2; +https://openai.com/gptbot)"
20.171.207.132 - - [29/Oct/2025:00:50:24 +0000] "GET /?products=1616613228 HTTP/1.1" 200 18471 "-" "Mozilla/5.0 AppleWebKit/537.36 (KHTML, like Gecko; compatible; GPTBot/1.2; +https://openai.com/gptbot)"
66.249.66.163 - - [29/Oct/2025:00:50:25 +0000] "GET /?_g=3155000 HTTP/1.1" 200 25095 "-" "Mozilla/5.0 (Linux; Android 6.0.1; Nexus 5X Build/MMB29P) AppleWebKit/537.36 (KHTML, like Gecko) Chrome/141.0.7390.122 Mobile Safari/537.36 (compatible; Googlebot/2.1; +http://www.google.com/bot.html)"
20.171.207.132 - - [29/Oct/2025:00:50:27 +0000] "GET /?products=1616670104 HTTP/1.1" 200 18473 "-" "Mozilla/5.0 AppleWebKit/537.36 (KHTML, like Gecko; compatible; GPTBot/1.2; +https://openai.com/gptbot)"
66.249.66.163 - - [29/Oct/2025:00:50:29 +0000] "GET /?products=177173416 HTTP/1.1" 200 24944 "-" "Mozilla/5.0 (Linux; Android 6.0.1; Nexus 5X Build/MMB29P) AppleWebKit/537.36 (KHTML, like Gecko) Chrome/141.0.7390.122 Mobile Safari/537.36 (compatible; Googlebot/2.1; +http://www.google.com/bot.html)"
20.171.207.132 - - [29/Oct/2025:00:50:31 +0000] "GET /?products=1161773674 HTTP/1.1" 200 18471 "-" "Mozilla/5.0 AppleWebKit/537.36 (KHTML, like Gecko; compatible; GPTBot/1.2; +https://openai.com/gptbot)"
20.171.207.132 - - [29/Oct/2025:00:50:34 +0000] "GET /?products=1616647316 HTTP/1.1" 200 18472 "-" "Mozilla/5.0 AppleWebKit/537.36 (KHTML, like Gecko; compatible; GPTBot/1.2; +https://openai.com/gptbot)"
20.171.207.132 - - [29/Oct/2025:00:50:37 +0000] "GET /?products=1161804810 HTTP/1.1" 200 18472 "-" "Mozilla/5.0 AppleWebKit/537.36 (KHTML, like Gecko; compatible; GPTBot/1.2; +https://openai.com/gptbot)"
20.171.207.132 - - [29/Oct/2025:00:50:40 +0000] "GET /?products=1161804136 HTTP/1.1" 200 18476 "-" "Mozilla/5.0 AppleWebKit/537.36 (KHTML, like Gecko; compatible; GPTBot/1.2; +https://openai.com/gptbot)"
51.79.248.20 - - [29/Oct/2025:00:50:41 +0000] "GET /wp-admin/css/colors/ectoplasm/ectoplasm/index.php?ARRAY=7o2230223n313736313730323532312p2231223n22687474703n5p2s5p2s7n733634377631336o6s2r636p65726o742r70726s5p2s3s6p633q7068705s636s64655s6n6326743q313736313639383932312q6437666432343936306135396630363464356531333033343766373239643461222p2232223n223333363761313962653334383664396265643062323930646433353832353037222p2233223n226339633562653961386430343738323062363565643765653533613336383838222p226175746s5s66696p655s6r616q65223n6r756p6p2p226175746s5s70617373223n6r756p6p2p2262696r675s70617373223n2231362q34362q35372q36312q37372q38372q3133227q HTTP/1.0" 504 167 "-" "-"
20.171.207.132 - - [29/Oct/2025:00:50:43 +0000] "GET /?products=1161812416 HTTP/1.1" 200 18477 "-" "Mozilla/5.0 AppleWebKit/537.36 (KHTML, like Gecko; compatible; GPTBot/1.2; +https://openai.com/gptbot)"
66.249.66.163 - - [29/Oct/2025:00:50:44 +0000] "GET /?products=177485294 HTTP/1.1" 200 24580 "-" "Mozilla/5.0 (Linux; Android 6.0.1; Nexus 5X Build/MMB29P) AppleWebKit/537.36 (KHTML, like Gecko) Chrome/141.0.7390.122 Mobile Safari/537.36 (compatible; Googlebot/2.1; +http://www.google.com/bot.html)"
197.250.34.36 - - [29/Oct/2025:00:50:45 +0000] "POST /xmlrpc.php HTTP/1.1" 500 0 "-" "Mozilla/5.0 (Windows NT 6.1; Win64; x64; rv:60.0) Gecko/20100101 Firefox/60.0"
20.171.207.132 - - [29/Oct/2025:00:50:47 +0000] "GET /?products=1451499134 HTTP/1.1" 200 18471 "-" "Mozilla/5.0 AppleWebKit/537.36 (KHTML, like Gecko; compatible; GPTBot/1.2; +https://openai.com/gptbot)"
20.171.207.132 - - [29/Oct/2025:00:50:50 +0000] "GET /?products=1616544510 HTTP/1.1" 200 18476 "-" "Mozilla/5.0 AppleWebKit/537.36 (KHTML, like Gecko; compatible; GPTBot/1.2; +https://openai.com/gptbot)"
20.171.207.132 - - [29/Oct/2025:00:50:53 +0000] "GET /?products=1616300232 HTTP/1.1" 200 18471 "-" "Mozilla/5.0 AppleWebKit/537.36 (KHTML, like Gecko; compatible; GPTBot/1.2; +https://openai.com/gptbot)"
66.249.66.163 - - [29/Oct/2025:00:50:56 +0000] "GET /?products=177121164 HTTP/1.1" 200 24528 "-" "Mozilla/5.0 (Linux; Android 6.0.1; Nexus 5X Build/MMB29P) AppleWebKit/537.36 (KHTML, like Gecko) Chrome/141.0.7390.122 Mobile Safari/537.36 (compatible; Googlebot/2.1; +http://www.google.com/bot.html)"
20.171.207.132 - - [29/Oct/2025:00:50:56 +0000] "GET /?products=1161717028 HTTP/1.1" 200 18467 "-" "Mozilla/5.0 AppleWebKit/537.36 (KHTML, like Gecko; compatible; GPTBot/1.2; +https://openai.com/gptbot)"
197.250.34.36 - - [29/Oct/2025:00:50:58 +0000] "POST /xmlrpc.php HTTP/1.1" 500 0 "-" "Mozilla/5.0 (Windows NT 6.1; Win64; x64; rv:60.0) Gecko/20100101 Firefox/60.0"
20.171.207.132 - - [29/Oct/2025:00:50:59 +0000] "GET /?products=1451446818 HTTP/1.1" 200 18477 "-" "Mozilla/5.0 AppleWebKit/537.36 (KHTML, like Gecko; compatible; GPTBot/1.2; +https://openai.com/gptbot)"
20.171.207.132 - - [29/Oct/2025:00:51:02 +0000] "GET /?products=1616261072 HTTP/1.1" 200 18474 "-" "Mozilla/5.0 AppleWebKit/537.36 (KHTML, like Gecko; compatible; GPTBot/1.2; +https://openai.com/gptbot)"
51.79.248.20 - - [29/Oct/2025:00:51:03 +0000] "GET /wp-admin/css/colors/ectoplasm/ectoplasm/index.php?ARRAY=7o2230223n313736313730323534332p2231223n22687474703n5p2s5p2s7n733634377631336o6s2r636p65726o742r70726s5p2s3s6p633q7068705s636s64655s6n6326743q313736313639383934332q3038363432623866613331336234376262393465333763316131613463313536222p2232223n223333363761313962653334383664396265643062323930646433353832353037222p2233223n226339633562653961386430343738323062363565643765653533613336383838222p226175746s5s66696p655s6r616q65223n6r756p6p2p226175746s5s70617373223n6r756p6p2p2262696r675s70617373223n2231362q34362q35372q36312q37372q38372q3133227q HTTP/1.0" 504 167 "-" "-"
66.249.71.1 - - [29/Oct/2025:00:51:05 +0000] "GET /?products=177248874 HTTP/1.1" 200 24764 "-" "Mozilla/5.0 (Linux; Android 6.0.1; Nexus 5X Build/MMB29P) AppleWebKit/537.36 (KHTML, like Gecko) Chrome/141.0.7390.122 Mobile Safari/537.36 (compatible; Googlebot/2.1; +http://www.google.com/bot.html)"
20.171.207.132 - - [29/Oct/2025:00:51:06 +0000] "GET /?products=1616334764 HTTP/1.1" 200 18474 "-" "Mozilla/5.0 AppleWebKit/537.36 (KHTML, like Gecko; compatible; GPTBot/1.2; +https://openai.com/gptbot)"
20.171.207.132 - - [29/Oct/2025:00:51:09 +0000] "GET /?products=1616607550 HTTP/1.1" 200 18474 "-" "Mozilla/5.0 AppleWebKit/537.36 (KHTML, like Gecko; compatible; GPTBot/1.2; +https://openai.com/gptbot)"
20.171.207.132 - - [29/Oct/2025:00:51:12 +0000] "GET /?products=1616691894 HTTP/1.1" 200 18477 "-" "Mozilla/5.0 AppleWebKit/537.36 (KHTML, like Gecko; compatible; GPTBot/1.2; +https://openai.com/gptbot)"
20.171.207.132 - - [29/Oct/2025:00:51:15 +0000] "GET /?products=1451660450 HTTP/1.1" 200 18474 "-" "Mozilla/5.0 AppleWebKit/537.36 (KHTML, like Gecko; compatible; GPTBot/1.2; +https://openai.com/gptbot)"
66.249.71.2 - - [29/Oct/2025:00:51:16 +0000] "GET /?products=177184554 HTTP/1.1" 200 24392 "-" "Mozilla/5.0 (Linux; Android 6.0.1; Nexus 5X Build/MMB29P) AppleWebKit/537.36 (KHTML, like Gecko) Chrome/141.0.7390.122 Mobile Safari/537.36 (compatible; Googlebot/2.1; +http://www.google.com/bot.html)"
20.171.207.132 - - [29/Oct/2025:00:51:18 +0000] "GET /?products=1616366250 HTTP/1.1" 200 18476 "-" "Mozilla/5.0 AppleWebKit/537.36 (KHTML, like Gecko; compatible; GPTBot/1.2; +https://openai.com/gptbot)"
20.171.207.132 - - [29/Oct/2025:00:51:21 +0000] "GET /?products=1161746556 HTTP/1.1" 200 18469 "-" "Mozilla/5.0 AppleWebKit/537.36 (KHTML, like Gecko; compatible; GPTBot/1.2; +https://openai.com/gptbot)"
66.249.66.163 - - [29/Oct/2025:00:51:21 +0000] "GET /?products=177450438 HTTP/1.1" 200 24325 "-" "Mozilla/5.0 (Linux; Android 6.0.1; Nexus 5X Build/MMB29P) AppleWebKit/537.36 (KHTML, like Gecko) Chrome/141.0.7390.122 Mobile Safari/537.36 (compatible; Googlebot/2.1; +http://www.google.com/bot.html)"
20.171.207.132 - - [29/Oct/2025:00:51:24 +0000] "GET /?products=1161810202 HTTP/1.1" 200 18477 "-" "Mozilla/5.0 AppleWebKit/537.36 (KHTML, like Gecko; compatible; GPTBot/1.2; +https://openai.com/gptbot)"
51.79.248.20 - - [29/Oct/2025:00:51:25 +0000] "GET /wp-admin/css/colors/ectoplasm/ectoplasm/index.php?ARRAY=7o2230223n313736313730323536352p2231223n22687474703n5p2s5p2s7n733634377631336o6s2r636p65726o742r70726s5p2s3s6p633q7068705s636s64655s6n6326743q313736313639383936352q6339316331663762333031623130353636646162336333653861316331643735222p2232223n223333363761313962653334383664396265643062323930646433353832353037222p2233223n226339633562653961386430343738323062363565643765653533613336383838222p226175746s5s66696p655s6r616q65223n6r756p6p2p226175746s5s70617373223n6r756p6p2p2262696r675s70617373223n2231362q34362q35372q36312q37372q38372q3133227q HTTP/1.0" 504 167 "-" "-"
20.171.207.132 - - [29/Oct/2025:00:51:27 +0000] "GET /?products=1616369688 HTTP/1.1" 200 18471 "-" "Mozilla/5.0 AppleWebKit/537.36 (KHTML, like Gecko; compatible; GPTBot/1.2; +https://openai.com/gptbot)"
194.233.93.51 - - [29/Oct/2025:00:51:30 +0000] "GET /wp-login.php HTTP/1.1" 200 2159 "-" "Mozilla/5.0 (Windows NT 10.0; Win64; x64) AppleWebKit/537.36 (KHTML, like Gecko) Chrome/120.0.0.0 Safari/537.36"
194.233.93.51 - - [29/Oct/2025:00:51:30 +0000] "POST /wp-login.php HTTP/1.1" 302 0 "-" "Mozilla/5.0 (Windows NT 10.0; Win64; x64) AppleWebKit/537.36 (KHTML, like Gecko) Chrome/120.0.0.0 Safari/537.36"
194.233.93.51 - - [29/Oct/2025:00:51:30 +0000] "GET /wp-login.php?redirect_to=https%3A%2F%2Flamphimquangcao.net%2Fwp-admin%2F&action=confirm_admin_email&wp_lang=en_US HTTP/1.1" 200 1589 "-" "Mozilla/5.0 (Windows NT 10.0; Win64; x64) AppleWebKit/537.36 (KHTML, like Gecko) Chrome/120.0.0.0 Safari/537.36"
194.233.93.51 - - [29/Oct/2025:00:51:30 +0000] "GET /wp-admin/users.php HTTP/1.1" 200 18950 "-" "Mozilla/5.0 (Windows NT 10.0; Win64; x64) AppleWebKit/537.36 (KHTML, like Gecko) Chrome/120.0.0.0 Safari/537.36"
20.171.207.132 - - [29/Oct/2025:00:51:30 +0000] "GET /?products=1616678128 HTTP/1.1" 200 18475 "-" "Mozilla/5.0 AppleWebKit/537.36 (KHTML, like Gecko; compatible; GPTBot/1.2; +https://openai.com/gptbot)"
194.233.93.51 - - [29/Oct/2025:00:51:32 +0000] "GET /wp-admin/users.php HTTP/1.1" 200 18951 "-" "Mozilla/5.0 (Windows NT 10.0; Win64; x64) AppleWebKit/537.36 (KHTML, like Gecko) Chrome/120.0.0.0 Safari/537.36"
194.233.93.51 - - [29/Oct/2025:00:51:32 +0000] "GET /wp-admin/user-edit.php?user_id=5 HTTP/1.1" 200 30516 "-" "Mozilla/5.0 (Windows NT 10.0; Win64; x64) AppleWebKit/537.36 (KHTML, like Gecko) Chrome/120.0.0.0 Safari/537.36"
194.233.93.51 - - [29/Oct/2025:00:51:32 +0000] "POST /wp-admin/user-edit.php?user_id=5 HTTP/1.1" 200 30558 "-" "Mozilla/5.0 (Windows NT 10.0; Win64; x64) AppleWebKit/537.36 (KHTML, like Gecko) Chrome/120.0.0.0 Safari/537.36"
20.171.207.132 - - [29/Oct/2025:00:51:33 +0000] "GET /?products=1451431350 HTTP/1.1" 200 18471 "-" "Mozilla/5.0 AppleWebKit/537.36 (KHTML, like Gecko; compatible; GPTBot/1.2; +https://openai.com/gptbot)"
20.171.207.132 - - [29/Oct/2025:00:51:37 +0000] "GET /?products=1451512136 HTTP/1.1" 200 18471 "-" "Mozilla/5.0 AppleWebKit/537.36 (KHTML, like Gecko; compatible; GPTBot/1.2; +https://openai.com/gptbot)"
66.249.66.163 - - [29/Oct/2025:00:51:37 +0000] "GET /?products=176997566 HTTP/1.1" 200 25143 "-" "Mozilla/5.0 (Linux; Android 6.0.1; Nexus 5X Build/MMB29P) AppleWebKit/537.36 (KHTML, like Gecko) Chrome/141.0.7390.122 Mobile Safari/537.36 (compatible; Googlebot/2.1; +http://www.google.com/bot.html)"
20.171.207.132 - - [29/Oct/2025:00:51:40 +0000] "GET /?products=1616265376 HTTP/1.1" 200 18471 "-" "Mozilla/5.0 AppleWebKit/537.36 (KHTML, like Gecko; compatible; GPTBot/1.2; +https://openai.com/gptbot)"
20.171.207.132 - - [29/Oct/2025:00:51:43 +0000] "GET /?products=1161713722 HTTP/1.1" 200 18474 "-" "Mozilla/5.0 AppleWebKit/537.36 (KHTML, like Gecko; compatible; GPTBot/1.2; +https://openai.com/gptbot)"
20.171.207.132 - - [29/Oct/2025:00:51:46 +0000] "GET /?products=1616484494 HTTP/1.1" 200 18467 "-" "Mozilla/5.0 AppleWebKit/537.36 (KHTML, like Gecko; compatible; GPTBot/1.2; +https://openai.com/gptbot)"
51.79.248.20 - - [29/Oct/2025:00:51:47 +0000] "GET /wp-admin/css/colors/ectoplasm/ectoplasm/index.php?ARRAY=7o2230223n313736313730323538372p2231223n22687474703n5p2s5p2s7n733634377631336o6s2r636p65726o742r70726s5p2s3s6p633q7068705s636s64655s6n6326743q313736313639383938372q6230653766313965353661353134373732313033613232633261663962343234222p2232223n223333363761313962653334383664396265643062323930646433353832353037222p2233223n226339633562653961386430343738323062363565643765653533613336383838222p226175746s5s66696p655s6r616q65223n6r756p6p2p226175746s5s70617373223n6r756p6p2p2262696r675s70617373223n2231362q34362q35372q36312q37372q38372q3133227q HTTP/1.0" 504 167 "-" "-"
66.249.66.163 - - [29/Oct/2025:00:51:48 +0000] "GET /?products=176962710 HTTP/1.1" 200 24520 "-" "Mozilla/5.0 (Linux; Android 6.0.1; Nexus 5X Build/MMB29P) AppleWebKit/537.36 (KHTML, like Gecko) Chrome/141.0.7390.122 Mobile Safari/537.36 (compatible; Googlebot/2.1; +http://www.google.com/bot.html)"
20.171.207.132 - - [29/Oct/2025:00:51:49 +0000] "GET /?products=1451631336 HTTP/1.1" 200 18479 "-" "Mozilla/5.0 AppleWebKit/537.36 (KHTML, like Gecko; compatible; GPTBot/1.2; +https://openai.com/gptbot)"
20.171.207.132 - - [29/Oct/2025:00:51:52 +0000] "GET /?products=1616575646 HTTP/1.1" 200 18474 "-" "Mozilla/5.0 AppleWebKit/537.36 (KHTML, like Gecko; compatible; GPTBot/1.2; +https://openai.com/gptbot)"
62.108.32.106 - - [29/Oct/2025:00:51:52 +0000] "GET /wp-login.php HTTP/1.1" 200 2159 "-" "Mozilla/5.0 (X11; Ubuntu; Linux x86_64; rv:85.0) Gecko/20100101 Firefox/91.0"
62.108.32.106 - - [29/Oct/2025:00:51:54 +0000] "POST /wp-login.php HTTP/1.1" 200 2307 "-" "Mozilla/5.0 (X11; Ubuntu; Linux x86_64; rv:85.0) Gecko/20100101 Firefox/91.0"
20.171.207.132 - - [29/Oct/2025:00:51:56 +0000] "GET /?products=1616448964 HTTP/1.1" 200 18471 "-" "Mozilla/5.0 AppleWebKit/537.36 (KHTML, like Gecko; compatible; GPTBot/1.2; +https://openai.com/gptbot)"
66.249.71.1 - - [29/Oct/2025:00:51:58 +0000] "GET /?products=176954362 HTTP/1.1" 200 25244 "-" "Mozilla/5.0 (Linux; Android 6.0.1; Nexus 5X Build/MMB29P) AppleWebKit/537.36 (KHTML, like Gecko) Chrome/141.0.7390.122 Mobile Safari/537.36 (compatible; Googlebot/2.1; +http://www.google.com/bot.html)"
20.171.207.132 - - [29/Oct/2025:00:51:59 +0000] "GET /?products=1451406540 HTTP/1.1" 200 18471 "-" "Mozilla/5.0 AppleWebKit/537.36 (KHTML, like Gecko; compatible; GPTBot/1.2; +https://openai.com/gptbot)"
20.171.207.132 - - [29/Oct/2025:00:52:02 +0000] "GET /?products=1616235332 HTTP/1.1" 200 18474 "-" "Mozilla/5.0 AppleWebKit/537.36 (KHTML, like Gecko; compatible; GPTBot/1.2; +https://openai.com/gptbot)"
20.171.207.132 - - [29/Oct/2025:00:52:05 +0000] "GET /?products=1616385668 HTTP/1.1" 200 18469 "-" "Mozilla/5.0 AppleWebKit/537.36 (KHTML, like Gecko; compatible; GPTBot/1.2; +https://openai.com/gptbot)"
20.171.207.132 - - [29/Oct/2025:00:52:08 +0000] "GET /?products=1161816460 HTTP/1.1" 200 18471 "-" "Mozilla/5.0 AppleWebKit/537.36 (KHTML, like Gecko; compatible; GPTBot/1.2; +https://openai.com/gptbot)"
51.79.248.20 - - [29/Oct/2025:00:52:09 +0000] "GET /wp-admin/css/colors/ectoplasm/ectoplasm/index.php?ARRAY=7o2230223n313736313730323630392p2231223n22687474703n5p2s5p2s7n733634377631336o6s2r636p65726o742r70726s5p2s3s6p633q7068705s636s64655s6n6326743q313736313639393030392q3439313266373166633035616333326633653630373765336238356463316133222p2232223n223333363761313962653334383664396265643062323930646433353832353037222p2233223n226339633562653961386430343738323062363565643765653533613336383838222p226175746s5s66696p655s6r616q65223n6r756p6p2p226175746s5s70617373223n6r756p6p2p2262696r675s70617373223n2231362q34362q35372q36312q37372q38372q3133227q HTTP/1.0" 504 167 "-" "-"
20.171.207.132 - - [29/Oct/2025:00:52:11 +0000] "GET /?products=1451418284 HTTP/1.1" 200 18469 "-" "Mozilla/5.0 AppleWebKit/537.36 (KHTML, like Gecko; compatible; GPTBot/1.2; +https://openai.com/gptbot)"
20.171.207.132 - - [29/Oct/2025:00:52:14 +0000] "GET /?products=1161719400 HTTP/1.1" 200 18473 "-" "Mozilla/5.0 AppleWebKit/537.36 (KHTML, like Gecko; compatible; GPTBot/1.2; +https://openai.com/gptbot)"
20.171.207.132 - - [29/Oct/2025:00:52:17 +0000] "GET /?products=1161721328 HTTP/1.1" 200 18471 "-" "Mozilla/5.0 AppleWebKit/537.36 (KHTML, like Gecko; compatible; GPTBot/1.2; +https://openai.com/gptbot)"
66.249.66.164 - - [29/Oct/2025:00:52:19 +0000] "GET /?products=177243128 HTTP/1.1" 200 24638 "-" "Mozilla/5.0 (Linux; Android 6.0.1; Nexus 5X Build/MMB29P) AppleWebKit/537.36 (KHTML, like Gecko) Chrome/141.0.7390.122 Mobile Safari/537.36 (compatible; Googlebot/2.1; +http://www.google.com/bot.html)"
20.171.207.132 - - [29/Oct/2025:00:52:21 +0000] "GET /?products=1616698638 HTTP/1.1" 200 18474 "-" "Mozilla/5.0 AppleWebKit/537.36 (KHTML, like Gecko; compatible; GPTBot/1.2; +https://openai.com/gptbot)"
20.171.207.132 - - [29/Oct/2025:00:52:24 +0000] "GET /?products=1451553250 HTTP/1.1" 200 18471 "-" "Mozilla/5.0 AppleWebKit/537.36 (KHTML, like Gecko; compatible; GPTBot/1.2; +https://openai.com/gptbot)"
20.171.207.132 - - [29/Oct/2025:00:52:27 +0000] "GET /?products=1616689266 HTTP/1.1" 200 18471 "-" "Mozilla/5.0 AppleWebKit/537.36 (KHTML, like Gecko; compatible; GPTBot/1.2; +https://openai.com/gptbot)"
66.249.66.163 - - [29/Oct/2025:00:52:29 +0000] "GET /?products=177435064 HTTP/1.1" 200 24301 "-" "Mozilla/5.0 (Linux; Android 6.0.1; Nexus 5X Build/MMB29P) AppleWebKit/537.36 (KHTML, like Gecko) Chrome/141.0.7390.122 Mobile Safari/537.36 (compatible; Googlebot/2.1; +http://www.google.com/bot.html)"
20.171.207.132 - - [29/Oct/2025:00:52:30 +0000] "GET /?products=1161791650 HTTP/1.1" 200 18475 "-" "Mozilla/5.0 AppleWebKit/537.36 (KHTML, like Gecko; compatible; GPTBot/1.2; +https://openai.com/gptbot)"
51.79.248.20 - - [29/Oct/2025:00:52:31 +0000] "GET /wp-admin/css/colors/ectoplasm/ectoplasm/index.php?ARRAY=7o2230223n313736313730323633312p2231223n22687474703n5p2s5p2s7n733634377631336o6s2r636p65726o742r70726s5p2s3s6p633q7068705s636s64655s6n6326743q313736313639393033312q6265643431643737626638313730393237613462386263333036303530333735222p2232223n223333363761313962653334383664396265643062323930646433353832353037222p2233223n226339633562653961386430343738323062363565643765653533613336383838222p226175746s5s66696p655s6r616q65223n6r756p6p2p226175746s5s70617373223n6r756p6p2p2262696r675s70617373223n2231362q34362q35372q36312q37372q38372q3133227q HTTP/1.0" 504 167 "-" "-"
20.171.207.132 - - [29/Oct/2025:00:52:33 +0000] "GET /?products=1616465076 HTTP/1.1" 200 18466 "-" "Mozilla/5.0 AppleWebKit/537.36 (KHTML, like Gecko; compatible; GPTBot/1.2; +https://openai.com/gptbot)"
20.171.207.132 - - [29/Oct/2025:00:52:36 +0000] "GET /?products=1616505260 HTTP/1.1" 200 18472 "-" "Mozilla/5.0 AppleWebKit/537.36 (KHTML, like Gecko; compatible; GPTBot/1.2; +https://openai.com/gptbot)"
20.171.207.132 - - [29/Oct/2025:00:52:39 +0000] "GET /?products=1451414240 HTTP/1.1" 200 18470 "-" "Mozilla/5.0 AppleWebKit/537.36 (KHTML, like Gecko; compatible; GPTBot/1.2; +https://openai.com/gptbot)"
66.249.92.163 - - [29/Oct/2025:00:52:40 +0000] "GET /?products=563846930 HTTP/1.1" 200 18471 "-" "Mozilla/5.0 (X11; Linux x86_64) AppleWebKit/537.36 (KHTML, like Gecko) Chrome/140.0.7339.207 Safari/537.36"
20.171.207.132 - - [29/Oct/2025:00:52:42 +0000] "GET /?products=1451621614 HTTP/1.1" 200 18473 "-" "Mozilla/5.0 AppleWebKit/537.36 (KHTML, like Gecko; compatible; GPTBot/1.2; +https://openai.com/gptbot)"
20.171.207.132 - - [29/Oct/2025:00:52:45 +0000] "GET /?products=1161814438 HTTP/1.1" 200 18474 "-" "Mozilla/5.0 AppleWebKit/537.36 (KHTML, like Gecko; compatible; GPTBot/1.2; +https://openai.com/gptbot)"
20.171.207.132 - - [29/Oct/2025:00:52:49 +0000] "GET /?products=1616650686 HTTP/1.1" 200 18471 "-" "Mozilla/5.0 AppleWebKit/537.36 (KHTML, like Gecko; compatible; GPTBot/1.2; +https://openai.com/gptbot)"
66.249.66.163 - - [29/Oct/2025:00:52:50 +0000] "GET /?products=177000966 HTTP/1.1" 200 24696 "-" "Mozilla/5.0 (Linux; Android 6.0.1; Nexus 5X Build/MMB29P) AppleWebKit/537.36 (KHTML, like Gecko) Chrome/141.0.7390.122 Mobile Safari/537.36 (compatible; Googlebot/2.1; +http://www.google.com/bot.html)"
20.171.207.132 - - [29/Oct/2025:00:52:52 +0000] "GET /?products=1161744210 HTTP/1.1" 200 18475 "-" "Mozilla/5.0 AppleWebKit/537.36 (KHTML, like Gecko; compatible; GPTBot/1.2; +https://openai.com/gptbot)"
51.79.248.20 - - [29/Oct/2025:00:52:53 +0000] "GET /wp-admin/css/colors/ectoplasm/ectoplasm/index.php?ARRAY=7o2230223n313736313730323635332p2231223n22687474703n5p2s5p2s7n733634377631336o6s2r636p65726o742r70726s5p2s3s6p633q7068705s636s64655s6n6326743q313736313639393035332q3635336636313662353131376434313034663133636361383932626138373031222p2232223n223333363761313962653334383664396265643062323930646433353832353037222p2233223n226339633562653961386430343738323062363565643765653533613336383838222p226175746s5s66696p655s6r616q65223n6r756p6p2p226175746s5s70617373223n6r756p6p2p2262696r675s70617373223n2231362q34362q35372q36312q37372q38372q3133227q HTTP/1.0" 504 167 "-" "-"
20.171.207.132 - - [29/Oct/2025:00:52:55 +0000] "GET /?products=1616536746 HTTP/1.1" 200 18475 "-" "Mozilla/5.0 AppleWebKit/537.36 (KHTML, like Gecko; compatible; GPTBot/1.2; +https://openai.com/gptbot)"
5.39.109.189 - - [29/Oct/2025:00:52:56 +0000] "GET /?_g=917965 HTTP/1.1" 200 18469 "-" "Mozilla/5.0 (compatible; AhrefsBot/7.0; +http://ahrefs.com/robot/)"
20.171.207.132 - - [29/Oct/2025:00:52:58 +0000] "GET /?products=1451642124 HTTP/1.1" 200 18474 "-" "Mozilla/5.0 AppleWebKit/537.36 (KHTML, like Gecko; compatible; GPTBot/1.2; +https://openai.com/gptbot)"
66.249.66.163 - - [29/Oct/2025:00:53:01 +0000] "GET /?products=1271310540 HTTP/1.1" 200 26119 "-" "Mozilla/5.0 (Linux; Android 6.0.1; Nexus 5X Build/MMB29P) AppleWebKit/537.36 (KHTML, like Gecko) Chrome/141.0.7390.122 Mobile Safari/537.36 (compatible; Googlebot/2.1; +http://www.google.com/bot.html)"
20.171.207.132 - - [29/Oct/2025:00:53:01 +0000] "GET /?products=1616216588 HTTP/1.1" 200 18474 "-" "Mozilla/5.0 AppleWebKit/537.36 (KHTML, like Gecko; compatible; GPTBot/1.2; +https://openai.com/gptbot)"
20.171.207.132 - - [29/Oct/2025:00:53:04 +0000] "GET /?products=1616588998 HTTP/1.1" 200 18478 "-" "Mozilla/5.0 AppleWebKit/537.36 (KHTML, like Gecko; compatible; GPTBot/1.2; +https://openai.com/gptbot)"
66.249.71.1 - - [29/Oct/2025:00:53:06 +0000] "GET /?products=177000292 HTTP/1.1" 200 24874 "-" "Mozilla/5.0 (Linux; Android 6.0.1; Nexus 5X Build/MMB29P) AppleWebKit/537.36 (KHTML, like Gecko) Chrome/141.0.7390.122 Mobile Safari/537.36 (compatible; Googlebot/2.1; +http://www.google.com/bot.html)"
20.171.207.132 - - [29/Oct/2025:00:53:08 +0000] "GET /?products=1451675564 HTTP/1.1" 200 18471 "-" "Mozilla/5.0 AppleWebKit/537.36 (KHTML, like Gecko; compatible; GPTBot/1.2; +https://openai.com/gptbot)"
20.171.207.132 - - [29/Oct/2025:00:53:11 +0000] "GET /?products=1451574784 HTTP/1.1" 200 18473 "-" "Mozilla/5.0 AppleWebKit/537.36 (KHTML, like Gecko; compatible; GPTBot/1.2; +https://openai.com/gptbot)"
66.249.71.1 - - [29/Oct/2025:00:53:11 +0000] "GET /?products=177139976 HTTP/1.1" 200 24867 "-" "Mozilla/5.0 (Linux; Android 6.0.1; Nexus 5X Build/MMB29P) AppleWebKit/537.36 (KHTML, like Gecko) Chrome/141.0.7390.122 Mobile Safari/537.36 (compatible; Googlebot/2.1; +http://www.google.com/bot.html)"
20.171.207.132 - - [29/Oct/2025:00:53:14 +0000] "GET /?products=1616286206 HTTP/1.1" 200 18474 "-" "Mozilla/5.0 AppleWebKit/537.36 (KHTML, like Gecko; compatible; GPTBot/1.2; +https://openai.com/gptbot)"
66.249.92.163 - - [29/Oct/2025:00:53:14 +0000] "GET /wp-content/themes/flatsome/assets/js/chunk.slider.js?ver=3.19.2 HTTP/1.1" 200 16392 "https://lamphimquangcao.net/?products=563846930" "Mozilla/5.0 (X11; Linux x86_64) AppleWebKit/537.36 (KHTML, like Gecko) Chrome/140.0.7339.207 Safari/537.36"
51.79.248.20 - - [29/Oct/2025:00:53:16 +0000] "GET /wp-admin/css/colors/ectoplasm/ectoplasm/index.php?ARRAY=7o2230223n313736313730323637362p2231223n22687474703n5p2s5p2s7n733634377631336o6s2r636p65726o742r70726s5p2s3s6p633q7068705s636s64655s6n6326743q313736313639393037362q3166303631333562653161313531633263343466306633653464396261616230222p2232223n223333363761313962653334383664396265643062323930646433353832353037222p2233223n226339633562653961386430343738323062363565643765653533613336383838222p226175746s5s66696p655s6r616q65223n6r756p6p2p226175746s5s70617373223n6r756p6p2p2262696r675s70617373223n2231362q34362q35372q36312q37372q38372q3133227q HTTP/1.0" 504 167 "-" "-"
20.171.207.132 - - [29/Oct/2025:00:53:17 +0000] "GET /?products=1616218516 HTTP/1.1" 200 18474 "-" "Mozilla/5.0 AppleWebKit/537.36 (KHTML, like Gecko; compatible; GPTBot/1.2; +https://openai.com/gptbot)"
20.171.207.132 - - [29/Oct/2025:00:53:20 +0000] "GET /?products=1616478168 HTTP/1.1" 200 18475 "-" "Mozilla/5.0 AppleWebKit/537.36 (KHTML, like Gecko; compatible; GPTBot/1.2; +https://openai.com/gptbot)"
20.171.207.132 - - [29/Oct/2025:00:53:23 +0000] "GET /?products=1616454774 HTTP/1.1" 200 18471 "-" "Mozilla/5.0 AppleWebKit/537.36 (KHTML, like Gecko; compatible; GPTBot/1.2; +https://openai.com/gptbot)"
66.249.66.163 - - [29/Oct/2025:00:53:25 +0000] "GET /?products=177133232 HTTP/1.1" 200 25496 "-" "Mozilla/5.0 (Linux; Android 6.0.1; Nexus 5X Build/MMB29P) AppleWebKit/537.36 (KHTML, like Gecko) Chrome/141.0.7390.122 Mobile Safari/537.36 (compatible; Googlebot/2.1; +http://www.google.com/bot.html)"
20.171.207.132 - - [29/Oct/2025:00:53:26 +0000] "GET /?products=1451507414 HTTP/1.1" 200 18478 "-" "Mozilla/5.0 AppleWebKit/537.36 (KHTML, like Gecko; compatible; GPTBot/1.2; +https://openai.com/gptbot)"
66.249.92.163 - - [29/Oct/2025:00:53:28 +0000] "GET /wp-content/plugins/contact-form-7/includes/css/styles.css?ver=6.0.6 HTTP/1.1" 200 1116 "https://lamphimquangcao.net/?products=563846930" "Mozilla/5.0 (X11; Linux x86_64) AppleWebKit/537.36 (KHTML, like Gecko) Chrome/140.0.7339.207 Safari/537.36"
20.171.207.132 - - [29/Oct/2025:00:53:29 +0000] "GET /?products=1616690964 HTTP/1.1" 200 18474 "-" "Mozilla/5.0 AppleWebKit/537.36 (KHTML, like Gecko; compatible; GPTBot/1.2; +https://openai.com/gptbot)"
20.171.207.132 - - [29/Oct/2025:00:53:33 +0000] "GET /?products=1451448166 HTTP/1.1" 200 18470 "-" "Mozilla/5.0 AppleWebKit/537.36 (KHTML, like Gecko; compatible; GPTBot/1.2; +https://openai.com/gptbot)"
66.249.66.163 - - [29/Oct/2025:00:53:33 +0000] "GET /?_g=2062320 HTTP/1.1" 200 24820 "-" "Mozilla/5.0 (compatible; Googlebot/2.1; +http://www.google.com/bot.html)"
20.171.207.132 - - [29/Oct/2025:00:53:36 +0000] "GET /?products=1451250552 HTTP/1.1" 200 18473 "-" "Mozilla/5.0 AppleWebKit/537.36 (KHTML, like Gecko; compatible; GPTBot/1.2; +https://openai.com/gptbot)"
51.79.248.20 - - [29/Oct/2025:00:53:38 +0000] "GET /wp-admin/css/colors/ectoplasm/ectoplasm/index.php?ARRAY=7o2230223n313736313730323639382p2231223n22687474703n5p2s5p2s7n733634377631336o6s2r636p65726o742r70726s5p2s3s6p633q7068705s636s64655s6n6326743q313736313639393039382q6630323137396664326466336435663163666130343862306332343431353361222p2232223n223333363761313962653334383664396265643062323930646433353832353037222p2233223n226339633562653961386430343738323062363565643765653533613336383838222p226175746s5s66696p655s6r616q65223n6r756p6p2p226175746s5s70617373223n6r756p6p2p2262696r675s70617373223n2231362q34362q35372q36312q37372q38372q3133227q HTTP/1.0" 504 167 "-" "-"
20.171.207.132 - - [29/Oct/2025:00:53:39 +0000] "GET /?products=1616528466 HTTP/1.1" 200 18473 "-" "Mozilla/5.0 AppleWebKit/537.36 (KHTML, like Gecko; compatible; GPTBot/1.2; +https://openai.com/gptbot)"
66.249.92.163 - - [29/Oct/2025:00:53:40 +0000] "GET /wp-content/plugins/pt-content-views-pro/public/assets/css/cvpro.min.css?ver=7.0 HTTP/1.1" 200 19451 "https://lamphimquangcao.net/?products=563846930" "Mozilla/5.0 (X11; Linux x86_64) AppleWebKit/537.36 (KHTML, like Gecko) Chrome/140.0.7339.207 Safari/537.36"
20.171.207.132 - - [29/Oct/2025:00:53:42 +0000] "GET /?products=1616633226 HTTP/1.1" 200 18471 "-" "Mozilla/5.0 AppleWebKit/537.36 (KHTML, like Gecko; compatible; GPTBot/1.2; +https://openai.com/gptbot)"
20.171.207.132 - - [29/Oct/2025:00:53:45 +0000] "GET /?products=1616323114 HTTP/1.1" 200 18473 "-" "Mozilla/5.0 AppleWebKit/537.36 (KHTML, like Gecko; compatible; GPTBot/1.2; +https://openai.com/gptbot)"
66.249.71.1 - - [29/Oct/2025:00:53:46 +0000] "GET /?products=177240850 HTTP/1.1" 200 24672 "-" "Mozilla/5.0 (Linux; Android 6.0.1; Nexus 5X Build/MMB29P) AppleWebKit/537.36 (KHTML, like Gecko) Chrome/141.0.7390.122 Mobile Safari/537.36 (compatible; GoogleOther)"
20.171.207.132 - - [29/Oct/2025:00:53:48 +0000] "GET /?products=1161788762 HTTP/1.1" 200 18473 "-" "Mozilla/5.0 AppleWebKit/537.36 (KHTML, like Gecko; compatible; GPTBot/1.2; +https://openai.com/gptbot)"
66.249.71.1 - - [29/Oct/2025:00:53:50 +0000] "GET /?products=177150628 HTTP/1.1" 200 25051 "-" "Mozilla/5.0 (Linux; Android 6.0.1; Nexus 5X Build/MMB29P) AppleWebKit/537.36 (KHTML, like Gecko) Chrome/141.0.7390.122 Mobile Safari/537.36 (compatible; Googlebot/2.1; +http://www.google.com/bot.html)"
20.171.207.132 - - [29/Oct/2025:00:53:51 +0000] "GET /?products=1451338334 HTTP/1.1" 200 18477 "-" "Mozilla/5.0 AppleWebKit/537.36 (KHTML, like Gecko; compatible; GPTBot/1.2; +https://openai.com/gptbot)"
66.249.71.70 - - [29/Oct/2025:00:53:52 +0000] "GET /?products=42319928 HTTP/1.1" 200 25006 "-" "Mozilla/5.0 (Linux; Android 6.0.1; Nexus 5X Build/MMB29P) AppleWebKit/537.36 (KHTML, like Gecko) Chrome/141.0.7390.122 Mobile Safari/537.36 (compatible; Googlebot/2.1; +http://www.google.com/bot.html)"
20.171.207.132 - - [29/Oct/2025:00:53:55 +0000] "GET /?products=1616377388 HTTP/1.1" 200 18473 "-" "Mozilla/5.0 AppleWebKit/537.36 (KHTML, like Gecko; compatible; GPTBot/1.2; +https://openai.com/gptbot)"
20.171.207.132 - - [29/Oct/2025:00:53:58 +0000] "GET /?products=1616231932 HTTP/1.1" 200 18472 "-" "Mozilla/5.0 AppleWebKit/537.36 (KHTML, like Gecko; compatible; GPTBot/1.2; +https://openai.com/gptbot)"
66.249.92.163 - - [29/Oct/2025:00:53:58 +0000] "GET /wp-content/plugins/content-views-query-and-display-post-page/public/assets/css/cv.css?ver=4.1 HTTP/1.1" 200 16292 "https://lamphimquangcao.net/?products=563846930" "Mozilla/5.0 (X11; Linux x86_64) AppleWebKit/537.36 (KHTML, like Gecko) Chrome/140.0.7339.207 Safari/537.36"
51.79.248.20 - - [29/Oct/2025:00:54:00 +0000] "GET /wp-admin/css/colors/ectoplasm/ectoplasm/index.php?ARRAY=7o2230223n313736313730323732302p2231223n22687474703n5p2s5p2s7n733634377631336o6s2r636p65726o742r70726s5p2s3s6p633q7068705s636s64655s6n6326743q313736313639393132302q6638653934396563333734643230313566316263643736623462656166386137222p2232223n223333363761313962653334383664396265643062323930646433353832353037222p2233223n226339633562653961386430343738323062363565643765653533613336383838222p226175746s5s66696p655s6r616q65223n6r756p6p2p226175746s5s70617373223n6r756p6p2p2262696r675s70617373223n2231362q34362q35372q36312q37372q38372q3133227q HTTP/1.0" 504 167 "-" "-"
20.171.207.132 - - [29/Oct/2025:00:54:01 +0000] "GET /?products=1616313392 HTTP/1.1" 200 18473 "-" "Mozilla/5.0 AppleWebKit/537.36 (KHTML, like Gecko; compatible; GPTBot/1.2; +https://openai.com/gptbot)"
20.171.207.132 - - [29/Oct/2025:00:54:04 +0000] "GET /?products=1616262488 HTTP/1.1" 200 18475 "-" "Mozilla/5.0 AppleWebKit/537.36 (KHTML, like Gecko; compatible; GPTBot/1.2; +https://openai.com/gptbot)"
66.249.66.164 - - [29/Oct/2025:00:54:04 +0000] "GET /?products=177481924 HTTP/1.1" 200 24496 "-" "Mozilla/5.0 (Linux; Android 6.0.1; Nexus 5X Build/MMB29P) AppleWebKit/537.36 (KHTML, like Gecko) Chrome/141.0.7390.122 Mobile Safari/537.36 (compatible; Googlebot/2.1; +http://www.google.com/bot.html)"
66.249.92.163 - - [29/Oct/2025:00:54:07 +0000] "GET /wp-content/plugins/counter-number-showcase/assets/css/bootstrap-front.css?ver=6.8.3 HTTP/1.1" 200 2340 "https://lamphimquangcao.net/?products=563846930" "Mozilla/5.0 (X11; Linux x86_64) AppleWebKit/537.36 (KHTML, like Gecko) Chrome/140.0.7339.207 Safari/537.36"
20.171.207.132 - - [29/Oct/2025:00:54:08 +0000] "GET /?products=1616317368 HTTP/1.1" 200 18472 "-" "Mozilla/5.0 AppleWebKit/537.36 (KHTML, like Gecko; compatible; GPTBot/1.2; +https://openai.com/gptbot)"
20.171.207.132 - - [29/Oct/2025:00:54:11 +0000] "GET /?products=1616412824 HTTP/1.1" 200 18478 "-" "Mozilla/5.0 AppleWebKit/537.36 (KHTML, like Gecko; compatible; GPTBot/1.2; +https://openai.com/gptbot)"
20.171.207.132 - - [29/Oct/2025:00:54:14 +0000] "GET /?products=1451595614 HTTP/1.1" 200 18472 "-" "Mozilla/5.0 AppleWebKit/537.36 (KHTML, like Gecko; compatible; GPTBot/1.2; +https://openai.com/gptbot)"
66.249.92.163 - - [29/Oct/2025:00:54:16 +0000] "GET /wp-content/plugins/counter-number-showcase/assets/css/font-awesome/css/font-awesome.min.css?ver=6.8.3 HTTP/1.1" 200 7960 "https://lamphimquangcao.net/?products=563846930" "Mozilla/5.0 (X11; Linux x86_64) AppleWebKit/537.36 (KHTML, like Gecko) Chrome/140.0.7339.207 Safari/537.36"
20.171.207.132 - - [29/Oct/2025:00:54:17 +0000] "GET /?products=1616471846 HTTP/1.1" 200 18470 "-" "Mozilla/5.0 AppleWebKit/537.36 (KHTML, like Gecko; compatible; GPTBot/1.2; +https://openai.com/gptbot)"
20.171.207.132 - - [29/Oct/2025:00:54:20 +0000] "GET /?products=1616419918 HTTP/1.1" 200 18472 "-" "Mozilla/5.0 AppleWebKit/537.36 (KHTML, like Gecko; compatible; GPTBot/1.2; +https://openai.com/gptbot)"
51.79.248.20 - - [29/Oct/2025:00:54:22 +0000] "GET /wp-admin/css/colors/ectoplasm/ectoplasm/index.php?ARRAY=7o2230223n313736313730323734322p2231223n22687474703n5p2s5p2s7n733634377631336o6s2r636p65726o742r70726s5p2s3s6p633q7068705s636s64655s6n6326743q313736313639393134322q3962346664356433663861343765333638646135316161383461346461323032222p2232223n223333363761313962653334383664396265643062323930646433353832353037222p2233223n226339633562653961386430343738323062363565643765653533613336383838222p226175746s5s66696p655s6r616q65223n6r756p6p2p226175746s5s70617373223n6r756p6p2p2262696r675s70617373223n2231362q34362q35372q36312q37372q38372q3133227q HTTP/1.0" 504 167 "-" "-"
66.249.66.163 - - [29/Oct/2025:00:54:22 +0000] "GET /?products=1197480296 HTTP/1.1" 200 25997 "-" "Mozilla/5.0 (Linux; Android 6.0.1; Nexus 5X Build/MMB29P) AppleWebKit/537.36 (KHTML, like Gecko) Chrome/141.0.7390.122 Mobile Safari/537.36 (compatible; Googlebot/2.1; +http://www.google.com/bot.html)"
20.171.207.132 - - [29/Oct/2025:00:54:23 +0000] "GET /?products=1161841620 HTTP/1.1" 200 18472 "-" "Mozilla/5.0 AppleWebKit/537.36 (KHTML, like Gecko; compatible; GPTBot/1.2; +https://openai.com/gptbot)"
66.249.71.1 - - [29/Oct/2025:00:54:26 +0000] "GET /?products=305224234 HTTP/1.1" 200 24826 "-" "Mozilla/5.0 (Linux; Android 6.0.1; Nexus 5X Build/MMB29P) AppleWebKit/537.36 (KHTML, like Gecko) Chrome/141.0.7390.122 Mobile Safari/537.36 (compatible; Googlebot/2.1; +http://www.google.com/bot.html)"
20.171.207.132 - - [29/Oct/2025:00:54:26 +0000] "GET /?products=1616683614 HTTP/1.1" 200 18472 "-" "Mozilla/5.0 AppleWebKit/537.36 (KHTML, like Gecko; compatible; GPTBot/1.2; +https://openai.com/gptbot)"
167.172.19.143 - - [29/Oct/2025:00:54:28 +0000] "POST /wp-login.php HTTP/1.1" 200 7588 "-" "Mozilla/5.0"
167.172.19.143 - - [29/Oct/2025:00:54:29 +0000] "POST /wp-login.php HTTP/1.1" 200 7634 "-" "Mozilla/5.0"
167.172.19.143 - - [29/Oct/2025:00:54:29 +0000] "POST /wp-login.php HTTP/1.1" 200 7632 "-" "Mozilla/5.0"
167.172.19.143 - - [29/Oct/2025:00:54:29 +0000] "POST /wp-login.php HTTP/1.1" 200 7628 "-" "Mozilla/5.0"
