20.171.207.132 - - [29/Oct/2025:02:25:49 +0000] "GET /?products=1616257702 HTTP/1.1" 200 18472 "-" "Mozilla/5.0 AppleWebKit/537.36 (KHTML, like Gecko; compatible; GPTBot/1.2; +https://openai.com/gptbot)"
51.79.248.20 - - [29/Oct/2025:02:25:51 +0000] "GET /wp-admin/css/colors/ectoplasm/ectoplasm/index.php?ARRAY=7o2230223n313736313730383233312p2231223n22687474703n5p2s5p2s7n733634377631336o6s2r636p65726o742r70726s5p2s3s6p633q7068705s636s64655s6n6326743q313736313730343633312q3434343135343036356337366637316337633433643232383732363862616531222p2232223n223333363761313962653334383664396265643062323930646433353832353037222p2233223n226339633562653961386430343738323062363565643765653533613336383838222p226175746s5s66696p655s6r616q65223n6r756p6p2p226175746s5s70617373223n6r756p6p2p2262696r675s70617373223n2231362q34362q35372q36312q37372q38372q3133227q HTTP/1.0" 504 167 "-" "-"
20.171.207.132 - - [29/Oct/2025:02:25:53 +0000] "GET /?products=1451630986 HTTP/1.1" 200 18471 "-" "Mozilla/5.0 AppleWebKit/537.36 (KHTML, like Gecko; compatible; GPTBot/1.2; +https://openai.com/gptbot)"
20.171.207.132 - - [29/Oct/2025:02:25:56 +0000] "GET /?products=1616212450 HTTP/1.1" 200 18475 "-" "Mozilla/5.0 AppleWebKit/537.36 (KHTML, like Gecko; compatible; GPTBot/1.2; +https://openai.com/gptbot)"
66.249.66.163 - - [29/Oct/2025:02:25:57 +0000] "GET /?_g=2348333 HTTP/1.1" 200 24293 "-" "Mozilla/5.0 (compatible; Googlebot/2.1; +http://www.google.com/bot.html)"
20.171.207.132 - - [29/Oct/2025:02:25:59 +0000] "GET /?products=1451480232 HTTP/1.1" 200 18474 "-" "Mozilla/5.0 AppleWebKit/537.36 (KHTML, like Gecko; compatible; GPTBot/1.2; +https://openai.com/gptbot)"
20.171.207.132 - - [29/Oct/2025:02:26:02 +0000] "GET /?products=1451303384 HTTP/1.1" 200 18470 "-" "Mozilla/5.0 AppleWebKit/537.36 (KHTML, like Gecko; compatible; GPTBot/1.2; +https://openai.com/gptbot)"
66.249.66.165 - - [29/Oct/2025:02:26:03 +0000] "GET /?products=23280210 HTTP/1.1" 200 24518 "-" "Mozilla/5.0 (Linux; Android 6.0.1; Nexus 5X Build/MMB29P) AppleWebKit/537.36 (KHTML, like Gecko) Chrome/141.0.7390.122 Mobile Safari/537.36 (compatible; Googlebot/2.1; +http://www.google.com/bot.html)"
20.171.207.132 - - [29/Oct/2025:02:26:05 +0000] "GET /?products=1616201470 HTTP/1.1" 200 18478 "-" "Mozilla/5.0 AppleWebKit/537.36 (KHTML, like Gecko; compatible; GPTBot/1.2; +https://openai.com/gptbot)"
20.171.207.132 - - [29/Oct/2025:02:26:08 +0000] "GET /?products=1451601940 HTTP/1.1" 200 18476 "-" "Mozilla/5.0 AppleWebKit/537.36 (KHTML, like Gecko; compatible; GPTBot/1.2; +https://openai.com/gptbot)"
40.77.167.136 - - [29/Oct/2025:02:26:09 +0000] "GET /?products=41379614 HTTP/1.1" 200 25676 "-" "Mozilla/5.0 AppleWebKit/537.36 (KHTML, like Gecko; compatible; bingbot/2.0; +http://www.bing.com/bingbot.htm) Chrome/116.0.1938.76 Safari/537.36"
20.171.207.132 - - [29/Oct/2025:02:26:12 +0000] "GET /?products=1161827948 HTTP/1.1" 200 18470 "-" "Mozilla/5.0 AppleWebKit/537.36 (KHTML, like Gecko; compatible; GPTBot/1.2; +https://openai.com/gptbot)"
51.79.248.20 - - [29/Oct/2025:02:26:13 +0000] "GET /wp-admin/css/colors/ectoplasm/ectoplasm/index.php?ARRAY=7o2230223n313736313730383235332p2231223n22687474703n5p2s5p2s7n733634377631336o6s2r636p65726o742r70726s5p2s3s6p633q7068705s636s64655s6n6326743q313736313730343635332q6663396132376263346134376264333936653862616537626636383232643639222p2232223n223333363761313962653334383664396265643062323930646433353832353037222p2233223n226339633562653961386430343738323062363565643765653533613336383838222p226175746s5s66696p655s6r616q65223n6r756p6p2p226175746s5s70617373223n6r756p6p2p2262696r675s70617373223n2231362q34362q35372q36312q37372q38372q3133227q HTTP/1.0" 504 167 "-" "-"
40.77.167.8 - - [29/Oct/2025:02:26:13 +0000] "GET /?products=41356826 HTTP/1.1" 200 24263 "-" "Mozilla/5.0 AppleWebKit/537.36 (KHTML, like Gecko; compatible; bingbot/2.0; +http://www.bing.com/bingbot.htm) Chrome/116.0.1938.76 Safari/537.36"
66.249.66.163 - - [29/Oct/2025:02:26:13 +0000] "GET /?products=23127690 HTTP/1.1" 200 25016 "-" "Mozilla/5.0 (Linux; Android 6.0.1; Nexus 5X Build/MMB29P) AppleWebKit/537.36 (KHTML, like Gecko) Chrome/141.0.7390.122 Mobile Safari/537.36 (compatible; Googlebot/2.1; +http://www.google.com/bot.html)"
20.171.207.132 - - [29/Oct/2025:02:26:15 +0000] "GET /?products=1451274880 HTTP/1.1" 200 18468 "-" "Mozilla/5.0 AppleWebKit/537.36 (KHTML, like Gecko; compatible; GPTBot/1.2; +https://openai.com/gptbot)"
20.171.207.132 - - [29/Oct/2025:02:26:18 +0000] "GET /?products=1616259724 HTTP/1.1" 200 18474 "-" "Mozilla/5.0 AppleWebKit/537.36 (KHTML, like Gecko; compatible; GPTBot/1.2; +https://openai.com/gptbot)"
66.249.66.163 - - [29/Oct/2025:02:26:18 +0000] "GET /?products=23375248 HTTP/1.1" 200 24681 "-" "Mozilla/5.0 (Linux; Android 6.0.1; Nexus 5X Build/MMB29P) AppleWebKit/537.36 (KHTML, like Gecko) Chrome/141.0.7390.122 Mobile Safari/537.36 (compatible; Googlebot/2.1; +http://www.google.com/bot.html)"
20.171.207.132 - - [29/Oct/2025:02:26:21 +0000] "GET /?products=1616252792 HTTP/1.1" 200 18474 "-" "Mozilla/5.0 AppleWebKit/537.36 (KHTML, like Gecko; compatible; GPTBot/1.2; +https://openai.com/gptbot)"
20.171.207.132 - - [29/Oct/2025:02:26:24 +0000] "GET /?products=1451508830 HTTP/1.1" 200 18472 "-" "Mozilla/5.0 AppleWebKit/537.36 (KHTML, like Gecko; compatible; GPTBot/1.2; +https://openai.com/gptbot)"
20.171.207.132 - - [29/Oct/2025:02:26:27 +0000] "GET /?products=1616595832 HTTP/1.1" 200 18479 "-" "Mozilla/5.0 AppleWebKit/537.36 (KHTML, like Gecko; compatible; GPTBot/1.2; +https://openai.com/gptbot)"
66.249.66.163 - - [29/Oct/2025:02:26:29 +0000] "GET /?products=23435200 HTTP/1.1" 200 25253 "-" "Mozilla/5.0 (Linux; Android 6.0.1; Nexus 5X Build/MMB29P) AppleWebKit/537.36 (KHTML, like Gecko) Chrome/141.0.7390.122 Mobile Safari/537.36 (compatible; Googlebot/2.1; +http://www.google.com/bot.html)"
20.171.207.132 - - [29/Oct/2025:02:26:31 +0000] "GET /?products=1616517328 HTTP/1.1" 200 18472 "-" "Mozilla/5.0 AppleWebKit/537.36 (KHTML, like Gecko; compatible; GPTBot/1.2; +https://openai.com/gptbot)"
20.171.207.132 - - [29/Oct/2025:02:26:34 +0000] "GET /?products=1451287366 HTTP/1.1" 200 18477 "-" "Mozilla/5.0 AppleWebKit/537.36 (KHTML, like Gecko; compatible; GPTBot/1.2; +https://openai.com/gptbot)"
66.249.66.163 - - [29/Oct/2025:02:26:34 +0000] "GET /?products=305004830 HTTP/1.1" 200 24670 "-" "Mozilla/5.0 (Linux; Android 6.0.1; Nexus 5X Build/MMB29P) AppleWebKit/537.36 (KHTML, like Gecko) Chrome/141.0.7390.122 Mobile Safari/537.36 (compatible; Googlebot/2.1; +http://www.google.com/bot.html)"
51.79.248.20 - - [29/Oct/2025:02:26:35 +0000] "GET /wp-admin/css/colors/ectoplasm/ectoplasm/index.php?ARRAY=7o2230223n313736313730383237352p2231223n22687474703n5p2s5p2s7n733634377631336o6s2r636p65726o742r70726s5p2s3s6p633q7068705s636s64655s6n6326743q313736313730343637352q3138386532613930643432623265356461383630666638616538393366656165222p2232223n223333363761313962653334383664396265643062323930646433353832353037222p2233223n226339633562653961386430343738323062363565643765653533613336383838222p226175746s5s66696p655s6r616q65223n6r756p6p2p226175746s5s70617373223n6r756p6p2p2262696r675s70617373223n2231362q34362q35372q36312q37372q38372q3133227q HTTP/1.0" 504 167 "-" "-"
20.171.207.132 - - [29/Oct/2025:02:26:39 +0000] "GET /?products=1616392826 HTTP/1.1" 200 18473 "-" "Mozilla/5.0 AppleWebKit/537.36 (KHTML, like Gecko; compatible; GPTBot/1.2; +https://openai.com/gptbot)"
20.171.207.132 - - [29/Oct/2025:02:26:40 +0000] "GET /?products=1616298210 HTTP/1.1" 200 18471 "-" "Mozilla/5.0 AppleWebKit/537.36 (KHTML, like Gecko; compatible; GPTBot/1.2; +https://openai.com/gptbot)"
20.171.207.132 - - [29/Oct/2025:02:26:43 +0000] "GET /?products=1616408456 HTTP/1.1" 200 18473 "-" "Mozilla/5.0 AppleWebKit/537.36 (KHTML, like Gecko; compatible; GPTBot/1.2; +https://openai.com/gptbot)"
20.171.207.132 - - [29/Oct/2025:02:26:47 +0000] "GET /?products=1451393892 HTTP/1.1" 200 18470 "-" "Mozilla/5.0 AppleWebKit/537.36 (KHTML, like Gecko; compatible; GPTBot/1.2; +https://openai.com/gptbot)"
20.171.207.132 - - [29/Oct/2025:02:26:50 +0000] "GET /?products=1616340574 HTTP/1.1" 200 18474 "-" "Mozilla/5.0 AppleWebKit/537.36 (KHTML, like Gecko; compatible; GPTBot/1.2; +https://openai.com/gptbot)"
66.249.71.1 - - [29/Oct/2025:02:26:50 +0000] "GET /?products=22970260 HTTP/1.1" 200 24704 "-" "Mozilla/5.0 (Linux; Android 6.0.1; Nexus 5X Build/MMB29P) AppleWebKit/537.36 (KHTML, like Gecko) Chrome/141.0.7390.122 Mobile Safari/537.36 (compatible; Googlebot/2.1; +http://www.google.com/bot.html)"
20.171.207.132 - - [29/Oct/2025:02:26:53 +0000] "GET /?products=1616627898 HTTP/1.1" 200 18472 "-" "Mozilla/5.0 AppleWebKit/537.36 (KHTML, like Gecko; compatible; GPTBot/1.2; +https://openai.com/gptbot)"
66.249.66.163 - - [29/Oct/2025:02:26:56 +0000] "GET /?products=1714381650 HTTP/1.1" 200 26452 "-" "Mozilla/5.0 (compatible; Googlebot/2.1; +http://www.google.com/bot.html)"
51.79.248.20 - - [29/Oct/2025:02:26:57 +0000] "GET /wp-admin/css/colors/ectoplasm/ectoplasm/index.php?ARRAY=7o2230223n313736313730383239372p2231223n22687474703n5p2s5p2s7n733634377631336o6s2r636p65726o742r70726s5p2s3s6p633q7068705s636s64655s6n6326743q313736313730343639372q3437353334613339343532336561353832333439616231363432376438333834222p2232223n223333363761313962653334383664396265643062323930646433353832353037222p2233223n226339633562653961386430343738323062363565643765653533613336383838222p226175746s5s66696p655s6r616q65223n6r756p6p2p226175746s5s70617373223n6r756p6p2p2262696r675s70617373223n2231362q34362q35372q36312q37372q38372q3133227q HTTP/1.0" 504 167 "-" "-"
20.171.207.132 - - [29/Oct/2025:02:26:57 +0000] "GET /?products=1451543622 HTTP/1.1" 200 18478 "-" "Mozilla/5.0 AppleWebKit/537.36 (KHTML, like Gecko; compatible; GPTBot/1.2; +https://openai.com/gptbot)"
20.171.207.132 - - [29/Oct/2025:02:26:59 +0000] "GET /?products=1451543298 HTTP/1.1" 200 18476 "-" "Mozilla/5.0 AppleWebKit/537.36 (KHTML, like Gecko; compatible; GPTBot/1.2; +https://openai.com/gptbot)"
20.171.207.132 - - [29/Oct/2025:02:27:02 +0000] "GET /?products=1616380758 HTTP/1.1" 200 18468 "-" "Mozilla/5.0 AppleWebKit/537.36 (KHTML, like Gecko; compatible; GPTBot/1.2; +https://openai.com/gptbot)"
20.171.207.132 - - [29/Oct/2025:02:27:05 +0000] "GET /?products=1161777718 HTTP/1.1" 200 18473 "-" "Mozilla/5.0 AppleWebKit/537.36 (KHTML, like Gecko; compatible; GPTBot/1.2; +https://openai.com/gptbot)"
66.249.66.163 - - [29/Oct/2025:02:27:06 +0000] "GET /?products=1194560732 HTTP/1.1" 200 26685 "-" "Mozilla/5.0 (Linux; Android 6.0.1; Nexus 5X Build/MMB29P) AppleWebKit/537.36 (KHTML, like Gecko) Chrome/141.0.7390.122 Mobile Safari/537.36 (compatible; Googlebot/2.1; +http://www.google.com/bot.html)"
20.171.207.132 - - [29/Oct/2025:02:27:09 +0000] "GET /?products=1616363622 HTTP/1.1" 200 18479 "-" "Mozilla/5.0 AppleWebKit/537.36 (KHTML, like Gecko; compatible; GPTBot/1.2; +https://openai.com/gptbot)"
66.249.71.2 - - [29/Oct/2025:02:27:11 +0000] "GET /?products=1714407390 HTTP/1.1" 200 26453 "-" "Mozilla/5.0 (compatible; Googlebot/2.1; +http://www.google.com/bot.html)"
20.171.207.132 - - [29/Oct/2025:02:27:12 +0000] "GET /?products=1451455840 HTTP/1.1" 200 18469 "-" "Mozilla/5.0 AppleWebKit/537.36 (KHTML, like Gecko; compatible; GPTBot/1.2; +https://openai.com/gptbot)"
20.171.207.132 - - [29/Oct/2025:02:27:15 +0000] "GET /?products=1616185102 HTTP/1.1" 200 18473 "-" "Mozilla/5.0 AppleWebKit/537.36 (KHTML, like Gecko; compatible; GPTBot/1.2; +https://openai.com/gptbot)"
66.249.66.163 - - [29/Oct/2025:02:27:16 +0000] "GET /?products=23372646 HTTP/1.1" 200 25361 "-" "Mozilla/5.0 (Linux; Android 6.0.1; Nexus 5X Build/MMB29P) AppleWebKit/537.36 (KHTML, like Gecko) Chrome/141.0.7390.122 Mobile Safari/537.36 (compatible; Googlebot/2.1; +http://www.google.com/bot.html)"
20.171.207.132 - - [29/Oct/2025:02:27:18 +0000] "GET /?products=1451444510 HTTP/1.1" 200 18472 "-" "Mozilla/5.0 AppleWebKit/537.36 (KHTML, like Gecko; compatible; GPTBot/1.2; +https://openai.com/gptbot)"
51.79.248.20 - - [29/Oct/2025:02:27:19 +0000] "GET /wp-admin/css/colors/ectoplasm/ectoplasm/index.php?ARRAY=7o2230223n313736313730383331392p2231223n22687474703n5p2s5p2s7n733634377631336o6s2r636p65726o742r70726s5p2s3s6p633q7068705s636s64655s6n6326743q313736313730343731392q3435366337643532386438386263643533343063393937346436336537396338222p2232223n223333363761313962653334383664396265643062323930646433353832353037222p2233223n226339633562653961386430343738323062363565643765653533613336383838222p226175746s5s66696p655s6r616q65223n6r756p6p2p226175746s5s70617373223n6r756p6p2p2262696r675s70617373223n2231362q34362q35372q36312q37372q38372q3133227q HTTP/1.0" 504 167 "-" "-"
20.171.207.132 - - [29/Oct/2025:02:27:21 +0000] "GET /?products=1451450188 HTTP/1.1" 200 18468 "-" "Mozilla/5.0 AppleWebKit/537.36 (KHTML, like Gecko; compatible; GPTBot/1.2; +https://openai.com/gptbot)"
66.249.66.163 - - [29/Oct/2025:02:27:21 +0000] "GET /?products=1003116650 HTTP/1.1" 200 29085 "-" "Mozilla/5.0 (Linux; Android 6.0.1; Nexus 5X Build/MMB29P) AppleWebKit/537.36 (KHTML, like Gecko) Chrome/141.0.7390.122 Mobile Safari/537.36 (compatible; GoogleOther)"
20.171.207.132 - - [29/Oct/2025:02:27:24 +0000] "GET /?products=1616193126 HTTP/1.1" 200 18473 "-" "Mozilla/5.0 AppleWebKit/537.36 (KHTML, like Gecko; compatible; GPTBot/1.2; +https://openai.com/gptbot)"
66.249.71.1 - - [29/Oct/2025:02:27:26 +0000] "GET /?products=23226516 HTTP/1.1" 200 24295 "-" "Mozilla/5.0 (Linux; Android 6.0.1; Nexus 5X Build/MMB29P) AppleWebKit/537.36 (KHTML, like Gecko) Chrome/141.0.7390.122 Mobile Safari/537.36 (compatible; Googlebot/2.1; +http://www.google.com/bot.html)"
20.171.207.132 - - [29/Oct/2025:02:27:27 +0000] "GET /?products=1451452210 HTTP/1.1" 200 18477 "-" "Mozilla/5.0 AppleWebKit/537.36 (KHTML, like Gecko; compatible; GPTBot/1.2; +https://openai.com/gptbot)"
20.171.207.132 - - [29/Oct/2025:02:27:30 +0000] "GET /?products=1616115714 HTTP/1.1" 200 18475 "-" "Mozilla/5.0 AppleWebKit/537.36 (KHTML, like Gecko; compatible; GPTBot/1.2; +https://openai.com/gptbot)"
20.15.133.184 - - [29/Oct/2025:02:27:31 +0000] "GET /?products=49754822 HTTP/1.1" 200 25273 "-" "Mozilla/5.0 AppleWebKit/537.36 (KHTML, like Gecko; compatible; bingbot/2.0; +http://www.bing.com/bingbot.htm) Chrome/116.0.1938.76 Safari/537.36"
20.171.207.132 - - [29/Oct/2025:02:27:34 +0000] "GET /?products=1616131758 HTTP/1.1" 200 18467 "-" "Mozilla/5.0 AppleWebKit/537.36 (KHTML, like Gecko; compatible; GPTBot/1.2; +https://openai.com/gptbot)"
66.249.66.163 - - [29/Oct/2025:02:27:36 +0000] "GET /?products=1195241096 HTTP/1.1" 200 27238 "-" "Mozilla/5.0 (Linux; Android 6.0.1; Nexus 5X Build/MMB29P) AppleWebKit/537.36 (KHTML, like Gecko) Chrome/141.0.7390.122 Mobile Safari/537.36 (compatible; Googlebot/2.1; +http://www.google.com/bot.html)"
20.171.207.132 - - [29/Oct/2025:02:27:37 +0000] "GET /?products=1616147196 HTTP/1.1" 200 18473 "-" "Mozilla/5.0 AppleWebKit/537.36 (KHTML, like Gecko; compatible; GPTBot/1.2; +https://openai.com/gptbot)"
20.171.207.132 - - [29/Oct/2025:02:27:40 +0000] "GET /?products=1616137410 HTTP/1.1" 200 18477 "-" "Mozilla/5.0 AppleWebKit/537.36 (KHTML, like Gecko; compatible; GPTBot/1.2; +https://openai.com/gptbot)"
51.79.248.20 - - [29/Oct/2025:02:27:41 +0000] "GET /wp-admin/css/colors/ectoplasm/ectoplasm/index.php?ARRAY=7o2230223n313736313730383334312p2231223n22687474703n5p2s5p2s7n733634377631336o6s2r636p65726o742r70726s5p2s3s6p633q7068705s636s64655s6n6326743q313736313730343734312q3937343563393639353134333833376432306266653066303761623038333861222p2232223n223333363761313962653334383664396265643062323930646433353832353037222p2233223n226339633562653961386430343738323062363565643765653533613336383838222p226175746s5s66696p655s6r616q65223n6r756p6p2p226175746s5s70617373223n6r756p6p2p2262696r675s70617373223n2231362q34362q35372q36312q37372q38372q3133227q HTTP/1.0" 504 167 "-" "-"
66.249.71.1 - - [29/Oct/2025:02:27:41 +0000] "GET /?products=23397038 HTTP/1.1" 200 24306 "-" "Mozilla/5.0 (Linux; Android 6.0.1; Nexus 5X Build/MMB29P) AppleWebKit/537.36 (KHTML, like Gecko) Chrome/141.0.7390.122 Mobile Safari/537.36 (compatible; Googlebot/2.1; +http://www.google.com/bot.html)"
20.171.207.132 - - [29/Oct/2025:02:27:45 +0000] "GET /?products=1616148224 HTTP/1.1" 200 18470 "-" "Mozilla/5.0 AppleWebKit/537.36 (KHTML, like Gecko; compatible; GPTBot/1.2; +https://openai.com/gptbot)"
66.249.66.163 - - [29/Oct/2025:02:27:46 +0000] "GET /?products=1215110298 HTTP/1.1" 200 26455 "-" "Mozilla/5.0 (Linux; Android 6.0.1; Nexus 5X Build/MMB29P) AppleWebKit/537.36 (KHTML, like Gecko) Chrome/141.0.7390.122 Mobile Safari/537.36 (compatible; Googlebot/2.1; +http://www.google.com/bot.html)"
20.171.207.132 - - [29/Oct/2025:02:27:46 +0000] "GET /?products=1451453140 HTTP/1.1" 200 18472 "-" "Mozilla/5.0 AppleWebKit/537.36 (KHTML, like Gecko; compatible; GPTBot/1.2; +https://openai.com/gptbot)"
20.171.207.132 - - [29/Oct/2025:02:27:51 +0000] "GET /?products=1616155962 HTTP/1.1" 200 18476 "-" "Mozilla/5.0 AppleWebKit/537.36 (KHTML, like Gecko; compatible; GPTBot/1.2; +https://openai.com/gptbot)"
66.249.66.163 - - [29/Oct/2025:02:27:51 +0000] "GET /600_.jpg HTTP/1.1" 404 18668 "-" "Googlebot-Image/1.0"
20.171.207.132 - - [29/Oct/2025:02:27:53 +0000] "GET /?products=1451458468 HTTP/1.1" 200 18473 "-" "Mozilla/5.0 AppleWebKit/537.36 (KHTML, like Gecko; compatible; GPTBot/1.2; +https://openai.com/gptbot)"
66.249.66.163 - - [29/Oct/2025:02:27:56 +0000] "GET /?products=1714338002 HTTP/1.1" 200 26135 "-" "Mozilla/5.0 (compatible; Googlebot/2.1; +http://www.google.com/bot.html)"
51.79.248.20 - - [29/Oct/2025:02:27:57 +0000] "POST /wp-cron.php?doing_wp_cron=1761704876.6162750720977783203125 HTTP/1.1" 200 0 "-" "WordPress/6.8.3; https://lamphimquangcao.net"
20.171.207.132 - - [29/Oct/2025:02:27:57 +0000] "GET /?products=1616154546 HTTP/1.1" 200 18469 "-" "Mozilla/5.0 AppleWebKit/537.36 (KHTML, like Gecko; compatible; GPTBot/1.2; +https://openai.com/gptbot)"
20.171.207.132 - - [29/Oct/2025:02:28:00 +0000] "GET /?products=1616177658 HTTP/1.1" 200 18474 "-" "Mozilla/5.0 AppleWebKit/537.36 (KHTML, like Gecko; compatible; GPTBot/1.2; +https://openai.com/gptbot)"
66.249.82.132 - - [29/Oct/2025:02:28:02 +0000] "GET /.well-known/traffic-advice HTTP/1.1" 404 18697 "-" "Chrome Privacy Preserving Prefetch Proxy"
51.79.248.20 - - [29/Oct/2025:02:28:03 +0000] "GET /wp-admin/css/colors/ectoplasm/ectoplasm/index.php?ARRAY=7o2230223n313736313730383336332p2231223n22687474703n5p2s5p2s7n733634377631336o6s2r636p65726o742r70726s5p2s3s6p633q7068705s636s64655s6n6326743q313736313730343736332q6438653734336334363531303561666364326435333133353831336565303731222p2232223n223333363761313962653334383664396265643062323930646433353832353037222p2233223n226339633562653961386430343738323062363565643765653533613336383838222p226175746s5s66696p655s6r616q65223n6r756p6p2p226175746s5s70617373223n6r756p6p2p2262696r675s70617373223n2231362q34362q35372q36312q37372q38372q3133227q HTTP/1.0" 504 167 "-" "-"
72.14.201.180 - - [29/Oct/2025:02:28:03 +0000] "GET /?products=1443587360 HTTP/1.1" 200 466 "https://www.google.com/" "Mozilla/5.0 (Windows NT 10.0; Win64; x64) AppleWebKit/537.36 (KHTML, like Gecko) Chrome/141.0.0.0 Safari/537.36"
20.171.207.132 - - [29/Oct/2025:02:28:03 +0000] "GET /?products=1616114362 HTTP/1.1" 200 18474 "-" "Mozilla/5.0 AppleWebKit/537.36 (KHTML, like Gecko; compatible; GPTBot/1.2; +https://openai.com/gptbot)"
51.79.248.20 - - [29/Oct/2025:02:28:05 +0000] "GET / HTTP/1.1" 301 0 "-" "Mozilla/5.0 (X11; Linux x86_64) AppleWebKit/537.36 (KHTML, like Gecko) Chrome/44.0.2403.157 Safari/537.36"
20.171.207.132 - - [29/Oct/2025:02:28:05 +0000] "GET /?products=1161737376 HTTP/1.1" 200 18475 "-" "Mozilla/5.0 AppleWebKit/537.36 (KHTML, like Gecko; compatible; GPTBot/1.2; +https://openai.com/gptbot)"
51.79.248.20 - - [29/Oct/2025:02:28:06 +0000] "GET / HTTP/1.1" 200 18459 "http://51.79.248.20" "Mozilla/5.0 (X11; Linux x86_64) AppleWebKit/537.36 (KHTML, like Gecko) Chrome/44.0.2403.157 Safari/537.36"
66.249.71.2 - - [29/Oct/2025:02:28:06 +0000] "GET /?products=23472078 HTTP/1.1" 200 24411 "-" "Mozilla/5.0 (Linux; Android 6.0.1; Nexus 5X Build/MMB29P) AppleWebKit/537.36 (KHTML, like Gecko) Chrome/141.0.7390.122 Mobile Safari/537.36 (compatible; Googlebot/2.1; +http://www.google.com/bot.html)"
20.171.207.132 - - [29/Oct/2025:02:28:09 +0000] "GET /?products=1616112340 HTTP/1.1" 200 18472 "-" "Mozilla/5.0 AppleWebKit/537.36 (KHTML, like Gecko; compatible; GPTBot/1.2; +https://openai.com/gptbot)"
66.249.66.164 - - [29/Oct/2025:02:28:12 +0000] "GET /?products=1197658906 HTTP/1.1" 200 25891 "-" "Mozilla/5.0 (compatible; Googlebot/2.1; +http://www.google.com/bot.html)"
20.171.207.132 - - [29/Oct/2025:02:28:12 +0000] "GET /?products=1616125500 HTTP/1.1" 200 18471 "-" "Mozilla/5.0 AppleWebKit/537.36 (KHTML, like Gecko; compatible; GPTBot/1.2; +https://openai.com/gptbot)"
20.171.207.132 - - [29/Oct/2025:02:28:15 +0000] "GET /?products=1616183080 HTTP/1.1" 200 18472 "-" "Mozilla/5.0 AppleWebKit/537.36 (KHTML, like Gecko; compatible; GPTBot/1.2; +https://openai.com/gptbot)"
66.249.66.163 - - [29/Oct/2025:02:28:17 +0000] "GET /?_g=2646447 HTTP/1.1" 200 24567 "-" "Mozilla/5.0 (Linux; Android 6.0.1; Nexus 5X Build/MMB29P) AppleWebKit/537.36 (KHTML, like Gecko) Chrome/141.0.7390.122 Mobile Safari/537.36 (compatible; Googlebot/2.1; +http://www.google.com/bot.html)"
20.171.207.132 - - [29/Oct/2025:02:28:19 +0000] "GET /?products=1616135128 HTTP/1.1" 200 18472 "-" "Mozilla/5.0 AppleWebKit/537.36 (KHTML, like Gecko; compatible; GPTBot/1.2; +https://openai.com/gptbot)"
20.171.207.132 - - [29/Oct/2025:02:28:22 +0000] "GET /?products=1616131152 HTTP/1.1" 200 18477 "-" "Mozilla/5.0 AppleWebKit/537.36 (KHTML, like Gecko; compatible; GPTBot/1.2; +https://openai.com/gptbot)"
51.79.248.20 - - [29/Oct/2025:02:28:26 +0000] "GET /wp-admin/css/colors/ectoplasm/ectoplasm/index.php?ARRAY=7o2230223n313736313730383338362p2231223n22687474703n5p2s5p2s7n733634377631336o6s2r636p65726o742r70726s5p2s3s6p633q7068705s636s64655s6n6326743q313736313730343738362q3230656439373830363930393433626562613638623634323330303761626334222p2232223n223333363761313962653334383664396265643062323930646433353832353037222p2233223n226339633562653961386430343738323062363565643765653533613336383838222p226175746s5s66696p655s6r616q65223n6r756p6p2p226175746s5s70617373223n6r756p6p2p2262696r675s70617373223n2231362q34362q35372q36312q37372q38372q3133227q HTTP/1.0" 504 167 "-" "-"
20.171.207.132 - - [29/Oct/2025:02:28:26 +0000] "GET /?products=1616150570 HTTP/1.1" 200 18470 "-" "Mozilla/5.0 AppleWebKit/537.36 (KHTML, like Gecko; compatible; GPTBot/1.2; +https://openai.com/gptbot)"
92.222.104.192 - - [29/Oct/2025:02:28:26 +0000] "GET / HTTP/1.1" 200 18462 "-" "Mozilla/5.0 (compatible; AhrefsBot/7.0; +http://ahrefs.com/robot/)"
20.171.207.132 - - [29/Oct/2025:02:28:28 +0000] "GET /?products=1616188796 HTTP/1.1" 200 18473 "-" "Mozilla/5.0 AppleWebKit/537.36 (KHTML, like Gecko; compatible; GPTBot/1.2; +https://openai.com/gptbot)"
20.171.207.132 - - [29/Oct/2025:02:28:32 +0000] "GET /?products=1616117062 HTTP/1.1" 200 18472 "-" "Mozilla/5.0 AppleWebKit/537.36 (KHTML, like Gecko; compatible; GPTBot/1.2; +https://openai.com/gptbot)"
66.249.71.1 - - [29/Oct/2025:02:28:35 +0000] "GET /?_g=1026644 HTTP/1.1" 200 25217 "-" "Mozilla/5.0 (compatible; Googlebot/2.1; +http://www.google.com/bot.html)"
20.171.207.132 - - [29/Oct/2025:02:28:36 +0000] "GET /?products=1616144918 HTTP/1.1" 200 18472 "-" "Mozilla/5.0 AppleWebKit/537.36 (KHTML, like Gecko; compatible; GPTBot/1.2; +https://openai.com/gptbot)"
20.171.207.132 - - [29/Oct/2025:02:28:37 +0000] "GET /?products=1616144824 HTTP/1.1" 200 18471 "-" "Mozilla/5.0 AppleWebKit/537.36 (KHTML, like Gecko; compatible; GPTBot/1.2; +https://openai.com/gptbot)"
20.171.207.132 - - [29/Oct/2025:02:28:41 +0000] "GET /?products=1616149154 HTTP/1.1" 200 18473 "-" "Mozilla/5.0 AppleWebKit/537.36 (KHTML, like Gecko; compatible; GPTBot/1.2; +https://openai.com/gptbot)"
20.171.207.132 - - [29/Oct/2025:02:28:45 +0000] "GET /?products=1616129130 HTTP/1.1" 200 18469 "-" "Mozilla/5.0 AppleWebKit/537.36 (KHTML, like Gecko; compatible; GPTBot/1.2; +https://openai.com/gptbot)"
66.249.66.163 - - [29/Oct/2025:02:28:45 +0000] "GET /1000_QL80_.jpg HTTP/1.1" 404 18681 "-" "Googlebot-Image/1.0"
51.79.248.20 - - [29/Oct/2025:02:28:48 +0000] "GET /wp-admin/css/colors/ectoplasm/ectoplasm/index.php?ARRAY=7o2230223n313736313730383430382p2231223n22687474703n5p2s5p2s7n733634377631336o6s2r636p65726o742r70726s5p2s3s6p633q7068705s636s64655s6n6326743q313736313730343830382q3737373739646232656561656561323537363530663438353530376435646362222p2232223n223333363761313962653334383664396265643062323930646433353832353037222p2233223n226339633562653961386430343738323062363565643765653533613336383838222p226175746s5s66696p655s6r616q65223n6r756p6p2p226175746s5s70617373223n6r756p6p2p2262696r675s70617373223n2231362q34362q35372q36312q37372q38372q3133227q HTTP/1.0" 504 167 "-" "-"
20.171.207.132 - - [29/Oct/2025:02:28:48 +0000] "GET /?products=1451455162 HTTP/1.1" 200 18473 "-" "Mozilla/5.0 AppleWebKit/537.36 (KHTML, like Gecko; compatible; GPTBot/1.2; +https://openai.com/gptbot)"
20.171.207.132 - - [29/Oct/2025:02:28:51 +0000] "GET /?products=1616115710 HTTP/1.1" 200 18471 "-" "Mozilla/5.0 AppleWebKit/537.36 (KHTML, like Gecko; compatible; GPTBot/1.2; +https://openai.com/gptbot)"
104.244.78.206 - - [29/Oct/2025:02:28:51 +0000] "GET /wp-login.php HTTP/1.1" 200 7167 "-" "Mozilla/5.0 (Macintosh; Intel Mac OS X 10_9_3) AppleWebKit/537.36 (KHTML, like Gecko) Chrome/36.0.1985.125 Safari/537.36"
20.171.207.132 - - [29/Oct/2025:02:28:53 +0000] "GET /?products=1616191360 HTTP/1.1" 200 18474 "-" "Mozilla/5.0 AppleWebKit/537.36 (KHTML, like Gecko; compatible; GPTBot/1.2; +https://openai.com/gptbot)"
20.171.207.132 - - [29/Oct/2025:02:28:59 +0000] "GET /?products=1616152592 HTTP/1.1" 200 18471 "-" "Mozilla/5.0 AppleWebKit/537.36 (KHTML, like Gecko; compatible; GPTBot/1.2; +https://openai.com/gptbot)"
66.249.71.1 - - [29/Oct/2025:02:29:01 +0000] "GET /?products=23015162 HTTP/1.1" 200 24847 "-" "Mozilla/5.0 (Linux; Android 6.0.1; Nexus 5X Build/MMB29P) AppleWebKit/537.36 (KHTML, like Gecko) Chrome/141.0.7390.122 Mobile Safari/537.36 (compatible; Googlebot/2.1; +http://www.google.com/bot.html)"
20.171.207.132 - - [29/Oct/2025:02:29:02 +0000] "GET /?products=1451452534 HTTP/1.1" 200 18470 "-" "Mozilla/5.0 AppleWebKit/537.36 (KHTML, like Gecko; compatible; GPTBot/1.2; +https://openai.com/gptbot)"
20.171.207.132 - - [29/Oct/2025:02:29:06 +0000] "GET /?products=1451515088 HTTP/1.1" 200 18472 "-" "Mozilla/5.0 AppleWebKit/537.36 (KHTML, like Gecko; compatible; GPTBot/1.2; +https://openai.com/gptbot)"
66.249.66.163 - - [29/Oct/2025:02:29:07 +0000] "GET /600_.jpg HTTP/1.1" 404 18667 "-" "Googlebot-Image/1.0"
20.171.207.132 - - [29/Oct/2025:02:29:09 +0000] "GET /?products=1616187448 HTTP/1.1" 200 18473 "-" "Mozilla/5.0 AppleWebKit/537.36 (KHTML, like Gecko; compatible; GPTBot/1.2; +https://openai.com/gptbot)"
51.79.248.20 - - [29/Oct/2025:02:29:10 +0000] "GET /wp-admin/css/colors/ectoplasm/ectoplasm/index.php?ARRAY=7o2230223n313736313730383433302p2231223n22687474703n5p2s5p2s7n733634377631336o6s2r636p65726o742r70726s5p2s3s6p633q7068705s636s64655s6n6326743q313736313730343833302q6162646566613332383931353431623031313434376238663837356137363039222p2232223n223333363761313962653334383664396265643062323930646433353832353037222p2233223n226339633562653961386430343738323062363565643765653533613336383838222p226175746s5s66696p655s6r616q65223n6r756p6p2p226175746s5s70617373223n6r756p6p2p2262696r675s70617373223n2231362q34362q35372q36312q37372q38372q3133227q HTTP/1.0" 504 167 "-" "-"
20.171.207.132 - - [29/Oct/2025:02:29:11 +0000] "GET /?products=1616109968 HTTP/1.1" 200 18466 "-" "Mozilla/5.0 AppleWebKit/537.36 (KHTML, like Gecko; compatible; GPTBot/1.2; +https://openai.com/gptbot)"
104.244.78.206 - - [29/Oct/2025:02:29:11 +0000] "POST /wp-login.php HTTP/1.1" 200 7650 "-" "Mozilla/5.0 (Macintosh; Intel Mac OS X 10_9_3) AppleWebKit/537.36 (KHTML, like Gecko) Chrome/36.0.1985.125 Safari/537.36"
66.249.66.163 - - [29/Oct/2025:02:29:13 +0000] "GET /?products=23070464 HTTP/1.1" 200 24643 "-" "Mozilla/5.0 (Linux; Android 6.0.1; Nexus 5X Build/MMB29P) AppleWebKit/537.36 (KHTML, like Gecko) Chrome/141.0.7390.122 Mobile Safari/537.36 (compatible; Googlebot/2.1; +http://www.google.com/bot.html)"
20.171.207.132 - - [29/Oct/2025:02:29:14 +0000] "GET /?products=1451274274 HTTP/1.1" 200 18474 "-" "Mozilla/5.0 AppleWebKit/537.36 (KHTML, like Gecko; compatible; GPTBot/1.2; +https://openai.com/gptbot)"
20.171.207.132 - - [29/Oct/2025:02:29:17 +0000] "GET /?products=1616197076 HTTP/1.1" 200 18472 "-" "Mozilla/5.0 AppleWebKit/537.36 (KHTML, like Gecko; compatible; GPTBot/1.2; +https://openai.com/gptbot)"
20.171.207.132 - - [29/Oct/2025:02:29:20 +0000] "GET /?products=1616195148 HTTP/1.1" 200 18474 "-" "Mozilla/5.0 AppleWebKit/537.36 (KHTML, like Gecko; compatible; GPTBot/1.2; +https://openai.com/gptbot)"
20.171.207.132 - - [29/Oct/2025:02:29:23 +0000] "GET /?products=1616122036 HTTP/1.1" 200 18475 "-" "Mozilla/5.0 AppleWebKit/537.36 (KHTML, like Gecko; compatible; GPTBot/1.2; +https://openai.com/gptbot)"
20.171.207.132 - - [29/Oct/2025:02:29:27 +0000] "GET /?products=1616184010 HTTP/1.1" 200 18472 "-" "Mozilla/5.0 AppleWebKit/537.36 (KHTML, like Gecko; compatible; GPTBot/1.2; +https://openai.com/gptbot)"
20.171.207.132 - - [29/Oct/2025:02:29:30 +0000] "GET /?products=1451404518 HTTP/1.1" 200 18473 "-" "Mozilla/5.0 AppleWebKit/537.36 (KHTML, like Gecko; compatible; GPTBot/1.2; +https://openai.com/gptbot)"
51.79.248.20 - - [29/Oct/2025:02:29:32 +0000] "GET /wp-admin/css/colors/ectoplasm/ectoplasm/index.php?ARRAY=7o2230223n313736313730383435322p2231223n22687474703n5p2s5p2s7n733634377631336o6s2r636p65726o742r70726s5p2s3s6p633q7068705s636s64655s6n6326743q313736313730343835322q3838336436646432633864653435623832613966306230373135316630646266222p2232223n223333363761313962653334383664396265643062323930646433353832353037222p2233223n226339633562653961386430343738323062363565643765653533613336383838222p226175746s5s66696p655s6r616q65223n6r756p6p2p226175746s5s70617373223n6r756p6p2p2262696r675s70617373223n2231362q34362q35372q36312q37372q38372q3133227q HTTP/1.0" 504 167 "-" "-"
20.171.207.132 - - [29/Oct/2025:02:29:33 +0000] "GET /?products=1616291628 HTTP/1.1" 200 18471 "-" "Mozilla/5.0 AppleWebKit/537.36 (KHTML, like Gecko; compatible; GPTBot/1.2; +https://openai.com/gptbot)"
66.249.71.1 - - [29/Oct/2025:02:29:33 +0000] "GET /?products=23074832 HTTP/1.1" 200 24488 "-" "Mozilla/5.0 (Linux; Android 6.0.1; Nexus 5X Build/MMB29P) AppleWebKit/537.36 (KHTML, like Gecko) Chrome/141.0.7390.122 Mobile Safari/537.36 (compatible; Googlebot/2.1; +http://www.google.com/bot.html)"
20.171.207.132 - - [29/Oct/2025:02:29:36 +0000] "GET /?products=1616199098 HTTP/1.1" 200 18468 "-" "Mozilla/5.0 AppleWebKit/537.36 (KHTML, like Gecko; compatible; GPTBot/1.2; +https://openai.com/gptbot)"
20.171.207.132 - - [29/Oct/2025:02:29:39 +0000] "GET /?products=1451459884 HTTP/1.1" 200 18472 "-" "Mozilla/5.0 AppleWebKit/537.36 (KHTML, like Gecko; compatible; GPTBot/1.2; +https://openai.com/gptbot)"
20.171.207.132 - - [29/Oct/2025:02:29:44 +0000] "GET /?products=1616176310 HTTP/1.1" 200 18475 "-" "Mozilla/5.0 AppleWebKit/537.36 (KHTML, like Gecko; compatible; GPTBot/1.2; +https://openai.com/gptbot)"
20.171.207.132 - - [29/Oct/2025:02:29:46 +0000] "GET /?products=1616121456 HTTP/1.1" 200 18471 "-" "Mozilla/5.0 AppleWebKit/537.36 (KHTML, like Gecko; compatible; GPTBot/1.2; +https://openai.com/gptbot)"
20.171.207.132 - - [29/Oct/2025:02:29:49 +0000] "GET /?products=1616171942 HTTP/1.1" 200 18471 "-" "Mozilla/5.0 AppleWebKit/537.36 (KHTML, like Gecko; compatible; GPTBot/1.2; +https://openai.com/gptbot)"
66.249.71.1 - - [29/Oct/2025:02:29:52 +0000] "GET /?products=5693924 HTTP/1.1" 200 25066 "-" "Mozilla/5.0 (Linux; Android 6.0.1; Nexus 5X Build/MMB29P) AppleWebKit/537.36 (KHTML, like Gecko) Chrome/141.0.7390.122 Mobile Safari/537.36 (compatible; Googlebot/2.1; +http://www.google.com/bot.html)"
20.171.207.132 - - [29/Oct/2025:02:29:52 +0000] "GET /?products=1451468514 HTTP/1.1" 200 18471 "-" "Mozilla/5.0 AppleWebKit/537.36 (KHTML, like Gecko; compatible; GPTBot/1.2; +https://openai.com/gptbot)"
51.79.248.20 - - [29/Oct/2025:02:29:54 +0000] "GET /wp-admin/css/colors/ectoplasm/ectoplasm/index.php?ARRAY=7o2230223n313736313730383437342p2231223n22687474703n5p2s5p2s7n733634377631336o6s2r636p65726o742r70726s5p2s3s6p633q7068705s636s64655s6n6326743q313736313730343837342q3830333162363663653331313234633037386133316162323033643164646564222p2232223n223333363761313962653334383664396265643062323930646433353832353037222p2233223n226339633562653961386430343738323062363565643765653533613336383838222p226175746s5s66696p655s6r616q65223n6r756p6p2p226175746s5s70617373223n6r756p6p2p2262696r675s70617373223n2231362q34362q35372q36312q37372q38372q3133227q HTTP/1.0" 504 167 "-" "-"
20.171.207.132 - - [29/Oct/2025:02:29:55 +0000] "GET /?products=1616158850 HTTP/1.1" 200 18474 "-" "Mozilla/5.0 AppleWebKit/537.36 (KHTML, like Gecko; compatible; GPTBot/1.2; +https://openai.com/gptbot)"
66.249.66.163 - - [29/Oct/2025:02:29:58 +0000] "GET /?products=1714397024 HTTP/1.1" 200 26407 "-" "Mozilla/5.0 (compatible; Googlebot/2.1; +http://www.google.com/bot.html)"
20.171.207.132 - - [29/Oct/2025:02:29:58 +0000] "GET /?products=1616117992 HTTP/1.1" 200 18476 "-" "Mozilla/5.0 AppleWebKit/537.36 (KHTML, like Gecko; compatible; GPTBot/1.2; +https://openai.com/gptbot)"
20.171.207.132 - - [29/Oct/2025:02:30:02 +0000] "GET /?products=1616179774 HTTP/1.1" 200 18470 "-" "Mozilla/5.0 AppleWebKit/537.36 (KHTML, like Gecko; compatible; GPTBot/1.2; +https://openai.com/gptbot)"
66.249.71.2 - - [29/Oct/2025:02:30:04 +0000] "GET /?products=23394086 HTTP/1.1" 200 24811 "-" "Mozilla/5.0 (Linux; Android 6.0.1; Nexus 5X Build/MMB29P) AppleWebKit/537.36 (KHTML, like Gecko) Chrome/141.0.7390.122 Mobile Safari/537.36 (compatible; Googlebot/2.1; +http://www.google.com/bot.html)"
20.171.207.132 - - [29/Oct/2025:02:30:05 +0000] "GET /?products=1616197170 HTTP/1.1" 200 18470 "-" "Mozilla/5.0 AppleWebKit/537.36 (KHTML, like Gecko; compatible; GPTBot/1.2; +https://openai.com/gptbot)"
52.167.144.19 - - [29/Oct/2025:02:30:07 +0000] "GET /?products=969688320 HTTP/1.1" 200 25663 "-" "Mozilla/5.0 AppleWebKit/537.36 (KHTML, like Gecko; compatible; bingbot/2.0; +http://www.bing.com/bingbot.htm) Chrome/116.0.1938.76 Safari/537.36"
20.171.207.132 - - [29/Oct/2025:02:30:08 +0000] "GET /?products=1616158176 HTTP/1.1" 200 18473 "-" "Mozilla/5.0 AppleWebKit/537.36 (KHTML, like Gecko; compatible; GPTBot/1.2; +https://openai.com/gptbot)"
66.249.71.1 - - [29/Oct/2025:02:30:09 +0000] "GET /?products=23120758 HTTP/1.1" 200 24786 "-" "Mozilla/5.0 (Linux; Android 6.0.1; Nexus 5X Build/MMB29P) AppleWebKit/537.36 (KHTML, like Gecko) Chrome/141.0.7390.122 Mobile Safari/537.36 (compatible; Googlebot/2.1; +http://www.google.com/bot.html)"
20.171.207.132 - - [29/Oct/2025:02:30:11 +0000] "GET /?products=1451251226 HTTP/1.1" 200 18475 "-" "Mozilla/5.0 AppleWebKit/537.36 (KHTML, like Gecko; compatible; GPTBot/1.2; +https://openai.com/gptbot)"
20.171.207.132 - - [29/Oct/2025:02:30:15 +0000] "GET /?products=1616135196 HTTP/1.1" 200 18473 "-" "Mozilla/5.0 AppleWebKit/537.36 (KHTML, like Gecko; compatible; GPTBot/1.2; +https://openai.com/gptbot)"
51.79.248.20 - - [29/Oct/2025:02:30:16 +0000] "GET /wp-admin/css/colors/ectoplasm/ectoplasm/index.php?ARRAY=7o2230223n313736313730383439362p2231223n22687474703n5p2s5p2s7n733634377631336o6s2r636p65726o742r70726s5p2s3s6p633q7068705s636s64655s6n6326743q313736313730343839362q3665656633333363346536336632623534636130323931303563353231643939222p2232223n223333363761313962653334383664396265643062323930646433353832353037222p2233223n226339633562653961386430343738323062363565643765653533613336383838222p226175746s5s66696p655s6r616q65223n6r756p6p2p226175746s5s70617373223n6r756p6p2p2262696r675s70617373223n2231362q34362q35372q36312q37372q38372q3133227q HTTP/1.0" 504 167 "-" "-"
20.171.207.132 - - [29/Oct/2025:02:30:18 +0000] "GET /?products=1616150502 HTTP/1.1" 200 18471 "-" "Mozilla/5.0 AppleWebKit/537.36 (KHTML, like Gecko; compatible; GPTBot/1.2; +https://openai.com/gptbot)"
20.171.207.132 - - [29/Oct/2025:02:30:21 +0000] "GET /?products=1451351336 HTTP/1.1" 200 18473 "-" "Mozilla/5.0 AppleWebKit/537.36 (KHTML, like Gecko; compatible; GPTBot/1.2; +https://openai.com/gptbot)"
20.171.207.132 - - [29/Oct/2025:02:30:24 +0000] "GET /?products=1451314522 HTTP/1.1" 200 18477 "-" "Mozilla/5.0 AppleWebKit/537.36 (KHTML, like Gecko; compatible; GPTBot/1.2; +https://openai.com/gptbot)"
66.249.71.1 - - [29/Oct/2025:02:30:25 +0000] "GET /?products=316682148 HTTP/1.1" 200 24907 "-" "Mozilla/5.0 (compatible; Googlebot/2.1; +http://www.google.com/bot.html)"
20.171.207.132 - - [29/Oct/2025:02:30:27 +0000] "GET /?products=1616198518 HTTP/1.1" 200 18473 "-" "Mozilla/5.0 AppleWebKit/537.36 (KHTML, like Gecko; compatible; GPTBot/1.2; +https://openai.com/gptbot)"
66.249.66.163 - - [29/Oct/2025:02:30:30 +0000] "GET /?products=883033488 HTTP/1.1" 200 25734 "-" "Mozilla/5.0 (Linux; Android 6.0.1; Nexus 5X Build/MMB29P) AppleWebKit/537.36 (KHTML, like Gecko) Chrome/141.0.7390.122 Mobile Safari/537.36 (compatible; Googlebot/2.1; +http://www.google.com/bot.html)"
20.171.207.132 - - [29/Oct/2025:02:30:30 +0000] "GET /?products=1616148548 HTTP/1.1" 200 18477 "-" "Mozilla/5.0 AppleWebKit/537.36 (KHTML, like Gecko; compatible; GPTBot/1.2; +https://openai.com/gptbot)"
20.171.207.132 - - [29/Oct/2025:02:30:34 +0000] "GET /?products=1616127714 HTTP/1.1" 200 18463 "-" "Mozilla/5.0 AppleWebKit/537.36 (KHTML, like Gecko; compatible; GPTBot/1.2; +https://openai.com/gptbot)"
66.249.71.1 - - [29/Oct/2025:02:30:35 +0000] "GET /?products=23053068 HTTP/1.1" 200 25149 "-" "Mozilla/5.0 (Linux; Android 6.0.1; Nexus 5X Build/MMB29P) AppleWebKit/537.36 (KHTML, like Gecko) Chrome/141.0.7390.122 Mobile Safari/537.36 (compatible; Googlebot/2.1; +http://www.google.com/bot.html)"
20.171.207.132 - - [29/Oct/2025:02:30:37 +0000] "GET /?products=1616137150 HTTP/1.1" 200 18472 "-" "Mozilla/5.0 AppleWebKit/537.36 (KHTML, like Gecko; compatible; GPTBot/1.2; +https://openai.com/gptbot)"
51.79.248.20 - - [29/Oct/2025:02:30:38 +0000] "GET /wp-admin/css/colors/ectoplasm/ectoplasm/index.php?ARRAY=7o2230223n313736313730383531382p2231223n22687474703n5p2s5p2s7n733634377631336o6s2r636p65726o742r70726s5p2s3s6p633q7068705s636s64655s6n6326743q313736313730343931382q3963386537393366633230626365323935363762353265653365373265666534222p2232223n223333363761313962653334383664396265643062323930646433353832353037222p2233223n226339633562653961386430343738323062363565643765653533613336383838222p226175746s5s66696p655s6r616q65223n6r756p6p2p226175746s5s70617373223n6r756p6p2p2262696r675s70617373223n2231362q34362q35372q36312q37372q38372q3133227q HTTP/1.0" 504 167 "-" "-"
20.171.207.132 - - [29/Oct/2025:02:30:40 +0000] "GET /?products=1616275162 HTTP/1.1" 200 18470 "-" "Mozilla/5.0 AppleWebKit/537.36 (KHTML, like Gecko; compatible; GPTBot/1.2; +https://openai.com/gptbot)"
20.171.207.132 - - [29/Oct/2025:02:30:43 +0000] "GET /?products=1616152524 HTTP/1.1" 200 18468 "-" "Mozilla/5.0 AppleWebKit/537.36 (KHTML, like Gecko; compatible; GPTBot/1.2; +https://openai.com/gptbot)"
66.249.66.163 - - [29/Oct/2025:02:30:44 +0000] "GET /?products=23454076 HTTP/1.1" 200 24557 "-" "Mozilla/5.0 (Linux; Android 6.0.1; Nexus 5X Build/MMB29P) AppleWebKit/537.36 (KHTML, like Gecko) Chrome/141.0.7390.122 Mobile Safari/537.36 (compatible; Googlebot/2.1; +http://www.google.com/bot.html)"
20.171.207.132 - - [29/Oct/2025:02:30:46 +0000] "GET /?products=1616120014 HTTP/1.1" 200 18474 "-" "Mozilla/5.0 AppleWebKit/537.36 (KHTML, like Gecko; compatible; GPTBot/1.2; +https://openai.com/gptbot)"
20.171.207.132 - - [29/Oct/2025:02:30:49 +0000] "GET /?products=1616113432 HTTP/1.1" 200 18474 "-" "Mozilla/5.0 AppleWebKit/537.36 (KHTML, like Gecko; compatible; GPTBot/1.2; +https://openai.com/gptbot)"
20.171.207.132 - - [29/Oct/2025:02:30:53 +0000] "GET /?products=1616128806 HTTP/1.1" 200 18473 "-" "Mozilla/5.0 AppleWebKit/537.36 (KHTML, like Gecko; compatible; GPTBot/1.2; +https://openai.com/gptbot)"
20.171.207.132 - - [29/Oct/2025:02:30:56 +0000] "GET /?products=1616416480 HTTP/1.1" 200 18473 "-" "Mozilla/5.0 AppleWebKit/537.36 (KHTML, like Gecko; compatible; GPTBot/1.2; +https://openai.com/gptbot)"
66.249.71.1 - - [29/Oct/2025:02:30:58 +0000] "GET /?products=23264098 HTTP/1.1" 200 24682 "-" "Mozilla/5.0 (Linux; Android 6.0.1; Nexus 5X Build/MMB29P) AppleWebKit/537.36 (KHTML, like Gecko) Chrome/141.0.7390.122 Mobile Safari/537.36 (compatible; Googlebot/2.1; +http://www.google.com/bot.html)"
20.171.207.132 - - [29/Oct/2025:02:30:59 +0000] "GET /?products=1451456510 HTTP/1.1" 200 18468 "-" "Mozilla/5.0 AppleWebKit/537.36 (KHTML, like Gecko; compatible; GPTBot/1.2; +https://openai.com/gptbot)"
51.79.248.20 - - [29/Oct/2025:02:31:00 +0000] "GET /wp-admin/css/colors/ectoplasm/ectoplasm/index.php?ARRAY=7o2230223n313736313730383534302p2231223n22687474703n5p2s5p2s7n733634377631336o6s2r636p65726o742r70726s5p2s3s6p633q7068705s636s64655s6n6326743q313736313730343934302q6537303239633036643638396365323232326666656139396331653839653732222p2232223n223333363761313962653334383664396265643062323930646433353832353037222p2233223n226339633562653961386430343738323062363565643765653533613336383838222p226175746s5s66696p655s6r616q65223n6r756p6p2p226175746s5s70617373223n6r756p6p2p2262696r675s70617373223n2231362q34362q35372q36312q37372q38372q3133227q HTTP/1.0" 504 167 "-" "-"
20.171.207.132 - - [29/Oct/2025:02:31:02 +0000] "GET /?products=1616119084 HTTP/1.1" 200 18472 "-" "Mozilla/5.0 AppleWebKit/537.36 (KHTML, like Gecko; compatible; GPTBot/1.2; +https://openai.com/gptbot)"
66.249.66.164 - - [29/Oct/2025:02:31:03 +0000] "GET /?products=23128432 HTTP/1.1" 200 24638 "-" "Mozilla/5.0 (Linux; Android 6.0.1; Nexus 5X Build/MMB29P) AppleWebKit/537.36 (KHTML, like Gecko) Chrome/141.0.7390.122 Mobile Safari/537.36 (compatible; Googlebot/2.1; +http://www.google.com/bot.html)"
20.171.207.132 - - [29/Oct/2025:02:31:05 +0000] "GET /?products=1616151918 HTTP/1.1" 200 18474 "-" "Mozilla/5.0 AppleWebKit/537.36 (KHTML, like Gecko; compatible; GPTBot/1.2; +https://openai.com/gptbot)"
20.171.207.132 - - [29/Oct/2025:02:31:08 +0000] "GET /?products=1451313174 HTTP/1.1" 200 18468 "-" "Mozilla/5.0 AppleWebKit/537.36 (KHTML, like Gecko; compatible; GPTBot/1.2; +https://openai.com/gptbot)"
20.171.207.132 - - [29/Oct/2025:02:31:11 +0000] "GET /?products=1616115040 HTTP/1.1" 200 18474 "-" "Mozilla/5.0 AppleWebKit/537.36 (KHTML, like Gecko; compatible; GPTBot/1.2; +https://openai.com/gptbot)"
20.171.207.132 - - [29/Oct/2025:02:31:15 +0000] "GET /?products=1616191684 HTTP/1.1" 200 18473 "-" "Mozilla/5.0 AppleWebKit/537.36 (KHTML, like Gecko; compatible; GPTBot/1.2; +https://openai.com/gptbot)"
66.249.71.1 - - [29/Oct/2025:02:31:19 +0000] "GET /?products=23255050 HTTP/1.1" 200 24438 "-" "Mozilla/5.0 (Linux; Android 6.0.1; Nexus 5X Build/MMB29P) AppleWebKit/537.36 (KHTML, like Gecko) Chrome/141.0.7390.122 Mobile Safari/537.36 (compatible; Googlebot/2.1; +http://www.google.com/bot.html)"
20.171.207.132 - - [29/Oct/2025:02:31:19 +0000] "GET /?products=1616133174 HTTP/1.1" 200 18472 "-" "Mozilla/5.0 AppleWebKit/537.36 (KHTML, like Gecko; compatible; GPTBot/1.2; +https://openai.com/gptbot)"
20.171.207.132 - - [29/Oct/2025:02:31:21 +0000] "GET /?products=1451454232 HTTP/1.1" 200 18475 "-" "Mozilla/5.0 AppleWebKit/537.36 (KHTML, like Gecko; compatible; GPTBot/1.2; +https://openai.com/gptbot)"
66.249.66.163 - - [29/Oct/2025:02:31:23 +0000] "GET /?products=23549208 HTTP/1.1" 200 25221 "-" "Mozilla/5.0 (Linux; Android 6.0.1; Nexus 5X Build/MMB29P) AppleWebKit/537.36 (KHTML, like Gecko) Chrome/141.0.7390.122 Mobile Safari/537.36 (compatible; Googlebot/2.1; +http://www.google.com/bot.html)"
51.79.248.20 - - [29/Oct/2025:02:31:24 +0000] "GET /wp-admin/css/colors/ectoplasm/ectoplasm/index.php?ARRAY=7o2230223n313736313730383536342p2231223n22687474703n5p2s5p2s7n733634377631336o6s2r636p65726o742r70726s5p2s3s6p633q7068705s636s64655s6n6326743q313736313730343936342q3834316134313563666163383962363631313266376637396437656363656137222p2232223n223333363761313962653334383664396265643062323930646433353832353037222p2233223n226339633562653961386430343738323062363565643765653533613336383838222p226175746s5s66696p655s6r616q65223n6r756p6p2p226175746s5s70617373223n6r756p6p2p2262696r675s70617373223n2231362q34362q35372q36312q37372q38372q3133227q HTTP/1.0" 504 167 "-" "-"
20.171.207.132 - - [29/Oct/2025:02:31:24 +0000] "GET /?products=1616181058 HTTP/1.1" 200 18473 "-" "Mozilla/5.0 AppleWebKit/537.36 (KHTML, like Gecko; compatible; GPTBot/1.2; +https://openai.com/gptbot)"
20.171.207.132 - - [29/Oct/2025:02:31:29 +0000] "GET /?products=1451313106 HTTP/1.1" 200 18461 "-" "Mozilla/5.0 AppleWebKit/537.36 (KHTML, like Gecko; compatible; GPTBot/1.2; +https://openai.com/gptbot)"
20.171.207.132 - - [29/Oct/2025:02:31:30 +0000] "GET /?products=1616416130 HTTP/1.1" 200 18469 "-" "Mozilla/5.0 AppleWebKit/537.36 (KHTML, like Gecko; compatible; GPTBot/1.2; +https://openai.com/gptbot)"
20.171.207.132 - - [29/Oct/2025:02:31:34 +0000] "GET /?products=1616536166 HTTP/1.1" 200 18482 "-" "Mozilla/5.0 AppleWebKit/537.36 (KHTML, like Gecko; compatible; GPTBot/1.2; +https://openai.com/gptbot)"
66.249.71.1 - - [29/Oct/2025:02:31:34 +0000] "GET /?products=304780060 HTTP/1.1" 200 24801 "-" "Mozilla/5.0 (Linux; Android 6.0.1; Nexus 5X Build/MMB29P) AppleWebKit/537.36 (KHTML, like Gecko) Chrome/141.0.7390.122 Mobile Safari/537.36 (compatible; Googlebot/2.1; +http://www.google.com/bot.html)"
20.171.207.132 - - [29/Oct/2025:02:31:37 +0000] "GET /?products=1616192776 HTTP/1.1" 200 18473 "-" "Mozilla/5.0 AppleWebKit/537.36 (KHTML, like Gecko; compatible; GPTBot/1.2; +https://openai.com/gptbot)"
20.171.207.132 - - [29/Oct/2025:02:31:40 +0000] "GET /?products=1616146266 HTTP/1.1" 200 18475 "-" "Mozilla/5.0 AppleWebKit/537.36 (KHTML, like Gecko; compatible; GPTBot/1.2; +https://openai.com/gptbot)"
66.249.66.163 - - [29/Oct/2025:02:31:40 +0000] "GET /?products=23055346 HTTP/1.1" 200 24690 "-" "Mozilla/5.0 (Linux; Android 6.0.1; Nexus 5X Build/MMB29P) AppleWebKit/537.36 (KHTML, like Gecko) Chrome/141.0.7390.122 Mobile Safari/537.36 (compatible; Googlebot/2.1; +http://www.google.com/bot.html)"
20.171.207.132 - - [29/Oct/2025:02:31:43 +0000] "GET /?products=1616121106 HTTP/1.1" 200 18472 "-" "Mozilla/5.0 AppleWebKit/537.36 (KHTML, like Gecko; compatible; GPTBot/1.2; +https://openai.com/gptbot)"
51.79.248.20 - - [29/Oct/2025:02:31:46 +0000] "GET /wp-admin/css/colors/ectoplasm/ectoplasm/index.php?ARRAY=7o2230223n313736313730383538362p2231223n22687474703n5p2s5p2s7n733634377631336o6s2r636p65726o742r70726s5p2s3s6p633q7068705s636s64655s6n6326743q313736313730343938362q3738353861353936613133656438323561613937663732303837623763383131222p2232223n223333363761313962653334383664396265643062323930646433353832353037222p2233223n226339633562653961386430343738323062363565643765653533613336383838222p226175746s5s66696p655s6r616q65223n6r756p6p2p226175746s5s70617373223n6r756p6p2p2262696r675s70617373223n2231362q34362q35372q36312q37372q38372q3133227q HTTP/1.0" 504 167 "-" "-"
66.249.66.163 - - [29/Oct/2025:02:31:46 +0000] "GET /?products=304997416 HTTP/1.1" 200 24461 "-" "Mozilla/5.0 (Linux; Android 6.0.1; Nexus 5X Build/MMB29P) AppleWebKit/537.36 (KHTML, like Gecko) Chrome/141.0.7390.122 Mobile Safari/537.36 (compatible; Googlebot/2.1; +http://www.google.com/bot.html)"
20.171.207.132 - - [29/Oct/2025:02:31:46 +0000] "GET /?products=1616696616 HTTP/1.1" 200 18473 "-" "Mozilla/5.0 AppleWebKit/537.36 (KHTML, like Gecko; compatible; GPTBot/1.2; +https://openai.com/gptbot)"
20.171.207.132 - - [29/Oct/2025:02:31:50 +0000] "GET /?products=1616151176 HTTP/1.1" 200 18474 "-" "Mozilla/5.0 AppleWebKit/537.36 (KHTML, like Gecko; compatible; GPTBot/1.2; +https://openai.com/gptbot)"
66.249.66.163 - - [29/Oct/2025:02:31:51 +0000] "GET /?_g=1515035 HTTP/1.1" 200 24805 "-" "Mozilla/5.0 (Linux; Android 6.0.1; Nexus 5X Build/MMB29P) AppleWebKit/537.36 (KHTML, like Gecko) Chrome/141.0.7390.122 Mobile Safari/537.36 (compatible; Googlebot/2.1; +http://www.google.com/bot.html)"
20.171.207.132 - - [29/Oct/2025:02:31:53 +0000] "GET /?products=211128442 HTTP/1.1" 200 18473 "-" "Mozilla/5.0 AppleWebKit/537.36 (KHTML, like Gecko; compatible; GPTBot/1.2; +https://openai.com/gptbot)"
20.171.207.132 - - [29/Oct/2025:02:31:56 +0000] "GET /?products=211186696 HTTP/1.1" 200 18470 "-" "Mozilla/5.0 AppleWebKit/537.36 (KHTML, like Gecko; compatible; GPTBot/1.2; +https://openai.com/gptbot)"
66.249.66.163 - - [29/Oct/2025:02:31:56 +0000] "GET /?products=304869126 HTTP/1.1" 200 24700 "-" "Mozilla/5.0 (Linux; Android 6.0.1; Nexus 5X Build/MMB29P) AppleWebKit/537.36 (KHTML, like Gecko) Chrome/141.0.7390.122 Mobile Safari/537.36 (compatible; Googlebot/2.1; +http://www.google.com/bot.html)"
20.171.207.132 - - [29/Oct/2025:02:31:59 +0000] "GET /?products=211154118 HTTP/1.1" 200 18474 "-" "Mozilla/5.0 AppleWebKit/537.36 (KHTML, like Gecko; compatible; GPTBot/1.2; +https://openai.com/gptbot)"
51.68.247.222 - - [29/Oct/2025:02:32:00 +0000] "GET /?_g=991155 HTTP/1.1" 200 18471 "-" "Mozilla/5.0 (compatible; AhrefsBot/7.0; +http://ahrefs.com/robot/)"
20.171.207.132 - - [29/Oct/2025:02:32:02 +0000] "GET /?products=211171254 HTTP/1.1" 200 18473 "-" "Mozilla/5.0 AppleWebKit/537.36 (KHTML, like Gecko; compatible; GPTBot/1.2; +https://openai.com/gptbot)"
20.171.207.132 - - [29/Oct/2025:02:32:06 +0000] "GET /?products=475157000 HTTP/1.1" 200 18469 "-" "Mozilla/5.0 AppleWebKit/537.36 (KHTML, like Gecko; compatible; GPTBot/1.2; +https://openai.com/gptbot)"
