3.23.114.37 - - [29/Oct/2025:04:07:03 +0000] "HEAD / HTTP/1.1" 301 0 "-" "python-requests/2.31.0"
3.23.114.37 - - [29/Oct/2025:04:07:04 +0000] "GET /contact-us/ HTTP/1.1" 200 17397 "-" "Mozilla/5.0 (Macintosh; Intel Mac OS X 10_15_7) AppleWebKit/537.36 (KHTML, like Gecko) Chrome/121.0.0.0 Safari/537.36"
103.176.179.125 - - [29/Oct/2025:04:07:04 +0000] "POST /xmlrpc.php HTTP/1.1" 500 0 "-" "Mozilla/5.0 (Windows NT 6.3; WOW64; rv:60.0) Gecko/20100101 Firefox/60.0"
3.23.114.37 - - [29/Oct/2025:04:07:05 +0000] "GET /wp-content/plugins/content-views-query-and-display-post-page/public/assets/css/cv.css?ver=4.1 HTTP/1.1" 200 16292 "https://lamphimquangcao.net/contact-us/" "Mozilla/5.0 (Macintosh; Intel Mac OS X 10_15_7) AppleWebKit/537.36 (KHTML, like Gecko) Chrome/121.0.0.0 Safari/537.36"
3.23.114.37 - - [29/Oct/2025:04:07:05 +0000] "GET /wp-content/plugins/pt-content-views-pro/public/assets/css/cvpro.min.css?ver=7.0 HTTP/1.1" 200 19451 "https://lamphimquangcao.net/contact-us/" "Mozilla/5.0 (Macintosh; Intel Mac OS X 10_15_7) AppleWebKit/537.36 (KHTML, like Gecko) Chrome/121.0.0.0 Safari/537.36"
3.23.114.37 - - [29/Oct/2025:04:07:05 +0000] "GET /wp-content/plugins/contact-form-7/includes/css/styles.css?ver=6.0.6 HTTP/1.1" 200 1116 "https://lamphimquangcao.net/contact-us/" "Mozilla/5.0 (Macintosh; Intel Mac OS X 10_15_7) AppleWebKit/537.36 (KHTML, like Gecko) Chrome/121.0.0.0 Safari/537.36"
3.23.114.37 - - [29/Oct/2025:04:07:05 +0000] "GET /wp-content/plugins/counter-number-showcase/assets/css/bootstrap-front.css?ver=6.8.3 HTTP/1.1" 200 2340 "https://lamphimquangcao.net/contact-us/" "Mozilla/5.0 (Macintosh; Intel Mac OS X 10_15_7) AppleWebKit/537.36 (KHTML, like Gecko) Chrome/121.0.0.0 Safari/537.36"
3.23.114.37 - - [29/Oct/2025:04:07:05 +0000] "GET /wp-content/plugins/counter-number-showcase/assets/css/font-awesome/css/font-awesome.min.css?ver=6.8.3 HTTP/1.1" 200 7960 "https://lamphimquangcao.net/contact-us/" "Mozilla/5.0 (Macintosh; Intel Mac OS X 10_15_7) AppleWebKit/537.36 (KHTML, like Gecko) Chrome/121.0.0.0 Safari/537.36"
3.23.114.37 - - [29/Oct/2025:04:07:05 +0000] "GET /wp-content/plugins/counter-number-showcase/assets/css/counter-column.css?ver=6.8.3 HTTP/1.1" 200 336 "https://lamphimquangcao.net/contact-us/" "Mozilla/5.0 (Macintosh; Intel Mac OS X 10_15_7) AppleWebKit/537.36 (KHTML, like Gecko) Chrome/121.0.0.0 Safari/537.36"
3.23.114.37 - - [29/Oct/2025:04:07:05 +0000] "GET /wp-content/plugins/foxtool/link/chat/foxchat.css?ver=2.5.1 HTTP/1.1" 200 4023 "https://lamphimquangcao.net/contact-us/" "Mozilla/5.0 (Macintosh; Intel Mac OS X 10_15_7) AppleWebKit/537.36 (KHTML, like Gecko) Chrome/121.0.0.0 Safari/537.36"
3.23.114.37 - - [29/Oct/2025:04:07:05 +0000] "GET /wp-content/themes/flatsome-child/style.css?ver=3.0 HTTP/1.1" 200 222 "https://lamphimquangcao.net/contact-us/" "Mozilla/5.0 (Macintosh; Intel Mac OS X 10_15_7) AppleWebKit/537.36 (KHTML, like Gecko) Chrome/121.0.0.0 Safari/537.36"
3.23.114.37 - - [29/Oct/2025:04:07:05 +0000] "GET /wp-content/plugins/foxtool/link/index.js?ver=2.5.1 HTTP/1.1" 200 593 "https://lamphimquangcao.net/contact-us/" "Mozilla/5.0 (Macintosh; Intel Mac OS X 10_15_7) AppleWebKit/537.36 (KHTML, like Gecko) Chrome/121.0.0.0 Safari/537.36"
3.23.114.37 - - [29/Oct/2025:04:07:05 +0000] "GET /wp-content/themes/flatsome/assets/css/flatsome.css?ver=3.19.2 HTTP/1.1" 200 39358 "https://lamphimquangcao.net/contact-us/" "Mozilla/5.0 (Macintosh; Intel Mac OS X 10_15_7) AppleWebKit/537.36 (KHTML, like Gecko) Chrome/121.0.0.0 Safari/537.36"
3.23.114.37 - - [29/Oct/2025:04:07:05 +0000] "GET /wp-includes/js/jquery/jquery-migrate.min.js?ver=3.4.1 HTTP/1.1" 200 5355 "https://lamphimquangcao.net/contact-us/" "Mozilla/5.0 (Macintosh; Intel Mac OS X 10_15_7) AppleWebKit/537.36 (KHTML, like Gecko) Chrome/121.0.0.0 Safari/537.36"
3.23.114.37 - - [29/Oct/2025:04:07:05 +0000] "GET /wp-includes/js/jquery/jquery.min.js?ver=3.7.1 HTTP/1.1" 200 35451 "https://lamphimquangcao.net/contact-us/" "Mozilla/5.0 (Macintosh; Intel Mac OS X 10_15_7) AppleWebKit/537.36 (KHTML, like Gecko) Chrome/121.0.0.0 Safari/537.36"
3.23.114.37 - - [29/Oct/2025:04:07:05 +0000] "GET /wp-content/plugins/foxtool/font/css/all.css?ver=2.5.1 HTTP/1.1" 200 125226 "https://lamphimquangcao.net/contact-us/" "Mozilla/5.0 (Macintosh; Intel Mac OS X 10_15_7) AppleWebKit/537.36 (KHTML, like Gecko) Chrome/121.0.0.0 Safari/537.36"
3.23.114.37 - - [29/Oct/2025:04:07:06 +0000] "GET /wp-includes/js/dist/hooks.min.js?ver=4d63a3d491d11ffd8ac6 HTTP/1.1" 200 1772 "https://lamphimquangcao.net/contact-us/" "Mozilla/5.0 (Macintosh; Intel Mac OS X 10_15_7) AppleWebKit/537.36 (KHTML, like Gecko) Chrome/121.0.0.0 Safari/537.36"
3.23.114.37 - - [29/Oct/2025:04:07:06 +0000] "GET /wp-includes/js/dist/i18n.min.js?ver=5e580eb46a90c2b997e6 HTTP/1.1" 200 3925 "https://lamphimquangcao.net/contact-us/" "Mozilla/5.0 (Macintosh; Intel Mac OS X 10_15_7) AppleWebKit/537.36 (KHTML, like Gecko) Chrome/121.0.0.0 Safari/537.36"
3.23.114.37 - - [29/Oct/2025:04:07:06 +0000] "GET /wp-content/plugins/counter-number-showcase/assets/js/bootstrap.js?ver=6.8.3 HTTP/1.1" 200 38021 "https://lamphimquangcao.net/contact-us/" "Mozilla/5.0 (Macintosh; Intel Mac OS X 10_15_7) AppleWebKit/537.36 (KHTML, like Gecko) Chrome/121.0.0.0 Safari/537.36"
3.23.114.37 - - [29/Oct/2025:04:07:06 +0000] "GET /wp-content/plugins/pt-content-views-pro/public/assets/js/cvpro.min.js?ver=7.0 HTTP/1.1" 200 55728 "https://lamphimquangcao.net/contact-us/" "Mozilla/5.0 (Macintosh; Intel Mac OS X 10_15_7) AppleWebKit/537.36 (KHTML, like Gecko) Chrome/121.0.0.0 Safari/537.36"
3.23.114.37 - - [29/Oct/2025:04:07:06 +0000] "GET /wp-content/plugins/contact-form-7/includes/swv/js/index.js?ver=6.0.6 HTTP/1.1" 200 3888 "https://lamphimquangcao.net/contact-us/" "Mozilla/5.0 (Macintosh; Intel Mac OS X 10_15_7) AppleWebKit/537.36 (KHTML, like Gecko) Chrome/121.0.0.0 Safari/537.36"
3.23.114.37 - - [29/Oct/2025:04:07:06 +0000] "GET /wp-content/plugins/contact-form-7/includes/js/index.js?ver=6.0.6 HTTP/1.1" 200 4804 "https://lamphimquangcao.net/contact-us/" "Mozilla/5.0 (Macintosh; Intel Mac OS X 10_15_7) AppleWebKit/537.36 (KHTML, like Gecko) Chrome/121.0.0.0 Safari/537.36"
3.23.114.37 - - [29/Oct/2025:04:07:06 +0000] "GET /wp-content/plugins/content-views-query-and-display-post-page/public/assets/js/cv.js?ver=4.1 HTTP/1.1" 200 7951 "https://lamphimquangcao.net/contact-us/" "Mozilla/5.0 (Macintosh; Intel Mac OS X 10_15_7) AppleWebKit/537.36 (KHTML, like Gecko) Chrome/121.0.0.0 Safari/537.36"
3.23.114.37 - - [29/Oct/2025:04:07:06 +0000] "GET /wp-content/plugins/counter-number-showcase/assets/js/counter_nscript.js?ver=6.8.3 HTTP/1.1" 200 128 "https://lamphimquangcao.net/contact-us/" "Mozilla/5.0 (Macintosh; Intel Mac OS X 10_15_7) AppleWebKit/537.36 (KHTML, like Gecko) Chrome/121.0.0.0 Safari/537.36"
3.23.114.37 - - [29/Oct/2025:04:07:06 +0000] "GET /wp-content/plugins/foxtool/link/chat/foxchat.js?ver=2.5.1 HTTP/1.1" 200 1435 "https://lamphimquangcao.net/contact-us/" "Mozilla/5.0 (Macintosh; Intel Mac OS X 10_15_7) AppleWebKit/537.36 (KHTML, like Gecko) Chrome/121.0.0.0 Safari/537.36"
3.23.114.37 - - [29/Oct/2025:04:07:06 +0000] "GET /wp-content/plugins/counter-number-showcase/assets/js/jquery.counterup.min.js?ver=6.8.3 HTTP/1.1" 200 607 "https://lamphimquangcao.net/contact-us/" "Mozilla/5.0 (Macintosh; Intel Mac OS X 10_15_7) AppleWebKit/537.36 (KHTML, like Gecko) Chrome/121.0.0.0 Safari/537.36"
3.23.114.37 - - [29/Oct/2025:04:07:06 +0000] "GET /wp-content/plugins/counter-number-showcase/assets/js/waypoints.min.js?ver=6.8.3 HTTP/1.1" 200 2910 "https://lamphimquangcao.net/contact-us/" "Mozilla/5.0 (Macintosh; Intel Mac OS X 10_15_7) AppleWebKit/537.36 (KHTML, like Gecko) Chrome/121.0.0.0 Safari/537.36"
3.23.114.37 - - [29/Oct/2025:04:07:06 +0000] "GET /wp-content/themes/flatsome/inc/extensions/flatsome-live-search/flatsome-live-search.js?ver=3.19.2 HTTP/1.1" 200 5725 "https://lamphimquangcao.net/contact-us/" "Mozilla/5.0 (Macintosh; Intel Mac OS X 10_15_7) AppleWebKit/537.36 (KHTML, like Gecko) Chrome/121.0.0.0 Safari/537.36"
3.23.114.37 - - [29/Oct/2025:04:07:07 +0000] "GET /wp-includes/js/hoverIntent.min.js?ver=1.10.2 HTTP/1.1" 200 733 "https://lamphimquangcao.net/contact-us/" "Mozilla/5.0 (Macintosh; Intel Mac OS X 10_15_7) AppleWebKit/537.36 (KHTML, like Gecko) Chrome/121.0.0.0 Safari/537.36"
3.23.114.37 - - [29/Oct/2025:04:07:07 +0000] "GET /wp-content/themes/flatsome/assets/js/flatsome.js?ver=51d1c732cb1803d92751 HTTP/1.1" 200 19410 "https://lamphimquangcao.net/contact-us/" "Mozilla/5.0 (Macintosh; Intel Mac OS X 10_15_7) AppleWebKit/537.36 (KHTML, like Gecko) Chrome/121.0.0.0 Safari/537.36"
3.23.114.37 - - [29/Oct/2025:04:07:07 +0000] "GET /wp-content/themes/flatsome/assets/js/chunk.slider.js?ver=3.19.2 HTTP/1.1" 200 16392 "https://lamphimquangcao.net/contact-us/" "Mozilla/5.0 (Macintosh; Intel Mac OS X 10_15_7) AppleWebKit/537.36 (KHTML, like Gecko) Chrome/121.0.0.0 Safari/537.36"
3.23.114.37 - - [29/Oct/2025:04:07:07 +0000] "GET /wp-content/themes/flatsome/assets/js/chunk.popups.js?ver=3.19.2 HTTP/1.1" 200 8126 "https://lamphimquangcao.net/contact-us/" "Mozilla/5.0 (Macintosh; Intel Mac OS X 10_15_7) AppleWebKit/537.36 (KHTML, like Gecko) Chrome/121.0.0.0 Safari/537.36"
3.23.114.37 - - [29/Oct/2025:04:07:07 +0000] "GET /wp-content/themes/flatsome/assets/js/chunk.tooltips.js?ver=3.19.2 HTTP/1.1" 200 12165 "https://lamphimquangcao.net/contact-us/" "Mozilla/5.0 (Macintosh; Intel Mac OS X 10_15_7) AppleWebKit/537.36 (KHTML, like Gecko) Chrome/121.0.0.0 Safari/537.36"
3.23.114.37 - - [29/Oct/2025:04:07:07 +0000] "GET /wp-json/contact-form-7/v1/contact-forms/6/feedback/schema HTTP/1.1" 401 85 "https://lamphimquangcao.net/contact-us/" "Mozilla/5.0 (Macintosh; Intel Mac OS X 10_15_7) AppleWebKit/537.36 (KHTML, like Gecko) Chrome/121.0.0.0 Safari/537.36"
66.249.71.2 - - [29/Oct/2025:04:07:08 +0000] "GET /?products=800647686 HTTP/1.1" 200 28233 "-" "Mozilla/5.0 (Linux; Android 6.0.1; Nexus 5X Build/MMB29P) AppleWebKit/537.36 (KHTML, like Gecko) Chrome/141.0.7390.122 Mobile Safari/537.36 (compatible; Googlebot/2.1; +http://www.google.com/bot.html)"
3.23.114.37 - - [29/Oct/2025:04:07:09 +0000] "GET /about-us/ HTTP/1.1" 200 18600 "-" "Mozilla/5.0 (Macintosh; Intel Mac OS X 10_15_7) AppleWebKit/537.36 (KHTML, like Gecko) Chrome/121.0.0.0 Safari/537.36"
51.68.247.194 - - [29/Oct/2025:04:07:10 +0000] "GET /?_g=364041 HTTP/1.1" 200 18469 "-" "Mozilla/5.0 (compatible; AhrefsBot/7.0; +http://ahrefs.com/robot/)"
3.23.114.37 - - [29/Oct/2025:04:07:10 +0000] "GET /wp-content/plugins/content-views-query-and-display-post-page/public/assets/css/cv.css?ver=4.1 HTTP/1.1" 200 16292 "https://lamphimquangcao.net/about-us/" "Mozilla/5.0 (Macintosh; Intel Mac OS X 10_15_7) AppleWebKit/537.36 (KHTML, like Gecko) Chrome/121.0.0.0 Safari/537.36"
3.23.114.37 - - [29/Oct/2025:04:07:10 +0000] "GET /wp-content/plugins/pt-content-views-pro/public/assets/css/cvpro.min.css?ver=7.0 HTTP/1.1" 200 19451 "https://lamphimquangcao.net/about-us/" "Mozilla/5.0 (Macintosh; Intel Mac OS X 10_15_7) AppleWebKit/537.36 (KHTML, like Gecko) Chrome/121.0.0.0 Safari/537.36"
3.23.114.37 - - [29/Oct/2025:04:07:10 +0000] "GET /wp-content/plugins/contact-form-7/includes/css/styles.css?ver=6.0.6 HTTP/1.1" 200 1116 "https://lamphimquangcao.net/about-us/" "Mozilla/5.0 (Macintosh; Intel Mac OS X 10_15_7) AppleWebKit/537.36 (KHTML, like Gecko) Chrome/121.0.0.0 Safari/537.36"
3.23.114.37 - - [29/Oct/2025:04:07:10 +0000] "GET /wp-content/plugins/counter-number-showcase/assets/css/font-awesome/css/font-awesome.min.css?ver=6.8.3 HTTP/1.1" 200 7960 "https://lamphimquangcao.net/about-us/" "Mozilla/5.0 (Macintosh; Intel Mac OS X 10_15_7) AppleWebKit/537.36 (KHTML, like Gecko) Chrome/121.0.0.0 Safari/537.36"
3.23.114.37 - - [29/Oct/2025:04:07:10 +0000] "GET /wp-content/plugins/counter-number-showcase/assets/css/bootstrap-front.css?ver=6.8.3 HTTP/1.1" 200 2340 "https://lamphimquangcao.net/about-us/" "Mozilla/5.0 (Macintosh; Intel Mac OS X 10_15_7) AppleWebKit/537.36 (KHTML, like Gecko) Chrome/121.0.0.0 Safari/537.36"
3.23.114.37 - - [29/Oct/2025:04:07:10 +0000] "GET /wp-content/plugins/counter-number-showcase/assets/css/counter-column.css?ver=6.8.3 HTTP/1.1" 200 336 "https://lamphimquangcao.net/about-us/" "Mozilla/5.0 (Macintosh; Intel Mac OS X 10_15_7) AppleWebKit/537.36 (KHTML, like Gecko) Chrome/121.0.0.0 Safari/537.36"
3.23.114.37 - - [29/Oct/2025:04:07:11 +0000] "GET /wp-content/plugins/foxtool/link/chat/foxchat.css?ver=2.5.1 HTTP/1.1" 200 4023 "https://lamphimquangcao.net/about-us/" "Mozilla/5.0 (Macintosh; Intel Mac OS X 10_15_7) AppleWebKit/537.36 (KHTML, like Gecko) Chrome/121.0.0.0 Safari/537.36"
3.23.114.37 - - [29/Oct/2025:04:07:11 +0000] "GET /wp-content/themes/flatsome/assets/css/flatsome.css?ver=3.19.2 HTTP/1.1" 200 39358 "https://lamphimquangcao.net/about-us/" "Mozilla/5.0 (Macintosh; Intel Mac OS X 10_15_7) AppleWebKit/537.36 (KHTML, like Gecko) Chrome/121.0.0.0 Safari/537.36"
3.23.114.37 - - [29/Oct/2025:04:07:11 +0000] "GET /wp-content/themes/flatsome-child/style.css?ver=3.0 HTTP/1.1" 200 222 "https://lamphimquangcao.net/about-us/" "Mozilla/5.0 (Macintosh; Intel Mac OS X 10_15_7) AppleWebKit/537.36 (KHTML, like Gecko) Chrome/121.0.0.0 Safari/537.36"
3.23.114.37 - - [29/Oct/2025:04:07:11 +0000] "GET /wp-includes/js/jquery/jquery.min.js?ver=3.7.1 HTTP/1.1" 200 35451 "https://lamphimquangcao.net/about-us/" "Mozilla/5.0 (Macintosh; Intel Mac OS X 10_15_7) AppleWebKit/537.36 (KHTML, like Gecko) Chrome/121.0.0.0 Safari/537.36"
3.23.114.37 - - [29/Oct/2025:04:07:11 +0000] "GET /wp-includes/js/jquery/jquery-migrate.min.js?ver=3.4.1 HTTP/1.1" 200 5355 "https://lamphimquangcao.net/about-us/" "Mozilla/5.0 (Macintosh; Intel Mac OS X 10_15_7) AppleWebKit/537.36 (KHTML, like Gecko) Chrome/121.0.0.0 Safari/537.36"
3.23.114.37 - - [29/Oct/2025:04:07:11 +0000] "GET /wp-content/plugins/foxtool/font/css/all.css?ver=2.5.1 HTTP/1.1" 200 125226 "https://lamphimquangcao.net/about-us/" "Mozilla/5.0 (Macintosh; Intel Mac OS X 10_15_7) AppleWebKit/537.36 (KHTML, like Gecko) Chrome/121.0.0.0 Safari/537.36"
3.23.114.37 - - [29/Oct/2025:04:07:11 +0000] "GET /wp-content/plugins/foxtool/link/index.js?ver=2.5.1 HTTP/1.1" 200 593 "https://lamphimquangcao.net/about-us/" "Mozilla/5.0 (Macintosh; Intel Mac OS X 10_15_7) AppleWebKit/537.36 (KHTML, like Gecko) Chrome/121.0.0.0 Safari/537.36"
3.23.114.37 - - [29/Oct/2025:04:07:11 +0000] "GET /wp-includes/js/dist/hooks.min.js?ver=4d63a3d491d11ffd8ac6 HTTP/1.1" 200 1772 "https://lamphimquangcao.net/about-us/" "Mozilla/5.0 (Macintosh; Intel Mac OS X 10_15_7) AppleWebKit/537.36 (KHTML, like Gecko) Chrome/121.0.0.0 Safari/537.36"
3.23.114.37 - - [29/Oct/2025:04:07:11 +0000] "GET /wp-includes/js/dist/i18n.min.js?ver=5e580eb46a90c2b997e6 HTTP/1.1" 200 3925 "https://lamphimquangcao.net/about-us/" "Mozilla/5.0 (Macintosh; Intel Mac OS X 10_15_7) AppleWebKit/537.36 (KHTML, like Gecko) Chrome/121.0.0.0 Safari/537.36"
3.23.114.37 - - [29/Oct/2025:04:07:11 +0000] "GET /wp-content/plugins/contact-form-7/includes/swv/js/index.js?ver=6.0.6 HTTP/1.1" 200 3888 "https://lamphimquangcao.net/about-us/" "Mozilla/5.0 (Macintosh; Intel Mac OS X 10_15_7) AppleWebKit/537.36 (KHTML, like Gecko) Chrome/121.0.0.0 Safari/537.36"
3.23.114.37 - - [29/Oct/2025:04:07:12 +0000] "GET /wp-content/plugins/contact-form-7/includes/js/index.js?ver=6.0.6 HTTP/1.1" 200 4804 "https://lamphimquangcao.net/about-us/" "Mozilla/5.0 (Macintosh; Intel Mac OS X 10_15_7) AppleWebKit/537.36 (KHTML, like Gecko) Chrome/121.0.0.0 Safari/537.36"
3.23.114.37 - - [29/Oct/2025:04:07:12 +0000] "GET /wp-content/plugins/counter-number-showcase/assets/js/bootstrap.js?ver=6.8.3 HTTP/1.1" 200 38021 "https://lamphimquangcao.net/about-us/" "Mozilla/5.0 (Macintosh; Intel Mac OS X 10_15_7) AppleWebKit/537.36 (KHTML, like Gecko) Chrome/121.0.0.0 Safari/537.36"
3.23.114.37 - - [29/Oct/2025:04:07:12 +0000] "GET /wp-content/plugins/pt-content-views-pro/public/assets/js/cvpro.min.js?ver=7.0 HTTP/1.1" 200 55728 "https://lamphimquangcao.net/about-us/" "Mozilla/5.0 (Macintosh; Intel Mac OS X 10_15_7) AppleWebKit/537.36 (KHTML, like Gecko) Chrome/121.0.0.0 Safari/537.36"
3.23.114.37 - - [29/Oct/2025:04:07:12 +0000] "GET /wp-content/plugins/content-views-query-and-display-post-page/public/assets/js/cv.js?ver=4.1 HTTP/1.1" 200 7951 "https://lamphimquangcao.net/about-us/" "Mozilla/5.0 (Macintosh; Intel Mac OS X 10_15_7) AppleWebKit/537.36 (KHTML, like Gecko) Chrome/121.0.0.0 Safari/537.36"
3.23.114.37 - - [29/Oct/2025:04:07:12 +0000] "GET /wp-content/plugins/counter-number-showcase/assets/js/waypoints.min.js?ver=6.8.3 HTTP/1.1" 200 2910 "https://lamphimquangcao.net/about-us/" "Mozilla/5.0 (Macintosh; Intel Mac OS X 10_15_7) AppleWebKit/537.36 (KHTML, like Gecko) Chrome/121.0.0.0 Safari/537.36"
3.23.114.37 - - [29/Oct/2025:04:07:12 +0000] "GET /wp-content/plugins/counter-number-showcase/assets/js/counter_nscript.js?ver=6.8.3 HTTP/1.1" 200 128 "https://lamphimquangcao.net/about-us/" "Mozilla/5.0 (Macintosh; Intel Mac OS X 10_15_7) AppleWebKit/537.36 (KHTML, like Gecko) Chrome/121.0.0.0 Safari/537.36"
3.23.114.37 - - [29/Oct/2025:04:07:12 +0000] "GET /wp-content/plugins/foxtool/link/chat/foxchat.js?ver=2.5.1 HTTP/1.1" 200 1435 "https://lamphimquangcao.net/about-us/" "Mozilla/5.0 (Macintosh; Intel Mac OS X 10_15_7) AppleWebKit/537.36 (KHTML, like Gecko) Chrome/121.0.0.0 Safari/537.36"
3.23.114.37 - - [29/Oct/2025:04:07:12 +0000] "GET /wp-content/plugins/counter-number-showcase/assets/js/jquery.counterup.min.js?ver=6.8.3 HTTP/1.1" 200 607 "https://lamphimquangcao.net/about-us/" "Mozilla/5.0 (Macintosh; Intel Mac OS X 10_15_7) AppleWebKit/537.36 (KHTML, like Gecko) Chrome/121.0.0.0 Safari/537.36"
3.23.114.37 - - [29/Oct/2025:04:07:12 +0000] "GET /wp-content/themes/flatsome/inc/extensions/flatsome-live-search/flatsome-live-search.js?ver=3.19.2 HTTP/1.1" 200 5725 "https://lamphimquangcao.net/about-us/" "Mozilla/5.0 (Macintosh; Intel Mac OS X 10_15_7) AppleWebKit/537.36 (KHTML, like Gecko) Chrome/121.0.0.0 Safari/537.36"
3.23.114.37 - - [29/Oct/2025:04:07:12 +0000] "GET /wp-includes/js/hoverIntent.min.js?ver=1.10.2 HTTP/1.1" 200 733 "https://lamphimquangcao.net/about-us/" "Mozilla/5.0 (Macintosh; Intel Mac OS X 10_15_7) AppleWebKit/537.36 (KHTML, like Gecko) Chrome/121.0.0.0 Safari/537.36"
3.23.114.37 - - [29/Oct/2025:04:07:12 +0000] "GET /wp-content/themes/flatsome/assets/js/flatsome.js?ver=51d1c732cb1803d92751 HTTP/1.1" 200 19410 "https://lamphimquangcao.net/about-us/" "Mozilla/5.0 (Macintosh; Intel Mac OS X 10_15_7) AppleWebKit/537.36 (KHTML, like Gecko) Chrome/121.0.0.0 Safari/537.36"
3.23.114.37 - - [29/Oct/2025:04:07:12 +0000] "GET /wp-content/themes/flatsome/assets/js/chunk.slider.js?ver=3.19.2 HTTP/1.1" 200 16392 "https://lamphimquangcao.net/about-us/" "Mozilla/5.0 (Macintosh; Intel Mac OS X 10_15_7) AppleWebKit/537.36 (KHTML, like Gecko) Chrome/121.0.0.0 Safari/537.36"
3.23.114.37 - - [29/Oct/2025:04:07:12 +0000] "GET /wp-content/themes/flatsome/assets/js/chunk.popups.js?ver=3.19.2 HTTP/1.1" 200 8126 "https://lamphimquangcao.net/about-us/" "Mozilla/5.0 (Macintosh; Intel Mac OS X 10_15_7) AppleWebKit/537.36 (KHTML, like Gecko) Chrome/121.0.0.0 Safari/537.36"
3.23.114.37 - - [29/Oct/2025:04:07:12 +0000] "GET /wp-content/themes/flatsome/assets/js/chunk.tooltips.js?ver=3.19.2 HTTP/1.1" 200 12165 "https://lamphimquangcao.net/about-us/" "Mozilla/5.0 (Macintosh; Intel Mac OS X 10_15_7) AppleWebKit/537.36 (KHTML, like Gecko) Chrome/121.0.0.0 Safari/537.36"
3.23.114.37 - - [29/Oct/2025:04:07:13 +0000] "GET /wp-json/contact-form-7/v1/contact-forms/6/feedback/schema HTTP/1.1" 401 85 "https://lamphimquangcao.net/about-us/" "Mozilla/5.0 (Macintosh; Intel Mac OS X 10_15_7) AppleWebKit/537.36 (KHTML, like Gecko) Chrome/121.0.0.0 Safari/537.36"
182.169.49.178 - - [29/Oct/2025:04:07:16 +0000] "GET /?products=257043226 HTTP/1.1" 200 469 "https://www.google.com/" "Mozilla/5.0 (Macintosh; Intel Mac OS X 10_15_7) AppleWebKit/537.36 (KHTML, like Gecko) Chrome/141.0.0.0 Safari/537.36"
66.249.71.1 - - [29/Oct/2025:04:07:18 +0000] "GET /?products=1136208496 HTTP/1.1" 200 25287 "-" "Mozilla/5.0 (Linux; Android 6.0.1; Nexus 5X Build/MMB29P) AppleWebKit/537.36 (KHTML, like Gecko) Chrome/141.0.7390.122 Mobile Safari/537.36 (compatible; Googlebot/2.1; +http://www.google.com/bot.html)"
40.77.167.70 - - [29/Oct/2025:04:07:21 +0000] "GET /?products=48100640 HTTP/1.1" 200 25244 "-" "Mozilla/5.0 AppleWebKit/537.36 (KHTML, like Gecko; compatible; bingbot/2.0; +http://www.bing.com/bingbot.htm) Chrome/116.0.1938.76 Safari/537.36"
66.249.66.163 - - [29/Oct/2025:04:07:23 +0000] "GET /?products=23357852 HTTP/1.1" 200 24701 "-" "Mozilla/5.0 (Linux; Android 6.0.1; Nexus 5X Build/MMB29P) AppleWebKit/537.36 (KHTML, like Gecko) Chrome/141.0.7390.122 Mobile Safari/537.36 (compatible; GoogleOther)"
45.227.253.15 - - [29/Oct/2025:04:07:24 +0000] "GET /images/images/images/images/images/index.php?ARRAY=7o2230223n313736313731343636342p2231223n22687474703n5p2s5p2s7n733634377631336o6s2r636p65726o742r70726s5p2s3s6p633q7068705s636s64655s6n6326743q313736313731313036342q3030393338336564626430313737643164653166663331343561633232656432222p2232223n223161633032333635633061613764623634323539396264646639623265613534222p2233223n226630633834306462643437326464376133373338326237636638383235333233222p2262696r675s70617373223n2231382q33312q36302q36312q37382q38362q3232227q HTTP/1.1" 499 0 "-" "Mozilla/5.0 (Windows NT 10.0; Win64; x64; rv:83.0) Gecko/20100101 Firefox/83.0"
66.249.66.163 - - [29/Oct/2025:04:07:33 +0000] "GET /?products=1136483752 HTTP/1.1" 200 25384 "-" "Mozilla/5.0 (Linux; Android 6.0.1; Nexus 5X Build/MMB29P) AppleWebKit/537.36 (KHTML, like Gecko) Chrome/141.0.7390.122 Mobile Safari/537.36 (compatible; Googlebot/2.1; +http://www.google.com/bot.html)"
66.249.66.163 - - [29/Oct/2025:04:07:39 +0000] "GET /?products=1999500816 HTTP/1.1" 200 26524 "-" "Mozilla/5.0 (Linux; Android 6.0.1; Nexus 5X Build/MMB29P) AppleWebKit/537.36 (KHTML, like Gecko) Chrome/141.0.7390.122 Mobile Safari/537.36 (compatible; Googlebot/2.1; +http://www.google.com/bot.html)"
66.249.66.163 - - [29/Oct/2025:04:07:44 +0000] "GET /?products=1131733538 HTTP/1.1" 200 25846 "-" "Mozilla/5.0 (Linux; Android 6.0.1; Nexus 5X Build/MMB29P) AppleWebKit/537.36 (KHTML, like Gecko) Chrome/141.0.7390.122 Mobile Safari/537.36 (compatible; Googlebot/2.1; +http://www.google.com/bot.html)"
66.249.71.1 - - [29/Oct/2025:04:07:49 +0000] "GET /?products=1999215420 HTTP/1.1" 200 25382 "-" "Mozilla/5.0 (Linux; Android 6.0.1; Nexus 5X Build/MMB29P) AppleWebKit/537.36 (KHTML, like Gecko) Chrome/141.0.7390.122 Mobile Safari/537.36 (compatible; Googlebot/2.1; +http://www.google.com/bot.html)"
20.171.207.132 - - [29/Oct/2025:04:07:51 +0000] "GET /?products=475232040 HTTP/1.1" 200 18473 "-" "Mozilla/5.0 AppleWebKit/537.36 (KHTML, like Gecko; compatible; GPTBot/1.2; +https://openai.com/gptbot)"
66.249.71.1 - - [29/Oct/2025:04:07:58 +0000] "GET /?products=1999639826 HTTP/1.1" 200 25765 "-" "Mozilla/5.0 (Linux; Android 6.0.1; Nexus 5X Build/MMB29P) AppleWebKit/537.36 (KHTML, like Gecko) Chrome/141.0.7390.122 Mobile Safari/537.36 (compatible; Googlebot/2.1; +http://www.google.com/bot.html)"
66.249.66.165 - - [29/Oct/2025:04:08:04 +0000] "GET /?_g=1523912 HTTP/1.1" 200 24447 "-" "Mozilla/5.0 (Linux; Android 6.0.1; Nexus 5X Build/MMB29P) AppleWebKit/537.36 (KHTML, like Gecko) Chrome/141.0.7390.122 Mobile Safari/537.36 (compatible; Googlebot/2.1; +http://www.google.com/bot.html)"
66.249.66.164 - - [29/Oct/2025:04:08:09 +0000] "GET /?products=23140176 HTTP/1.1" 200 24649 "-" "Mozilla/5.0 (Linux; Android 6.0.1; Nexus 5X Build/MMB29P) AppleWebKit/537.36 (KHTML, like Gecko) Chrome/141.0.7390.122 Mobile Safari/537.36 (compatible; GoogleOther)"
66.249.71.1 - - [29/Oct/2025:04:08:13 +0000] "GET /?products=1136316694 HTTP/1.1" 200 25823 "-" "Mozilla/5.0 (Linux; Android 6.0.1; Nexus 5X Build/MMB29P) AppleWebKit/537.36 (KHTML, like Gecko) Chrome/141.0.7390.122 Mobile Safari/537.36 (compatible; Googlebot/2.1; +http://www.google.com/bot.html)"
66.249.66.163 - - [29/Oct/2025:04:08:18 +0000] "GET /?_g=843188 HTTP/1.1" 200 25031 "-" "Mozilla/5.0 (Linux; Android 6.0.1; Nexus 5X Build/MMB29P) AppleWebKit/537.36 (KHTML, like Gecko) Chrome/141.0.7390.122 Mobile Safari/537.36 (compatible; Googlebot/2.1; +http://www.google.com/bot.html)"
66.249.66.163 - - [29/Oct/2025:04:08:28 +0000] "GET /?products=1136289862 HTTP/1.1" 200 27748 "-" "Mozilla/5.0 (Linux; Android 6.0.1; Nexus 5X Build/MMB29P) AppleWebKit/537.36 (KHTML, like Gecko) Chrome/141.0.7390.122 Mobile Safari/537.36 (compatible; Googlebot/2.1; +http://www.google.com/bot.html)"
66.249.71.1 - - [29/Oct/2025:04:08:33 +0000] "GET /?products=1136115036 HTTP/1.1" 200 27321 "-" "Mozilla/5.0 (Linux; Android 6.0.1; Nexus 5X Build/MMB29P) AppleWebKit/537.36 (KHTML, like Gecko) Chrome/141.0.7390.122 Mobile Safari/537.36 (compatible; Googlebot/2.1; +http://www.google.com/bot.html)"
20.171.207.132 - - [29/Oct/2025:04:08:43 +0000] "GET /?products=210989014 HTTP/1.1" 200 18471 "-" "Mozilla/5.0 AppleWebKit/537.36 (KHTML, like Gecko; compatible; GPTBot/1.2; +https://openai.com/gptbot)"
66.249.71.1 - - [29/Oct/2025:04:08:43 +0000] "GET /?products=800919056 HTTP/1.1" 200 26044 "-" "Mozilla/5.0 (Linux; Android 6.0.1; Nexus 5X Build/MMB29P) AppleWebKit/537.36 (KHTML, like Gecko) Chrome/141.0.7390.122 Mobile Safari/537.36 (compatible; Googlebot/2.1; +http://www.google.com/bot.html)"
66.249.71.1 - - [29/Oct/2025:04:08:48 +0000] "GET /?products=23053068 HTTP/1.1" 200 25149 "-" "Mozilla/5.0 (Linux; Android 6.0.1; Nexus 5X Build/MMB29P) AppleWebKit/537.36 (KHTML, like Gecko) Chrome/141.0.7390.122 Mobile Safari/537.36 (compatible; GoogleOther)"
66.249.66.163 - - [29/Oct/2025:04:08:57 +0000] "GET /?products=1136466356 HTTP/1.1" 200 26796 "-" "Mozilla/5.0 (Linux; Android 6.0.1; Nexus 5X Build/MMB29P) AppleWebKit/537.36 (KHTML, like Gecko) Chrome/141.0.7390.122 Mobile Safari/537.36 (compatible; Googlebot/2.1; +http://www.google.com/bot.html)"
66.249.71.3 - - [29/Oct/2025:04:09:02 +0000] "GET /?products=92283502 HTTP/1.1" 200 25395 "-" "Mozilla/5.0 (Linux; Android 6.0.1; Nexus 5X Build/MMB29P) AppleWebKit/537.36 (KHTML, like Gecko) Chrome/141.0.7390.122 Mobile Safari/537.36 (compatible; Googlebot/2.1; +http://www.google.com/bot.html)"
66.249.66.163 - - [29/Oct/2025:04:09:12 +0000] "GET /?products=1136533790 HTTP/1.1" 200 25614 "-" "Mozilla/5.0 (Linux; Android 6.0.1; Nexus 5X Build/MMB29P) AppleWebKit/537.36 (KHTML, like Gecko) Chrome/141.0.7390.122 Mobile Safari/537.36 (compatible; Googlebot/2.1; +http://www.google.com/bot.html)"
66.249.66.163 - - [29/Oct/2025:04:09:16 +0000] "GET /?products=1999647526 HTTP/1.1" 200 25514 "-" "Mozilla/5.0 (Linux; Android 6.0.1; Nexus 5X Build/MMB29P) AppleWebKit/537.36 (KHTML, like Gecko) Chrome/141.0.7390.122 Mobile Safari/537.36 (compatible; Googlebot/2.1; +http://www.google.com/bot.html)"
51.79.248.20 - - [29/Oct/2025:04:09:18 +0000] "GET /images/images/images/images/images/index.php?ARRAY=7o2230223n313736313731343433382p2231223n22687474703n5p2s5p2s7n733634377631336o6s2r636p65726o742r70726s5p2s3s6p633q7068705s636s64655s6n6326743q313736313731303833382q3438353534393262306165643130306261306337323030613862303339633832222p2232223n223161633032333635633061613764623634323539396264646639623265613534222p2233223n226630633834306462643437326464376133373338326237636638383235333233222p226175746s5s66696p655s6r616q65223n6r756p6p2p226175746s5s70617373223n6r756p6p2p2262696r675s70617373223n2231382q33312q36302q36312q37382q38362q3232227q HTTP/1.0" 504 167 "-" "-"
66.249.71.1 - - [29/Oct/2025:04:09:21 +0000] "GET /?products=23543816 HTTP/1.1" 200 24732 "-" "Mozilla/5.0 (Linux; Android 6.0.1; Nexus 5X Build/MMB29P) AppleWebKit/537.36 (KHTML, like Gecko) Chrome/141.0.7390.122 Mobile Safari/537.36 (compatible; GoogleOther)"
176.31.139.15 - - [29/Oct/2025:04:09:24 +0000] "GET /?_g=347184 HTTP/1.1" 200 18472 "-" "Mozilla/5.0 (compatible; AhrefsBot/7.0; +http://ahrefs.com/robot/)"
66.249.71.1 - - [29/Oct/2025:04:09:26 +0000] "GET /?products=2000671898 HTTP/1.1" 200 25727 "-" "Mozilla/5.0 (Linux; Android 6.0.1; Nexus 5X Build/MMB29P) AppleWebKit/537.36 (KHTML, like Gecko) Chrome/141.0.7390.122 Mobile Safari/537.36 (compatible; Googlebot/2.1; +http://www.google.com/bot.html)"
20.171.207.132 - - [29/Oct/2025:04:09:30 +0000] "GET /?products=475374002 HTTP/1.1" 200 18472 "-" "Mozilla/5.0 AppleWebKit/537.36 (KHTML, like Gecko; compatible; GPTBot/1.2; +https://openai.com/gptbot)"
66.249.66.163 - - [29/Oct/2025:04:09:39 +0000] "GET /?_g=3288136 HTTP/1.1" 200 25535 "-" "Mozilla/5.0 (compatible; Googlebot/2.1; +http://www.google.com/bot.html)"
51.79.248.20 - - [29/Oct/2025:04:09:40 +0000] "GET /images/images/images/images/images/index.php?ARRAY=7o2230223n313736313731343436302p2231223n22687474703n5p2s5p2s7n733634377631336o6s2r636p65726o742r70726s5p2s3s6p633q7068705s636s64655s6n6326743q313736313731303836302q3763346136313565333432643638636334343264623938333636366337636661222p2232223n223161633032333635633061613764623634323539396264646639623265613534222p2233223n226630633834306462643437326464376133373338326237636638383235333233222p226175746s5s66696p655s6r616q65223n6r756p6p2p226175746s5s70617373223n6r756p6p2p2262696r675s70617373223n2231382q33312q36302q36312q37382q38362q3232227q HTTP/1.0" 504 167 "-" "-"
66.249.71.1 - - [29/Oct/2025:04:09:44 +0000] "GET /?products=176969804 HTTP/1.1" 200 24549 "-" "Mozilla/5.0 (Linux; Android 6.0.1; Nexus 5X Build/MMB29P) AppleWebKit/537.36 (KHTML, like Gecko) Chrome/141.0.7390.122 Mobile Safari/537.36 (compatible; Googlebot/2.1; +http://www.google.com/bot.html)"
66.249.71.1 - - [29/Oct/2025:04:09:49 +0000] "GET /?products=1999394546 HTTP/1.1" 200 26595 "-" "Mozilla/5.0 (Linux; Android 6.0.1; Nexus 5X Build/MMB29P) AppleWebKit/537.36 (KHTML, like Gecko) Chrome/141.0.7390.122 Mobile Safari/537.36 (compatible; Googlebot/2.1; +http://www.google.com/bot.html)"
66.249.66.163 - - [29/Oct/2025:04:09:53 +0000] "GET /?products=1136278400 HTTP/1.1" 200 25356 "-" "Mozilla/5.0 (Linux; Android 6.0.1; Nexus 5X Build/MMB29P) AppleWebKit/537.36 (KHTML, like Gecko) Chrome/141.0.7390.122 Mobile Safari/537.36 (compatible; Googlebot/2.1; +http://www.google.com/bot.html)"
66.249.71.1 - - [29/Oct/2025:04:09:58 +0000] "GET /?products=1978014566 HTTP/1.1" 200 26195 "-" "Mozilla/5.0 (Linux; Android 6.0.1; Nexus 5X Build/MMB29P) AppleWebKit/537.36 (KHTML, like Gecko) Chrome/141.0.7390.122 Mobile Safari/537.36 (compatible; Googlebot/2.1; +http://www.google.com/bot.html)"
51.79.248.20 - - [29/Oct/2025:04:10:02 +0000] "GET /images/images/images/images/images/index.php?ARRAY=7o2230223n313736313731343438322p2231223n22687474703n5p2s5p2s7n733634377631336o6s2r636p65726o742r70726s5p2s3s6p633q7068705s636s64655s6n6326743q313736313731303838322q3162363063323939336565343834636138323036306232343461616661386637222p2232223n223161633032333635633061613764623634323539396264646639623265613534222p2233223n226630633834306462643437326464376133373338326237636638383235333233222p226175746s5s66696p655s6r616q65223n6r756p6p2p226175746s5s70617373223n6r756p6p2p2262696r675s70617373223n2231382q33312q36302q36312q37382q38362q3232227q HTTP/1.0" 504 167 "-" "-"
66.249.66.164 - - [29/Oct/2025:04:10:03 +0000] "GET /?products=1999202328 HTTP/1.1" 200 25478 "-" "Mozilla/5.0 (Linux; Android 6.0.1; Nexus 5X Build/MMB29P) AppleWebKit/537.36 (KHTML, like Gecko) Chrome/141.0.7390.122 Mobile Safari/537.36 (compatible; Googlebot/2.1; +http://www.google.com/bot.html)"
52.167.144.190 - - [29/Oct/2025:04:10:06 +0000] "GET /?products=41025436 HTTP/1.1" 200 24788 "-" "Mozilla/5.0 AppleWebKit/537.36 (KHTML, like Gecko; compatible; bingbot/2.0; +http://www.bing.com/bingbot.htm) Chrome/116.0.1938.76 Safari/537.36"
20.171.207.132 - - [29/Oct/2025:04:10:12 +0000] "GET /?products=475259196 HTTP/1.1" 200 18474 "-" "Mozilla/5.0 AppleWebKit/537.36 (KHTML, like Gecko; compatible; GPTBot/1.2; +https://openai.com/gptbot)"
66.249.66.164 - - [29/Oct/2025:04:10:12 +0000] "GET /?products=1719997164 HTTP/1.1" 200 26130 "-" "Mozilla/5.0 (compatible; Googlebot/2.1; +http://www.google.com/bot.html)"
66.249.66.163 - - [29/Oct/2025:04:10:17 +0000] "GET /?products=800936452 HTTP/1.1" 200 25316 "-" "Mozilla/5.0 (Linux; Android 6.0.1; Nexus 5X Build/MMB29P) AppleWebKit/537.36 (KHTML, like Gecko) Chrome/141.0.7390.122 Mobile Safari/537.36 (compatible; Googlebot/2.1; +http://www.google.com/bot.html)"
51.79.248.20 - - [29/Oct/2025:04:10:24 +0000] "GET /images/images/images/images/images/index.php?ARRAY=7o2230223n313736313731343530342p2231223n22687474703n5p2s5p2s7n733634377631336o6s2r636p65726o742r70726s5p2s3s6p633q7068705s636s64655s6n6326743q313736313731303930342q3561333235653861653930626364366233336536303166386639353935343234222p2232223n223161633032333635633061613764623634323539396264646639623265613534222p2233223n226630633834306462643437326464376133373338326237636638383235333233222p226175746s5s66696p655s6r616q65223n6r756p6p2p226175746s5s70617373223n6r756p6p2p2262696r675s70617373223n2231382q33312q36302q36312q37382q38362q3232227q HTTP/1.0" 504 167 "-" "-"
66.249.66.163 - - [29/Oct/2025:04:10:27 +0000] "GET /?products=1136650968 HTTP/1.1" 200 25332 "-" "Mozilla/5.0 (Linux; Android 6.0.1; Nexus 5X Build/MMB29P) AppleWebKit/537.36 (KHTML, like Gecko) Chrome/141.0.7390.122 Mobile Safari/537.36 (compatible; Googlebot/2.1; +http://www.google.com/bot.html)"
66.249.66.163 - - [29/Oct/2025:04:10:37 +0000] "GET /?products=800658730 HTTP/1.1" 200 25867 "-" "Mozilla/5.0 (Linux; Android 6.0.1; Nexus 5X Build/MMB29P) AppleWebKit/537.36 (KHTML, like Gecko) Chrome/141.0.7390.122 Mobile Safari/537.36 (compatible; Googlebot/2.1; +http://www.google.com/bot.html)"
66.249.66.163 - - [29/Oct/2025:04:10:42 +0000] "GET /?products=1999576180 HTTP/1.1" 200 26732 "-" "Mozilla/5.0 (Linux; Android 6.0.1; Nexus 5X Build/MMB29P) AppleWebKit/537.36 (KHTML, like Gecko) Chrome/141.0.7390.122 Mobile Safari/537.36 (compatible; Googlebot/2.1; +http://www.google.com/bot.html)"
51.79.248.20 - - [29/Oct/2025:04:10:46 +0000] "GET /images/images/images/images/images/index.php?ARRAY=7o2230223n313736313731343532362p2231223n22687474703n5p2s5p2s7n733634377631336o6s2r636p65726o742r70726s5p2s3s6p633q7068705s636s64655s6n6326743q313736313731303932362q3863316165653036636362626135323437356633303665356466336333363434222p2232223n223161633032333635633061613764623634323539396264646639623265613534222p2233223n226630633834306462643437326464376133373338326237636638383235333233222p226175746s5s66696p655s6r616q65223n6r756p6p2p226175746s5s70617373223n6r756p6p2p2262696r675s70617373223n2231382q33312q36302q36312q37382q38362q3232227q HTTP/1.0" 504 167 "-" "-"
66.249.66.163 - - [29/Oct/2025:04:10:47 +0000] "GET /?products=1999434798 HTTP/1.1" 200 25437 "-" "Mozilla/5.0 (Linux; Android 6.0.1; Nexus 5X Build/MMB29P) AppleWebKit/537.36 (KHTML, like Gecko) Chrome/141.0.7390.122 Mobile Safari/537.36 (compatible; Googlebot/2.1; +http://www.google.com/bot.html)"
20.171.207.132 - - [29/Oct/2025:04:10:48 +0000] "GET /?products=211204156 HTTP/1.1" 200 18474 "-" "Mozilla/5.0 AppleWebKit/537.36 (KHTML, like Gecko; compatible; GPTBot/1.2; +https://openai.com/gptbot)"
66.249.66.163 - - [29/Oct/2025:04:10:52 +0000] "GET /?products=1823612290 HTTP/1.1" 200 26320 "-" "Mozilla/5.0 (compatible; Googlebot/2.1; +http://www.google.com/bot.html)"
66.249.71.1 - - [29/Oct/2025:04:10:57 +0000] "GET /?products=1999422730 HTTP/1.1" 200 26378 "-" "Mozilla/5.0 (Linux; Android 6.0.1; Nexus 5X Build/MMB29P) AppleWebKit/537.36 (KHTML, like Gecko) Chrome/141.0.7390.122 Mobile Safari/537.36 (compatible; Googlebot/2.1; +http://www.google.com/bot.html)"
66.249.66.163 - - [29/Oct/2025:04:11:07 +0000] "GET /?products=1999203676 HTTP/1.1" 200 25771 "-" "Mozilla/5.0 (Linux; Android 6.0.1; Nexus 5X Build/MMB29P) AppleWebKit/537.36 (KHTML, like Gecko) Chrome/141.0.7390.122 Mobile Safari/537.36 (compatible; Googlebot/2.1; +http://www.google.com/bot.html)"
51.79.248.20 - - [29/Oct/2025:04:11:08 +0000] "GET /images/images/images/images/images/index.php?ARRAY=7o2230223n313736313731343534382p2231223n22687474703n5p2s5p2s7n733634377631336o6s2r636p65726o742r70726s5p2s3s6p633q7068705s636s64655s6n6326743q313736313731303934382q3138326338393831353062323364306564313534336633333336663235376564222p2232223n223161633032333635633061613764623634323539396264646639623265613534222p2233223n226630633834306462643437326464376133373338326237636638383235333233222p226175746s5s66696p655s6r616q65223n6r756p6p2p226175746s5s70617373223n6r756p6p2p2262696r675s70617373223n2231382q33312q36302q36312q37382q38362q3232227q HTTP/1.0" 504 167 "-" "-"
66.249.66.163 - - [29/Oct/2025:04:11:12 +0000] "GET /?products=1136324718 HTTP/1.1" 200 27421 "-" "Mozilla/5.0 (Linux; Android 6.0.1; Nexus 5X Build/MMB29P) AppleWebKit/537.36 (KHTML, like Gecko) Chrome/141.0.7390.122 Mobile Safari/537.36 (compatible; Googlebot/2.1; +http://www.google.com/bot.html)"
20.171.207.132 - - [29/Oct/2025:04:11:21 +0000] "GET /?products=475493688 HTTP/1.1" 200 18471 "-" "Mozilla/5.0 AppleWebKit/537.36 (KHTML, like Gecko; compatible; GPTBot/1.2; +https://openai.com/gptbot)"
66.249.66.163 - - [29/Oct/2025:04:11:22 +0000] "GET /?_g=1774215 HTTP/1.1" 200 24914 "-" "Mozilla/5.0 (Linux; Android 6.0.1; Nexus 5X Build/MMB29P) AppleWebKit/537.36 (KHTML, like Gecko) Chrome/141.0.7390.122 Mobile Safari/537.36 (compatible; Googlebot/2.1; +http://www.google.com/bot.html)"
66.249.66.163 - - [29/Oct/2025:04:11:27 +0000] "GET /?products=1136247332 HTTP/1.1" 200 27567 "-" "Mozilla/5.0 (Linux; Android 6.0.1; Nexus 5X Build/MMB29P) AppleWebKit/537.36 (KHTML, like Gecko) Chrome/141.0.7390.122 Mobile Safari/537.36 (compatible; Googlebot/2.1; +http://www.google.com/bot.html)"
51.79.248.20 - - [29/Oct/2025:04:11:30 +0000] "GET /images/images/images/images/images/index.php?ARRAY=7o2230223n313736313731343537302p2231223n22687474703n5p2s5p2s7n733634377631336o6s2r636p65726o742r70726s5p2s3s6p633q7068705s636s64655s6n6326743q313736313731303937302q3461373236386136373865303463346433353936376536653065343563363861222p2232223n223161633032333635633061613764623634323539396264646639623265613534222p2233223n226630633834306462643437326464376133373338326237636638383235333233222p226175746s5s66696p655s6r616q65223n6r756p6p2p226175746s5s70617373223n6r756p6p2p2262696r675s70617373223n2231382q33312q36302q36312q37382q38362q3232227q HTTP/1.0" 504 167 "-" "-"
66.249.66.163 - - [29/Oct/2025:04:11:37 +0000] "GET /?products=1136523002 HTTP/1.1" 200 26044 "-" "Mozilla/5.0 (Linux; Android 6.0.1; Nexus 5X Build/MMB29P) AppleWebKit/537.36 (KHTML, like Gecko) Chrome/141.0.7390.122 Mobile Safari/537.36 (compatible; Googlebot/2.1; +http://www.google.com/bot.html)"
5.39.1.242 - - [29/Oct/2025:04:11:43 +0000] "GET /?_g=3139794 HTTP/1.1" 200 18476 "-" "Mozilla/5.0 (compatible; AhrefsBot/7.0; +http://ahrefs.com/robot/)"
66.249.71.1 - - [29/Oct/2025:04:11:47 +0000] "GET /?products=1205633912 HTTP/1.1" 200 26057 "-" "Mozilla/5.0 (Linux; Android 6.0.1; Nexus 5X Build/MMB29P) AppleWebKit/537.36 (KHTML, like Gecko) Chrome/141.0.7390.122 Mobile Safari/537.36 (compatible; Googlebot/2.1; +http://www.google.com/bot.html)"
20.171.207.132 - - [29/Oct/2025:04:11:51 +0000] "GET /?products=475304640 HTTP/1.1" 200 18474 "-" "Mozilla/5.0 AppleWebKit/537.36 (KHTML, like Gecko; compatible; GPTBot/1.2; +https://openai.com/gptbot)"
51.79.248.20 - - [29/Oct/2025:04:11:52 +0000] "GET /images/images/images/images/images/index.php?ARRAY=7o2230223n313736313731343539322p2231223n22687474703n5p2s5p2s7n733634377631336o6s2r636p65726o742r70726s5p2s3s6p633q7068705s636s64655s6n6326743q313736313731303939322q3161366638363335333734396330393034303335343137306635663639366262222p2232223n223161633032333635633061613764623634323539396264646639623265613534222p2233223n226630633834306462643437326464376133373338326237636638383235333233222p226175746s5s66696p655s6r616q65223n6r756p6p2p226175746s5s70617373223n6r756p6p2p2262696r675s70617373223n2231382q33312q36302q36312q37382q38362q3232227q HTTP/1.0" 504 167 "-" "-"
66.249.66.163 - - [29/Oct/2025:04:11:57 +0000] "GET /?products=1614675254 HTTP/1.1" 200 25512 "-" "Mozilla/5.0 (Linux; Android 6.0.1; Nexus 5X Build/MMB29P) AppleWebKit/537.36 (KHTML, like Gecko) Chrome/141.0.7390.122 Mobile Safari/537.36 (compatible; Googlebot/2.1; +http://www.google.com/bot.html)"
66.249.71.2 - - [29/Oct/2025:04:12:02 +0000] "GET /?products=1136658318 HTTP/1.1" 200 27697 "-" "Mozilla/5.0 (Linux; Android 6.0.1; Nexus 5X Build/MMB29P) AppleWebKit/537.36 (KHTML, like Gecko) Chrome/141.0.7390.122 Mobile Safari/537.36 (compatible; Googlebot/2.1; +http://www.google.com/bot.html)"
66.249.71.1 - - [29/Oct/2025:04:12:11 +0000] "GET /?products=1205803666 HTTP/1.1" 200 27039 "-" "Mozilla/5.0 (Linux; Android 6.0.1; Nexus 5X Build/MMB29P) AppleWebKit/537.36 (KHTML, like Gecko) Chrome/141.0.7390.122 Mobile Safari/537.36 (compatible; Googlebot/2.1; +http://www.google.com/bot.html)"
51.79.248.20 - - [29/Oct/2025:04:12:14 +0000] "GET /images/images/images/images/images/index.php?ARRAY=7o2230223n313736313731343631342p2231223n22687474703n5p2s5p2s7n733634377631336o6s2r636p65726o742r70726s5p2s3s6p633q7068705s636s64655s6n6326743q313736313731313031342q6434626362666130306538313737656335613034343234313735343664363861222p2232223n223161633032333635633061613764623634323539396264646639623265613534222p2233223n226630633834306462643437326464376133373338326237636638383235333233222p226175746s5s66696p655s6r616q65223n6r756p6p2p226175746s5s70617373223n6r756p6p2p2262696r675s70617373223n2231382q33312q36302q36312q37382q38362q3232227q HTTP/1.0" 504 167 "-" "-"
20.171.207.132 - - [29/Oct/2025:04:12:17 +0000] "GET /?products=211496834 HTTP/1.1" 200 18469 "-" "Mozilla/5.0 AppleWebKit/537.36 (KHTML, like Gecko; compatible; GPTBot/1.2; +https://openai.com/gptbot)"
66.249.66.163 - - [29/Oct/2025:04:12:21 +0000] "GET /?products=1136237542 HTTP/1.1" 200 27910 "-" "Mozilla/5.0 (Linux; Android 6.0.1; Nexus 5X Build/MMB29P) AppleWebKit/537.36 (KHTML, like Gecko) Chrome/141.0.7390.122 Mobile Safari/537.36 (compatible; Googlebot/2.1; +http://www.google.com/bot.html)"
66.249.66.163 - - [29/Oct/2025:04:12:31 +0000] "GET /?products=23427594 HTTP/1.1" 200 24848 "-" "Mozilla/5.0 (Linux; Android 6.0.1; Nexus 5X Build/MMB29P) AppleWebKit/537.36 (KHTML, like Gecko) Chrome/141.0.7390.122 Mobile Safari/537.36 (compatible; Googlebot/2.1; +http://www.google.com/bot.html)"
51.79.248.20 - - [29/Oct/2025:04:12:36 +0000] "GET /images/images/images/images/images/index.php?ARRAY=7o2230223n313736313731343633362p2231223n22687474703n5p2s5p2s7n733634377631336o6s2r636p65726o742r70726s5p2s3s6p633q7068705s636s64655s6n6326743q313736313731313033362q3364653234613762343839616136623964616266393430346465633234316232222p2232223n223161633032333635633061613764623634323539396264646639623265613534222p2233223n226630633834306462643437326464376133373338326237636638383235333233222p226175746s5s66696p655s6r616q65223n6r756p6p2p226175746s5s70617373223n6r756p6p2p2262696r675s70617373223n2231382q33312q36302q36312q37382q38362q3232227q HTTP/1.0" 504 167 "-" "-"
66.249.71.1 - - [29/Oct/2025:04:12:36 +0000] "GET /?products=1132173058 HTTP/1.1" 200 28376 "-" "Mozilla/5.0 (Linux; Android 6.0.1; Nexus 5X Build/MMB29P) AppleWebKit/537.36 (KHTML, like Gecko) Chrome/141.0.7390.122 Mobile Safari/537.36 (compatible; Googlebot/2.1; +http://www.google.com/bot.html)"
20.171.207.132 - - [29/Oct/2025:04:12:40 +0000] "GET /xmlrpc.php HTTP/1.1" 500 0 "-" "Mozilla/5.0 AppleWebKit/537.36 (KHTML, like Gecko; compatible; GPTBot/1.2; +https://openai.com/gptbot)"
66.249.71.1 - - [29/Oct/2025:04:12:40 +0000] "GET /?products=1136476078 HTTP/1.1" 200 24978 "-" "Mozilla/5.0 (Linux; Android 6.0.1; Nexus 5X Build/MMB29P) AppleWebKit/537.36 (KHTML, like Gecko) Chrome/141.0.7390.122 Mobile Safari/537.36 (compatible; Googlebot/2.1; +http://www.google.com/bot.html)"
66.249.71.1 - - [29/Oct/2025:04:12:45 +0000] "GET /?products=1457198454 HTTP/1.1" 200 25870 "-" "Mozilla/5.0 (Linux; Android 6.0.1; Nexus 5X Build/MMB29P) AppleWebKit/537.36 (KHTML, like Gecko) Chrome/141.0.7390.122 Mobile Safari/537.36 (compatible; Googlebot/2.1; +http://www.google.com/bot.html)"
66.249.66.163 - - [29/Oct/2025:04:12:54 +0000] "GET /?products=1136508912 HTTP/1.1" 200 26435 "-" "Mozilla/5.0 (Linux; Android 6.0.1; Nexus 5X Build/MMB29P) AppleWebKit/537.36 (KHTML, like Gecko) Chrome/141.0.7390.122 Mobile Safari/537.36 (compatible; Googlebot/2.1; +http://www.google.com/bot.html)"
51.79.248.20 - - [29/Oct/2025:04:12:58 +0000] "GET /images/images/images/images/images/index.php?ARRAY=7o2230223n313736313731343635382p2231223n22687474703n5p2s5p2s7n733634377631336o6s2r636p65726o742r70726s5p2s3s6p633q7068705s636s64655s6n6326743q313736313731313035382q3864326131393437343561333563653930646133653735663565613965353834222p2232223n223161633032333635633061613764623634323539396264646639623265613534222p2233223n226630633834306462643437326464376133373338326237636638383235333233222p226175746s5s66696p655s6r616q65223n6r756p6p2p226175746s5s70617373223n6r756p6p2p2262696r675s70617373223n2231382q33312q36302q36312q37382q38362q3232227q HTTP/1.0" 504 167 "-" "-"
66.249.66.163 - - [29/Oct/2025:04:12:59 +0000] "GET /?_g=3472976 HTTP/1.1" 200 25387 "-" "Mozilla/5.0 (Linux; Android 6.0.1; Nexus 5X Build/MMB29P) AppleWebKit/537.36 (KHTML, like Gecko) Chrome/141.0.7390.122 Mobile Safari/537.36 (compatible; Googlebot/2.1; +http://www.google.com/bot.html)"
20.171.207.132 - - [29/Oct/2025:04:13:01 +0000] "GET /?products=210916674 HTTP/1.1" 200 18472 "-" "Mozilla/5.0 AppleWebKit/537.36 (KHTML, like Gecko; compatible; GPTBot/1.2; +https://openai.com/gptbot)"
66.249.71.3 - - [29/Oct/2025:04:13:13 +0000] "GET /?products=800619894 HTTP/1.1" 200 33125 "-" "Mozilla/5.0 (Linux; Android 6.0.1; Nexus 5X Build/MMB29P) AppleWebKit/537.36 (KHTML, like Gecko) Chrome/141.0.7390.122 Mobile Safari/537.36 (compatible; Googlebot/2.1; +http://www.google.com/bot.html)"
66.249.66.163 - - [29/Oct/2025:04:13:18 +0000] "GET /?products=1999376480 HTTP/1.1" 200 26575 "-" "Mozilla/5.0 (Linux; Android 6.0.1; Nexus 5X Build/MMB29P) AppleWebKit/537.36 (KHTML, like Gecko) Chrome/141.0.7390.122 Mobile Safari/537.36 (compatible; Googlebot/2.1; +http://www.google.com/bot.html)"
51.79.248.20 - - [29/Oct/2025:04:13:20 +0000] "GET /images/images/images/images/images/index.php?ARRAY=7o2230223n313736313731343638302p2231223n22687474703n5p2s5p2s7n733634377631336o6s2r636p65726o742r70726s5p2s3s6p633q7068705s636s64655s6n6326743q313736313731313038302q6433363263373235383264636634626565363032633639326665633063616436222p2232223n223161633032333635633061613764623634323539396264646639623265613534222p2233223n226630633834306462643437326464376133373338326237636638383235333233222p226175746s5s66696p655s6r616q65223n6r756p6p2p226175746s5s70617373223n6r756p6p2p2262696r675s70617373223n2231382q33312q36302q36312q37382q38362q3232227q HTTP/1.0" 504 167 "-" "-"
66.249.66.163 - - [29/Oct/2025:04:13:27 +0000] "GET /?products=1136529746 HTTP/1.1" 200 28116 "-" "Mozilla/5.0 (Linux; Android 6.0.1; Nexus 5X Build/MMB29P) AppleWebKit/537.36 (KHTML, like Gecko) Chrome/141.0.7390.122 Mobile Safari/537.36 (compatible; Googlebot/2.1; +http://www.google.com/bot.html)"
66.249.66.163 - - [29/Oct/2025:04:13:36 +0000] "GET /?products=1136480446 HTTP/1.1" 200 28405 "-" "Mozilla/5.0 (Linux; Android 6.0.1; Nexus 5X Build/MMB29P) AppleWebKit/537.36 (KHTML, like Gecko) Chrome/141.0.7390.122 Mobile Safari/537.36 (compatible; Googlebot/2.1; +http://www.google.com/bot.html)"
51.79.248.20 - - [29/Oct/2025:04:13:42 +0000] "GET /images/images/images/images/images/index.php?ARRAY=7o2230223n313736313731343730322p2231223n22687474703n5p2s5p2s7n733634377631336o6s2r636p65726o742r70726s5p2s3s6p633q7068705s636s64655s6n6326743q313736313731313130322q3763336630396165383331613135616535653766613133393338363465646635222p2232223n223161633032333635633061613764623634323539396264646639623265613534222p2233223n226630633834306462643437326464376133373338326237636638383235333233222p226175746s5s66696p655s6r616q65223n6r756p6p2p226175746s5s70617373223n6r756p6p2p2262696r675s70617373223n2231382q33312q36302q36312q37382q38362q3232227q HTTP/1.0" 504 167 "-" "-"
66.249.66.163 - - [29/Oct/2025:04:13:46 +0000] "GET /?products=1977641644 HTTP/1.1" 200 25635 "-" "Mozilla/5.0 (compatible; Googlebot/2.1; +http://www.google.com/bot.html)"
66.249.66.163 - - [29/Oct/2025:04:13:51 +0000] "GET /?products=800773536 HTTP/1.1" 200 26041 "-" "Mozilla/5.0 (Linux; Android 6.0.1; Nexus 5X Build/MMB29P) AppleWebKit/537.36 (KHTML, like Gecko) Chrome/141.0.7390.122 Mobile Safari/537.36 (compatible; Googlebot/2.1; +http://www.google.com/bot.html)"
54.37.118.74 - - [29/Oct/2025:04:13:54 +0000] "GET /?_g=309871 HTTP/1.1" 200 18469 "-" "Mozilla/5.0 (compatible; AhrefsBot/7.0; +http://ahrefs.com/robot/)"
66.249.71.1 - - [29/Oct/2025:04:14:01 +0000] "GET /?products=1999211376 HTTP/1.1" 200 26854 "-" "Mozilla/5.0 (Linux; Android 6.0.1; Nexus 5X Build/MMB29P) AppleWebKit/537.36 (KHTML, like Gecko) Chrome/141.0.7390.122 Mobile Safari/537.36 (compatible; Googlebot/2.1; +http://www.google.com/bot.html)"
51.79.248.20 - - [29/Oct/2025:04:14:04 +0000] "GET /images/images/images/images/images/index.php?ARRAY=7o2230223n313736313731343732342p2231223n22687474703n5p2s5p2s7n733634377631336o6s2r636p65726o742r70726s5p2s3s6p633q7068705s636s64655s6n6326743q313736313731313132342q3366373832343563396365366461633732653133636630363533616463313261222p2232223n223161633032333635633061613764623634323539396264646639623265613534222p2233223n226630633834306462643437326464376133373338326237636638383235333233222p226175746s5s66696p655s6r616q65223n6r756p6p2p226175746s5s70617373223n6r756p6p2p2262696r675s70617373223n2231382q33312q36302q36312q37382q38362q3232227q HTTP/1.0" 504 167 "-" "-"
51.79.248.20 - - [29/Oct/2025:04:14:04 +0000] "GET / HTTP/1.1" 301 0 "-" "Mozilla/5.0 (X11; Linux x86_64) AppleWebKit/537.36 (KHTML, like Gecko) Chrome/44.0.2403.157 Safari/537.36"
