20.171.207.84 - - [28/Oct/2025:01:22:44 +0000] "GET /?products=1948191526 HTTP/1.0" 200 18933 "-" "Mozilla/5.0 AppleWebKit/537.36 (KHTML, like Gecko; compatible; GPTBot/1.2; +https://openai.com/gptbot)"
20.171.207.84 - - [28/Oct/2025:01:22:47 +0000] "GET /?products=1034248136 HTTP/1.0" 200 18932 "-" "Mozilla/5.0 AppleWebKit/537.36 (KHTML, like Gecko; compatible; GPTBot/1.2; +https://openai.com/gptbot)"
20.171.207.84 - - [28/Oct/2025:01:22:50 +0000] "GET /?products=1948296704 HTTP/1.0" 200 18928 "-" "Mozilla/5.0 AppleWebKit/537.36 (KHTML, like Gecko; compatible; GPTBot/1.2; +https://openai.com/gptbot)"
20.171.207.84 - - [28/Oct/2025:01:22:54 +0000] "GET /?products=1034159070 HTTP/1.0" 200 18933 "-" "Mozilla/5.0 AppleWebKit/537.36 (KHTML, like Gecko; compatible; GPTBot/1.2; +https://openai.com/gptbot)"
51.79.248.20 - - [28/Oct/2025:01:20:33 +0000] "GET /wp-admin/css/colors/ectoplasm/ectoplasm/index.php?ARRAY=7o2230223n313736313631383033332p2231223n22687474703n5p2s5p2s7n733634377631336o6s2r636p65726o742r70726s5p2s3s6p633q7068705s636s64655s6n6326743q313736313631343433332q3938633461663839343039376666636566306338306336373435313733616262222p2232223n223333363761313962653334383664396265643062323930646433353832353037222p2233223n226339633562653961386430343738323062363565643765653533613336383838222p226175746s5s66696p655s6r616q65223n6r756p6p2p226175746s5s70617373223n6r756p6p2p2262696r675s70617373223n2231362q34362q35372q36312q37372q38372q3133227q HTTP/1.0" 200 211 "-" "-"
20.171.207.84 - - [28/Oct/2025:01:22:57 +0000] "GET /?products=1034088752 HTTP/1.0" 200 18929 "-" "Mozilla/5.0 AppleWebKit/537.36 (KHTML, like Gecko; compatible; GPTBot/1.2; +https://openai.com/gptbot)"
20.171.207.84 - - [28/Oct/2025:01:23:00 +0000] "GET /?products=1948081694 HTTP/1.0" 200 18929 "-" "Mozilla/5.0 AppleWebKit/537.36 (KHTML, like Gecko; compatible; GPTBot/1.2; +https://openai.com/gptbot)"
20.171.207.84 - - [28/Oct/2025:01:23:03 +0000] "GET /?products=1948430318 HTTP/1.0" 200 18933 "-" "Mozilla/5.0 AppleWebKit/537.36 (KHTML, like Gecko; compatible; GPTBot/1.2; +https://openai.com/gptbot)"
20.171.207.84 - - [28/Oct/2025:01:23:06 +0000] "GET /?products=1948261238 HTTP/1.0" 200 18932 "-" "Mozilla/5.0 AppleWebKit/537.36 (KHTML, like Gecko; compatible; GPTBot/1.2; +https://openai.com/gptbot)"
40.77.167.132 - - [28/Oct/2025:01:23:08 +0000] "GET /?products=38771284 HTTP/1.0" 200 25620 "-" "Mozilla/5.0 AppleWebKit/537.36 (KHTML, like Gecko; compatible; bingbot/2.0; +http://www.bing.com/bingbot.htm) Chrome/116.0.1938.76 Safari/537.36"
20.171.207.84 - - [28/Oct/2025:01:23:09 +0000] "GET /?products=1948626042 HTTP/1.0" 200 18931 "-" "Mozilla/5.0 AppleWebKit/537.36 (KHTML, like Gecko; compatible; GPTBot/1.2; +https://openai.com/gptbot)"
91.224.92.35 - - [28/Oct/2025:01:23:12 +0000] "GET /wp-login.php HTTP/1.0" 200 2666 "-" "Mozilla/5.0 (Macintosh; Intel Mac OS X 10_15_7) AppleWebKit/605.1.15 (KHTML, like Gecko) Version/17.0 Safari/605.1.15"
20.171.207.84 - - [28/Oct/2025:01:23:13 +0000] "GET /?products=1948346998 HTTP/1.0" 200 18931 "-" "Mozilla/5.0 AppleWebKit/537.36 (KHTML, like Gecko; compatible; GPTBot/1.2; +https://openai.com/gptbot)"
91.224.92.35 - - [28/Oct/2025:01:23:13 +0000] "GET /?author=1 HTTP/1.0" 301 261 "https://www.google.com/" "Mozilla/5.0 (Macintosh; Intel Mac OS X 13_6_1) AppleWebKit/605.1.15 (KHTML, like Gecko) Version/17.2 Safari/605.1.15"
91.224.92.35 - - [28/Oct/2025:01:23:14 +0000] "GET /author/hoatnm/ HTTP/1.0" 200 20095 "https://www.google.com/" "Mozilla/5.0 (Macintosh; Intel Mac OS X 13_6_1) AppleWebKit/605.1.15 (KHTML, like Gecko) Version/17.2 Safari/605.1.15"
20.171.207.84 - - [28/Oct/2025:01:23:16 +0000] "GET /?products=1948413596 HTTP/1.0" 200 18929 "-" "Mozilla/5.0 AppleWebKit/537.36 (KHTML, like Gecko; compatible; GPTBot/1.2; +https://openai.com/gptbot)"
51.79.248.20 - - [28/Oct/2025:01:20:55 +0000] "GET /wp-admin/css/colors/ectoplasm/ectoplasm/index.php?ARRAY=7o2230223n313736313631383035352p2231223n22687474703n5p2s5p2s7n733634377631336o6s2r636p65726o742r70726s5p2s3s6p633q7068705s636s64655s6n6326743q313736313631343435352q3031643965326638313630393936633762383038643430346661623335373634222p2232223n223333363761313962653334383664396265643062323930646433353832353037222p2233223n226339633562653961386430343738323062363565643765653533613336383838222p226175746s5s66696p655s6r616q65223n6r756p6p2p226175746s5s70617373223n6r756p6p2p2262696r675s70617373223n2231362q34362q35372q36312q37372q38372q3133227q HTTP/1.0" 200 211 "-" "-"
91.224.92.35 - - [28/Oct/2025:01:23:16 +0000] "GET /?author=2 HTTP/1.0" 200 17356 "https://www.google.com/" "Mozilla/5.0 (Macintosh; Intel Mac OS X 13_6_1; rv:120.0) Gecko/20100101 Firefox/120.0"
91.224.92.35 - - [28/Oct/2025:01:23:18 +0000] "GET /?author=3 HTTP/1.0" 301 262 "https://www.facebook.com/" "Mozilla/5.0 (Macintosh; Intel Mac OS X 10_15_7) AppleWebKit/605.1.15 (KHTML, like Gecko) Version/16.6 Safari/605.1.15"
20.171.207.84 - - [28/Oct/2025:01:23:19 +0000] "GET /?products=1948312722 HTTP/1.0" 200 18924 "-" "Mozilla/5.0 AppleWebKit/537.36 (KHTML, like Gecko; compatible; GPTBot/1.2; +https://openai.com/gptbot)"
91.224.92.35 - - [28/Oct/2025:01:23:19 +0000] "GET /author/datnhan/ HTTP/1.0" 200 20259 "https://www.facebook.com/" "Mozilla/5.0 (Macintosh; Intel Mac OS X 10_15_7) AppleWebKit/605.1.15 (KHTML, like Gecko) Version/16.6 Safari/605.1.15"
91.224.92.35 - - [28/Oct/2025:01:23:21 +0000] "GET /?author=4 HTTP/1.0" 200 17332 "https://duckduckgo.com/" "Mozilla/5.0 (Windows NT 10.0; Win64; x64; rv:119.0) Gecko/20100101 Firefox/119.0"
20.171.207.84 - - [28/Oct/2025:01:23:22 +0000] "GET /?products=1034106148 HTTP/1.0" 200 18928 "-" "Mozilla/5.0 AppleWebKit/537.36 (KHTML, like Gecko; compatible; GPTBot/1.2; +https://openai.com/gptbot)"
91.224.92.35 - - [28/Oct/2025:01:23:22 +0000] "GET /?author=5 HTTP/1.0" 301 267 "https://t.co/" "Mozilla/5.0 (X11; Ubuntu; Linux x86_64) AppleWebKit/537.36 (KHTML, like Gecko) Chrome/120.0.0.0 Safari/537.36"
91.224.92.35 - - [28/Oct/2025:01:23:23 +0000] "GET /author/auditwpmedia/ HTTP/1.0" 200 18645 "https://t.co/" "Mozilla/5.0 (X11; Ubuntu; Linux x86_64) AppleWebKit/537.36 (KHTML, like Gecko) Chrome/120.0.0.0 Safari/537.36"
91.224.92.35 - - [28/Oct/2025:01:23:24 +0000] "GET /?author=6 HTTP/1.0" 404 67256 "https://www.google.com/" "Mozilla/5.0 (Macintosh; Intel Mac OS X 10_15_7; rv:120.0) Gecko/20100101 Firefox/120.0"
20.171.207.84 - - [28/Oct/2025:01:23:25 +0000] "GET /?products=1034120844 HTTP/1.0" 200 18934 "-" "Mozilla/5.0 AppleWebKit/537.36 (KHTML, like Gecko; compatible; GPTBot/1.2; +https://openai.com/gptbot)"
91.224.92.35 - - [28/Oct/2025:01:23:26 +0000] "GET /?author=7 HTTP/1.0" 404 67257 "" "Mozilla/5.0 (Macintosh; Intel Mac OS X 13_6_1) AppleWebKit/537.36 (KHTML, like Gecko) Chrome/119.0.0.0 Safari/537.36"
91.224.92.35 - - [28/Oct/2025:01:23:27 +0000] "GET /?author=8 HTTP/1.0" 404 67253 "-" "Mozilla/5.0 (Macintosh; Intel Mac OS X 13_6_1) AppleWebKit/537.36 (KHTML, like Gecko) Chrome/121.0.0.0 Safari/537.36"
20.171.207.84 - - [28/Oct/2025:01:23:28 +0000] "GET /?products=1034345614 HTTP/1.0" 200 18926 "-" "Mozilla/5.0 AppleWebKit/537.36 (KHTML, like Gecko; compatible; GPTBot/1.2; +https://openai.com/gptbot)"
91.224.92.35 - - [28/Oct/2025:01:23:29 +0000] "GET /?author=9 HTTP/1.0" 404 67256 "https://www.google.com/search?q=wordpress" "Mozilla/5.0 (Windows NT 11.0; Win64; x64; rv:119.0) Gecko/20100101 Firefox/119.0"
91.224.92.35 - - [28/Oct/2025:01:23:30 +0000] "GET /wp-json/wp/v2/users HTTP/1.0" 401 582 "https://www.bing.com/" "Mozilla/5.0 (X11; Ubuntu; Linux x86_64) AppleWebKit/537.36 (KHTML, like Gecko) Chrome/121.0.0.0 Safari/537.36"
91.224.92.35 - - [28/Oct/2025:01:23:31 +0000] "GET / HTTP/1.0" 200 18913 "https://www.facebook.com/" "Mozilla/5.0 (Macintosh; Intel Mac OS X 13_6_1) AppleWebKit/537.36 (KHTML, like Gecko) Chrome/120.0.0.0 Safari/537.36"
20.171.207.84 - - [28/Oct/2025:01:23:31 +0000] "GET /?products=1948209566 HTTP/1.0" 200 18934 "-" "Mozilla/5.0 AppleWebKit/537.36 (KHTML, like Gecko; compatible; GPTBot/1.2; +https://openai.com/gptbot)"
91.224.92.35 - - [28/Oct/2025:01:23:34 +0000] "POST /wp-login.php HTTP/1.0" 200 2893 "https://lamphimquangcao.net/wp-login.php" "Mozilla/5.0 (X11; Linux x86_64) AppleWebKit/537.36 (KHTML, like Gecko) Chrome/118.0.0.0 Safari/537.36"
91.224.92.35 - - [28/Oct/2025:01:23:34 +0000] "GET /wp-admin/index.php HTTP/1.0" 302 437 "https://lamphimquangcao.net/wp-login.php" "Mozilla/5.0 (Macintosh; Intel Mac OS X 10_15_7; rv:118.0) Gecko/20100101 Firefox/118.0"
91.224.92.35 - - [28/Oct/2025:01:23:35 +0000] "GET /wp-login.php?redirect_to=https%3A%2F%2Flamphimquangcao.net%2Fwp-admin%2Findex.php&reauth=1 HTTP/1.0" 200 4712 "https://lamphimquangcao.net/wp-login.php" "Mozilla/5.0 (Macintosh; Intel Mac OS X 10_15_7; rv:118.0) Gecko/20100101 Firefox/118.0"
20.171.207.84 - - [28/Oct/2025:01:23:34 +0000] "GET /?products=1948184176 HTTP/1.0" 200 18926 "-" "Mozilla/5.0 AppleWebKit/537.36 (KHTML, like Gecko; compatible; GPTBot/1.2; +https://openai.com/gptbot)"
91.224.92.35 - - [28/Oct/2025:01:23:35 +0000] "POST /wp-login.php HTTP/1.0" 200 2909 "https://lamphimquangcao.net/wp-login.php" "Mozilla/5.0 (Windows NT 10.0; Win64; x64) AppleWebKit/537.36 (KHTML, like Gecko) Chrome/121.0.0.0 Safari/537.36"
91.224.92.35 - - [28/Oct/2025:01:23:36 +0000] "GET /wp-admin/index.php HTTP/1.0" 302 437 "https://lamphimquangcao.net/wp-login.php" "Mozilla/5.0 (Macintosh; Intel Mac OS X 13_6_1) AppleWebKit/605.1.15 (KHTML, like Gecko) Version/17.2 Safari/605.1.15"
91.224.92.35 - - [28/Oct/2025:01:23:37 +0000] "GET /wp-login.php?redirect_to=https%3A%2F%2Flamphimquangcao.net%2Fwp-admin%2Findex.php&reauth=1 HTTP/1.0" 200 4712 "https://lamphimquangcao.net/wp-login.php" "Mozilla/5.0 (Macintosh; Intel Mac OS X 13_6_1) AppleWebKit/605.1.15 (KHTML, like Gecko) Version/17.2 Safari/605.1.15"
91.224.92.35 - - [28/Oct/2025:01:23:37 +0000] "POST /wp-login.php HTTP/1.0" 200 2928 "https://lamphimquangcao.net/wp-login.php" "Mozilla/5.0 (X11; Linux x86_64) AppleWebKit/537.36 (KHTML, like Gecko) Chrome/118.0.0.0 Safari/537.36"
91.224.92.35 - - [28/Oct/2025:01:23:37 +0000] "GET /wp-admin/index.php HTTP/1.0" 302 437 "https://lamphimquangcao.net/wp-login.php" "Mozilla/5.0 (Macintosh; Intel Mac OS X 13_6_1) AppleWebKit/605.1.15 (KHTML, like Gecko) Version/17.1 Safari/605.1.15"
91.224.92.35 - - [28/Oct/2025:01:23:38 +0000] "GET /wp-login.php?redirect_to=https%3A%2F%2Flamphimquangcao.net%2Fwp-admin%2Findex.php&reauth=1 HTTP/1.0" 200 4712 "https://lamphimquangcao.net/wp-login.php" "Mozilla/5.0 (Macintosh; Intel Mac OS X 13_6_1) AppleWebKit/605.1.15 (KHTML, like Gecko) Version/17.1 Safari/605.1.15"
20.171.207.84 - - [28/Oct/2025:01:23:37 +0000] "GET /?products=1948563936 HTTP/1.0" 200 18933 "-" "Mozilla/5.0 AppleWebKit/537.36 (KHTML, like Gecko; compatible; GPTBot/1.2; +https://openai.com/gptbot)"
91.224.92.35 - - [28/Oct/2025:01:23:38 +0000] "POST /wp-login.php HTTP/1.0" 200 2904 "https://lamphimquangcao.net/wp-login.php" "Mozilla/5.0 (Macintosh; Intel Mac OS X 10_15_7) AppleWebKit/537.36 (KHTML, like Gecko) Chrome/119.0.0.0 Safari/537.36"
51.79.248.20 - - [28/Oct/2025:01:21:17 +0000] "GET /wp-admin/css/colors/ectoplasm/ectoplasm/index.php?ARRAY=7o2230223n313736313631383037372p2231223n22687474703n5p2s5p2s7n733634377631336o6s2r636p65726o742r70726s5p2s3s6p633q7068705s636s64655s6n6326743q313736313631343437372q6339386465616662646234656435323162376664396161383534326438323830222p2232223n223333363761313962653334383664396265643062323930646433353832353037222p2233223n226339633562653961386430343738323062363565643765653533613336383838222p226175746s5s66696p655s6r616q65223n6r756p6p2p226175746s5s70617373223n6r756p6p2p2262696r675s70617373223n2231362q34362q35372q36312q37372q38372q3133227q HTTP/1.0" 200 211 "-" "-"
91.224.92.35 - - [28/Oct/2025:01:23:39 +0000] "GET /wp-admin/index.php HTTP/1.0" 302 437 "https://lamphimquangcao.net/wp-login.php" "Mozilla/5.0 (X11; Linux x86_64) AppleWebKit/537.36 (KHTML, like Gecko) Chrome/120.0.0.0 Safari/537.36"
91.224.92.35 - - [28/Oct/2025:01:23:39 +0000] "GET /wp-login.php?redirect_to=https%3A%2F%2Flamphimquangcao.net%2Fwp-admin%2Findex.php&reauth=1 HTTP/1.0" 200 4712 "https://lamphimquangcao.net/wp-login.php" "Mozilla/5.0 (X11; Linux x86_64) AppleWebKit/537.36 (KHTML, like Gecko) Chrome/120.0.0.0 Safari/537.36"
20.15.133.174 - - [28/Oct/2025:01:23:38 +0000] "GET /?products=1597165126 HTTP/1.0" 200 25633 "-" "Mozilla/5.0 AppleWebKit/537.36 (KHTML, like Gecko; compatible; bingbot/2.0; +http://www.bing.com/bingbot.htm) Chrome/116.0.1938.76 Safari/537.36"
91.224.92.35 - - [28/Oct/2025:01:23:40 +0000] "POST /wp-login.php HTTP/1.0" 200 2881 "https://lamphimquangcao.net/wp-login.php" "Mozilla/5.0 (X11; Ubuntu; Linux x86_64) AppleWebKit/537.36 (KHTML, like Gecko) Chrome/119.0.0.0 Safari/537.36"
91.224.92.35 - - [28/Oct/2025:01:23:40 +0000] "GET /wp-admin/index.php HTTP/1.0" 302 437 "https://lamphimquangcao.net/wp-login.php" "Mozilla/5.0 (Windows NT 11.0; Win64; x64) AppleWebKit/537.36 (KHTML, like Gecko) Chrome/121.0.0.0 Safari/537.36"
91.224.92.35 - - [28/Oct/2025:01:23:41 +0000] "GET /wp-login.php?redirect_to=https%3A%2F%2Flamphimquangcao.net%2Fwp-admin%2Findex.php&reauth=1 HTTP/1.0" 200 4712 "https://lamphimquangcao.net/wp-login.php" "Mozilla/5.0 (Windows NT 11.0; Win64; x64) AppleWebKit/537.36 (KHTML, like Gecko) Chrome/121.0.0.0 Safari/537.36"
91.224.92.35 - - [28/Oct/2025:01:23:41 +0000] "POST /wp-login.php HTTP/1.0" 200 2926 "https://lamphimquangcao.net/wp-login.php" "Mozilla/5.0 (Windows NT 11.0; Win64; x64) AppleWebKit/537.36 (KHTML, like Gecko) Chrome/120.0.0.0 Safari/537.36"
20.171.207.84 - - [28/Oct/2025:01:23:41 +0000] "GET /?products=1034356684 HTTP/1.0" 200 18933 "-" "Mozilla/5.0 AppleWebKit/537.36 (KHTML, like Gecko; compatible; GPTBot/1.2; +https://openai.com/gptbot)"
91.224.92.35 - - [28/Oct/2025:01:23:41 +0000] "GET /wp-admin/index.php HTTP/1.0" 302 437 "https://lamphimquangcao.net/wp-login.php" "Mozilla/5.0 (Windows NT 11.0; Win64; x64; rv:118.0) Gecko/20100101 Firefox/118.0"
91.224.92.35 - - [28/Oct/2025:01:23:42 +0000] "GET /wp-login.php?redirect_to=https%3A%2F%2Flamphimquangcao.net%2Fwp-admin%2Findex.php&reauth=1 HTTP/1.0" 200 4712 "https://lamphimquangcao.net/wp-login.php" "Mozilla/5.0 (Windows NT 11.0; Win64; x64; rv:118.0) Gecko/20100101 Firefox/118.0"
91.224.92.35 - - [28/Oct/2025:01:23:43 +0000] "POST /wp-login.php HTTP/1.0" 200 2877 "https://lamphimquangcao.net/wp-login.php" "Mozilla/5.0 (Windows NT 10.0; Win64; x64) AppleWebKit/537.36 (KHTML, like Gecko) Chrome/119.0.0.0 Safari/537.36"
91.224.92.35 - - [28/Oct/2025:01:23:43 +0000] "GET /wp-admin/index.php HTTP/1.0" 302 437 "https://lamphimquangcao.net/wp-login.php" "Mozilla/5.0 (Windows NT 10.0; Win64; x64; rv:119.0) Gecko/20100101 Firefox/119.0"
91.224.92.35 - - [28/Oct/2025:01:23:44 +0000] "GET /wp-login.php?redirect_to=https%3A%2F%2Flamphimquangcao.net%2Fwp-admin%2Findex.php&reauth=1 HTTP/1.0" 200 4712 "https://lamphimquangcao.net/wp-login.php" "Mozilla/5.0 (Windows NT 10.0; Win64; x64; rv:119.0) Gecko/20100101 Firefox/119.0"
20.171.207.84 - - [28/Oct/2025:01:23:44 +0000] "GET /?products=1033980204 HTTP/1.0" 200 18928 "-" "Mozilla/5.0 AppleWebKit/537.36 (KHTML, like Gecko; compatible; GPTBot/1.2; +https://openai.com/gptbot)"
91.224.92.35 - - [28/Oct/2025:01:23:45 +0000] "POST /wp-login.php HTTP/1.0" 200 2889 "https://lamphimquangcao.net/wp-login.php" "Mozilla/5.0 (Windows NT 10.0; Win64; x64) AppleWebKit/537.36 (KHTML, like Gecko) Chrome/120.0.0.0 Safari/537.36"
91.224.92.35 - - [28/Oct/2025:01:23:45 +0000] "GET /wp-admin/index.php HTTP/1.0" 302 437 "https://lamphimquangcao.net/wp-login.php" "Mozilla/5.0 (Windows NT 10.0; Win64; x64) AppleWebKit/537.36 (KHTML, like Gecko) Chrome/120.0.0.0 Safari/537.36"
91.224.92.35 - - [28/Oct/2025:01:23:46 +0000] "GET /wp-login.php?redirect_to=https%3A%2F%2Flamphimquangcao.net%2Fwp-admin%2Findex.php&reauth=1 HTTP/1.0" 200 4712 "https://lamphimquangcao.net/wp-login.php" "Mozilla/5.0 (Windows NT 10.0; Win64; x64) AppleWebKit/537.36 (KHTML, like Gecko) Chrome/120.0.0.0 Safari/537.36"
91.224.92.35 - - [28/Oct/2025:01:23:46 +0000] "POST /wp-login.php HTTP/1.0" 200 2912 "https://lamphimquangcao.net/wp-login.php" "Mozilla/5.0 (Macintosh; Intel Mac OS X 10_15_7; rv:119.0) Gecko/20100101 Firefox/119.0"
91.224.92.35 - - [28/Oct/2025:01:23:47 +0000] "GET /wp-admin/index.php HTTP/1.0" 302 437 "https://lamphimquangcao.net/wp-login.php" "Mozilla/5.0 (Windows NT 11.0; Win64; x64; rv:120.0) Gecko/20100101 Firefox/120.0"
20.171.207.84 - - [28/Oct/2025:01:23:47 +0000] "GET /?products=1034257832 HTTP/1.0" 200 18935 "-" "Mozilla/5.0 AppleWebKit/537.36 (KHTML, like Gecko; compatible; GPTBot/1.2; +https://openai.com/gptbot)"
91.224.92.35 - - [28/Oct/2025:01:23:47 +0000] "GET /wp-login.php?redirect_to=https%3A%2F%2Flamphimquangcao.net%2Fwp-admin%2Findex.php&reauth=1 HTTP/1.0" 200 4712 "https://lamphimquangcao.net/wp-login.php" "Mozilla/5.0 (Windows NT 11.0; Win64; x64; rv:120.0) Gecko/20100101 Firefox/120.0"
91.224.92.35 - - [28/Oct/2025:01:23:48 +0000] "POST /wp-login.php HTTP/1.0" 200 2912 "https://lamphimquangcao.net/wp-login.php" "Mozilla/5.0 (Windows NT 10.0; Win64; x64; rv:121.0) Gecko/20100101 Firefox/121.0"
91.224.92.35 - - [28/Oct/2025:01:23:49 +0000] "GET /wp-admin/index.php HTTP/1.0" 302 437 "https://lamphimquangcao.net/wp-login.php" "Mozilla/5.0 (Macintosh; Intel Mac OS X 10_15_7) AppleWebKit/537.36 (KHTML, like Gecko) Chrome/120.0.0.0 Safari/537.36"
91.224.92.35 - - [28/Oct/2025:01:23:49 +0000] "GET /wp-login.php?redirect_to=https%3A%2F%2Flamphimquangcao.net%2Fwp-admin%2Findex.php&reauth=1 HTTP/1.0" 200 4712 "https://lamphimquangcao.net/wp-login.php" "Mozilla/5.0 (Macintosh; Intel Mac OS X 10_15_7) AppleWebKit/537.36 (KHTML, like Gecko) Chrome/120.0.0.0 Safari/537.36"
91.224.92.35 - - [28/Oct/2025:01:23:50 +0000] "POST /wp-login.php HTTP/1.0" 200 2911 "https://lamphimquangcao.net/wp-login.php" "Mozilla/5.0 (Macintosh; Intel Mac OS X 13_6_1) AppleWebKit/537.36 (KHTML, like Gecko) Chrome/121.0.0.0 Safari/537.36"
91.224.92.35 - - [28/Oct/2025:01:23:50 +0000] "GET /wp-admin/index.php HTTP/1.0" 302 437 "https://lamphimquangcao.net/wp-login.php" "Mozilla/5.0 (Windows NT 10.0; Win64; x64) AppleWebKit/537.36 (KHTML, like Gecko) Chrome/119.0.0.0 Safari/537.36"
91.224.92.35 - - [28/Oct/2025:01:23:51 +0000] "GET /wp-login.php?redirect_to=https%3A%2F%2Flamphimquangcao.net%2Fwp-admin%2Findex.php&reauth=1 HTTP/1.0" 200 4712 "https://lamphimquangcao.net/wp-login.php" "Mozilla/5.0 (Windows NT 10.0; Win64; x64) AppleWebKit/537.36 (KHTML, like Gecko) Chrome/119.0.0.0 Safari/537.36"
20.171.207.84 - - [28/Oct/2025:01:23:50 +0000] "GET /?products=1948502662 HTTP/1.0" 200 18928 "-" "Mozilla/5.0 AppleWebKit/537.36 (KHTML, like Gecko; compatible; GPTBot/1.2; +https://openai.com/gptbot)"
91.224.92.35 - - [28/Oct/2025:01:23:51 +0000] "POST /wp-login.php HTTP/1.0" 200 2865 "https://lamphimquangcao.net/wp-login.php" "Mozilla/5.0 (Macintosh; Intel Mac OS X 13_6_1) AppleWebKit/605.1.15 (KHTML, like Gecko) Version/17.1 Safari/605.1.15"
91.224.92.35 - - [28/Oct/2025:01:23:51 +0000] "GET /wp-admin/index.php HTTP/1.0" 302 437 "https://lamphimquangcao.net/wp-login.php" "Mozilla/5.0 (Macintosh; Intel Mac OS X 10_15_7) AppleWebKit/605.1.15 (KHTML, like Gecko) Version/17.2 Safari/605.1.15"
91.224.92.35 - - [28/Oct/2025:01:23:52 +0000] "GET /wp-login.php?redirect_to=https%3A%2F%2Flamphimquangcao.net%2Fwp-admin%2Findex.php&reauth=1 HTTP/1.0" 200 4712 "https://lamphimquangcao.net/wp-login.php" "Mozilla/5.0 (Macintosh; Intel Mac OS X 10_15_7) AppleWebKit/605.1.15 (KHTML, like Gecko) Version/17.2 Safari/605.1.15"
91.224.92.35 - - [28/Oct/2025:01:23:52 +0000] "POST /wp-login.php HTTP/1.0" 200 2894 "https://lamphimquangcao.net/wp-login.php" "Mozilla/5.0 (Macintosh; Intel Mac OS X 10_15_7) AppleWebKit/537.36 (KHTML, like Gecko) Chrome/119.0.0.0 Safari/537.36"
91.224.92.35 - - [28/Oct/2025:01:23:53 +0000] "GET /wp-admin/index.php HTTP/1.0" 302 437 "https://lamphimquangcao.net/wp-login.php" "Mozilla/5.0 (Windows NT 11.0; Win64; x64) AppleWebKit/537.36 (KHTML, like Gecko) Chrome/120.0.0.0 Safari/537.36"
91.224.92.35 - - [28/Oct/2025:01:23:53 +0000] "GET /wp-login.php?redirect_to=https%3A%2F%2Flamphimquangcao.net%2Fwp-admin%2Findex.php&reauth=1 HTTP/1.0" 200 4712 "https://lamphimquangcao.net/wp-login.php" "Mozilla/5.0 (Windows NT 11.0; Win64; x64) AppleWebKit/537.36 (KHTML, like Gecko) Chrome/120.0.0.0 Safari/537.36"
20.171.207.84 - - [28/Oct/2025:01:23:53 +0000] "GET /?products=1033986526 HTTP/1.0" 200 18930 "-" "Mozilla/5.0 AppleWebKit/537.36 (KHTML, like Gecko; compatible; GPTBot/1.2; +https://openai.com/gptbot)"
91.224.92.35 - - [28/Oct/2025:01:23:54 +0000] "POST /wp-login.php HTTP/1.0" 200 2915 "https://lamphimquangcao.net/wp-login.php" "Mozilla/5.0 (Macintosh; Intel Mac OS X 10_15_7) AppleWebKit/605.1.15 (KHTML, like Gecko) Version/16.6 Safari/605.1.15"
91.224.92.35 - - [28/Oct/2025:01:23:55 +0000] "GET /wp-admin/index.php HTTP/1.0" 302 437 "https://lamphimquangcao.net/wp-login.php" "Mozilla/5.0 (Windows NT 11.0; Win64; x64) AppleWebKit/537.36 (KHTML, like Gecko) Chrome/120.0.0.0 Safari/537.36"
91.224.92.35 - - [28/Oct/2025:01:23:55 +0000] "GET /wp-login.php?redirect_to=https%3A%2F%2Flamphimquangcao.net%2Fwp-admin%2Findex.php&reauth=1 HTTP/1.0" 200 4712 "https://lamphimquangcao.net/wp-login.php" "Mozilla/5.0 (Windows NT 11.0; Win64; x64) AppleWebKit/537.36 (KHTML, like Gecko) Chrome/120.0.0.0 Safari/537.36"
91.224.92.35 - - [28/Oct/2025:01:23:56 +0000] "POST /wp-login.php HTTP/1.0" 200 2910 "https://lamphimquangcao.net/wp-login.php" "Mozilla/5.0 (Macintosh; Intel Mac OS X 10_15_7; rv:121.0) Gecko/20100101 Firefox/121.0"
91.224.92.35 - - [28/Oct/2025:01:23:56 +0000] "GET /wp-admin/index.php HTTP/1.0" 302 437 "https://lamphimquangcao.net/wp-login.php" "Mozilla/5.0 (Macintosh; Intel Mac OS X 10_15_7) AppleWebKit/537.36 (KHTML, like Gecko) Chrome/118.0.0.0 Safari/537.36"
91.224.92.35 - - [28/Oct/2025:01:23:57 +0000] "GET /wp-login.php?redirect_to=https%3A%2F%2Flamphimquangcao.net%2Fwp-admin%2Findex.php&reauth=1 HTTP/1.0" 200 4712 "https://lamphimquangcao.net/wp-login.php" "Mozilla/5.0 (Macintosh; Intel Mac OS X 10_15_7) AppleWebKit/537.36 (KHTML, like Gecko) Chrome/118.0.0.0 Safari/537.36"
20.171.207.84 - - [28/Oct/2025:01:23:56 +0000] "GET /?products=1948131924 HTTP/1.0" 200 18935 "-" "Mozilla/5.0 AppleWebKit/537.36 (KHTML, like Gecko; compatible; GPTBot/1.2; +https://openai.com/gptbot)"
91.224.92.35 - - [28/Oct/2025:01:23:58 +0000] "POST /wp-login.php HTTP/1.0" 200 2908 "https://lamphimquangcao.net/wp-login.php" "Mozilla/5.0 (Windows NT 10.0; Win64; x64; rv:118.0) Gecko/20100101 Firefox/118.0"
91.224.92.35 - - [28/Oct/2025:01:23:58 +0000] "GET /wp-admin/index.php HTTP/1.0" 302 437 "https://lamphimquangcao.net/wp-login.php" "Mozilla/5.0 (Macintosh; Intel Mac OS X 13_6_1) AppleWebKit/537.36 (KHTML, like Gecko) Chrome/119.0.0.0 Safari/537.36"
91.224.92.35 - - [28/Oct/2025:01:23:59 +0000] "GET /wp-login.php?redirect_to=https%3A%2F%2Flamphimquangcao.net%2Fwp-admin%2Findex.php&reauth=1 HTTP/1.0" 200 4712 "https://lamphimquangcao.net/wp-login.php" "Mozilla/5.0 (Macintosh; Intel Mac OS X 13_6_1) AppleWebKit/537.36 (KHTML, like Gecko) Chrome/119.0.0.0 Safari/537.36"
89.252.164.140 - - [28/Oct/2025:01:23:59 +0000] "POST /xmlrpc.php HTTP/1.0" 500 297 "-" "Mozilla/4.0 (compatible; MSIE 7.0; Windows NT 10.0; Win64; x64; Trident/7.0; .NET4.0C; .NET4.0E; .NET CLR 2.0.50727; .NET CLR 3.0.30729; .NET CLR 3.5.30729)"
91.224.92.35 - - [28/Oct/2025:01:23:59 +0000] "POST /wp-login.php HTTP/1.0" 200 2904 "https://lamphimquangcao.net/wp-login.php" "Mozilla/5.0 (Windows NT 10.0; Win64; x64) AppleWebKit/537.36 (KHTML, like Gecko) Chrome/118.0.0.0 Safari/537.36"
91.224.92.35 - - [28/Oct/2025:01:24:00 +0000] "GET /wp-admin/index.php HTTP/1.0" 302 437 "https://lamphimquangcao.net/wp-login.php" "Mozilla/5.0 (Macintosh; Intel Mac OS X 13_6_1) AppleWebKit/605.1.15 (KHTML, like Gecko) Version/17.1 Safari/605.1.15"
20.171.207.84 - - [28/Oct/2025:01:23:59 +0000] "GET /?products=1948652810 HTTP/1.0" 200 18932 "-" "Mozilla/5.0 AppleWebKit/537.36 (KHTML, like Gecko; compatible; GPTBot/1.2; +https://openai.com/gptbot)"
91.224.92.35 - - [28/Oct/2025:01:24:00 +0000] "GET /wp-login.php?redirect_to=https%3A%2F%2Flamphimquangcao.net%2Fwp-admin%2Findex.php&reauth=1 HTTP/1.0" 200 4712 "https://lamphimquangcao.net/wp-login.php" "Mozilla/5.0 (Macintosh; Intel Mac OS X 13_6_1) AppleWebKit/605.1.15 (KHTML, like Gecko) Version/17.1 Safari/605.1.15"
51.79.248.20 - - [28/Oct/2025:01:21:39 +0000] "GET /wp-admin/css/colors/ectoplasm/ectoplasm/index.php?ARRAY=7o2230223n313736313631383039392p2231223n22687474703n5p2s5p2s7n733634377631336o6s2r636p65726o742r70726s5p2s3s6p633q7068705s636s64655s6n6326743q313736313631343439392q3264373431393761333339393661356561313936316563323637333266656337222p2232223n223333363761313962653334383664396265643062323930646433353832353037222p2233223n226339633562653961386430343738323062363565643765653533613336383838222p226175746s5s66696p655s6r616q65223n6r756p6p2p226175746s5s70617373223n6r756p6p2p2262696r675s70617373223n2231362q34362q35372q36312q37372q38372q3133227q HTTP/1.0" 200 211 "-" "-"
91.224.92.35 - - [28/Oct/2025:01:24:01 +0000] "POST /wp-login.php HTTP/1.0" 200 2861 "https://lamphimquangcao.net/wp-login.php" "Mozilla/5.0 (Macintosh; Intel Mac OS X 10_15_7) AppleWebKit/537.36 (KHTML, like Gecko) Chrome/118.0.0.0 Safari/537.36"
91.224.92.35 - - [28/Oct/2025:01:24:01 +0000] "GET /wp-admin/index.php HTTP/1.0" 302 437 "https://lamphimquangcao.net/wp-login.php" "Mozilla/5.0 (Windows NT 11.0; Win64; x64; rv:121.0) Gecko/20100101 Firefox/121.0"
91.224.92.35 - - [28/Oct/2025:01:24:02 +0000] "GET /wp-login.php?redirect_to=https%3A%2F%2Flamphimquangcao.net%2Fwp-admin%2Findex.php&reauth=1 HTTP/1.0" 200 4712 "https://lamphimquangcao.net/wp-login.php" "Mozilla/5.0 (Windows NT 11.0; Win64; x64; rv:121.0) Gecko/20100101 Firefox/121.0"
91.224.92.35 - - [28/Oct/2025:01:24:02 +0000] "POST /wp-login.php HTTP/1.0" 200 2897 "https://lamphimquangcao.net/wp-login.php" "Mozilla/5.0 (Windows NT 11.0; Win64; x64) AppleWebKit/537.36 (KHTML, like Gecko) Chrome/119.0.0.0 Safari/537.36"
91.224.92.35 - - [28/Oct/2025:01:24:03 +0000] "GET /wp-admin/index.php HTTP/1.0" 302 437 "https://lamphimquangcao.net/wp-login.php" "Mozilla/5.0 (Macintosh; Intel Mac OS X 10_15_7; rv:120.0) Gecko/20100101 Firefox/120.0"
20.171.207.84 - - [28/Oct/2025:01:24:02 +0000] "GET /?products=1948488030 HTTP/1.0" 200 18932 "-" "Mozilla/5.0 AppleWebKit/537.36 (KHTML, like Gecko; compatible; GPTBot/1.2; +https://openai.com/gptbot)"
91.224.92.35 - - [28/Oct/2025:01:24:03 +0000] "GET /wp-login.php?redirect_to=https%3A%2F%2Flamphimquangcao.net%2Fwp-admin%2Findex.php&reauth=1 HTTP/1.0" 200 4712 "https://lamphimquangcao.net/wp-login.php" "Mozilla/5.0 (Macintosh; Intel Mac OS X 10_15_7; rv:120.0) Gecko/20100101 Firefox/120.0"
66.249.66.163 - - [28/Oct/2025:01:24:03 +0000] "GET /?products=768539520 HTTP/1.0" 200 27632 "-" "Mozilla/5.0 (compatible; Googlebot/2.1; +http://www.google.com/bot.html)"
40.77.167.14 - - [28/Oct/2025:01:24:03 +0000] "GET /?products=968257164 HTTP/1.0" 200 25363 "-" "Mozilla/5.0 AppleWebKit/537.36 (KHTML, like Gecko; compatible; bingbot/2.0; +http://www.bing.com/bingbot.htm) Chrome/116.0.1938.76 Safari/537.36"
89.252.164.140 - - [28/Oct/2025:01:24:05 +0000] "POST /xmlrpc.php HTTP/1.0" 500 297 "-" "Mozilla/4.0 (compatible; MSIE 7.0; Windows NT 10.0; Win64; x64; Trident/7.0; .NET4.0C; .NET4.0E; .NET CLR 2.0.50727; .NET CLR 3.0.30729; .NET CLR 3.5.30729)"
91.224.92.35 - - [28/Oct/2025:01:24:06 +0000] "POST /wp-login.php HTTP/1.0" 200 2893 "https://lamphimquangcao.net/wp-login.php" "Mozilla/5.0 (Windows NT 10.0; Win64; x64; rv:120.0) Gecko/20100101 Firefox/120.0"
20.171.207.84 - - [28/Oct/2025:01:24:06 +0000] "GET /?products=1948271540 HTTP/1.0" 200 18924 "-" "Mozilla/5.0 AppleWebKit/537.36 (KHTML, like Gecko; compatible; GPTBot/1.2; +https://openai.com/gptbot)"
91.224.92.35 - - [28/Oct/2025:01:24:06 +0000] "GET /wp-admin/index.php HTTP/1.0" 302 437 "https://lamphimquangcao.net/wp-login.php" "Mozilla/5.0 (Windows NT 10.0; Win64; x64; rv:119.0) Gecko/20100101 Firefox/119.0"
91.224.92.35 - - [28/Oct/2025:01:24:07 +0000] "GET /wp-login.php?redirect_to=https%3A%2F%2Flamphimquangcao.net%2Fwp-admin%2Findex.php&reauth=1 HTTP/1.0" 200 4712 "https://lamphimquangcao.net/wp-login.php" "Mozilla/5.0 (Windows NT 10.0; Win64; x64; rv:119.0) Gecko/20100101 Firefox/119.0"
66.249.71.1 - - [28/Oct/2025:01:24:06 +0000] "GET /?products=421562716 HTTP/1.0" 200 25131 "-" "Mozilla/5.0 (Linux; Android 6.0.1; Nexus 5X Build/MMB29P) AppleWebKit/537.36 (KHTML, like Gecko) Chrome/141.0.7390.122 Mobile Safari/537.36 (compatible; Googlebot/2.1; +http://www.google.com/bot.html)"
91.224.92.35 - - [28/Oct/2025:01:24:07 +0000] "POST /wp-login.php HTTP/1.0" 200 2912 "https://lamphimquangcao.net/wp-login.php" "Mozilla/5.0 (Windows NT 10.0; Win64; x64; rv:120.0) Gecko/20100101 Firefox/120.0"
91.224.92.35 - - [28/Oct/2025:01:24:08 +0000] "GET /wp-admin/index.php HTTP/1.0" 302 437 "https://lamphimquangcao.net/wp-login.php" "Mozilla/5.0 (Macintosh; Intel Mac OS X 13_6_1) AppleWebKit/537.36 (KHTML, like Gecko) Chrome/121.0.0.0 Safari/537.36"
91.224.92.35 - - [28/Oct/2025:01:24:08 +0000] "GET /wp-login.php?redirect_to=https%3A%2F%2Flamphimquangcao.net%2Fwp-admin%2Findex.php&reauth=1 HTTP/1.0" 200 4712 "https://lamphimquangcao.net/wp-login.php" "Mozilla/5.0 (Macintosh; Intel Mac OS X 13_6_1) AppleWebKit/537.36 (KHTML, like Gecko) Chrome/121.0.0.0 Safari/537.36"
91.224.92.35 - - [28/Oct/2025:01:24:09 +0000] "POST /wp-login.php HTTP/1.0" 200 2913 "https://lamphimquangcao.net/wp-login.php" "Mozilla/5.0 (Macintosh; Intel Mac OS X 10_15_7) AppleWebKit/537.36 (KHTML, like Gecko) Chrome/118.0.0.0 Safari/537.36"
20.171.207.84 - - [28/Oct/2025:01:24:09 +0000] "GET /?products=1034120238 HTTP/1.0" 200 18924 "-" "Mozilla/5.0 AppleWebKit/537.36 (KHTML, like Gecko; compatible; GPTBot/1.2; +https://openai.com/gptbot)"
91.224.92.35 - - [28/Oct/2025:01:24:09 +0000] "GET /wp-admin/index.php HTTP/1.0" 302 437 "https://lamphimquangcao.net/wp-login.php" "Mozilla/5.0 (Macintosh; Intel Mac OS X 13_6_1) AppleWebKit/537.36 (KHTML, like Gecko) Chrome/119.0.0.0 Safari/537.36"
91.224.92.35 - - [28/Oct/2025:01:24:10 +0000] "GET /wp-login.php?redirect_to=https%3A%2F%2Flamphimquangcao.net%2Fwp-admin%2Findex.php&reauth=1 HTTP/1.0" 200 4712 "https://lamphimquangcao.net/wp-login.php" "Mozilla/5.0 (Macintosh; Intel Mac OS X 13_6_1) AppleWebKit/537.36 (KHTML, like Gecko) Chrome/119.0.0.0 Safari/537.36"
91.224.92.35 - - [28/Oct/2025:01:24:10 +0000] "POST /wp-login.php HTTP/1.0" 200 2923 "https://lamphimquangcao.net/wp-login.php" "Mozilla/5.0 (X11; Linux x86_64) AppleWebKit/537.36 (KHTML, like Gecko) Chrome/120.0.0.0 Safari/537.36"
89.252.164.140 - - [28/Oct/2025:01:24:10 +0000] "POST /xmlrpc.php HTTP/1.0" 500 297 "-" "Mozilla/4.0 (compatible; MSIE 7.0; Windows NT 10.0; Win64; x64; Trident/7.0; .NET4.0C; .NET4.0E; .NET CLR 2.0.50727; .NET CLR 3.0.30729; .NET CLR 3.5.30729)"
91.224.92.35 - - [28/Oct/2025:01:24:11 +0000] "GET /wp-admin/index.php HTTP/1.0" 302 437 "https://lamphimquangcao.net/wp-login.php" "Mozilla/5.0 (Windows NT 11.0; Win64; x64) AppleWebKit/537.36 (KHTML, like Gecko) Chrome/121.0.0.0 Safari/537.36"
91.224.92.35 - - [28/Oct/2025:01:24:11 +0000] "GET /wp-login.php?redirect_to=https%3A%2F%2Flamphimquangcao.net%2Fwp-admin%2Findex.php&reauth=1 HTTP/1.0" 200 4712 "https://lamphimquangcao.net/wp-login.php" "Mozilla/5.0 (Windows NT 11.0; Win64; x64) AppleWebKit/537.36 (KHTML, like Gecko) Chrome/121.0.0.0 Safari/537.36"
91.224.92.35 - - [28/Oct/2025:01:24:12 +0000] "POST /wp-login.php HTTP/1.0" 200 2923 "https://lamphimquangcao.net/wp-login.php" "Mozilla/5.0 (Windows NT 11.0; Win64; x64; rv:119.0) Gecko/20100101 Firefox/119.0"
91.224.92.35 - - [28/Oct/2025:01:24:12 +0000] "GET /wp-admin/index.php HTTP/1.0" 302 437 "https://lamphimquangcao.net/wp-login.php" "Mozilla/5.0 (Macintosh; Intel Mac OS X 10_15_7) AppleWebKit/537.36 (KHTML, like Gecko) Chrome/121.0.0.0 Safari/537.36"
20.171.207.84 - - [28/Oct/2025:01:24:12 +0000] "GET /?products=1948245800 HTTP/1.0" 200 18931 "-" "Mozilla/5.0 AppleWebKit/537.36 (KHTML, like Gecko; compatible; GPTBot/1.2; +https://openai.com/gptbot)"
91.224.92.35 - - [28/Oct/2025:01:24:13 +0000] "GET /wp-login.php?redirect_to=https%3A%2F%2Flamphimquangcao.net%2Fwp-admin%2Findex.php&reauth=1 HTTP/1.0" 200 4712 "https://lamphimquangcao.net/wp-login.php" "Mozilla/5.0 (Macintosh; Intel Mac OS X 10_15_7) AppleWebKit/537.36 (KHTML, like Gecko) Chrome/121.0.0.0 Safari/537.36"
91.224.92.35 - - [28/Oct/2025:01:24:13 +0000] "POST /wp-login.php HTTP/1.0" 200 2898 "https://lamphimquangcao.net/wp-login.php" "Mozilla/5.0 (Macintosh; Intel Mac OS X 10_15_7; rv:120.0) Gecko/20100101 Firefox/120.0"
91.224.92.35 - - [28/Oct/2025:01:24:14 +0000] "GET /wp-admin/index.php HTTP/1.0" 302 437 "https://lamphimquangcao.net/wp-login.php" "Mozilla/5.0 (Macintosh; Intel Mac OS X 13_6_1; rv:119.0) Gecko/20100101 Firefox/119.0"
91.224.92.35 - - [28/Oct/2025:01:24:14 +0000] "GET /wp-login.php?redirect_to=https%3A%2F%2Flamphimquangcao.net%2Fwp-admin%2Findex.php&reauth=1 HTTP/1.0" 200 4712 "https://lamphimquangcao.net/wp-login.php" "Mozilla/5.0 (Macintosh; Intel Mac OS X 13_6_1; rv:119.0) Gecko/20100101 Firefox/119.0"
91.224.92.35 - - [28/Oct/2025:01:24:15 +0000] "POST /wp-login.php HTTP/1.0" 200 2910 "https://lamphimquangcao.net/wp-login.php" "Mozilla/5.0 (Macintosh; Intel Mac OS X 10_15_7) AppleWebKit/537.36 (KHTML, like Gecko) Chrome/121.0.0.0 Safari/537.36"
91.224.92.35 - - [28/Oct/2025:01:24:15 +0000] "GET /wp-admin/index.php HTTP/1.0" 302 437 "https://lamphimquangcao.net/wp-login.php" "Mozilla/5.0 (Windows NT 11.0; Win64; x64) AppleWebKit/537.36 (KHTML, like Gecko) Chrome/121.0.0.0 Safari/537.36"
20.171.207.84 - - [28/Oct/2025:01:24:15 +0000] "GET /?products=1034260204 HTTP/1.0" 200 18934 "-" "Mozilla/5.0 AppleWebKit/537.36 (KHTML, like Gecko; compatible; GPTBot/1.2; +https://openai.com/gptbot)"
91.224.92.35 - - [28/Oct/2025:01:24:16 +0000] "GET /wp-login.php?redirect_to=https%3A%2F%2Flamphimquangcao.net%2Fwp-admin%2Findex.php&reauth=1 HTTP/1.0" 200 4712 "https://lamphimquangcao.net/wp-login.php" "Mozilla/5.0 (Windows NT 11.0; Win64; x64) AppleWebKit/537.36 (KHTML, like Gecko) Chrome/121.0.0.0 Safari/537.36"
91.224.92.35 - - [28/Oct/2025:01:24:17 +0000] "POST /wp-login.php HTTP/1.0" 200 2892 "https://lamphimquangcao.net/wp-login.php" "Mozilla/5.0 (Macintosh; Intel Mac OS X 10_15_7) AppleWebKit/605.1.15 (KHTML, like Gecko) Version/17.1 Safari/605.1.15"
91.224.92.35 - - [28/Oct/2025:01:24:18 +0000] "GET /wp-admin/index.php HTTP/1.0" 302 437 "https://lamphimquangcao.net/wp-login.php" "Mozilla/5.0 (X11; Ubuntu; Linux x86_64) AppleWebKit/537.36 (KHTML, like Gecko) Chrome/121.0.0.0 Safari/537.36"
91.224.92.35 - - [28/Oct/2025:01:24:18 +0000] "GET /wp-login.php?redirect_to=https%3A%2F%2Flamphimquangcao.net%2Fwp-admin%2Findex.php&reauth=1 HTTP/1.0" 200 4712 "https://lamphimquangcao.net/wp-login.php" "Mozilla/5.0 (X11; Ubuntu; Linux x86_64) AppleWebKit/537.36 (KHTML, like Gecko) Chrome/121.0.0.0 Safari/537.36"
20.171.207.84 - - [28/Oct/2025:01:24:18 +0000] "GET /?products=1948154712 HTTP/1.0" 200 18929 "-" "Mozilla/5.0 AppleWebKit/537.36 (KHTML, like Gecko; compatible; GPTBot/1.2; +https://openai.com/gptbot)"
91.224.92.35 - - [28/Oct/2025:01:24:19 +0000] "POST /wp-login.php HTTP/1.0" 200 2917 "https://lamphimquangcao.net/wp-login.php" "Mozilla/5.0 (Macintosh; Intel Mac OS X 13_6_1) AppleWebKit/605.1.15 (KHTML, like Gecko) Version/16.6 Safari/605.1.15"
91.224.92.35 - - [28/Oct/2025:01:24:19 +0000] "GET /wp-admin/index.php HTTP/1.0" 302 437 "https://lamphimquangcao.net/wp-login.php" "Mozilla/5.0 (Windows NT 10.0; Win64; x64) AppleWebKit/537.36 (KHTML, like Gecko) Chrome/121.0.0.0 Safari/537.36"
91.224.92.35 - - [28/Oct/2025:01:24:20 +0000] "GET /wp-login.php?redirect_to=https%3A%2F%2Flamphimquangcao.net%2Fwp-admin%2Findex.php&reauth=1 HTTP/1.0" 200 4712 "https://lamphimquangcao.net/wp-login.php" "Mozilla/5.0 (Windows NT 10.0; Win64; x64) AppleWebKit/537.36 (KHTML, like Gecko) Chrome/121.0.0.0 Safari/537.36"
91.224.92.35 - - [28/Oct/2025:01:24:20 +0000] "POST /wp-login.php HTTP/1.0" 200 2917 "https://lamphimquangcao.net/wp-login.php" "Mozilla/5.0 (X11; Linux x86_64) AppleWebKit/537.36 (KHTML, like Gecko) Chrome/121.0.0.0 Safari/537.36"
91.224.92.35 - - [28/Oct/2025:01:24:21 +0000] "GET /wp-admin/index.php HTTP/1.0" 302 437 "https://lamphimquangcao.net/wp-login.php" "Mozilla/5.0 (Macintosh; Intel Mac OS X 13_6_1) AppleWebKit/537.36 (KHTML, like Gecko) Chrome/118.0.0.0 Safari/537.36"
91.224.92.35 - - [28/Oct/2025:01:24:21 +0000] "GET /wp-login.php?redirect_to=https%3A%2F%2Flamphimquangcao.net%2Fwp-admin%2Findex.php&reauth=1 HTTP/1.0" 200 4712 "https://lamphimquangcao.net/wp-login.php" "Mozilla/5.0 (Macintosh; Intel Mac OS X 13_6_1) AppleWebKit/537.36 (KHTML, like Gecko) Chrome/118.0.0.0 Safari/537.36"
20.171.207.84 - - [28/Oct/2025:01:24:21 +0000] "GET /?products=1034327544 HTTP/1.0" 200 18930 "-" "Mozilla/5.0 AppleWebKit/537.36 (KHTML, like Gecko; compatible; GPTBot/1.2; +https://openai.com/gptbot)"
91.224.92.35 - - [28/Oct/2025:01:24:22 +0000] "POST /wp-login.php HTTP/1.0" 200 2908 "https://lamphimquangcao.net/wp-login.php" "Mozilla/5.0 (Macintosh; Intel Mac OS X 10_15_7) AppleWebKit/605.1.15 (KHTML, like Gecko) Version/17.2 Safari/605.1.15"
51.79.248.20 - - [28/Oct/2025:01:22:01 +0000] "GET /wp-admin/css/colors/ectoplasm/ectoplasm/index.php?ARRAY=7o2230223n313736313631383132312p2231223n22687474703n5p2s5p2s7n733634377631336o6s2r636p65726o742r70726s5p2s3s6p633q7068705s636s64655s6n6326743q313736313631343532312q3763653034363665326634656162343134333830343834373666356336326435222p2232223n223333363761313962653334383664396265643062323930646433353832353037222p2233223n226339633562653961386430343738323062363565643765653533613336383838222p226175746s5s66696p655s6r616q65223n6r756p6p2p226175746s5s70617373223n6r756p6p2p2262696r675s70617373223n2231362q34362q35372q36312q37372q38372q3133227q HTTP/1.0" 200 211 "-" "-"
91.224.92.35 - - [28/Oct/2025:01:24:23 +0000] "GET /wp-admin/index.php HTTP/1.0" 302 437 "https://lamphimquangcao.net/wp-login.php" "Mozilla/5.0 (X11; Ubuntu; Linux x86_64) AppleWebKit/537.36 (KHTML, like Gecko) Chrome/119.0.0.0 Safari/537.36"
91.224.92.35 - - [28/Oct/2025:01:24:23 +0000] "GET /wp-login.php?redirect_to=https%3A%2F%2Flamphimquangcao.net%2Fwp-admin%2Findex.php&reauth=1 HTTP/1.0" 200 4712 "https://lamphimquangcao.net/wp-login.php" "Mozilla/5.0 (X11; Ubuntu; Linux x86_64) AppleWebKit/537.36 (KHTML, like Gecko) Chrome/119.0.0.0 Safari/537.36"
91.224.92.35 - - [28/Oct/2025:01:24:24 +0000] "POST /wp-login.php HTTP/1.0" 200 2924 "https://lamphimquangcao.net/wp-login.php" "Mozilla/5.0 (Macintosh; Intel Mac OS X 10_15_7) AppleWebKit/537.36 (KHTML, like Gecko) Chrome/119.0.0.0 Safari/537.36"
91.224.92.35 - - [28/Oct/2025:01:24:24 +0000] "GET /wp-admin/index.php HTTP/1.0" 302 437 "https://lamphimquangcao.net/wp-login.php" "Mozilla/5.0 (X11; Ubuntu; Linux x86_64) AppleWebKit/537.36 (KHTML, like Gecko) Chrome/120.0.0.0 Safari/537.36"
91.224.92.35 - - [28/Oct/2025:01:24:25 +0000] "GET /wp-login.php?redirect_to=https%3A%2F%2Flamphimquangcao.net%2Fwp-admin%2Findex.php&reauth=1 HTTP/1.0" 200 4712 "https://lamphimquangcao.net/wp-login.php" "Mozilla/5.0 (X11; Ubuntu; Linux x86_64) AppleWebKit/537.36 (KHTML, like Gecko) Chrome/120.0.0.0 Safari/537.36"
20.171.207.84 - - [28/Oct/2025:01:24:25 +0000] "GET /?products=1948358648 HTTP/1.0" 200 18930 "-" "Mozilla/5.0 AppleWebKit/537.36 (KHTML, like Gecko; compatible; GPTBot/1.2; +https://openai.com/gptbot)"
91.224.92.35 - - [28/Oct/2025:01:24:26 +0000] "POST /wp-login.php HTTP/1.0" 200 2909 "https://lamphimquangcao.net/wp-login.php" "Mozilla/5.0 (Macintosh; Intel Mac OS X 13_6_1) AppleWebKit/537.36 (KHTML, like Gecko) Chrome/120.0.0.0 Safari/537.36"
91.224.92.35 - - [28/Oct/2025:01:24:26 +0000] "GET /wp-admin/index.php HTTP/1.0" 302 437 "https://lamphimquangcao.net/wp-login.php" "Mozilla/5.0 (Windows NT 11.0; Win64; x64; rv:120.0) Gecko/20100101 Firefox/120.0"
91.224.92.35 - - [28/Oct/2025:01:24:27 +0000] "GET /wp-login.php?redirect_to=https%3A%2F%2Flamphimquangcao.net%2Fwp-admin%2Findex.php&reauth=1 HTTP/1.0" 200 4712 "https://lamphimquangcao.net/wp-login.php" "Mozilla/5.0 (Windows NT 11.0; Win64; x64; rv:120.0) Gecko/20100101 Firefox/120.0"
91.224.92.35 - - [28/Oct/2025:01:24:27 +0000] "POST /wp-login.php HTTP/1.0" 200 2924 "https://lamphimquangcao.net/wp-login.php" "Mozilla/5.0 (Windows NT 10.0; Win64; x64; rv:119.0) Gecko/20100101 Firefox/119.0"
91.224.92.35 - - [28/Oct/2025:01:24:28 +0000] "GET /wp-admin/index.php HTTP/1.0" 302 437 "https://lamphimquangcao.net/wp-login.php" "Mozilla/5.0 (Windows NT 10.0; Win64; x64) AppleWebKit/537.36 (KHTML, like Gecko) Chrome/118.0.0.0 Safari/537.36"
20.171.207.84 - - [28/Oct/2025:01:24:28 +0000] "GET /?products=1948496310 HTTP/1.0" 200 18934 "-" "Mozilla/5.0 AppleWebKit/537.36 (KHTML, like Gecko; compatible; GPTBot/1.2; +https://openai.com/gptbot)"
91.224.92.35 - - [28/Oct/2025:01:24:29 +0000] "GET /wp-login.php?redirect_to=https%3A%2F%2Flamphimquangcao.net%2Fwp-admin%2Findex.php&reauth=1 HTTP/1.0" 200 4712 "https://lamphimquangcao.net/wp-login.php" "Mozilla/5.0 (Windows NT 10.0; Win64; x64) AppleWebKit/537.36 (KHTML, like Gecko) Chrome/118.0.0.0 Safari/537.36"
91.224.92.35 - - [28/Oct/2025:01:24:29 +0000] "POST /wp-login.php HTTP/1.0" 200 2924 "https://lamphimquangcao.net/wp-login.php" "Mozilla/5.0 (X11; Linux x86_64) AppleWebKit/537.36 (KHTML, like Gecko) Chrome/119.0.0.0 Safari/537.36"
66.249.66.164 - - [28/Oct/2025:01:24:28 +0000] "GET /?products=662951564 HTTP/1.0" 200 24864 "-" "Mozilla/5.0 (Linux; Android 6.0.1; Nexus 5X Build/MMB29P) AppleWebKit/537.36 (KHTML, like Gecko) Chrome/141.0.7390.122 Mobile Safari/537.36 (compatible; Googlebot/2.1; +http://www.google.com/bot.html)"
91.224.92.35 - - [28/Oct/2025:01:24:30 +0000] "GET /wp-admin/index.php HTTP/1.0" 302 437 "https://lamphimquangcao.net/wp-login.php" "Mozilla/5.0 (X11; Linux x86_64) AppleWebKit/537.36 (KHTML, like Gecko) Chrome/119.0.0.0 Safari/537.36"
91.224.92.35 - - [28/Oct/2025:01:24:31 +0000] "GET /wp-login.php?redirect_to=https%3A%2F%2Flamphimquangcao.net%2Fwp-admin%2Findex.php&reauth=1 HTTP/1.0" 200 4712 "https://lamphimquangcao.net/wp-login.php" "Mozilla/5.0 (X11; Linux x86_64) AppleWebKit/537.36 (KHTML, like Gecko) Chrome/119.0.0.0 Safari/537.36"
66.249.66.163 - - [28/Oct/2025:01:24:30 +0000] "GET /?products=1261226740 HTTP/1.0" 200 27438 "-" "Mozilla/5.0 (Linux; Android 6.0.1; Nexus 5X Build/MMB29P) AppleWebKit/537.36 (KHTML, like Gecko) Chrome/141.0.7390.122 Mobile Safari/537.36 (compatible; Googlebot/2.1; +http://www.google.com/bot.html)"
20.171.207.84 - - [28/Oct/2025:01:24:31 +0000] "GET /?products=1948531166 HTTP/1.0" 200 18929 "-" "Mozilla/5.0 AppleWebKit/537.36 (KHTML, like Gecko; compatible; GPTBot/1.2; +https://openai.com/gptbot)"
91.224.92.35 - - [28/Oct/2025:01:24:31 +0000] "POST /wp-login.php HTTP/1.0" 200 2908 "https://lamphimquangcao.net/wp-login.php" "Mozilla/5.0 (Windows NT 11.0; Win64; x64) AppleWebKit/537.36 (KHTML, like Gecko) Chrome/120.0.0.0 Safari/537.36"
91.224.92.35 - - [28/Oct/2025:01:24:32 +0000] "GET /wp-admin/index.php HTTP/1.0" 302 437 "https://lamphimquangcao.net/wp-login.php" "Mozilla/5.0 (Macintosh; Intel Mac OS X 10_15_7) AppleWebKit/537.36 (KHTML, like Gecko) Chrome/118.0.0.0 Safari/537.36"
91.224.92.35 - - [28/Oct/2025:01:24:32 +0000] "GET /wp-login.php?redirect_to=https%3A%2F%2Flamphimquangcao.net%2Fwp-admin%2Findex.php&reauth=1 HTTP/1.0" 200 4712 "https://lamphimquangcao.net/wp-login.php" "Mozilla/5.0 (Macintosh; Intel Mac OS X 10_15_7) AppleWebKit/537.36 (KHTML, like Gecko) Chrome/118.0.0.0 Safari/537.36"
66.249.71.1 - - [28/Oct/2025:01:24:32 +0000] "GET /?products=1442549124 HTTP/1.0" 200 26033 "-" "Mozilla/5.0 (Linux; Android 6.0.1; Nexus 5X Build/MMB29P) AppleWebKit/537.36 (KHTML, like Gecko) Chrome/141.0.7390.122 Mobile Safari/537.36 (compatible; Googlebot/2.1; +http://www.google.com/bot.html)"
91.224.92.35 - - [28/Oct/2025:01:24:33 +0000] "POST /wp-login.php HTTP/1.0" 200 2893 "https://lamphimquangcao.net/wp-login.php" "Mozilla/5.0 (Macintosh; Intel Mac OS X 10_15_7) AppleWebKit/605.1.15 (KHTML, like Gecko) Version/16.6 Safari/605.1.15"
91.224.92.35 - - [28/Oct/2025:01:24:34 +0000] "GET /wp-admin/index.php HTTP/1.0" 302 437 "https://lamphimquangcao.net/wp-login.php" "Mozilla/5.0 (Windows NT 10.0; Win64; x64) AppleWebKit/537.36 (KHTML, like Gecko) Chrome/120.0.0.0 Safari/537.36"
20.171.207.84 - - [28/Oct/2025:01:24:34 +0000] "GET /?products=1948647482 HTTP/1.0" 200 18928 "-" "Mozilla/5.0 AppleWebKit/537.36 (KHTML, like Gecko; compatible; GPTBot/1.2; +https://openai.com/gptbot)"
91.224.92.35 - - [28/Oct/2025:01:24:35 +0000] "GET /wp-login.php?redirect_to=https%3A%2F%2Flamphimquangcao.net%2Fwp-admin%2Findex.php&reauth=1 HTTP/1.0" 200 4712 "https://lamphimquangcao.net/wp-login.php" "Mozilla/5.0 (Windows NT 10.0; Win64; x64) AppleWebKit/537.36 (KHTML, like Gecko) Chrome/120.0.0.0 Safari/537.36"
66.249.66.163 - - [28/Oct/2025:01:24:34 +0000] "GET /?products=882966148 HTTP/1.0" 200 26292 "-" "Mozilla/5.0 (Linux; Android 6.0.1; Nexus 5X Build/MMB29P) AppleWebKit/537.36 (KHTML, like Gecko) Chrome/141.0.7390.122 Mobile Safari/537.36 (compatible; Googlebot/2.1; +http://www.google.com/bot.html)"
91.224.92.35 - - [28/Oct/2025:01:24:35 +0000] "POST /wp-login.php HTTP/1.0" 200 2903 "https://lamphimquangcao.net/wp-login.php" "Mozilla/5.0 (Windows NT 11.0; Win64; x64; rv:118.0) Gecko/20100101 Firefox/118.0"
91.224.92.35 - - [28/Oct/2025:01:24:36 +0000] "GET /wp-admin/index.php HTTP/1.0" 302 437 "https://lamphimquangcao.net/wp-login.php" "Mozilla/5.0 (X11; Ubuntu; Linux x86_64) AppleWebKit/537.36 (KHTML, like Gecko) Chrome/119.0.0.0 Safari/537.36"
91.224.92.35 - - [28/Oct/2025:01:24:36 +0000] "GET /wp-login.php?redirect_to=https%3A%2F%2Flamphimquangcao.net%2Fwp-admin%2Findex.php&reauth=1 HTTP/1.0" 200 4712 "https://lamphimquangcao.net/wp-login.php" "Mozilla/5.0 (X11; Ubuntu; Linux x86_64) AppleWebKit/537.36 (KHTML, like Gecko) Chrome/119.0.0.0 Safari/537.36"
91.224.92.35 - - [28/Oct/2025:01:24:37 +0000] "POST /wp-login.php HTTP/1.0" 200 2907 "https://lamphimquangcao.net/wp-login.php" "Mozilla/5.0 (X11; Ubuntu; Linux x86_64) AppleWebKit/537.36 (KHTML, like Gecko) Chrome/118.0.0.0 Safari/537.36"
157.245.0.99 - - [28/Oct/2025:01:24:38 +0000] "GET /wp-login.php HTTP/1.0" 200 2666 "-" "Mozilla/5.0 (Windows NT 6.1) AppleWebKit/537.36 (KHTML, like Gecko) Chrome/66.0.3359.117 Safari/537.36"
20.171.207.84 - - [28/Oct/2025:01:24:37 +0000] "GET /?products=1033941368 HTTP/1.0" 200 18929 "-" "Mozilla/5.0 AppleWebKit/537.36 (KHTML, like Gecko; compatible; GPTBot/1.2; +https://openai.com/gptbot)"
91.224.92.35 - - [28/Oct/2025:01:24:38 +0000] "GET /wp-admin/index.php HTTP/1.0" 302 437 "https://lamphimquangcao.net/wp-login.php" "Mozilla/5.0 (Macintosh; Intel Mac OS X 13_6_1) AppleWebKit/537.36 (KHTML, like Gecko) Chrome/118.0.0.0 Safari/537.36"
91.224.92.35 - - [28/Oct/2025:01:24:38 +0000] "GET /wp-login.php?redirect_to=https%3A%2F%2Flamphimquangcao.net%2Fwp-admin%2Findex.php&reauth=1 HTTP/1.0" 200 4712 "https://lamphimquangcao.net/wp-login.php" "Mozilla/5.0 (Macintosh; Intel Mac OS X 13_6_1) AppleWebKit/537.36 (KHTML, like Gecko) Chrome/118.0.0.0 Safari/537.36"
91.224.92.35 - - [28/Oct/2025:01:24:39 +0000] "POST /wp-login.php HTTP/1.0" 200 2891 "https://lamphimquangcao.net/wp-login.php" "Mozilla/5.0 (Windows NT 10.0; Win64; x64; rv:118.0) Gecko/20100101 Firefox/118.0"
91.224.92.35 - - [28/Oct/2025:01:24:39 +0000] "GET /wp-admin/index.php HTTP/1.0" 302 437 "https://lamphimquangcao.net/wp-login.php" "Mozilla/5.0 (Macintosh; Intel Mac OS X 10_15_7) AppleWebKit/605.1.15 (KHTML, like Gecko) Version/17.0 Safari/605.1.15"
91.224.92.35 - - [28/Oct/2025:01:24:40 +0000] "GET /wp-login.php?redirect_to=https%3A%2F%2Flamphimquangcao.net%2Fwp-admin%2Findex.php&reauth=1 HTTP/1.0" 200 4712 "https://lamphimquangcao.net/wp-login.php" "Mozilla/5.0 (Macintosh; Intel Mac OS X 10_15_7) AppleWebKit/605.1.15 (KHTML, like Gecko) Version/17.0 Safari/605.1.15"
54.37.118.64 - - [28/Oct/2025:01:24:40 +0000] "GET /?_g=3401031 HTTP/1.0" 200 18918 "-" "Mozilla/5.0 (compatible; AhrefsBot/7.0; +http://ahrefs.com/robot/)"
91.224.92.35 - - [28/Oct/2025:01:24:41 +0000] "POST /wp-login.php HTTP/1.0" 200 2920 "https://lamphimquangcao.net/wp-login.php" "Mozilla/5.0 (Windows NT 10.0; Win64; x64; rv:120.0) Gecko/20100101 Firefox/120.0"
91.224.92.35 - - [28/Oct/2025:01:24:41 +0000] "GET /wp-admin/index.php HTTP/1.0" 302 437 "https://lamphimquangcao.net/wp-login.php" "Mozilla/5.0 (Macintosh; Intel Mac OS X 13_6_1) AppleWebKit/537.36 (KHTML, like Gecko) Chrome/121.0.0.0 Safari/537.36"
20.171.207.84 - - [28/Oct/2025:01:24:41 +0000] "GET /?products=1948513800 HTTP/1.0" 200 18933 "-" "Mozilla/5.0 AppleWebKit/537.36 (KHTML, like Gecko; compatible; GPTBot/1.2; +https://openai.com/gptbot)"
91.224.92.35 - - [28/Oct/2025:01:24:42 +0000] "GET /wp-login.php?redirect_to=https%3A%2F%2Flamphimquangcao.net%2Fwp-admin%2Findex.php&reauth=1 HTTP/1.0" 200 4712 "https://lamphimquangcao.net/wp-login.php" "Mozilla/5.0 (Macintosh; Intel Mac OS X 13_6_1) AppleWebKit/537.36 (KHTML, like Gecko) Chrome/121.0.0.0 Safari/537.36"
91.224.92.35 - - [28/Oct/2025:01:24:42 +0000] "POST /wp-login.php HTTP/1.0" 200 2907 "https://lamphimquangcao.net/wp-login.php" "Mozilla/5.0 (Windows NT 11.0; Win64; x64) AppleWebKit/537.36 (KHTML, like Gecko) Chrome/121.0.0.0 Safari/537.36"
91.224.92.35 - - [28/Oct/2025:01:24:43 +0000] "GET /wp-admin/index.php HTTP/1.0" 302 437 "https://lamphimquangcao.net/wp-login.php" "Mozilla/5.0 (Windows NT 11.0; Win64; x64) AppleWebKit/537.36 (KHTML, like Gecko) Chrome/118.0.0.0 Safari/537.36"
