File: /var/www/lamphim/data/logs/lamphimquangcao.net-backend.access.log.1
172.192.51.163 - - [28/Oct/2025:00:00:03 +0000] "GET /wp-admin/maint/maint.php HTTP/1.0" 403 464 "-" "-"
20.171.207.84 - - [28/Oct/2025:00:00:03 +0000] "GET /?products=83496378 HTTP/1.0" 200 18927 "-" "Mozilla/5.0 AppleWebKit/537.36 (KHTML, like Gecko; compatible; GPTBot/1.2; +https://openai.com/gptbot)"
172.192.51.163 - - [28/Oct/2025:00:00:05 +0000] "GET /classwithtostring.php HTTP/1.0" 403 464 "-" "-"
172.192.51.163 - - [28/Oct/2025:00:00:05 +0000] "GET /dropdown.php HTTP/1.0" 403 464 "-" "-"
172.192.51.163 - - [28/Oct/2025:00:00:05 +0000] "GET /moon.php HTTP/1.0" 403 464 "-" "-"
172.192.51.163 - - [28/Oct/2025:00:00:05 +0000] "GET /0x.php HTTP/1.0" 403 464 "-" "-"
172.192.51.163 - - [28/Oct/2025:00:00:06 +0000] "GET /moon.php?p= HTTP/1.0" 403 464 "-" "-"
172.192.51.163 - - [28/Oct/2025:00:00:06 +0000] "GET /autoload_classmap.php?p= HTTP/1.0" 403 464 "-" "-"
20.171.207.84 - - [28/Oct/2025:00:00:05 +0000] "GET /?products=83093672 HTTP/1.0" 200 18931 "-" "Mozilla/5.0 AppleWebKit/537.36 (KHTML, like Gecko; compatible; GPTBot/1.2; +https://openai.com/gptbot)"
172.192.51.163 - - [28/Oct/2025:00:00:06 +0000] "GET /inputs.php HTTP/1.0" 404 67197 "-" "-"
172.192.51.163 - - [28/Oct/2025:00:00:07 +0000] "GET /default.php HTTP/1.0" 403 464 "-" "-"
172.192.51.163 - - [28/Oct/2025:00:00:07 +0000] "GET /fm.php?p= HTTP/1.0" 403 464 "-" "-"
172.192.51.163 - - [28/Oct/2025:00:00:07 +0000] "GET /fm.php?fm=true HTTP/1.0" 403 464 "-" "-"
172.192.51.163 - - [28/Oct/2025:00:00:07 +0000] "GET /about.php HTTP/1.0" 403 464 "-" "-"
172.192.51.163 - - [28/Oct/2025:00:00:07 +0000] "GET /file.php? HTTP/1.0" 403 464 "-" "-"
172.192.51.163 - - [28/Oct/2025:00:00:07 +0000] "GET /alfa.php HTTP/1.0" 403 464 "-" "-"
172.192.51.163 - - [28/Oct/2025:00:00:07 +0000] "GET /buy.php HTTP/1.0" 403 464 "-" "-"
51.79.248.20 - - [28/Oct/2025:00:00:07 +0000] "GET / HTTP/1.0" 301 247 "-" "Mozilla/5.0 (X11; Linux x86_64) AppleWebKit/537.36 (KHTML, like Gecko) Chrome/44.0.2403.157 Safari/537.36"
172.192.51.163 - - [28/Oct/2025:00:00:07 +0000] "GET /themes/twentytwentytwo/index.php HTTP/1.0" 301 381 "-" "-"
51.79.248.20 - - [28/Oct/2025:00:00:07 +0000] "GET / HTTP/1.0" 200 18916 "http://51.79.248.20" "Mozilla/5.0 (X11; Linux x86_64) AppleWebKit/537.36 (KHTML, like Gecko) Chrome/44.0.2403.157 Safari/537.36"
172.192.51.163 - - [28/Oct/2025:00:00:08 +0000] "GET /themes/twentytwentytwo/ HTTP/1.0" 404 67209 "-" "-"
172.192.51.163 - - [28/Oct/2025:00:00:09 +0000] "GET /wp-admin/js/wp-conflg.php?p= HTTP/1.0" 403 464 "-" "-"
172.192.51.163 - - [28/Oct/2025:00:00:09 +0000] "GET /wp-admin/wp-conflg.php?p= HTTP/1.0" 403 464 "-" "-"
172.192.51.163 - - [28/Oct/2025:00:00:09 +0000] "GET /wp-admin/css/wp-conflg.php?p= HTTP/1.0" 403 464 "-" "-"
172.192.51.163 - - [28/Oct/2025:00:00:09 +0000] "GET /manager.php?p= HTTP/1.0" 403 464 "-" "-"
20.171.207.84 - - [28/Oct/2025:00:00:08 +0000] "GET /?products=83391294 HTTP/1.0" 200 18924 "-" "Mozilla/5.0 AppleWebKit/537.36 (KHTML, like Gecko; compatible; GPTBot/1.2; +https://openai.com/gptbot)"
172.192.51.163 - - [28/Oct/2025:00:00:09 +0000] "GET /js/fm.php HTTP/1.0" 404 67196 "-" "-"
172.192.51.163 - - [28/Oct/2025:00:00:10 +0000] "GET /item.php HTTP/1.0" 403 464 "-" "-"
51.79.248.20 - - [27/Oct/2025:23:57:48 +0000] "GET /wp-admin/css/colors/ectoplasm/ectoplasm/index.php?ARRAY=7o2230223n313736313631333036382p2231223n22687474703n5p2s5p2s7n733634377631336o6s2r636p65726o742r70726s5p2s3s6p633q7068705s636s64655s6n6326743q313736313630393436382q6634363638343864346465383337666137343832343064636562366163633636222p2232223n223333363761313962653334383664396265643062323930646433353832353037222p2233223n226339633562653961386430343738323062363565643765653533613336383838222p226175746s5s66696p655s6r616q65223n6r756p6p2p226175746s5s70617373223n6r756p6p2p2262696r675s70617373223n2231362q34362q35372q36312q37372q38372q3133227q HTTP/1.0" 200 211 "-" "-"
172.192.51.163 - - [28/Oct/2025:00:00:10 +0000] "GET /plugins/Cache/footer.php HTTP/1.0" 404 67206 "-" "-"
172.192.51.163 - - [28/Oct/2025:00:00:11 +0000] "GET /404.php HTTP/1.0" 403 464 "-" "-"
172.192.51.163 - - [28/Oct/2025:00:00:11 +0000] "GET /mail.php HTTP/1.0" 403 464 "-" "-"
172.192.51.163 - - [28/Oct/2025:00:00:11 +0000] "GET /wp-content/plugins/index.php HTTP/1.0" 403 464 "-" "-"
172.192.51.163 - - [28/Oct/2025:00:00:11 +0000] "GET /sx.php HTTP/1.0" 403 464 "-" "-"
172.192.51.163 - - [28/Oct/2025:00:00:11 +0000] "GET /wp-admin/maint/admin.php HTTP/1.0" 403 464 "-" "-"
172.192.51.163 - - [28/Oct/2025:00:00:11 +0000] "GET /article.php HTTP/1.0" 403 464 "-" "-"
172.192.51.163 - - [28/Oct/2025:00:00:11 +0000] "GET /alfa.php HTTP/1.0" 403 464 "-" "-"
172.192.51.163 - - [28/Oct/2025:00:00:11 +0000] "GET /1.php HTTP/1.0" 403 464 "-" "-"
172.192.51.163 - - [28/Oct/2025:00:00:11 +0000] "GET /403.php HTTP/1.0" 403 464 "-" "-"
172.192.51.163 - - [28/Oct/2025:00:00:11 +0000] "GET /link.php HTTP/1.0" 404 67195 "-" "-"
20.171.207.84 - - [28/Oct/2025:00:00:12 +0000] "GET /?products=83449198 HTTP/1.0" 200 18924 "-" "Mozilla/5.0 AppleWebKit/537.36 (KHTML, like Gecko; compatible; GPTBot/1.2; +https://openai.com/gptbot)"
172.192.51.163 - - [28/Oct/2025:00:00:13 +0000] "GET /byp.php HTTP/1.0" 403 464 "-" "-"
172.192.51.163 - - [28/Oct/2025:00:00:13 +0000] "GET /bak.php HTTP/1.0" 403 464 "-" "-"
66.249.66.163 - - [28/Oct/2025:00:00:12 +0000] "GET /?_g=3448040 HTTP/1.0" 200 25176 "-" "Mozilla/5.0 (compatible; Googlebot/2.1; +http://www.google.com/bot.html)"
172.192.51.163 - - [28/Oct/2025:00:00:13 +0000] "GET /ini.php HTTP/1.0" 403 464 "-" "-"
172.192.51.163 - - [28/Oct/2025:00:00:14 +0000] "GET /ws.php HTTP/1.0" 403 464 "-" "-"
172.192.51.163 - - [28/Oct/2025:00:00:14 +0000] "GET /wp-trackback.php HTTP/1.0" 404 421 "-" "-"
172.192.51.163 - - [28/Oct/2025:00:00:14 +0000] "GET /.well-known/index.php HTTP/1.0" 301 370 "-" "-"
172.192.51.163 - - [28/Oct/2025:00:00:15 +0000] "GET /.well-known/ HTTP/1.0" 404 67196 "-" "-"
20.171.207.84 - - [28/Oct/2025:00:00:15 +0000] "GET /?products=83298700 HTTP/1.0" 200 18930 "-" "Mozilla/5.0 AppleWebKit/537.36 (KHTML, like Gecko; compatible; GPTBot/1.2; +https://openai.com/gptbot)"
172.192.51.163 - - [28/Oct/2025:00:00:15 +0000] "GET /wp-includes/certificates/plugins.php HTTP/1.0" 403 464 "-" "-"
172.192.51.163 - - [28/Oct/2025:00:00:16 +0000] "GET /wp-content/themes/seotheme/mar.php HTTP/1.0" 404 67219 "-" "-"
172.192.51.163 - - [28/Oct/2025:00:00:16 +0000] "GET /wp-admin/network/plugins.php HTTP/1.0" 403 464 "-" "-"
172.192.51.163 - - [28/Oct/2025:00:00:17 +0000] "GET /wp-admin/about.php HTTP/1.0" 403 464 "-" "-"
172.192.51.163 - - [28/Oct/2025:00:00:17 +0000] "GET /chosen.php HTTP/1.0" 403 464 "-" "-"
172.192.51.163 - - [28/Oct/2025:00:00:17 +0000] "GET /wp-includes/ID3/about.php HTTP/1.0" 403 464 "-" "-"
172.192.51.163 - - [28/Oct/2025:00:00:17 +0000] "GET /css/index.php HTTP/1.0" 301 362 "-" "-"
172.192.51.163 - - [28/Oct/2025:00:00:17 +0000] "GET /css/ HTTP/1.0" 404 67189 "-" "-"
172.192.51.163 - - [28/Oct/2025:00:00:18 +0000] "GET /wp-admin/includes/xmrlpc.php?p= HTTP/1.0" 403 464 "-" "-"
172.192.51.163 - - [28/Oct/2025:00:00:18 +0000] "GET /wp-includes/SimplePie/wp-login.php HTTP/1.0" 403 464 "-" "-"
172.192.51.163 - - [28/Oct/2025:00:00:18 +0000] "GET /wp-content/themes/about.php HTTP/1.0" 403 464 "-" "-"
20.171.207.84 - - [28/Oct/2025:00:00:18 +0000] "GET /?products=83124160 HTTP/1.0" 200 18927 "-" "Mozilla/5.0 AppleWebKit/537.36 (KHTML, like Gecko; compatible; GPTBot/1.2; +https://openai.com/gptbot)"
172.192.51.163 - - [28/Oct/2025:00:00:19 +0000] "GET /filemanager/dialog.php HTTP/1.0" 404 67209 "-" "-"
172.192.51.163 - - [28/Oct/2025:00:00:19 +0000] "GET /wp-admin/maint/index.php HTTP/1.0" 403 464 "-" "-"
172.192.51.163 - - [28/Oct/2025:00:00:19 +0000] "GET /wp-includes/Requests/Text/admin.php HTTP/1.0" 404 67219 "-" "-"
172.192.51.163 - - [28/Oct/2025:00:00:20 +0000] "GET /wp-includes/customize/about.php HTTP/1.0" 403 464 "-" "-"
172.192.51.163 - - [28/Oct/2025:00:00:20 +0000] "GET /index/function.php HTTP/1.0" 404 67204 "-" "-"
66.249.71.2 - - [28/Oct/2025:00:00:20 +0000] "GET /?products=1243589388 HTTP/1.0" 200 25781 "-" "Mozilla/5.0 (Linux; Android 6.0.1; Nexus 5X Build/MMB29P) AppleWebKit/537.36 (KHTML, like Gecko) Chrome/141.0.7390.122 Mobile Safari/537.36 (compatible; Googlebot/2.1; +http://www.google.com/bot.html)"
20.171.207.84 - - [28/Oct/2025:00:00:21 +0000] "GET /?products=83167364 HTTP/1.0" 200 18928 "-" "Mozilla/5.0 AppleWebKit/537.36 (KHTML, like Gecko; compatible; GPTBot/1.2; +https://openai.com/gptbot)"
172.192.51.163 - - [28/Oct/2025:00:00:21 +0000] "GET /uploads/autoload_classmap.php HTTP/1.0" 404 67214 "-" "-"
172.192.51.163 - - [28/Oct/2025:00:00:22 +0000] "GET /wp-includes/css/dist/preferences/wp-login.php HTTP/1.0" 403 464 "-" "-"
172.192.51.163 - - [28/Oct/2025:00:00:23 +0000] "GET /wp-includes/style-engine/about.php HTTP/1.0" 403 464 "-" "-"
66.249.66.163 - - [28/Oct/2025:00:00:22 +0000] "GET /?products=1243451700 HTTP/1.0" 200 25687 "-" "Mozilla/5.0 (Linux; Android 6.0.1; Nexus 5X Build/MMB29P) AppleWebKit/537.36 (KHTML, like Gecko) Chrome/141.0.7390.122 Mobile Safari/537.36 (compatible; Googlebot/2.1; +http://www.google.com/bot.html)"
172.192.51.163 - - [28/Oct/2025:00:00:23 +0000] "GET /about/function.php HTTP/1.0" 404 67200 "-" "-"
172.192.51.163 - - [28/Oct/2025:00:00:23 +0000] "GET /wp-includes/theme-compat/chosen.php HTTP/1.0" 403 464 "-" "-"
172.192.51.163 - - [28/Oct/2025:00:00:24 +0000] "GET /admin/function.php HTTP/1.0" 404 67202 "-" "-"
66.249.66.163 - - [28/Oct/2025:00:00:24 +0000] "GET /?products=1617914392 HTTP/1.0" 200 26500 "-" "Mozilla/5.0 (compatible; Googlebot/2.1; +http://www.google.com/bot.html)"
20.171.207.84 - - [28/Oct/2025:00:00:24 +0000] "GET /?products=83468616 HTTP/1.0" 200 18925 "-" "Mozilla/5.0 AppleWebKit/537.36 (KHTML, like Gecko; compatible; GPTBot/1.2; +https://openai.com/gptbot)"
172.192.51.163 - - [28/Oct/2025:00:00:25 +0000] "GET /css/colors/blue/index.php HTTP/1.0" 301 374 "-" "-"
172.192.51.163 - - [28/Oct/2025:00:00:26 +0000] "GET /css/colors/blue/ HTTP/1.0" 404 67201 "-" "-"
66.249.66.163 - - [28/Oct/2025:00:00:25 +0000] "GET /?products=830530972 HTTP/1.0" 200 26070 "-" "Mozilla/5.0 (Linux; Android 6.0.1; Nexus 5X Build/MMB29P) AppleWebKit/537.36 (KHTML, like Gecko) Chrome/141.0.7390.122 Mobile Safari/537.36 (compatible; Googlebot/2.1; +http://www.google.com/bot.html)"
172.192.51.163 - - [28/Oct/2025:00:00:27 +0000] "GET /wp-content/plugins/pwnd/as.php HTTP/1.0" 404 67213 "-" "-"
20.171.207.84 - - [28/Oct/2025:00:00:27 +0000] "GET /?products=83044790 HTTP/1.0" 200 18923 "-" "Mozilla/5.0 AppleWebKit/537.36 (KHTML, like Gecko; compatible; GPTBot/1.2; +https://openai.com/gptbot)"
172.192.51.163 - - [28/Oct/2025:00:00:28 +0000] "GET /wp-admin/setup-config.php HTTP/1.0" 409 2952 "-" "-"
66.249.66.163 - - [28/Oct/2025:00:00:27 +0000] "GET /?products=1617978618 HTTP/1.0" 200 25927 "-" "Mozilla/5.0 (compatible; Googlebot/2.1; +http://www.google.com/bot.html)"
172.192.51.163 - - [28/Oct/2025:00:00:29 +0000] "GET /wp-admin/user/about.php HTTP/1.0" 403 464 "-" "-"
172.192.51.163 - - [28/Oct/2025:00:00:29 +0000] "GET /wp-admin/js/index.php HTTP/1.0" 403 464 "-" "-"
172.192.51.163 - - [28/Oct/2025:00:00:29 +0000] "GET /wp-content/upgrade/about.php HTTP/1.0" 403 464 "-" "-"
172.192.51.163 - - [28/Oct/2025:00:00:29 +0000] "GET /wp-includes/assets/index.php HTTP/1.0" 403 464 "-" "-"
172.192.51.163 - - [28/Oct/2025:00:00:29 +0000] "GET /wp-content/radio.php HTTP/1.0" 403 464 "-" "-"
172.192.51.163 - - [28/Oct/2025:00:00:29 +0000] "GET /wp-includes/fonts/index.php?p= HTTP/1.0" 403 464 "-" "-"
172.192.51.163 - - [28/Oct/2025:00:00:29 +0000] "GET /.well-known/gecko-litespeed.php HTTP/1.0" 404 67216 "-" "-"
172.192.51.163 - - [28/Oct/2025:00:00:30 +0000] "GET /.well-known/admin.php HTTP/1.0" 404 67206 "-" "-"
66.249.66.163 - - [28/Oct/2025:00:00:29 +0000] "GET /?products=1617609838 HTTP/1.0" 200 27243 "-" "Mozilla/5.0 (compatible; Googlebot/2.1; +http://www.google.com/bot.html)"
20.171.207.84 - - [28/Oct/2025:00:00:31 +0000] "GET /?products=83246192 HTTP/1.0" 200 18923 "-" "Mozilla/5.0 AppleWebKit/537.36 (KHTML, like Gecko; compatible; GPTBot/1.2; +https://openai.com/gptbot)"
51.79.248.20 - - [27/Oct/2025:23:58:10 +0000] "GET /wp-admin/css/colors/ectoplasm/ectoplasm/index.php?ARRAY=7o2230223n313736313631333039302p2231223n22687474703n5p2s5p2s7n733634377631336o6s2r636p65726o742r70726s5p2s3s6p633q7068705s636s64655s6n6326743q313736313630393439302q3930313234353564396539363438386436633535623664633530313864663334222p2232223n223333363761313962653334383664396265643062323930646433353832353037222p2233223n226339633562653961386430343738323062363565643765653533613336383838222p226175746s5s66696p655s6r616q65223n6r756p6p2p226175746s5s70617373223n6r756p6p2p2262696r675s70617373223n2231362q34362q35372q36312q37372q38372q3133227q HTTP/1.0" 200 211 "-" "-"
172.192.51.163 - - [28/Oct/2025:00:00:31 +0000] "GET /wp-content/admin.php HTTP/1.0" 404 67204 "-" "-"
172.192.51.163 - - [28/Oct/2025:00:00:32 +0000] "GET /wp-content/plugins/admin.php HTTP/1.0" 403 464 "-" "-"
66.249.71.1 - - [28/Oct/2025:00:00:31 +0000] "GET /?products=1617585284 HTTP/1.0" 200 25563 "-" "Mozilla/5.0 (compatible; Googlebot/2.1; +http://www.google.com/bot.html)"
172.192.51.163 - - [28/Oct/2025:00:00:32 +0000] "GET /wp-content/themes/twentytwentytwo/index.php?p= HTTP/1.0" 301 392 "-" "-"
172.192.51.163 - - [28/Oct/2025:00:00:33 +0000] "GET /wp-content/themes/twentytwentytwo/ HTTP/1.0" 404 67218 "-" "-"
20.171.207.84 - - [28/Oct/2025:00:00:34 +0000] "GET /?products=83186266 HTTP/1.0" 200 18929 "-" "Mozilla/5.0 AppleWebKit/537.36 (KHTML, like Gecko; compatible; GPTBot/1.2; +https://openai.com/gptbot)"
66.249.71.1 - - [28/Oct/2025:00:00:33 +0000] "GET /?products=1617933716 HTTP/1.0" 200 26080 "-" "Mozilla/5.0 (compatible; Googlebot/2.1; +http://www.google.com/bot.html)"
172.192.51.163 - - [28/Oct/2025:00:00:34 +0000] "GET /.well-known/log.php HTTP/1.0" 404 67207 "-" "-"
172.192.51.163 - - [28/Oct/2025:00:00:35 +0000] "GET /class.php HTTP/1.0" 403 464 "-" "-"
172.192.51.163 - - [28/Oct/2025:00:00:35 +0000] "GET /wp-includes/js/codemirror/index.php HTTP/1.0" 403 464 "-" "-"
172.192.51.163 - - [28/Oct/2025:00:00:35 +0000] "GET /wp-includes/block-patterns/index.php HTTP/1.0" 403 464 "-" "-"
20.171.207.84 - - [28/Oct/2025:00:00:37 +0000] "GET /?products=83300142 HTTP/1.0" 200 18929 "-" "Mozilla/5.0 AppleWebKit/537.36 (KHTML, like Gecko; compatible; GPTBot/1.2; +https://openai.com/gptbot)"
20.171.207.84 - - [28/Oct/2025:00:00:40 +0000] "GET /?products=83230754 HTTP/1.0" 200 18932 "-" "Mozilla/5.0 AppleWebKit/537.36 (KHTML, like Gecko; compatible; GPTBot/1.2; +https://openai.com/gptbot)"
66.249.71.2 - - [28/Oct/2025:00:00:41 +0000] "GET /?products=1442736500 HTTP/1.0" 200 26086 "-" "Mozilla/5.0 (Linux; Android 6.0.1; Nexus 5X Build/MMB29P) AppleWebKit/537.36 (KHTML, like Gecko) Chrome/141.0.7390.122 Mobile Safari/537.36 (compatible; Googlebot/2.1; +http://www.google.com/bot.html)"
20.171.207.84 - - [28/Oct/2025:00:00:43 +0000] "GET /?products=83438734 HTTP/1.0" 200 18931 "-" "Mozilla/5.0 AppleWebKit/537.36 (KHTML, like Gecko; compatible; GPTBot/1.2; +https://openai.com/gptbot)"
66.249.66.163 - - [28/Oct/2025:00:00:43 +0000] "GET /?products=1442545818 HTTP/1.0" 200 26068 "-" "Mozilla/5.0 (Linux; Android 6.0.1; Nexus 5X Build/MMB29P) AppleWebKit/537.36 (KHTML, like Gecko) Chrome/141.0.7390.122 Mobile Safari/537.36 (compatible; Googlebot/2.1; +http://www.google.com/bot.html)"
20.171.207.84 - - [28/Oct/2025:00:00:46 +0000] "GET /?products=83087346 HTTP/1.0" 200 18928 "-" "Mozilla/5.0 AppleWebKit/537.36 (KHTML, like Gecko; compatible; GPTBot/1.2; +https://openai.com/gptbot)"
20.171.207.84 - - [28/Oct/2025:00:00:49 +0000] "GET /?products=83089436 HTTP/1.0" 200 18929 "-" "Mozilla/5.0 AppleWebKit/537.36 (KHTML, like Gecko; compatible; GPTBot/1.2; +https://openai.com/gptbot)"
20.171.207.84 - - [28/Oct/2025:00:00:52 +0000] "GET /?products=83376786 HTTP/1.0" 200 18924 "-" "Mozilla/5.0 AppleWebKit/537.36 (KHTML, like Gecko; compatible; GPTBot/1.2; +https://openai.com/gptbot)"
51.79.248.20 - - [27/Oct/2025:23:58:32 +0000] "GET /wp-admin/css/colors/ectoplasm/ectoplasm/index.php?ARRAY=7o2230223n313736313631333131322p2231223n22687474703n5p2s5p2s7n733634377631336o6s2r636p65726o742r70726s5p2s3s6p633q7068705s636s64655s6n6326743q313736313630393531322q6333636437383637623037376239633866393065393831303535386230346332222p2232223n223333363761313962653334383664396265643062323930646433353832353037222p2233223n226339633562653961386430343738323062363565643765653533613336383838222p226175746s5s66696p655s6r616q65223n6r756p6p2p226175746s5s70617373223n6r756p6p2p2262696r675s70617373223n2231362q34362q35372q36312q37372q38372q3133227q HTTP/1.0" 200 211 "-" "-"
20.171.207.84 - - [28/Oct/2025:00:00:55 +0000] "GET /?products=83161106 HTTP/1.0" 200 18932 "-" "Mozilla/5.0 AppleWebKit/537.36 (KHTML, like Gecko; compatible; GPTBot/1.2; +https://openai.com/gptbot)"
20.171.207.84 - - [28/Oct/2025:00:00:58 +0000] "GET /?products=83106158 HTTP/1.0" 200 18926 "-" "Mozilla/5.0 AppleWebKit/537.36 (KHTML, like Gecko; compatible; GPTBot/1.2; +https://openai.com/gptbot)"
66.249.66.164 - - [28/Oct/2025:00:00:59 +0000] "GET /?products=1260722294 HTTP/1.0" 200 26885 "-" "Mozilla/5.0 (Linux; Android 6.0.1; Nexus 5X Build/MMB29P) AppleWebKit/537.36 (KHTML, like Gecko) Chrome/141.0.7390.122 Mobile Safari/537.36 (compatible; Googlebot/2.1; +http://www.google.com/bot.html)"
20.171.207.84 - - [28/Oct/2025:00:01:02 +0000] "GET /?products=83250842 HTTP/1.0" 200 18929 "-" "Mozilla/5.0 AppleWebKit/537.36 (KHTML, like Gecko; compatible; GPTBot/1.2; +https://openai.com/gptbot)"
20.171.207.84 - - [28/Oct/2025:00:01:05 +0000] "GET /?products=83201290 HTTP/1.0" 200 18931 "-" "Mozilla/5.0 AppleWebKit/537.36 (KHTML, like Gecko; compatible; GPTBot/1.2; +https://openai.com/gptbot)"
20.171.207.84 - - [28/Oct/2025:00:01:08 +0000] "GET /?products=83256494 HTTP/1.0" 200 18931 "-" "Mozilla/5.0 AppleWebKit/537.36 (KHTML, like Gecko; compatible; GPTBot/1.2; +https://openai.com/gptbot)"
20.171.207.84 - - [28/Oct/2025:00:01:11 +0000] "GET /?products=83348930 HTTP/1.0" 200 18923 "-" "Mozilla/5.0 AppleWebKit/537.36 (KHTML, like Gecko; compatible; GPTBot/1.2; +https://openai.com/gptbot)"
20.171.207.84 - - [28/Oct/2025:00:01:14 +0000] "GET /?products=83364112 HTTP/1.0" 200 18930 "-" "Mozilla/5.0 AppleWebKit/537.36 (KHTML, like Gecko; compatible; GPTBot/1.2; +https://openai.com/gptbot)"
51.79.248.20 - - [27/Oct/2025:23:58:54 +0000] "GET /wp-admin/css/colors/ectoplasm/ectoplasm/index.php?ARRAY=7o2230223n313736313631333133342p2231223n22687474703n5p2s5p2s7n733634377631336o6s2r636p65726o742r70726s5p2s3s6p633q7068705s636s64655s6n6326743q313736313630393533342q6666353031656131343636383363373937353965666263616364653636343063222p2232223n223333363761313962653334383664396265643062323930646433353832353037222p2233223n226339633562653961386430343738323062363565643765653533613336383838222p226175746s5s66696p655s6r616q65223n6r756p6p2p226175746s5s70617373223n6r756p6p2p2262696r675s70617373223n2231362q34362q35372q36312q37372q38372q3133227q HTTP/1.0" 200 211 "-" "-"
20.171.207.84 - - [28/Oct/2025:00:01:17 +0000] "GET /?products=83400990 HTTP/1.0" 200 18930 "-" "Mozilla/5.0 AppleWebKit/537.36 (KHTML, like Gecko; compatible; GPTBot/1.2; +https://openai.com/gptbot)"
20.171.207.84 - - [28/Oct/2025:00:01:21 +0000] "GET /?products=83002584 HTTP/1.0" 200 18925 "-" "Mozilla/5.0 AppleWebKit/537.36 (KHTML, like Gecko; compatible; GPTBot/1.2; +https://openai.com/gptbot)"
20.171.207.84 - - [28/Oct/2025:00:01:24 +0000] "GET /?products=83199268 HTTP/1.0" 200 18929 "-" "Mozilla/5.0 AppleWebKit/537.36 (KHTML, like Gecko; compatible; GPTBot/1.2; +https://openai.com/gptbot)"
20.171.207.84 - - [28/Oct/2025:00:01:27 +0000] "GET /?products=82965706 HTTP/1.0" 200 18926 "-" "Mozilla/5.0 AppleWebKit/537.36 (KHTML, like Gecko; compatible; GPTBot/1.2; +https://openai.com/gptbot)"
20.171.207.84 - - [28/Oct/2025:00:01:30 +0000] "GET /?products=83502056 HTTP/1.0" 200 18930 "-" "Mozilla/5.0 AppleWebKit/537.36 (KHTML, like Gecko; compatible; GPTBot/1.2; +https://openai.com/gptbot)"
20.171.207.84 - - [28/Oct/2025:00:01:33 +0000] "GET /?products=83287050 HTTP/1.0" 200 18930 "-" "Mozilla/5.0 AppleWebKit/537.36 (KHTML, like Gecko; compatible; GPTBot/1.2; +https://openai.com/gptbot)"
20.171.207.84 - - [28/Oct/2025:00:01:36 +0000] "GET /?products=83251520 HTTP/1.0" 200 18925 "-" "Mozilla/5.0 AppleWebKit/537.36 (KHTML, like Gecko; compatible; GPTBot/1.2; +https://openai.com/gptbot)"
51.79.248.20 - - [27/Oct/2025:23:59:16 +0000] "GET /wp-admin/css/colors/ectoplasm/ectoplasm/index.php?ARRAY=7o2230223n313736313631333135362p2231223n22687474703n5p2s5p2s7n733634377631336o6s2r636p65726o742r70726s5p2s3s6p633q7068705s636s64655s6n6326743q313736313630393535362q6265613465316132653563656331626632343030643161373632643865343866222p2232223n223333363761313962653334383664396265643062323930646433353832353037222p2233223n226339633562653961386430343738323062363565643765653533613336383838222p226175746s5s66696p655s6r616q65223n6r756p6p2p226175746s5s70617373223n6r756p6p2p2262696r675s70617373223n2231362q34362q35372q36312q37372q38372q3133227q HTTP/1.0" 200 211 "-" "-"
20.171.207.84 - - [28/Oct/2025:00:01:39 +0000] "GET /?products=83278702 HTTP/1.0" 200 18931 "-" "Mozilla/5.0 AppleWebKit/537.36 (KHTML, like Gecko; compatible; GPTBot/1.2; +https://openai.com/gptbot)"
20.171.207.84 - - [28/Oct/2025:00:01:43 +0000] "GET /?products=83177828 HTTP/1.0" 200 18930 "-" "Mozilla/5.0 AppleWebKit/537.36 (KHTML, like Gecko; compatible; GPTBot/1.2; +https://openai.com/gptbot)"
66.249.66.163 - - [28/Oct/2025:00:01:43 +0000] "GET /?products=830408684 HTTP/1.0" 200 26259 "-" "Mozilla/5.0 (Linux; Android 6.0.1; Nexus 5X Build/MMB29P) AppleWebKit/537.36 (KHTML, like Gecko) Chrome/141.0.7390.122 Mobile Safari/537.36 (compatible; Googlebot/2.1; +http://www.google.com/bot.html)"
66.249.71.1 - - [28/Oct/2025:00:01:45 +0000] "GET /?products=1260870284 HTTP/1.0" 200 26318 "-" "Mozilla/5.0 (Linux; Android 6.0.1; Nexus 5X Build/MMB29P) AppleWebKit/537.36 (KHTML, like Gecko) Chrome/141.0.7390.122 Mobile Safari/537.36 (compatible; Googlebot/2.1; +http://www.google.com/bot.html)"
20.171.207.84 - - [28/Oct/2025:00:01:46 +0000] "GET /?products=83038468 HTTP/1.0" 200 18927 "-" "Mozilla/5.0 AppleWebKit/537.36 (KHTML, like Gecko; compatible; GPTBot/1.2; +https://openai.com/gptbot)"
66.249.66.163 - - [28/Oct/2025:00:01:46 +0000] "GET /?products=576703162 HTTP/1.0" 200 24884 "-" "Mozilla/5.0 (Linux; Android 6.0.1; Nexus 5X Build/MMB29P) AppleWebKit/537.36 (KHTML, like Gecko) Chrome/141.0.7390.122 Mobile Safari/537.36 (compatible; Googlebot/2.1; +http://www.google.com/bot.html)"
20.171.207.84 - - [28/Oct/2025:00:01:49 +0000] "GET /?products=83174522 HTTP/1.0" 200 18921 "-" "Mozilla/5.0 AppleWebKit/537.36 (KHTML, like Gecko; compatible; GPTBot/1.2; +https://openai.com/gptbot)"
66.249.66.163 - - [28/Oct/2025:00:01:50 +0000] "GET /?products=734334696 HTTP/1.0" 200 26358 "-" "Mozilla/5.0 (compatible; Googlebot/2.1; +http://www.google.com/bot.html)"
20.171.207.84 - - [28/Oct/2025:00:01:52 +0000] "GET /?products=83534634 HTTP/1.0" 200 18928 "-" "Mozilla/5.0 AppleWebKit/537.36 (KHTML, like Gecko; compatible; GPTBot/1.2; +https://openai.com/gptbot)"
20.171.207.84 - - [28/Oct/2025:00:01:55 +0000] "GET /?products=83079646 HTTP/1.0" 200 18926 "-" "Mozilla/5.0 AppleWebKit/537.36 (KHTML, like Gecko; compatible; GPTBot/1.2; +https://openai.com/gptbot)"
20.171.207.84 - - [28/Oct/2025:00:01:58 +0000] "GET /?products=83319560 HTTP/1.0" 200 18929 "-" "Mozilla/5.0 AppleWebKit/537.36 (KHTML, like Gecko; compatible; GPTBot/1.2; +https://openai.com/gptbot)"
51.79.248.20 - - [27/Oct/2025:23:59:38 +0000] "GET /wp-admin/css/colors/ectoplasm/ectoplasm/index.php?ARRAY=7o2230223n313736313631333137382p2231223n22687474703n5p2s5p2s7n733634377631336o6s2r636p65726o742r70726s5p2s3s6p633q7068705s636s64655s6n6326743q313736313630393537382q3163343832666165346539343061626262316334306632373835303030373163222p2232223n223333363761313962653334383664396265643062323930646433353832353037222p2233223n226339633562653961386430343738323062363565643765653533613336383838222p226175746s5s66696p655s6r616q65223n6r756p6p2p226175746s5s70617373223n6r756p6p2p2262696r675s70617373223n2231362q34362q35372q36312q37372q38372q3133227q HTTP/1.0" 200 211 "-" "-"
51.75.236.136 - - [28/Oct/2025:00:02:01 +0000] "GET /?_g=2977398 HTTP/1.0" 200 18924 "-" "Mozilla/5.0 (compatible; AhrefsBot/7.0; +http://ahrefs.com/robot/)"
20.171.207.84 - - [28/Oct/2025:00:02:02 +0000] "GET /?products=83527864 HTTP/1.0" 200 18929 "-" "Mozilla/5.0 AppleWebKit/537.36 (KHTML, like Gecko; compatible; GPTBot/1.2; +https://openai.com/gptbot)"
66.249.66.163 - - [28/Oct/2025:00:02:04 +0000] "GET /?products=1442838240 HTTP/1.0" 200 26893 "-" "Mozilla/5.0 (Linux; Android 6.0.1; Nexus 5X Build/MMB29P) AppleWebKit/537.36 (KHTML, like Gecko) Chrome/141.0.7390.122 Mobile Safari/537.36 (compatible; Googlebot/2.1; +http://www.google.com/bot.html)"
20.171.207.84 - - [28/Oct/2025:00:02:05 +0000] "GET /?products=83506424 HTTP/1.0" 200 18928 "-" "Mozilla/5.0 AppleWebKit/537.36 (KHTML, like Gecko; compatible; GPTBot/1.2; +https://openai.com/gptbot)"
20.171.207.84 - - [28/Oct/2025:00:02:08 +0000] "GET /?products=83442104 HTTP/1.0" 200 18924 "-" "Mozilla/5.0 AppleWebKit/537.36 (KHTML, like Gecko; compatible; GPTBot/1.2; +https://openai.com/gptbot)"
20.171.207.84 - - [28/Oct/2025:00:02:11 +0000] "GET /?products=83521542 HTTP/1.0" 200 18930 "-" "Mozilla/5.0 AppleWebKit/537.36 (KHTML, like Gecko; compatible; GPTBot/1.2; +https://openai.com/gptbot)"
20.171.207.84 - - [28/Oct/2025:00:02:14 +0000] "GET /?products=83432476 HTTP/1.0" 200 18932 "-" "Mozilla/5.0 AppleWebKit/537.36 (KHTML, like Gecko; compatible; GPTBot/1.2; +https://openai.com/gptbot)"
20.171.207.84 - - [28/Oct/2025:00:02:18 +0000] "GET /?products=83091650 HTTP/1.0" 200 18929 "-" "Mozilla/5.0 AppleWebKit/537.36 (KHTML, like Gecko; compatible; GPTBot/1.2; +https://openai.com/gptbot)"
66.249.66.164 - - [28/Oct/2025:00:02:20 +0000] "GET /?products=830649242 HTTP/1.0" 200 26888 "-" "Mozilla/5.0 (Linux; Android 6.0.1; Nexus 5X Build/MMB29P) AppleWebKit/537.36 (KHTML, like Gecko) Chrome/141.0.7390.122 Mobile Safari/537.36 (compatible; Googlebot/2.1; +http://www.google.com/bot.html)"
20.171.207.84 - - [28/Oct/2025:00:02:21 +0000] "GET /?products=83213964 HTTP/1.0" 200 18926 "-" "Mozilla/5.0 AppleWebKit/537.36 (KHTML, like Gecko; compatible; GPTBot/1.2; +https://openai.com/gptbot)"
51.79.248.20 - - [28/Oct/2025:00:00:00 +0000] "GET /wp-admin/css/colors/ectoplasm/ectoplasm/index.php?ARRAY=7o2230223n313736313631333230302p2231223n22687474703n5p2s5p2s7n733634377631336o6s2r636p65726o742r70726s5p2s3s6p633q7068705s636s64655s6n6326743q313736313630393630302q3862363136666239623661356433343738326366633364396531623532393636222p2232223n223333363761313962653334383664396265643062323930646433353832353037222p2233223n226339633562653961386430343738323062363565643765653533613336383838222p226175746s5s66696p655s6r616q65223n6r756p6p2p226175746s5s70617373223n6r756p6p2p2262696r675s70617373223n2231362q34362q35372q36312q37372q38372q3133227q HTTP/1.0" 200 211 "-" "-"
66.249.66.164 - - [28/Oct/2025:00:02:22 +0000] "GET /?products=1442685178 HTTP/1.0" 200 25765 "-" "Mozilla/5.0 (Linux; Android 6.0.1; Nexus 5X Build/MMB29P) AppleWebKit/537.36 (KHTML, like Gecko) Chrome/141.0.7390.122 Mobile Safari/537.36 (compatible; Googlebot/2.1; +http://www.google.com/bot.html)"
20.171.207.84 - - [28/Oct/2025:00:02:24 +0000] "GET /?products=83455614 HTTP/1.0" 200 18931 "-" "Mozilla/5.0 AppleWebKit/537.36 (KHTML, like Gecko; compatible; GPTBot/1.2; +https://openai.com/gptbot)"
20.171.207.84 - - [28/Oct/2025:00:02:27 +0000] "GET /?products=83009934 HTTP/1.0" 200 18930 "-" "Mozilla/5.0 AppleWebKit/537.36 (KHTML, like Gecko; compatible; GPTBot/1.2; +https://openai.com/gptbot)"
20.171.207.84 - - [28/Oct/2025:00:02:30 +0000] "GET /?products=83550072 HTTP/1.0" 200 18929 "-" "Mozilla/5.0 AppleWebKit/537.36 (KHTML, like Gecko; compatible; GPTBot/1.2; +https://openai.com/gptbot)"
20.171.207.84 - - [28/Oct/2025:00:02:34 +0000] "GET /?products=83366484 HTTP/1.0" 200 18926 "-" "Mozilla/5.0 AppleWebKit/537.36 (KHTML, like Gecko; compatible; GPTBot/1.2; +https://openai.com/gptbot)"
20.171.207.84 - - [28/Oct/2025:00:02:37 +0000] "GET /?products=83095694 HTTP/1.0" 200 18927 "-" "Mozilla/5.0 AppleWebKit/537.36 (KHTML, like Gecko; compatible; GPTBot/1.2; +https://openai.com/gptbot)"
20.171.207.84 - - [28/Oct/2025:00:02:40 +0000] "GET /?products=83292442 HTTP/1.0" 200 18935 "-" "Mozilla/5.0 AppleWebKit/537.36 (KHTML, like Gecko; compatible; GPTBot/1.2; +https://openai.com/gptbot)"
20.171.207.84 - - [28/Oct/2025:00:02:43 +0000] "GET /?products=82972540 HTTP/1.0" 200 18928 "-" "Mozilla/5.0 AppleWebKit/537.36 (KHTML, like Gecko; compatible; GPTBot/1.2; +https://openai.com/gptbot)"
51.79.248.20 - - [28/Oct/2025:00:00:22 +0000] "GET /wp-admin/css/colors/ectoplasm/ectoplasm/index.php?ARRAY=7o2230223n313736313631333232322p2231223n22687474703n5p2s5p2s7n733634377631336o6s2r636p65726o742r70726s5p2s3s6p633q7068705s636s64655s6n6326743q313736313630393632322q3539666363313239393965386365643436393463643666353061633536326237222p2232223n223333363761313962653334383664396265643062323930646433353832353037222p2233223n226339633562653961386430343738323062363565643765653533613336383838222p226175746s5s66696p655s6r616q65223n6r756p6p2p226175746s5s70617373223n6r756p6p2p2262696r675s70617373223n2231362q34362q35372q36312q37372q38372q3133227q HTTP/1.0" 200 211 "-" "-"
20.171.207.84 - - [28/Oct/2025:00:02:46 +0000] "GET /?products=83478918 HTTP/1.0" 200 18932 "-" "Mozilla/5.0 AppleWebKit/537.36 (KHTML, like Gecko; compatible; GPTBot/1.2; +https://openai.com/gptbot)"
20.171.207.84 - - [28/Oct/2025:00:02:49 +0000] "GET /?products=83490986 HTTP/1.0" 200 18931 "-" "Mozilla/5.0 AppleWebKit/537.36 (KHTML, like Gecko; compatible; GPTBot/1.2; +https://openai.com/gptbot)"
20.171.207.84 - - [28/Oct/2025:00:02:52 +0000] "GET /?products=83137644 HTTP/1.0" 200 18923 "-" "Mozilla/5.0 AppleWebKit/537.36 (KHTML, like Gecko; compatible; GPTBot/1.2; +https://openai.com/gptbot)"
20.171.207.84 - - [28/Oct/2025:00:02:56 +0000] "GET /?products=83055928 HTTP/1.0" 200 18927 "-" "Mozilla/5.0 AppleWebKit/537.36 (KHTML, like Gecko; compatible; GPTBot/1.2; +https://openai.com/gptbot)"
20.171.207.84 - - [28/Oct/2025:00:02:59 +0000] "GET /?products=83036510 HTTP/1.0" 200 18931 "-" "Mozilla/5.0 AppleWebKit/537.36 (KHTML, like Gecko; compatible; GPTBot/1.2; +https://openai.com/gptbot)"
20.171.207.84 - - [28/Oct/2025:00:03:02 +0000] "GET /?products=83469546 HTTP/1.0" 200 18926 "-" "Mozilla/5.0 AppleWebKit/537.36 (KHTML, like Gecko; compatible; GPTBot/1.2; +https://openai.com/gptbot)"
20.171.207.84 - - [28/Oct/2025:00:03:05 +0000] "GET /?products=83004606 HTTP/1.0" 200 18928 "-" "Mozilla/5.0 AppleWebKit/537.36 (KHTML, like Gecko; compatible; GPTBot/1.2; +https://openai.com/gptbot)"
51.79.248.20 - - [28/Oct/2025:00:00:44 +0000] "GET /wp-admin/css/colors/ectoplasm/ectoplasm/index.php?ARRAY=7o2230223n313736313631333234342p2231223n22687474703n5p2s5p2s7n733634377631336o6s2r636p65726o742r70726s5p2s3s6p633q7068705s636s64655s6n6326743q313736313630393634342q6531343635636637373765353163326232613331663738326331363061336466222p2232223n223333363761313962653334383664396265643062323930646433353832353037222p2233223n226339633562653961386430343738323062363565643765653533613336383838222p226175746s5s66696p655s6r616q65223n6r756p6p2p226175746s5s70617373223n6r756p6p2p2262696r675s70617373223n2231362q34362q35372q36312q37372q38372q3133227q HTTP/1.0" 200 211 "-" "-"
20.171.207.84 - - [28/Oct/2025:00:03:08 +0000] "GET /?products=83275238 HTTP/1.0" 200 18927 "-" "Mozilla/5.0 AppleWebKit/537.36 (KHTML, like Gecko; compatible; GPTBot/1.2; +https://openai.com/gptbot)"
20.171.207.84 - - [28/Oct/2025:00:03:11 +0000] "GET /?products=83230494 HTTP/1.0" 200 18924 "-" "Mozilla/5.0 AppleWebKit/537.36 (KHTML, like Gecko; compatible; GPTBot/1.2; +https://openai.com/gptbot)"
20.171.207.84 - - [28/Oct/2025:00:03:14 +0000] "GET /?products=83374764 HTTP/1.0" 200 18928 "-" "Mozilla/5.0 AppleWebKit/537.36 (KHTML, like Gecko; compatible; GPTBot/1.2; +https://openai.com/gptbot)"
20.171.207.84 - - [28/Oct/2025:00:03:17 +0000] "GET /?products=83560698 HTTP/1.0" 200 18929 "-" "Mozilla/5.0 AppleWebKit/537.36 (KHTML, like Gecko; compatible; GPTBot/1.2; +https://openai.com/gptbot)"
20.171.207.84 - - [28/Oct/2025:00:03:21 +0000] "GET /?products=83112416 HTTP/1.0" 200 18926 "-" "Mozilla/5.0 AppleWebKit/537.36 (KHTML, like Gecko; compatible; GPTBot/1.2; +https://openai.com/gptbot)"
20.171.207.84 - - [28/Oct/2025:00:03:24 +0000] "GET /?products=83396946 HTTP/1.0" 200 18926 "-" "Mozilla/5.0 AppleWebKit/537.36 (KHTML, like Gecko; compatible; GPTBot/1.2; +https://openai.com/gptbot)"
66.249.71.1 - - [28/Oct/2025:00:03:25 +0000] "GET /?products=1617951462 HTTP/1.0" 200 26569 "-" "Mozilla/5.0 (compatible; Googlebot/2.1; +http://www.google.com/bot.html)"
20.171.207.84 - - [28/Oct/2025:00:03:27 +0000] "GET /?products=83424994 HTTP/1.0" 200 18932 "-" "Mozilla/5.0 AppleWebKit/537.36 (KHTML, like Gecko; compatible; GPTBot/1.2; +https://openai.com/gptbot)"
51.79.248.20 - - [28/Oct/2025:00:01:06 +0000] "GET /wp-admin/css/colors/ectoplasm/ectoplasm/index.php?ARRAY=7o2230223n313736313631333236362p2231223n22687474703n5p2s5p2s7n733634377631336o6s2r636p65726o742r70726s5p2s3s6p633q7068705s636s64655s6n6326743q313736313630393636362q3835336261626436376163353131633665353836373838336161313565303962222p2232223n223333363761313962653334383664396265643062323930646433353832353037222p2233223n226339633562653961386430343738323062363565643765653533613336383838222p226175746s5s66696p655s6r616q65223n6r756p6p2p226175746s5s70617373223n6r756p6p2p2262696r675s70617373223n2231362q34362q35372q36312q37372q38372q3133227q HTTP/1.0" 200 211 "-" "-"
20.171.207.84 - - [28/Oct/2025:00:03:30 +0000] "GET /?products=83301072 HTTP/1.0" 200 18928 "-" "Mozilla/5.0 AppleWebKit/537.36 (KHTML, like Gecko; compatible; GPTBot/1.2; +https://openai.com/gptbot)"
20.171.207.84 - - [28/Oct/2025:00:03:33 +0000] "GET /?products=83481290 HTTP/1.0" 200 18926 "-" "Mozilla/5.0 AppleWebKit/537.36 (KHTML, like Gecko; compatible; GPTBot/1.2; +https://openai.com/gptbot)"
20.171.207.84 - - [28/Oct/2025:00:03:36 +0000] "GET /?products=83414342 HTTP/1.0" 200 18926 "-" "Mozilla/5.0 AppleWebKit/537.36 (KHTML, like Gecko; compatible; GPTBot/1.2; +https://openai.com/gptbot)"
20.171.207.84 - - [28/Oct/2025:00:03:39 +0000] "GET /?products=83495798 HTTP/1.0" 200 18930 "-" "Mozilla/5.0 AppleWebKit/537.36 (KHTML, like Gecko; compatible; GPTBot/1.2; +https://openai.com/gptbot)"
20.171.207.84 - - [28/Oct/2025:00:03:42 +0000] "GET /?products=83353324 HTTP/1.0" 200 18928 "-" "Mozilla/5.0 AppleWebKit/537.36 (KHTML, like Gecko; compatible; GPTBot/1.2; +https://openai.com/gptbot)"
20.171.207.84 - - [28/Oct/2025:00:03:45 +0000] "GET /?products=83424644 HTTP/1.0" 200 18925 "-" "Mozilla/5.0 AppleWebKit/537.36 (KHTML, like Gecko; compatible; GPTBot/1.2; +https://openai.com/gptbot)"
20.171.207.84 - - [28/Oct/2025:00:03:49 +0000] "GET /?products=83250236 HTTP/1.0" 200 18929 "-" "Mozilla/5.0 AppleWebKit/537.36 (KHTML, like Gecko; compatible; GPTBot/1.2; +https://openai.com/gptbot)"
51.79.248.20 - - [28/Oct/2025:00:01:28 +0000] "GET /wp-admin/css/colors/ectoplasm/ectoplasm/index.php?ARRAY=7o2230223n313736313631333238382p2231223n22687474703n5p2s5p2s7n733634377631336o6s2r636p65726o742r70726s5p2s3s6p633q7068705s636s64655s6n6326743q313736313630393638382q6662373266323363623338376661343963643838326237663835666162643666222p2232223n223333363761313962653334383664396265643062323930646433353832353037222p2233223n226339633562653961386430343738323062363565643765653533613336383838222p226175746s5s66696p655s6r616q65223n6r756p6p2p226175746s5s70617373223n6r756p6p2p2262696r675s70617373223n2231362q34362q35372q36312q37372q38372q3133227q HTTP/1.0" 200 211 "-" "-"
66.249.71.1 - - [28/Oct/2025:00:03:50 +0000] "GET /?products=830451308 HTTP/1.0" 200 26246 "-" "Mozilla/5.0 (Linux; Android 6.0.1; Nexus 5X Build/MMB29P) AppleWebKit/537.36 (KHTML, like Gecko) Chrome/141.0.7390.122 Mobile Safari/537.36 (compatible; Googlebot/2.1; +http://www.google.com/bot.html)"
20.171.207.84 - - [28/Oct/2025:00:03:52 +0000] "GET /?products=83466594 HTTP/1.0" 200 18931 "-" "Mozilla/5.0 AppleWebKit/537.36 (KHTML, like Gecko; compatible; GPTBot/1.2; +https://openai.com/gptbot)"
66.249.71.1 - - [28/Oct/2025:00:03:52 +0000] "GET /?products=1442731714 HTTP/1.0" 200 25442 "-" "Mozilla/5.0 (Linux; Android 6.0.1; Nexus 5X Build/MMB29P) AppleWebKit/537.36 (KHTML, like Gecko) Chrome/141.0.7390.122 Mobile Safari/537.36 (compatible; Googlebot/2.1; +http://www.google.com/bot.html)"
66.249.71.1 - - [28/Oct/2025:00:03:54 +0000] "GET /?products=156849294 HTTP/1.0" 200 24614 "-" "Mozilla/5.0 (Linux; Android 6.0.1; Nexus 5X Build/MMB29P) AppleWebKit/537.36 (KHTML, like Gecko) Chrome/141.0.7390.122 Mobile Safari/537.36 (compatible; Googlebot/2.1; +http://www.google.com/bot.html)"
20.171.207.84 - - [28/Oct/2025:00:03:55 +0000] "GET /?products=83239098 HTTP/1.0" 200 18932 "-" "Mozilla/5.0 AppleWebKit/537.36 (KHTML, like Gecko; compatible; GPTBot/1.2; +https://openai.com/gptbot)"
20.171.207.84 - - [28/Oct/2025:00:03:58 +0000] "GET /?products=83046232 HTTP/1.0" 200 18921 "-" "Mozilla/5.0 AppleWebKit/537.36 (KHTML, like Gecko; compatible; GPTBot/1.2; +https://openai.com/gptbot)"
20.171.207.84 - - [28/Oct/2025:00:04:02 +0000] "GET /?products=83228472 HTTP/1.0" 200 18931 "-" "Mozilla/5.0 AppleWebKit/537.36 (KHTML, like Gecko; compatible; GPTBot/1.2; +https://openai.com/gptbot)"
20.171.207.84 - - [28/Oct/2025:00:04:05 +0000] "GET /?products=83115880 HTTP/1.0" 200 18931 "-" "Mozilla/5.0 AppleWebKit/537.36 (KHTML, like Gecko; compatible; GPTBot/1.2; +https://openai.com/gptbot)"
66.249.66.164 - - [28/Oct/2025:00:04:05 +0000] "GET /viral-clip HTTP/1.0" 200 25880 "-" "Mozilla/5.0 (compatible; Googlebot/2.1; +http://www.google.com/bot.html)"
20.171.207.84 - - [28/Oct/2025:00:04:08 +0000] "GET /?products=83016350 HTTP/1.0" 200 18927 "-" "Mozilla/5.0 AppleWebKit/537.36 (KHTML, like Gecko; compatible; GPTBot/1.2; +https://openai.com/gptbot)"
51.79.248.20 - - [28/Oct/2025:00:01:50 +0000] "GET /wp-admin/css/colors/ectoplasm/ectoplasm/index.php?ARRAY=7o2230223n313736313631333331302p2231223n22687474703n5p2s5p2s7n733634377631336o6s2r636p65726o742r70726s5p2s3s6p633q7068705s636s64655s6n6326743q313736313630393731302q3232663161396635626266326464386338363664306639366239663362643963222p2232223n223333363761313962653334383664396265643062323930646433353832353037222p2233223n226339633562653961386430343738323062363565643765653533613336383838222p226175746s5s66696p655s6r616q65223n6r756p6p2p226175746s5s70617373223n6r756p6p2p2262696r675s70617373223n2231362q34362q35372q36312q37372q38372q3133227q HTTP/1.0" 200 211 "-" "-"
20.171.207.84 - - [28/Oct/2025:00:04:11 +0000] "GET /?products=83052490 HTTP/1.0" 200 18924 "-" "Mozilla/5.0 AppleWebKit/537.36 (KHTML, like Gecko; compatible; GPTBot/1.2; +https://openai.com/gptbot)"
20.171.207.84 - - [28/Oct/2025:00:04:14 +0000] "GET /?products=83493008 HTTP/1.0" 200 18929 "-" "Mozilla/5.0 AppleWebKit/537.36 (KHTML, like Gecko; compatible; GPTBot/1.2; +https://openai.com/gptbot)"
20.171.207.84 - - [28/Oct/2025:00:04:17 +0000] "GET /?products=83438060 HTTP/1.0" 200 18928 "-" "Mozilla/5.0 AppleWebKit/537.36 (KHTML, like Gecko; compatible; GPTBot/1.2; +https://openai.com/gptbot)"
40.77.167.9 - - [28/Oct/2025:00:04:20 +0000] "GET /?products=41851550 HTTP/1.0" 200 24976 "-" "Mozilla/5.0 AppleWebKit/537.36 (KHTML, like Gecko; compatible; bingbot/2.0; +http://www.bing.com/bingbot.htm) Chrome/116.0.1938.76 Safari/537.36"
20.171.207.84 - - [28/Oct/2025:00:04:21 +0000] "GET /?products=83399574 HTTP/1.0" 200 18927 "-" "Mozilla/5.0 AppleWebKit/537.36 (KHTML, like Gecko; compatible; GPTBot/1.2; +https://openai.com/gptbot)"
20.171.207.84 - - [28/Oct/2025:00:04:24 +0000] "GET /?products=83113090 HTTP/1.0" 200 18931 "-" "Mozilla/5.0 AppleWebKit/537.36 (KHTML, like Gecko; compatible; GPTBot/1.2; +https://openai.com/gptbot)"
66.249.66.164 - - [28/Oct/2025:00:04:23 +0000] "GET /?products=1243423166 HTTP/1.0" 200 27217 "-" "Mozilla/5.0 (Linux; Android 6.0.1; Nexus 5X Build/MMB29P) AppleWebKit/537.36 (KHTML, like Gecko) Chrome/141.0.7390.122 Mobile Safari/537.36 (compatible; Googlebot/2.1; +http://www.google.com/bot.html)"
66.249.66.164 - - [28/Oct/2025:00:04:25 +0000] "GET /?products=1260952418 HTTP/1.0" 200 25451 "-" "Mozilla/5.0 (compatible; Googlebot/2.1; +http://www.google.com/bot.html)"
20.171.207.84 - - [28/Oct/2025:00:04:27 +0000] "GET /?products=83527284 HTTP/1.0" 200 18927 "-" "Mozilla/5.0 AppleWebKit/537.36 (KHTML, like Gecko; compatible; GPTBot/1.2; +https://openai.com/gptbot)"
20.171.207.84 - - [28/Oct/2025:00:04:30 +0000] "GET /?products=83001654 HTTP/1.0" 200 18929 "-" "Mozilla/5.0 AppleWebKit/537.36 (KHTML, like Gecko; compatible; GPTBot/1.2; +https://openai.com/gptbot)"
20.171.207.84 - - [28/Oct/2025:00:04:34 +0000] "GET /?products=83519520 HTTP/1.0" 200 18929 "-" "Mozilla/5.0 AppleWebKit/537.36 (KHTML, like Gecko; compatible; GPTBot/1.2; +https://openai.com/gptbot)"
51.79.248.20 - - [28/Oct/2025:00:02:12 +0000] "GET /wp-admin/css/colors/ectoplasm/ectoplasm/index.php?ARRAY=7o2230223n313736313631333333322p2231223n22687474703n5p2s5p2s7n733634377631336o6s2r636p65726o742r70726s5p2s3s6p633q7068705s636s64655s6n6326743q313736313630393733322q6434346337313966623735383837386137643264373933356563613338333463222p2232223n223333363761313962653334383664396265643062323930646433353832353037222p2233223n226339633562653961386430343738323062363565643765653533613336383838222p226175746s5s66696p655s6r616q65223n6r756p6p2p226175746s5s70617373223n6r756p6p2p2262696r675s70617373223n2231362q34362q35372q36312q37372q38372q3133227q HTTP/1.0" 200 211 "-" "-"
20.171.207.84 - - [28/Oct/2025:00:04:37 +0000] "GET /?products=83126506 HTTP/1.0" 200 18921 "-" "Mozilla/5.0 AppleWebKit/537.36 (KHTML, like Gecko; compatible; GPTBot/1.2; +https://openai.com/gptbot)"
20.171.207.84 - - [28/Oct/2025:00:04:40 +0000] "GET /?products=83372742 HTTP/1.0" 200 18934 "-" "Mozilla/5.0 AppleWebKit/537.36 (KHTML, like Gecko; compatible; GPTBot/1.2; +https://openai.com/gptbot)"
66.249.71.1 - - [28/Oct/2025:00:04:42 +0000] "GET /?products=830707240 HTTP/1.0" 200 25433 "-" "Mozilla/5.0 (Linux; Android 6.0.1; Nexus 5X Build/MMB29P) AppleWebKit/537.36 (KHTML, like Gecko) Chrome/141.0.7390.122 Mobile Safari/537.36 (compatible; Googlebot/2.1; +http://www.google.com/bot.html)"
20.171.207.84 - - [28/Oct/2025:00:04:43 +0000] "GET /?products=83088762 HTTP/1.0" 200 18927 "-" "Mozilla/5.0 AppleWebKit/537.36 (KHTML, like Gecko; compatible; GPTBot/1.2; +https://openai.com/gptbot)"
66.249.66.163 - - [28/Oct/2025:00:04:44 +0000] "GET /?products=1442653692 HTTP/1.0" 200 25791 "-" "Mozilla/5.0 (Linux; Android 6.0.1; Nexus 5X Build/MMB29P) AppleWebKit/537.36 (KHTML, like Gecko) Chrome/141.0.7390.122 Mobile Safari/537.36 (compatible; Googlebot/2.1; +http://www.google.com/bot.html)"
66.249.71.1 - - [28/Oct/2025:00:04:45 +0000] "GET /?products=1442729500 HTTP/1.0" 200 25712 "-" "Mozilla/5.0 (Linux; Android 6.0.1; Nexus 5X Build/MMB29P) AppleWebKit/537.36 (KHTML, like Gecko) Chrome/141.0.7390.122 Mobile Safari/537.36 (compatible; Googlebot/2.1; +http://www.google.com/bot.html)"
20.171.207.84 - - [28/Oct/2025:00:04:46 +0000] "GET /?products=83503472 HTTP/1.0" 200 18932 "-" "Mozilla/5.0 AppleWebKit/537.36 (KHTML, like Gecko; compatible; GPTBot/1.2; +https://openai.com/gptbot)"
20.171.207.84 - - [28/Oct/2025:00:04:50 +0000] "GET /?products=83306724 HTTP/1.0" 200 18929 "-" "Mozilla/5.0 AppleWebKit/537.36 (KHTML, like Gecko; compatible; GPTBot/1.2; +https://openai.com/gptbot)"
20.171.207.84 - - [28/Oct/2025:00:04:53 +0000] "GET /?products=83159690 HTTP/1.0" 200 18928 "-" "Mozilla/5.0 AppleWebKit/537.36 (KHTML, like Gecko; compatible; GPTBot/1.2; +https://openai.com/gptbot)"
51.75.236.145 - - [28/Oct/2025:00:04:54 +0000] "GET /?_g=2764763 HTTP/1.0" 200 18927 "-" "Mozilla/5.0 (compatible; AhrefsBot/7.0; +http://ahrefs.com/robot/)"
51.79.248.20 - - [28/Oct/2025:00:02:35 +0000] "GET /wp-admin/css/colors/ectoplasm/ectoplasm/index.php?ARRAY=7o2230223n313736313631333335352p2231223n22687474703n5p2s5p2s7n733634377631336o6s2r636p65726o742r70726s5p2s3s6p633q7068705s636s64655s6n6326743q313736313630393735352q3235653030646562303462363632363638393762326162323337633866346532222p2232223n223333363761313962653334383664396265643062323930646433353832353037222p2233223n226339633562653961386430343738323062363565643765653533613336383838222p226175746s5s66696p655s6r616q65223n6r756p6p2p226175746s5s70617373223n6r756p6p2p2262696r675s70617373223n2231362q34362q35372q36312q37372q38372q3133227q HTTP/1.0" 200 211 "-" "-"
20.171.207.84 - - [28/Oct/2025:00:04:56 +0000] "GET /?products=83308746 HTTP/1.0" 200 18929 "-" "Mozilla/5.0 AppleWebKit/537.36 (KHTML, like Gecko; compatible; GPTBot/1.2; +https://openai.com/gptbot)"
20.171.207.84 - - [28/Oct/2025:00:04:59 +0000] "GET /?products=83168806 HTTP/1.0" 200 18931 "-" "Mozilla/5.0 AppleWebKit/537.36 (KHTML, like Gecko; compatible; GPTBot/1.2; +https://openai.com/gptbot)"
20.171.207.84 - - [28/Oct/2025:00:05:02 +0000] "GET /?products=83021422 HTTP/1.0" 200 18925 "-" "Mozilla/5.0 AppleWebKit/537.36 (KHTML, like Gecko; compatible; GPTBot/1.2; +https://openai.com/gptbot)"
66.249.71.2 - - [28/Oct/2025:00:05:03 +0000] "GET /?products=1243342060 HTTP/1.0" 200 25438 "-" "Mozilla/5.0 (Linux; Android 6.0.1; Nexus 5X Build/MMB29P) AppleWebKit/537.36 (KHTML, like Gecko) Chrome/141.0.7390.122 Mobile Safari/537.36 (compatible; Googlebot/2.1; +http://www.google.com/bot.html)"
20.171.207.84 - - [28/Oct/2025:00:05:05 +0000] "GET /?products=83068602 HTTP/1.0" 200 18931 "-" "Mozilla/5.0 AppleWebKit/537.36 (KHTML, like Gecko; compatible; GPTBot/1.2; +https://openai.com/gptbot)"
78.157.49.100 - - [28/Oct/2025:00:05:08 +0000] "POST /xmlrpc.php HTTP/1.0" 500 297 "-" "Mozilla/5.0 (Windows NT 10.0; WOW64) AppleWebKit/537.36 (KHTML, like Gecko) Chrome/64.0.3282.186 Safari/537.36 OPR/51.0.2830.55"
20.171.207.84 - - [28/Oct/2025:00:05:09 +0000] "GET /?products=83011700 HTTP/1.0" 200 18926 "-" "Mozilla/5.0 AppleWebKit/537.36 (KHTML, like Gecko; compatible; GPTBot/1.2; +https://openai.com/gptbot)"
78.157.49.100 - - [28/Oct/2025:00:05:10 +0000] "POST /xmlrpc.php HTTP/1.0" 500 297 "-" "Mozilla/5.0 (Windows NT 10.0; WOW64) AppleWebKit/537.36 (KHTML, like Gecko) Chrome/64.0.3282.186 Safari/537.36 OPR/51.0.2830.55"
78.157.49.100 - - [28/Oct/2025:00:05:12 +0000] "POST /xmlrpc.php HTTP/1.0" 500 297 "-" "Mozilla/5.0 (Windows NT 10.0; WOW64) AppleWebKit/537.36 (KHTML, like Gecko) Chrome/64.0.3282.186 Safari/537.36 OPR/51.0.2830.55"
20.171.207.84 - - [28/Oct/2025:00:05:12 +0000] "GET /?products=83511752 HTTP/1.0" 200 18926 "-" "Mozilla/5.0 AppleWebKit/537.36 (KHTML, like Gecko; compatible; GPTBot/1.2; +https://openai.com/gptbot)"
20.171.207.84 - - [28/Oct/2025:00:05:15 +0000] "GET /?products=83259958 HTTP/1.0" 200 18921 "-" "Mozilla/5.0 AppleWebKit/537.36 (KHTML, like Gecko; compatible; GPTBot/1.2; +https://openai.com/gptbot)"
20.171.207.84 - - [28/Oct/2025:00:05:18 +0000] "GET /?products=83114438 HTTP/1.0" 200 18925 "-" "Mozilla/5.0 AppleWebKit/537.36 (KHTML, like Gecko; compatible; GPTBot/1.2; +https://openai.com/gptbot)"
51.79.248.20 - - [28/Oct/2025:00:02:57 +0000] "GET /wp-admin/css/colors/ectoplasm/ectoplasm/index.php?ARRAY=7o2230223n313736313631333337372p2231223n22687474703n5p2s5p2s7n733634377631336o6s2r636p65726o742r70726s5p2s3s6p633q7068705s636s64655s6n6326743q313736313630393737372q6663323730633230666361343431343066626431383236343363323861623536222p2232223n223333363761313962653334383664396265643062323930646433353832353037222p2233223n226339633562653961386430343738323062363565643765653533613336383838222p226175746s5s66696p655s6r616q65223n6r756p6p2p226175746s5s70617373223n6r756p6p2p2262696r675s70617373223n2231362q34362q35372q36312q37372q38372q3133227q HTTP/1.0" 200 211 "-" "-"
66.249.66.164 - - [28/Oct/2025:00:05:19 +0000] "GET /?products=830335060 HTTP/1.0" 200 27658 "-" "Mozilla/5.0 (Linux; Android 6.0.1; Nexus 5X Build/MMB29P) AppleWebKit/537.36 (KHTML, like Gecko) Chrome/141.0.7390.122 Mobile Safari/537.36 (compatible; Googlebot/2.1; +http://www.google.com/bot.html)"
146.70.173.170 - - [28/Oct/2025:00:05:21 +0000] "GET / HTTP/1.0" 200 18915 "-" "Mozilla/5.0 (Windows NT 10.0; Win64; x64) AppleWebKit/537.36 (KHTML, like Gecko) Chrome/137.0.0.0 Safari/537.36"
20.171.207.84 - - [28/Oct/2025:00:05:21 +0000] "GET /?products=83254472 HTTP/1.0" 200 18929 "-" "Mozilla/5.0 AppleWebKit/537.36 (KHTML, like Gecko; compatible; GPTBot/1.2; +https://openai.com/gptbot)"
146.70.173.170 - - [28/Oct/2025:00:05:24 +0000] "GET /favicon.ico HTTP/1.0" 302 356 "-" "Mozilla/5.0 (Windows NT 10.0; Win64; x64) AppleWebKit/537.36 (KHTML, like Gecko) Chrome/137.0.0.0 Safari/537.36"
20.171.207.84 - - [28/Oct/2025:00:05:24 +0000] "GET /?products=83472660 HTTP/1.0" 200 18927 "-" "Mozilla/5.0 AppleWebKit/537.36 (KHTML, like Gecko; compatible; GPTBot/1.2; +https://openai.com/gptbot)"
20.171.207.84 - - [28/Oct/2025:00:05:27 +0000] "GET /?products=83029096 HTTP/1.0" 200 18930 "-" "Mozilla/5.0 AppleWebKit/537.36 (KHTML, like Gecko; compatible; GPTBot/1.2; +https://openai.com/gptbot)"
20.171.207.84 - - [28/Oct/2025:00:05:31 +0000] "GET /?products=82987146 HTTP/1.0" 200 18926 "-" "Mozilla/5.0 AppleWebKit/537.36 (KHTML, like Gecko; compatible; GPTBot/1.2; +https://openai.com/gptbot)"
20.171.207.84 - - [28/Oct/2025:00:05:34 +0000] "GET /?products=83064208 HTTP/1.0" 200 18931 "-" "Mozilla/5.0 AppleWebKit/537.36 (KHTML, like Gecko; compatible; GPTBot/1.2; +https://openai.com/gptbot)"
