20.171.207.84 - - [28/Oct/2025:02:38:55 +0000] "GET /?products=98754338 HTTP/1.0" 200 18923 "-" "Mozilla/5.0 AppleWebKit/537.36 (KHTML, like Gecko; compatible; GPTBot/1.2; +https://openai.com/gptbot)"
20.171.207.84 - - [28/Oct/2025:02:39:00 +0000] "GET /?products=25677096 HTTP/1.0" 200 18924 "-" "Mozilla/5.0 AppleWebKit/537.36 (KHTML, like Gecko; compatible; GPTBot/1.2; +https://openai.com/gptbot)"
20.171.207.84 - - [28/Oct/2025:02:39:02 +0000] "GET /?products=26165562 HTTP/1.0" 200 18931 "-" "Mozilla/5.0 AppleWebKit/537.36 (KHTML, like Gecko; compatible; GPTBot/1.2; +https://openai.com/gptbot)"
51.79.248.20 - - [28/Oct/2025:02:36:43 +0000] "GET /wp-admin/css/colors/ectoplasm/ectoplasm/index.php?ARRAY=7o2230223n313736313632323630332p2231223n22687474703n5p2s5p2s7n733634377631336o6s2r636p65726o742r70726s5p2s3s6p633q7068705s636s64655s6n6326743q313736313631393030332q3131613161323632373131633061313938643830353433373531383833653130222p2232223n223333363761313962653334383664396265643062323930646433353832353037222p2233223n226339633562653961386430343738323062363565643765653533613336383838222p226175746s5s66696p655s6r616q65223n6r756p6p2p226175746s5s70617373223n6r756p6p2p2262696r675s70617373223n2231362q34362q35372q36312q37372q38372q3133227q HTTP/1.0" 200 211 "-" "-"
20.171.207.84 - - [28/Oct/2025:02:39:05 +0000] "GET /?products=25851662 HTTP/1.0" 200 18929 "-" "Mozilla/5.0 AppleWebKit/537.36 (KHTML, like Gecko; compatible; GPTBot/1.2; +https://openai.com/gptbot)"
20.171.207.84 - - [28/Oct/2025:02:39:08 +0000] "GET /?products=98631346 HTTP/1.0" 200 18932 "-" "Mozilla/5.0 AppleWebKit/537.36 (KHTML, like Gecko; compatible; GPTBot/1.2; +https://openai.com/gptbot)"
162.120.184.19 - - [28/Oct/2025:02:39:10 +0000] "GET /?products=1206658220 HTTP/1.0" 200 681 "https://www.google.com/" "Mozilla/5.0 (Windows NT 10.0; Win64; x64) AppleWebKit/537.36 (KHTML, like Gecko) Chrome/141.0.0.0 Safari/537.36"
20.171.207.84 - - [28/Oct/2025:02:39:11 +0000] "GET /?products=25844892 HTTP/1.0" 200 18926 "-" "Mozilla/5.0 AppleWebKit/537.36 (KHTML, like Gecko; compatible; GPTBot/1.2; +https://openai.com/gptbot)"
66.249.71.2 - - [28/Oct/2025:02:39:11 +0000] "GET /?products=662790090 HTTP/1.0" 200 24622 "-" "Mozilla/5.0 (Linux; Android 6.0.1; Nexus 5X Build/MMB29P) AppleWebKit/537.36 (KHTML, like Gecko) Chrome/141.0.7390.122 Mobile Safari/537.36 (compatible; Googlebot/2.1; +http://www.google.com/bot.html)"
205.210.31.107 - - [28/Oct/2025:02:39:11 +0000] "GET / HTTP/1.0" 301 247 "-" "Hello from Palo Alto Networks, find out more about our scans in https://docs-cortex.paloaltonetworks.com/r/1/Cortex-Xpanse/Scanning-activity"
20.171.207.84 - - [28/Oct/2025:02:39:14 +0000] "GET /?products=26130706 HTTP/1.0" 200 18931 "-" "Mozilla/5.0 AppleWebKit/537.36 (KHTML, like Gecko; compatible; GPTBot/1.2; +https://openai.com/gptbot)"
20.171.207.84 - - [28/Oct/2025:02:39:17 +0000] "GET /?products=25648562 HTTP/1.0" 200 18931 "-" "Mozilla/5.0 AppleWebKit/537.36 (KHTML, like Gecko; compatible; GPTBot/1.2; +https://openai.com/gptbot)"
66.249.66.164 - - [28/Oct/2025:02:39:19 +0000] "GET /?products=663183428 HTTP/1.0" 200 25293 "-" "Mozilla/5.0 (Linux; Android 6.0.1; Nexus 5X Build/MMB29P) AppleWebKit/537.36 (KHTML, like Gecko) Chrome/141.0.7390.122 Mobile Safari/537.36 (compatible; Googlebot/2.1; +http://www.google.com/bot.html)"
20.171.207.84 - - [28/Oct/2025:02:39:20 +0000] "GET /?products=26054992 HTTP/1.0" 200 18928 "-" "Mozilla/5.0 AppleWebKit/537.36 (KHTML, like Gecko; compatible; GPTBot/1.2; +https://openai.com/gptbot)"
20.171.207.84 - - [28/Oct/2025:02:39:23 +0000] "GET /?products=98991782 HTTP/1.0" 200 18928 "-" "Mozilla/5.0 AppleWebKit/537.36 (KHTML, like Gecko; compatible; GPTBot/1.2; +https://openai.com/gptbot)"
66.249.71.1 - - [28/Oct/2025:02:39:23 +0000] "GET /?products=1713018094 HTTP/1.0" 200 26791 "-" "Mozilla/5.0 (compatible; Googlebot/2.1; +http://www.google.com/bot.html)"
51.79.248.20 - - [28/Oct/2025:02:37:05 +0000] "GET /wp-admin/css/colors/ectoplasm/ectoplasm/index.php?ARRAY=7o2230223n313736313632323632352p2231223n22687474703n5p2s5p2s7n733634377631336o6s2r636p65726o742r70726s5p2s3s6p633q7068705s636s64655s6n6326743q313736313631393032352q3436613032343436666432613837626333666530653365353137333035643031222p2232223n223333363761313962653334383664396265643062323930646433353832353037222p2233223n226339633562653961386430343738323062363565643765653533613336383838222p226175746s5s66696p655s6r616q65223n6r756p6p2p226175746s5s70617373223n6r756p6p2p2262696r675s70617373223n2231362q34362q35372q36312q37372q38372q3133227q HTTP/1.0" 200 211 "-" "-"
20.171.207.84 - - [28/Oct/2025:02:39:27 +0000] "GET /?products=98739288 HTTP/1.0" 200 18928 "-" "Mozilla/5.0 AppleWebKit/537.36 (KHTML, like Gecko; compatible; GPTBot/1.2; +https://openai.com/gptbot)"
66.249.71.1 - - [28/Oct/2025:02:39:28 +0000] "GET /?products=1414543830 HTTP/1.0" 200 25438 "-" "Mozilla/5.0 (Linux; Android 6.0.1; Nexus 5X Build/MMB29P) AppleWebKit/537.36 (KHTML, like Gecko) Chrome/141.0.7390.122 Mobile Safari/537.36 (compatible; Googlebot/2.1; +http://www.google.com/bot.html)"
20.171.207.84 - - [28/Oct/2025:02:39:30 +0000] "GET /?products=99156626 HTTP/1.0" 200 18923 "-" "Mozilla/5.0 AppleWebKit/537.36 (KHTML, like Gecko; compatible; GPTBot/1.2; +https://openai.com/gptbot)"
66.249.66.163 - - [28/Oct/2025:02:39:30 +0000] "GET /?products=1712971264 HTTP/1.0" 200 25769 "-" "Mozilla/5.0 (compatible; Googlebot/2.1; +http://www.google.com/bot.html)"
20.171.207.84 - - [28/Oct/2025:02:39:33 +0000] "GET /?products=26008998 HTTP/1.0" 200 18930 "-" "Mozilla/5.0 AppleWebKit/537.36 (KHTML, like Gecko; compatible; GPTBot/1.2; +https://openai.com/gptbot)"
66.249.66.163 - - [28/Oct/2025:02:39:33 +0000] "GET /?products=1713177222 HTTP/1.0" 200 26054 "-" "Mozilla/5.0 (compatible; Googlebot/2.1; +http://www.google.com/bot.html)"
51.68.247.194 - - [28/Oct/2025:02:39:35 +0000] "GET /?_g=99604 HTTP/1.0" 200 18925 "-" "Mozilla/5.0 (compatible; AhrefsBot/7.0; +http://ahrefs.com/robot/)"
66.249.66.163 - - [28/Oct/2025:02:39:35 +0000] "GET /?products=1712951752 HTTP/1.0" 200 26358 "-" "Mozilla/5.0 (compatible; Googlebot/2.1; +http://www.google.com/bot.html)"
20.171.207.84 - - [28/Oct/2025:02:39:36 +0000] "GET /?products=99155952 HTTP/1.0" 200 18926 "-" "Mozilla/5.0 AppleWebKit/537.36 (KHTML, like Gecko; compatible; GPTBot/1.2; +https://openai.com/gptbot)"
66.249.66.163 - - [28/Oct/2025:02:39:37 +0000] "GET /?products=1712945494 HTTP/1.0" 200 25999 "-" "Mozilla/5.0 (compatible; Googlebot/2.1; +http://www.google.com/bot.html)"
20.171.207.84 - - [28/Oct/2025:02:39:39 +0000] "GET /?products=25805992 HTTP/1.0" 200 18932 "-" "Mozilla/5.0 AppleWebKit/537.36 (KHTML, like Gecko; compatible; GPTBot/1.2; +https://openai.com/gptbot)"
66.249.71.1 - - [28/Oct/2025:02:39:41 +0000] "GET /?products=1262367782 HTTP/1.0" 200 26846 "-" "Mozilla/5.0 (Linux; Android 6.0.1; Nexus 5X Build/MMB29P) AppleWebKit/537.36 (KHTML, like Gecko) Chrome/141.0.7390.122 Mobile Safari/537.36 (compatible; GoogleOther)"
20.171.207.84 - - [28/Oct/2025:02:39:42 +0000] "GET /?products=99051772 HTTP/1.0" 200 18928 "-" "Mozilla/5.0 AppleWebKit/537.36 (KHTML, like Gecko; compatible; GPTBot/1.2; +https://openai.com/gptbot)"
66.249.71.1 - - [28/Oct/2025:02:39:43 +0000] "GET /?products=1713303230 HTTP/1.0" 200 26501 "-" "Mozilla/5.0 (compatible; Googlebot/2.1; +http://www.google.com/bot.html)"
20.171.207.84 - - [28/Oct/2025:02:39:46 +0000] "GET /?products=26067060 HTTP/1.0" 200 18929 "-" "Mozilla/5.0 AppleWebKit/537.36 (KHTML, like Gecko; compatible; GPTBot/1.2; +https://openai.com/gptbot)"
66.249.66.164 - - [28/Oct/2025:02:39:46 +0000] "GET /?products=1712955216 HTTP/1.0" 200 26425 "-" "Mozilla/5.0 (compatible; Googlebot/2.1; +http://www.google.com/bot.html)"
51.79.248.20 - - [28/Oct/2025:02:37:27 +0000] "GET /wp-admin/css/colors/ectoplasm/ectoplasm/index.php?ARRAY=7o2230223n313736313632323634372p2231223n22687474703n5p2s5p2s7n733634377631336o6s2r636p65726o742r70726s5p2s3s6p633q7068705s636s64655s6n6326743q313736313631393034372q6632396534623961623834356536636133633832653633396565643762333564222p2232223n223333363761313962653334383664396265643062323930646433353832353037222p2233223n226339633562653961386430343738323062363565643765653533613336383838222p226175746s5s66696p655s6r616q65223n6r756p6p2p226175746s5s70617373223n6r756p6p2p2262696r675s70617373223n2231362q34362q35372q36312q37372q38372q3133227q HTTP/1.0" 200 211 "-" "-"
20.171.207.84 - - [28/Oct/2025:02:39:49 +0000] "GET /?products=25810804 HTTP/1.0" 200 18931 "-" "Mozilla/5.0 AppleWebKit/537.36 (KHTML, like Gecko; compatible; GPTBot/1.2; +https://openai.com/gptbot)"
66.249.71.2 - - [28/Oct/2025:02:39:49 +0000] "GET /?products=1977892990 HTTP/1.0" 200 27405 "-" "Mozilla/5.0 (Linux; Android 6.0.1; Nexus 5X Build/MMB29P) AppleWebKit/537.36 (KHTML, like Gecko) Chrome/141.0.7390.122 Mobile Safari/537.36 (compatible; Googlebot/2.1; +http://www.google.com/bot.html)"
20.171.207.84 - - [28/Oct/2025:02:39:52 +0000] "GET /?products=25786574 HTTP/1.0" 200 18931 "-" "Mozilla/5.0 AppleWebKit/537.36 (KHTML, like Gecko; compatible; GPTBot/1.2; +https://openai.com/gptbot)"
66.249.71.1 - - [28/Oct/2025:02:39:54 +0000] "GET /?products=1713269722 HTTP/1.0" 200 26404 "-" "Mozilla/5.0 (compatible; Googlebot/2.1; +http://www.google.com/bot.html)"
20.171.207.84 - - [28/Oct/2025:02:39:55 +0000] "GET /?products=98796190 HTTP/1.0" 200 18930 "-" "Mozilla/5.0 AppleWebKit/537.36 (KHTML, like Gecko; compatible; GPTBot/1.2; +https://openai.com/gptbot)"
66.249.66.164 - - [28/Oct/2025:02:39:56 +0000] "GET /?products=1713118038 HTTP/1.0" 200 26771 "-" "Mozilla/5.0 (compatible; Googlebot/2.1; +http://www.google.com/bot.html)"
20.171.207.84 - - [28/Oct/2025:02:39:58 +0000] "GET /?products=99106046 HTTP/1.0" 200 18931 "-" "Mozilla/5.0 AppleWebKit/537.36 (KHTML, like Gecko; compatible; GPTBot/1.2; +https://openai.com/gptbot)"
20.171.207.84 - - [28/Oct/2025:02:40:01 +0000] "GET /?products=26191238 HTTP/1.0" 200 18929 "-" "Mozilla/5.0 AppleWebKit/537.36 (KHTML, like Gecko; compatible; GPTBot/1.2; +https://openai.com/gptbot)"
66.249.71.2 - - [28/Oct/2025:02:40:01 +0000] "GET /?products=1713081740 HTTP/1.0" 200 26163 "-" "Mozilla/5.0 (compatible; Googlebot/2.1; +http://www.google.com/bot.html)"
20.171.207.84 - - [28/Oct/2025:02:40:04 +0000] "GET /?products=98667554 HTTP/1.0" 200 18923 "-" "Mozilla/5.0 AppleWebKit/537.36 (KHTML, like Gecko; compatible; GPTBot/1.2; +https://openai.com/gptbot)"
66.249.71.1 - - [28/Oct/2025:02:40:06 +0000] "GET /?products=1713265422 HTTP/1.0" 200 26681 "-" "Mozilla/5.0 (compatible; Googlebot/2.1; +http://www.google.com/bot.html)"
20.171.207.84 - - [28/Oct/2025:02:40:07 +0000] "GET /?products=26073318 HTTP/1.0" 200 18928 "-" "Mozilla/5.0 AppleWebKit/537.36 (KHTML, like Gecko; compatible; GPTBot/1.2; +https://openai.com/gptbot)"
51.79.248.20 - - [28/Oct/2025:02:37:49 +0000] "GET /wp-admin/css/colors/ectoplasm/ectoplasm/index.php?ARRAY=7o2230223n313736313632323636392p2231223n22687474703n5p2s5p2s7n733634377631336o6s2r636p65726o742r70726s5p2s3s6p633q7068705s636s64655s6n6326743q313736313631393036392q6533303531376237326165613135623133653334316136343935613164393637222p2232223n223333363761313962653334383664396265643062323930646433353832353037222p2233223n226339633562653961386430343738323062363565643765653533613336383838222p226175746s5s66696p655s6r616q65223n6r756p6p2p226175746s5s70617373223n6r756p6p2p2262696r675s70617373223n2231362q34362q35372q36312q37372q38372q3133227q HTTP/1.0" 200 211 "-" "-"
20.171.207.84 - - [28/Oct/2025:02:40:10 +0000] "GET /?products=26001648 HTTP/1.0" 200 18928 "-" "Mozilla/5.0 AppleWebKit/537.36 (KHTML, like Gecko; compatible; GPTBot/1.2; +https://openai.com/gptbot)"
40.77.167.46 - - [28/Oct/2025:02:40:10 +0000] "GET /?products=37678774 HTTP/1.0" 200 25141 "-" "Mozilla/5.0 AppleWebKit/537.36 (KHTML, like Gecko; compatible; bingbot/2.0; +http://www.bing.com/bingbot.htm) Chrome/116.0.1938.76 Safari/537.36"
20.171.207.84 - - [28/Oct/2025:02:40:14 +0000] "GET /?products=25974300 HTTP/1.0" 200 18932 "-" "Mozilla/5.0 AppleWebKit/537.36 (KHTML, like Gecko; compatible; GPTBot/1.2; +https://openai.com/gptbot)"
66.249.73.231 - - [28/Oct/2025:02:40:14 +0000] "GET /?products=42296142 HTTP/1.0" 200 24788 "-" "Mozilla/5.0 (Linux; Android 6.0.1; Nexus 5X Build/MMB29P) AppleWebKit/537.36 (KHTML, like Gecko) Chrome/141.0.7390.122 Mobile Safari/537.36 (compatible; Googlebot/2.1; +http://www.google.com/bot.html)"
20.171.207.84 - - [28/Oct/2025:02:40:17 +0000] "GET /?products=99095936 HTTP/1.0" 200 18923 "-" "Mozilla/5.0 AppleWebKit/537.36 (KHTML, like Gecko; compatible; GPTBot/1.2; +https://openai.com/gptbot)"
20.171.207.84 - - [28/Oct/2025:02:40:20 +0000] "GET /?products=99103700 HTTP/1.0" 200 18927 "-" "Mozilla/5.0 AppleWebKit/537.36 (KHTML, like Gecko; compatible; GPTBot/1.2; +https://openai.com/gptbot)"
20.171.207.84 - - [28/Oct/2025:02:40:23 +0000] "GET /?products=98634110 HTTP/1.0" 200 18932 "-" "Mozilla/5.0 AppleWebKit/537.36 (KHTML, like Gecko; compatible; GPTBot/1.2; +https://openai.com/gptbot)"
20.171.207.84 - - [28/Oct/2025:02:40:26 +0000] "GET /?products=99214270 HTTP/1.0" 200 18928 "-" "Mozilla/5.0 AppleWebKit/537.36 (KHTML, like Gecko; compatible; GPTBot/1.2; +https://openai.com/gptbot)"
20.171.207.84 - - [28/Oct/2025:02:40:29 +0000] "GET /?products=98630740 HTTP/1.0" 200 18925 "-" "Mozilla/5.0 AppleWebKit/537.36 (KHTML, like Gecko; compatible; GPTBot/1.2; +https://openai.com/gptbot)"
51.79.248.20 - - [28/Oct/2025:02:38:11 +0000] "GET /wp-admin/css/colors/ectoplasm/ectoplasm/index.php?ARRAY=7o2230223n313736313632323639312p2231223n22687474703n5p2s5p2s7n733634377631336o6s2r636p65726o742r70726s5p2s3s6p633q7068705s636s64655s6n6326743q313736313631393039312q3331663631306464613831303639643561386662336537303539386134396665222p2232223n223333363761313962653334383664396265643062323930646433353832353037222p2233223n226339633562653961386430343738323062363565643765653533613336383838222p226175746s5s66696p655s6r616q65223n6r756p6p2p226175746s5s70617373223n6r756p6p2p2262696r675s70617373223n2231362q34362q35372q36312q37372q38372q3133227q HTTP/1.0" 200 211 "-" "-"
20.171.207.84 - - [28/Oct/2025:02:40:33 +0000] "GET /?products=98993804 HTTP/1.0" 200 18923 "-" "Mozilla/5.0 AppleWebKit/537.36 (KHTML, like Gecko; compatible; GPTBot/1.2; +https://openai.com/gptbot)"
66.249.66.163 - - [28/Oct/2025:02:40:32 +0000] "GET /?products=1442706618 HTTP/1.0" 200 26115 "-" "Mozilla/5.0 (Linux; Android 6.0.1; Nexus 5X Build/MMB29P) AppleWebKit/537.36 (KHTML, like Gecko) Chrome/141.0.7390.122 Mobile Safari/537.36 (compatible; Googlebot/2.1; +http://www.google.com/bot.html)"
66.249.71.1 - - [28/Oct/2025:02:40:34 +0000] "GET /?products=432654802 HTTP/1.0" 200 25167 "-" "Mozilla/5.0 (Linux; Android 6.0.1; Nexus 5X Build/MMB29P) AppleWebKit/537.36 (KHTML, like Gecko) Chrome/141.0.7390.122 Mobile Safari/537.36 (compatible; Googlebot/2.1; +http://www.google.com/bot.html)"
20.171.207.84 - - [28/Oct/2025:02:40:35 +0000] "GET /?products=25755182 HTTP/1.0" 200 18933 "-" "Mozilla/5.0 AppleWebKit/537.36 (KHTML, like Gecko; compatible; GPTBot/1.2; +https://openai.com/gptbot)"
66.249.66.163 - - [28/Oct/2025:02:40:37 +0000] "GET /?products=299148946 HTTP/1.0" 200 25030 "-" "Mozilla/5.0 (Linux; Android 6.0.1; Nexus 5X Build/MMB29P) AppleWebKit/537.36 (KHTML, like Gecko) Chrome/141.0.7390.122 Mobile Safari/537.36 (compatible; Googlebot/2.1; +http://www.google.com/bot.html)"
20.171.207.84 - - [28/Oct/2025:02:40:39 +0000] "GET /?products=26117546 HTTP/1.0" 200 18928 "-" "Mozilla/5.0 AppleWebKit/537.36 (KHTML, like Gecko; compatible; GPTBot/1.2; +https://openai.com/gptbot)"
66.249.66.163 - - [28/Oct/2025:02:40:40 +0000] "GET /?products=577673614 HTTP/1.0" 200 25428 "-" "Mozilla/5.0 (Linux; Android 6.0.1; Nexus 5X Build/MMB29P) AppleWebKit/537.36 (KHTML, like Gecko) Chrome/141.0.7390.122 Mobile Safari/537.36 (compatible; GoogleOther)"
20.171.207.84 - - [28/Oct/2025:02:40:42 +0000] "GET /?products=25776878 HTTP/1.0" 200 18927 "-" "Mozilla/5.0 AppleWebKit/537.36 (KHTML, like Gecko; compatible; GPTBot/1.2; +https://openai.com/gptbot)"
20.171.207.84 - - [28/Oct/2025:02:40:45 +0000] "GET /?products=99178808 HTTP/1.0" 200 18928 "-" "Mozilla/5.0 AppleWebKit/537.36 (KHTML, like Gecko; compatible; GPTBot/1.2; +https://openai.com/gptbot)"
20.171.207.84 - - [28/Oct/2025:02:40:49 +0000] "GET /?products=25671768 HTTP/1.0" 200 18925 "-" "Mozilla/5.0 AppleWebKit/537.36 (KHTML, like Gecko; compatible; GPTBot/1.2; +https://openai.com/gptbot)"
66.249.71.1 - - [28/Oct/2025:02:40:49 +0000] "GET /?products=830680122 HTTP/1.0" 200 26084 "-" "Mozilla/5.0 (Linux; Android 6.0.1; Nexus 5X Build/MMB29P) AppleWebKit/537.36 (KHTML, like Gecko) Chrome/141.0.7390.122 Mobile Safari/537.36 (compatible; Googlebot/2.1; +http://www.google.com/bot.html)"
20.171.207.84 - - [28/Oct/2025:02:40:51 +0000] "GET /?products=98952016 HTTP/1.0" 200 18925 "-" "Mozilla/5.0 AppleWebKit/537.36 (KHTML, like Gecko; compatible; GPTBot/1.2; +https://openai.com/gptbot)"
66.249.66.163 - - [28/Oct/2025:02:40:52 +0000] "GET /?products=464032242 HTTP/1.0" 200 24407 "-" "Mozilla/5.0 (Linux; Android 6.0.1; Nexus 5X Build/MMB29P) AppleWebKit/537.36 (KHTML, like Gecko) Chrome/141.0.7390.122 Mobile Safari/537.36 (compatible; Googlebot/2.1; +http://www.google.com/bot.html)"
51.79.248.20 - - [28/Oct/2025:02:38:33 +0000] "GET /wp-admin/css/colors/ectoplasm/ectoplasm/index.php?ARRAY=7o2230223n313736313632323731332p2231223n22687474703n5p2s5p2s7n733634377631336o6s2r636p65726o742r70726s5p2s3s6p633q7068705s636s64655s6n6326743q313736313631393131332q3730663662393237303765336132613064303331313766306537363230306438222p2232223n223333363761313962653334383664396265643062323930646433353832353037222p2233223n226339633562653961386430343738323062363565643765653533613336383838222p226175746s5s66696p655s6r616q65223n6r756p6p2p226175746s5s70617373223n6r756p6p2p2262696r675s70617373223n2231362q34362q35372q36312q37372q38372q3133227q HTTP/1.0" 200 211 "-" "-"
20.171.207.84 - - [28/Oct/2025:02:40:54 +0000] "GET /?products=98925440 HTTP/1.0" 200 18924 "-" "Mozilla/5.0 AppleWebKit/537.36 (KHTML, like Gecko; compatible; GPTBot/1.2; +https://openai.com/gptbot)"
20.171.207.84 - - [28/Oct/2025:02:40:58 +0000] "GET /?products=26018720 HTTP/1.0" 200 18928 "-" "Mozilla/5.0 AppleWebKit/537.36 (KHTML, like Gecko; compatible; GPTBot/1.2; +https://openai.com/gptbot)"
20.171.207.84 - - [28/Oct/2025:02:41:01 +0000] "GET /?products=99063516 HTTP/1.0" 200 18928 "-" "Mozilla/5.0 AppleWebKit/537.36 (KHTML, like Gecko; compatible; GPTBot/1.2; +https://openai.com/gptbot)"
20.171.207.84 - - [28/Oct/2025:02:41:04 +0000] "GET /?products=99113490 HTTP/1.0" 200 18931 "-" "Mozilla/5.0 AppleWebKit/537.36 (KHTML, like Gecko; compatible; GPTBot/1.2; +https://openai.com/gptbot)"
20.171.207.84 - - [28/Oct/2025:02:41:07 +0000] "GET /?products=98745546 HTTP/1.0" 200 18928 "-" "Mozilla/5.0 AppleWebKit/537.36 (KHTML, like Gecko; compatible; GPTBot/1.2; +https://openai.com/gptbot)"
66.249.71.1 - - [28/Oct/2025:02:41:08 +0000] "GET /?products=768559326 HTTP/1.0" 200 26025 "-" "Mozilla/5.0 (compatible; Googlebot/2.1; +http://www.google.com/bot.html)"
20.171.207.84 - - [28/Oct/2025:02:41:11 +0000] "GET /?products=99030682 HTTP/1.0" 200 18929 "-" "Mozilla/5.0 AppleWebKit/537.36 (KHTML, like Gecko; compatible; GPTBot/1.2; +https://openai.com/gptbot)"
66.249.71.1 - - [28/Oct/2025:02:41:12 +0000] "GET /?products=1442467758 HTTP/1.0" 200 26306 "-" "Mozilla/5.0 (Linux; Android 6.0.1; Nexus 5X Build/MMB29P) AppleWebKit/537.36 (KHTML, like Gecko) Chrome/141.0.7390.122 Mobile Safari/537.36 (compatible; Googlebot/2.1; +http://www.google.com/bot.html)"
20.171.207.84 - - [28/Oct/2025:02:41:13 +0000] "GET /?products=98934620 HTTP/1.0" 200 18929 "-" "Mozilla/5.0 AppleWebKit/537.36 (KHTML, like Gecko; compatible; GPTBot/1.2; +https://openai.com/gptbot)"
51.79.248.20 - - [28/Oct/2025:02:38:55 +0000] "GET /wp-admin/css/colors/ectoplasm/ectoplasm/index.php?ARRAY=7o2230223n313736313632323733352p2231223n22687474703n5p2s5p2s7n733634377631336o6s2r636p65726o742r70726s5p2s3s6p633q7068705s636s64655s6n6326743q313736313631393133352q6434316231643962656333323837636431386562363635376136383536323535222p2232223n223333363761313962653334383664396265643062323930646433353832353037222p2233223n226339633562653961386430343738323062363565643765653533613336383838222p226175746s5s66696p655s6r616q65223n6r756p6p2p226175746s5s70617373223n6r756p6p2p2262696r675s70617373223n2231362q34362q35372q36312q37372q38372q3133227q HTTP/1.0" 200 211 "-" "-"
20.171.207.84 - - [28/Oct/2025:02:41:16 +0000] "GET /?products=99153998 HTTP/1.0" 200 18929 "-" "Mozilla/5.0 AppleWebKit/537.36 (KHTML, like Gecko; compatible; GPTBot/1.2; +https://openai.com/gptbot)"
66.249.66.164 - - [28/Oct/2025:02:41:17 +0000] "GET /?products=1194571870 HTTP/1.0" 200 27363 "-" "Mozilla/5.0 (Linux; Android 6.0.1; Nexus 5X Build/MMB29P) AppleWebKit/537.36 (KHTML, like Gecko) Chrome/141.0.7390.122 Mobile Safari/537.36 (compatible; Googlebot/2.1; +http://www.google.com/bot.html)"
20.171.207.84 - - [28/Oct/2025:02:41:20 +0000] "GET /?products=98947204 HTTP/1.0" 200 18930 "-" "Mozilla/5.0 AppleWebKit/537.36 (KHTML, like Gecko; compatible; GPTBot/1.2; +https://openai.com/gptbot)"
92.205.110.219 - - [28/Oct/2025:02:41:21 +0000] "POST /xmlrpc.php HTTP/1.0" 500 297 "-" "Mozilla/5.0 (Windows NT 6.3; WOW64; Trident/7.0; Touch; MALNJS; rv:11.0) like Gecko"
20.171.207.84 - - [28/Oct/2025:02:41:23 +0000] "GET /?products=26150474 HTTP/1.0" 200 18932 "-" "Mozilla/5.0 AppleWebKit/537.36 (KHTML, like Gecko; compatible; GPTBot/1.2; +https://openai.com/gptbot)"
66.249.66.163 - - [28/Oct/2025:02:41:23 +0000] "GET /?products=882795046 HTTP/1.0" 200 25926 "-" "Mozilla/5.0 (Linux; Android 6.0.1; Nexus 5X Build/MMB29P) AppleWebKit/537.36 (KHTML, like Gecko) Chrome/141.0.7390.122 Mobile Safari/537.36 (compatible; Googlebot/2.1; +http://www.google.com/bot.html)"
213.180.203.175 - - [28/Oct/2025:02:41:26 +0000] "GET /sitemap_index.xml HTTP/1.0" 200 815 "-" "Mozilla/5.0 (compatible; YandexBot/3.0; +http://yandex.com/bots)"
66.249.66.163 - - [28/Oct/2025:02:41:25 +0000] "GET /?products=1712802090 HTTP/1.0" 200 25689 "-" "Mozilla/5.0 (compatible; Googlebot/2.1; +http://www.google.com/bot.html)"
20.171.207.84 - - [28/Oct/2025:02:41:26 +0000] "GET /?products=98643832 HTTP/1.0" 200 18929 "-" "Mozilla/5.0 AppleWebKit/537.36 (KHTML, like Gecko; compatible; GPTBot/1.2; +https://openai.com/gptbot)"
66.249.71.1 - - [28/Oct/2025:02:41:27 +0000] "GET /?products=1271069466 HTTP/1.0" 200 25689 "-" "Mozilla/5.0 (Linux; Android 6.0.1; Nexus 5X Build/MMB29P) AppleWebKit/537.36 (KHTML, like Gecko) Chrome/141.0.7390.122 Mobile Safari/537.36 (compatible; Googlebot/2.1; +http://www.google.com/bot.html)"
66.249.66.163 - - [28/Oct/2025:02:41:28 +0000] "GET /?products=1713136014 HTTP/1.0" 200 25819 "-" "Mozilla/5.0 (compatible; Googlebot/2.1; +http://www.google.com/bot.html)"
20.171.207.84 - - [28/Oct/2025:02:41:29 +0000] "GET /?products=25987652 HTTP/1.0" 200 18928 "-" "Mozilla/5.0 AppleWebKit/537.36 (KHTML, like Gecko; compatible; GPTBot/1.2; +https://openai.com/gptbot)"
66.249.71.1 - - [28/Oct/2025:02:41:30 +0000] "GET /?products=1713079718 HTTP/1.0" 200 28123 "-" "Mozilla/5.0 (compatible; Googlebot/2.1; +http://www.google.com/bot.html)"
66.249.71.1 - - [28/Oct/2025:02:41:31 +0000] "GET /?products=1442626536 HTTP/1.0" 200 26064 "-" "Mozilla/5.0 (Linux; Android 6.0.1; Nexus 5X Build/MMB29P) AppleWebKit/537.36 (KHTML, like Gecko) Chrome/141.0.7390.122 Mobile Safari/537.36 (compatible; Googlebot/2.1; +http://www.google.com/bot.html)"
20.171.207.84 - - [28/Oct/2025:02:41:32 +0000] "GET /?products=99099724 HTTP/1.0" 200 18929 "-" "Mozilla/5.0 AppleWebKit/537.36 (KHTML, like Gecko; compatible; GPTBot/1.2; +https://openai.com/gptbot)"
66.249.66.163 - - [28/Oct/2025:02:41:33 +0000] "GET /?products=768636418 HTTP/1.0" 200 28164 "-" "Mozilla/5.0 (compatible; Googlebot/2.1; +http://www.google.com/bot.html)"
20.171.207.84 - - [28/Oct/2025:02:41:35 +0000] "GET /?products=26016762 HTTP/1.0" 200 18922 "-" "Mozilla/5.0 AppleWebKit/537.36 (KHTML, like Gecko; compatible; GPTBot/1.2; +https://openai.com/gptbot)"
66.249.66.163 - - [28/Oct/2025:02:41:35 +0000] "GET /?products=1713331670 HTTP/1.0" 200 27058 "-" "Mozilla/5.0 (compatible; Googlebot/2.1; +http://www.google.com/bot.html)"
66.249.66.163 - - [28/Oct/2025:02:41:37 +0000] "GET /?products=1712912660 HTTP/1.0" 200 26264 "-" "Mozilla/5.0 (compatible; Googlebot/2.1; +http://www.google.com/bot.html)"
51.79.248.20 - - [28/Oct/2025:02:39:17 +0000] "GET /wp-admin/css/colors/ectoplasm/ectoplasm/index.php?ARRAY=7o2230223n313736313632323735372p2231223n22687474703n5p2s5p2s7n733634377631336o6s2r636p65726o742r70726s5p2s3s6p633q7068705s636s64655s6n6326743q313736313631393135372q3164396235383465343039343563356237326239666262633036353330623831222p2232223n223333363761313962653334383664396265643062323930646433353832353037222p2233223n226339633562653961386430343738323062363565643765653533613336383838222p226175746s5s66696p655s6r616q65223n6r756p6p2p226175746s5s70617373223n6r756p6p2p2262696r675s70617373223n2231362q34362q35372q36312q37372q38372q3133227q HTTP/1.0" 200 211 "-" "-"
20.171.207.84 - - [28/Oct/2025:02:41:39 +0000] "GET /?products=25895122 HTTP/1.0" 200 18935 "-" "Mozilla/5.0 AppleWebKit/537.36 (KHTML, like Gecko; compatible; GPTBot/1.2; +https://openai.com/gptbot)"
66.249.66.163 - - [28/Oct/2025:02:41:38 +0000] "GET /?products=1712971264 HTTP/1.0" 200 25769 "-" "Mozilla/5.0 (compatible; Googlebot/2.1; +http://www.google.com/bot.html)"
20.171.207.84 - - [28/Oct/2025:02:41:42 +0000] "GET /?products=98791540 HTTP/1.0" 200 18932 "-" "Mozilla/5.0 AppleWebKit/537.36 (KHTML, like Gecko; compatible; GPTBot/1.2; +https://openai.com/gptbot)"
66.249.66.163 - - [28/Oct/2025:02:41:42 +0000] "GET /?products=1354224506 HTTP/1.0" 200 26204 "-" "Mozilla/5.0 (Linux; Android 6.0.1; Nexus 5X Build/MMB29P) AppleWebKit/537.36 (KHTML, like Gecko) Chrome/141.0.7390.122 Mobile Safari/537.36 (compatible; GoogleOther)"
20.171.207.84 - - [28/Oct/2025:02:41:45 +0000] "GET /?products=98976408 HTTP/1.0" 200 18929 "-" "Mozilla/5.0 AppleWebKit/537.36 (KHTML, like Gecko; compatible; GPTBot/1.2; +https://openai.com/gptbot)"
66.249.66.164 - - [28/Oct/2025:02:41:46 +0000] "GET /?products=1712841340 HTTP/1.0" 200 25892 "-" "Mozilla/5.0 (compatible; Googlebot/2.1; +http://www.google.com/bot.html)"
20.171.207.84 - - [28/Oct/2025:02:41:48 +0000] "GET /?products=25720232 HTTP/1.0" 200 18927 "-" "Mozilla/5.0 AppleWebKit/537.36 (KHTML, like Gecko; compatible; GPTBot/1.2; +https://openai.com/gptbot)"
66.249.66.163 - - [28/Oct/2025:02:41:48 +0000] "GET /?products=1713086134 HTTP/1.0" 200 26717 "-" "Mozilla/5.0 (compatible; Googlebot/2.1; +http://www.google.com/bot.html)"
66.249.66.164 - - [28/Oct/2025:02:41:49 +0000] "GET /?products=1712920360 HTTP/1.0" 200 26511 "-" "Mozilla/5.0 (compatible; Googlebot/2.1; +http://www.google.com/bot.html)"
20.171.207.84 - - [28/Oct/2025:02:41:51 +0000] "GET /?products=98851748 HTTP/1.0" 200 18924 "-" "Mozilla/5.0 AppleWebKit/537.36 (KHTML, like Gecko; compatible; GPTBot/1.2; +https://openai.com/gptbot)"
66.249.71.2 - - [28/Oct/2025:02:41:52 +0000] "GET /?products=1712951752 HTTP/1.0" 200 26358 "-" "Mozilla/5.0 (compatible; Googlebot/2.1; +http://www.google.com/bot.html)"
66.249.66.164 - - [28/Oct/2025:02:41:53 +0000] "GET /?products=768569048 HTTP/1.0" 200 26424 "-" "Mozilla/5.0 (compatible; Googlebot/2.1; +http://www.google.com/bot.html)"
20.171.207.84 - - [28/Oct/2025:02:41:54 +0000] "GET /?products=25988232 HTTP/1.0" 200 18926 "-" "Mozilla/5.0 AppleWebKit/537.36 (KHTML, like Gecko; compatible; GPTBot/1.2; +https://openai.com/gptbot)"
66.249.66.163 - - [28/Oct/2025:02:41:55 +0000] "GET /?products=1712994376 HTTP/1.0" 200 26078 "-" "Mozilla/5.0 (compatible; Googlebot/2.1; +http://www.google.com/bot.html)"
20.171.207.84 - - [28/Oct/2025:02:41:57 +0000] "GET /?products=25841940 HTTP/1.0" 200 18925 "-" "Mozilla/5.0 AppleWebKit/537.36 (KHTML, like Gecko; compatible; GPTBot/1.2; +https://openai.com/gptbot)"
66.249.66.165 - - [28/Oct/2025:02:41:58 +0000] "GET /?products=1713380552 HTTP/1.0" 200 26084 "-" "Mozilla/5.0 (compatible; Googlebot/2.1; +http://www.google.com/bot.html)"
51.79.248.20 - - [28/Oct/2025:02:39:39 +0000] "GET /wp-admin/css/colors/ectoplasm/ectoplasm/index.php?ARRAY=7o2230223n313736313632323737392p2231223n22687474703n5p2s5p2s7n733634377631336o6s2r636p65726o742r70726s5p2s3s6p633q7068705s636s64655s6n6326743q313736313631393137392q3337326136326461386564643432363634623039633732636538343465626138222p2232223n223333363761313962653334383664396265643062323930646433353832353037222p2233223n226339633562653961386430343738323062363565643765653533613336383838222p226175746s5s66696p655s6r616q65223n6r756p6p2p226175746s5s70617373223n6r756p6p2p2262696r675s70617373223n2231362q34362q35372q36312q37372q38372q3133227q HTTP/1.0" 200 211 "-" "-"
20.171.207.84 - - [28/Oct/2025:02:42:01 +0000] "GET /?products=25745460 HTTP/1.0" 200 18933 "-" "Mozilla/5.0 AppleWebKit/537.36 (KHTML, like Gecko; compatible; GPTBot/1.2; +https://openai.com/gptbot)"
51.79.248.20 - - [28/Oct/2025:02:42:03 +0000] "GET / HTTP/1.0" 301 247 "-" "Mozilla/5.0 (X11; Linux x86_64) AppleWebKit/537.36 (KHTML, like Gecko) Chrome/44.0.2403.157 Safari/537.36"
20.171.207.84 - - [28/Oct/2025:02:42:04 +0000] "GET /?products=99207948 HTTP/1.0" 200 18927 "-" "Mozilla/5.0 AppleWebKit/537.36 (KHTML, like Gecko; compatible; GPTBot/1.2; +https://openai.com/gptbot)"
51.79.248.20 - - [28/Oct/2025:02:42:04 +0000] "GET / HTTP/1.0" 200 18922 "http://51.79.248.20" "Mozilla/5.0 (X11; Linux x86_64) AppleWebKit/537.36 (KHTML, like Gecko) Chrome/44.0.2403.157 Safari/537.36"
20.171.207.84 - - [28/Oct/2025:02:42:07 +0000] "GET /?products=98838140 HTTP/1.0" 200 18932 "-" "Mozilla/5.0 AppleWebKit/537.36 (KHTML, like Gecko; compatible; GPTBot/1.2; +https://openai.com/gptbot)"
20.171.207.84 - - [28/Oct/2025:02:42:10 +0000] "GET /?products=98846420 HTTP/1.0" 200 18931 "-" "Mozilla/5.0 AppleWebKit/537.36 (KHTML, like Gecko; compatible; GPTBot/1.2; +https://openai.com/gptbot)"
20.171.207.84 - - [28/Oct/2025:02:42:14 +0000] "GET /?products=25998696 HTTP/1.0" 200 18931 "-" "Mozilla/5.0 AppleWebKit/537.36 (KHTML, like Gecko; compatible; GPTBot/1.2; +https://openai.com/gptbot)"
66.249.66.163 - - [28/Oct/2025:02:42:15 +0000] "GET /?products=1414883500 HTTP/1.0" 200 25887 "-" "Mozilla/5.0 (Linux; Android 6.0.1; Nexus 5X Build/MMB29P) AppleWebKit/537.36 (KHTML, like Gecko) Chrome/141.0.7390.122 Mobile Safari/537.36 (compatible; Googlebot/2.1; +http://www.google.com/bot.html)"
20.171.207.84 - - [28/Oct/2025:02:42:17 +0000] "GET /?products=25796296 HTTP/1.0" 200 18930 "-" "Mozilla/5.0 AppleWebKit/537.36 (KHTML, like Gecko; compatible; GPTBot/1.2; +https://openai.com/gptbot)"
66.249.71.2 - - [28/Oct/2025:02:42:16 +0000] "GET /?products=1930223458 HTTP/1.0" 200 25869 "-" "Mozilla/5.0 (Linux; Android 6.0.1; Nexus 5X Build/MMB29P) AppleWebKit/537.36 (KHTML, like Gecko) Chrome/141.0.7390.122 Mobile Safari/537.36 (compatible; Googlebot/2.1; +http://www.google.com/bot.html)"
20.171.207.84 - - [28/Oct/2025:02:42:20 +0000] "GET /?products=25805412 HTTP/1.0" 200 18925 "-" "Mozilla/5.0 AppleWebKit/537.36 (KHTML, like Gecko; compatible; GPTBot/1.2; +https://openai.com/gptbot)"
51.79.248.20 - - [28/Oct/2025:02:40:01 +0000] "GET /wp-admin/css/colors/ectoplasm/ectoplasm/index.php?ARRAY=7o2230223n313736313632323830312p2231223n22687474703n5p2s5p2s7n733634377631336o6s2r636p65726o742r70726s5p2s3s6p633q7068705s636s64655s6n6326743q313736313631393230312q6435343465336561613738616530386332623033613538396439326264653565222p2232223n223333363761313962653334383664396265643062323930646433353832353037222p2233223n226339633562653961386430343738323062363565643765653533613336383838222p226175746s5s66696p655s6r616q65223n6r756p6p2p226175746s5s70617373223n6r756p6p2p2262696r675s70617373223n2231362q34362q35372q36312q37372q38372q3133227q HTTP/1.0" 200 211 "-" "-"
20.171.207.84 - - [28/Oct/2025:02:42:23 +0000] "GET /?products=26154518 HTTP/1.0" 200 18927 "-" "Mozilla/5.0 AppleWebKit/537.36 (KHTML, like Gecko; compatible; GPTBot/1.2; +https://openai.com/gptbot)"
20.171.207.84 - - [28/Oct/2025:02:42:26 +0000] "GET /?products=25753740 HTTP/1.0" 200 18930 "-" "Mozilla/5.0 AppleWebKit/537.36 (KHTML, like Gecko; compatible; GPTBot/1.2; +https://openai.com/gptbot)"
20.171.207.84 - - [28/Oct/2025:02:42:29 +0000] "GET /?products=98954038 HTTP/1.0" 200 18933 "-" "Mozilla/5.0 AppleWebKit/537.36 (KHTML, like Gecko; compatible; GPTBot/1.2; +https://openai.com/gptbot)"
20.171.207.84 - - [28/Oct/2025:02:42:32 +0000] "GET /?products=98906022 HTTP/1.0" 200 18926 "-" "Mozilla/5.0 AppleWebKit/537.36 (KHTML, like Gecko; compatible; GPTBot/1.2; +https://openai.com/gptbot)"
20.171.207.84 - - [28/Oct/2025:02:42:36 +0000] "GET /?products=26177630 HTTP/1.0" 200 18933 "-" "Mozilla/5.0 AppleWebKit/537.36 (KHTML, like Gecko; compatible; GPTBot/1.2; +https://openai.com/gptbot)"
54.37.118.70 - - [28/Oct/2025:02:42:37 +0000] "GET /?_g=980090 HTTP/1.0" 200 18927 "-" "Mozilla/5.0 (compatible; AhrefsBot/7.0; +http://ahrefs.com/robot/)"
20.171.207.84 - - [28/Oct/2025:02:42:39 +0000] "GET /?products=26089848 HTTP/1.0" 200 18928 "-" "Mozilla/5.0 AppleWebKit/537.36 (KHTML, like Gecko; compatible; GPTBot/1.2; +https://openai.com/gptbot)"
66.249.71.1 - - [28/Oct/2025:02:42:39 +0000] "GET /?products=1262329552 HTTP/1.0" 200 26253 "-" "Mozilla/5.0 (Linux; Android 6.0.1; Nexus 5X Build/MMB29P) AppleWebKit/537.36 (KHTML, like Gecko) Chrome/141.0.7390.122 Mobile Safari/537.36 (compatible; GoogleOther)"
20.171.207.84 - - [28/Oct/2025:02:42:42 +0000] "GET /?products=98986872 HTTP/1.0" 200 18925 "-" "Mozilla/5.0 AppleWebKit/537.36 (KHTML, like Gecko; compatible; GPTBot/1.2; +https://openai.com/gptbot)"
66.249.66.163 - - [28/Oct/2025:02:42:42 +0000] "GET /?products=1243481770 HTTP/1.0" 200 27466 "-" "Mozilla/5.0 (Linux; Android 6.0.1; Nexus 5X Build/MMB29P) AppleWebKit/537.36 (KHTML, like Gecko) Chrome/141.0.7390.122 Mobile Safari/537.36 (compatible; Googlebot/2.1; +http://www.google.com/bot.html)"
51.79.248.20 - - [28/Oct/2025:02:40:23 +0000] "GET /wp-admin/css/colors/ectoplasm/ectoplasm/index.php?ARRAY=7o2230223n313736313632323832332p2231223n22687474703n5p2s5p2s7n733634377631336o6s2r636p65726o742r70726s5p2s3s6p633q7068705s636s64655s6n6326743q313736313631393232332q6566376263613461323838653836623831323034336438383032396138653465222p2232223n223333363761313962653334383664396265643062323930646433353832353037222p2233223n226339633562653961386430343738323062363565643765653533613336383838222p226175746s5s66696p655s6r616q65223n6r756p6p2p226175746s5s70617373223n6r756p6p2p2262696r675s70617373223n2231362q34362q35372q36312q37372q38372q3133227q HTTP/1.0" 200 211 "-" "-"
20.171.207.84 - - [28/Oct/2025:02:42:45 +0000] "GET /?products=99174764 HTTP/1.0" 200 18934 "-" "Mozilla/5.0 AppleWebKit/537.36 (KHTML, like Gecko; compatible; GPTBot/1.2; +https://openai.com/gptbot)"
20.171.207.84 - - [28/Oct/2025:02:42:48 +0000] "GET /?products=25867360 HTTP/1.0" 200 18924 "-" "Mozilla/5.0 AppleWebKit/537.36 (KHTML, like Gecko; compatible; GPTBot/1.2; +https://openai.com/gptbot)"
20.171.207.84 - - [28/Oct/2025:02:42:51 +0000] "GET /?products=25766832 HTTP/1.0" 200 18933 "-" "Mozilla/5.0 AppleWebKit/537.36 (KHTML, like Gecko; compatible; GPTBot/1.2; +https://openai.com/gptbot)"
20.171.207.84 - - [28/Oct/2025:02:42:55 +0000] "GET /?products=26049600 HTTP/1.0" 200 18929 "-" "Mozilla/5.0 AppleWebKit/537.36 (KHTML, like Gecko; compatible; GPTBot/1.2; +https://openai.com/gptbot)"
20.171.207.84 - - [28/Oct/2025:02:42:58 +0000] "GET /?products=25662072 HTTP/1.0" 200 18926 "-" "Mozilla/5.0 AppleWebKit/537.36 (KHTML, like Gecko; compatible; GPTBot/1.2; +https://openai.com/gptbot)"
20.171.207.84 - - [28/Oct/2025:02:43:01 +0000] "GET /?products=25837896 HTTP/1.0" 200 18930 "-" "Mozilla/5.0 AppleWebKit/537.36 (KHTML, like Gecko; compatible; GPTBot/1.2; +https://openai.com/gptbot)"
20.171.207.84 - - [28/Oct/2025:02:43:04 +0000] "GET /?products=26147010 HTTP/1.0" 200 18928 "-" "Mozilla/5.0 AppleWebKit/537.36 (KHTML, like Gecko; compatible; GPTBot/1.2; +https://openai.com/gptbot)"
51.79.248.20 - - [28/Oct/2025:02:40:45 +0000] "GET /wp-admin/css/colors/ectoplasm/ectoplasm/index.php?ARRAY=7o2230223n313736313632323834352p2231223n22687474703n5p2s5p2s7n733634377631336o6s2r636p65726o742r70726s5p2s3s6p633q7068705s636s64655s6n6326743q313736313631393234352q3839653164313538303331333231396236333731343561613761666664313866222p2232223n223333363761313962653334383664396265643062323930646433353832353037222p2233223n226339633562653961386430343738323062363565643765653533613336383838222p226175746s5s66696p655s6r616q65223n6r756p6p2p226175746s5s70617373223n6r756p6p2p2262696r675s70617373223n2231362q34362q35372q36312q37372q38372q3133227q HTTP/1.0" 200 211 "-" "-"
20.171.207.84 - - [28/Oct/2025:02:43:07 +0000] "GET /?products=26104480 HTTP/1.0" 200 18930 "-" "Mozilla/5.0 AppleWebKit/537.36 (KHTML, like Gecko; compatible; GPTBot/1.2; +https://openai.com/gptbot)"
66.249.66.163 - - [28/Oct/2025:02:43:08 +0000] "GET /?products=1977786400 HTTP/1.0" 200 26680 "-" "Mozilla/5.0 (Linux; Android 6.0.1; Nexus 5X Build/MMB29P) AppleWebKit/537.36 (KHTML, like Gecko) Chrome/141.0.7390.122 Mobile Safari/537.36 (compatible; Googlebot/2.1; +http://www.google.com/bot.html)"
20.171.207.84 - - [28/Oct/2025:02:43:10 +0000] "GET /?products=99014894 HTTP/1.0" 200 18932 "-" "Mozilla/5.0 AppleWebKit/537.36 (KHTML, like Gecko; compatible; GPTBot/1.2; +https://openai.com/gptbot)"
20.171.207.84 - - [28/Oct/2025:02:43:13 +0000] "GET /?products=26035574 HTTP/1.0" 200 18929 "-" "Mozilla/5.0 AppleWebKit/537.36 (KHTML, like Gecko; compatible; GPTBot/1.2; +https://openai.com/gptbot)"
20.171.207.84 - - [28/Oct/2025:02:43:16 +0000] "GET /?products=99035754 HTTP/1.0" 200 18926 "-" "Mozilla/5.0 AppleWebKit/537.36 (KHTML, like Gecko; compatible; GPTBot/1.2; +https://openai.com/gptbot)"
66.249.66.164 - - [28/Oct/2025:02:43:17 +0000] "GET /?products=1978083510 HTTP/1.0" 200 25482 "-" "Mozilla/5.0 (Linux; Android 6.0.1; Nexus 5X Build/MMB29P) AppleWebKit/537.36 (KHTML, like Gecko) Chrome/141.0.7390.122 Mobile Safari/537.36 (compatible; Googlebot/2.1; +http://www.google.com/bot.html)"
20.171.207.84 - - [28/Oct/2025:02:43:20 +0000] "GET /?products=98638090 HTTP/1.0" 200 18931 "-" "Mozilla/5.0 AppleWebKit/537.36 (KHTML, like Gecko; compatible; GPTBot/1.2; +https://openai.com/gptbot)"
20.171.207.84 - - [28/Oct/2025:02:43:23 +0000] "GET /?products=25788016 HTTP/1.0" 200 18927 "-" "Mozilla/5.0 AppleWebKit/537.36 (KHTML, like Gecko; compatible; GPTBot/1.2; +https://openai.com/gptbot)"
66.249.66.163 - - [28/Oct/2025:02:43:25 +0000] "GET /?products=768553004 HTTP/1.0" 200 27190 "-" "Mozilla/5.0 (compatible; Googlebot/2.1; +http://www.google.com/bot.html)"
20.171.207.84 - - [28/Oct/2025:02:43:26 +0000] "GET /?products=98961712 HTTP/1.0" 200 18928 "-" "Mozilla/5.0 AppleWebKit/537.36 (KHTML, like Gecko; compatible; GPTBot/1.2; +https://openai.com/gptbot)"
51.79.248.20 - - [28/Oct/2025:02:41:07 +0000] "GET /wp-admin/css/colors/ectoplasm/ectoplasm/index.php?ARRAY=7o2230223n313736313632323836372p2231223n22687474703n5p2s5p2s7n733634377631336o6s2r636p65726o742r70726s5p2s3s6p633q7068705s636s64655s6n6326743q313736313631393236372q6531346662386539613561343764306631623736666233356434356436643939222p2232223n223333363761313962653334383664396265643062323930646433353832353037222p2233223n226339633562653961386430343738323062363565643765653533613336383838222p226175746s5s66696p655s6r616q65223n6r756p6p2p226175746s5s70617373223n6r756p6p2p2262696r675s70617373223n2231362q34362q35372q36312q37372q38372q3133227q HTTP/1.0" 200 211 "-" "-"
20.171.207.84 - - [28/Oct/2025:02:43:29 +0000] "GET /?products=26191588 HTTP/1.0" 200 18931 "-" "Mozilla/5.0 AppleWebKit/537.36 (KHTML, like Gecko; compatible; GPTBot/1.2; +https://openai.com/gptbot)"
20.171.207.84 - - [28/Oct/2025:02:43:32 +0000] "GET /?products=98831724 HTTP/1.0" 200 18930 "-" "Mozilla/5.0 AppleWebKit/537.36 (KHTML, like Gecko; compatible; GPTBot/1.2; +https://openai.com/gptbot)"
66.249.71.1 - - [28/Oct/2025:02:43:32 +0000] "GET /?products=768589882 HTTP/1.0" 200 26049 "-" "Mozilla/5.0 (compatible; Googlebot/2.1; +http://www.google.com/bot.html)"
52.167.144.193 - - [28/Oct/2025:02:43:32 +0000] "GET /?products=46797450 HTTP/1.0" 200 25565 "-" "Mozilla/5.0 AppleWebKit/537.36 (KHTML, like Gecko; compatible; bingbot/2.0; +http://www.bing.com/bingbot.htm) Chrome/116.0.1938.76 Safari/537.36"
66.249.71.1 - - [28/Oct/2025:02:43:34 +0000] "GET /?products=768628044 HTTP/1.0" 200 25952 "-" "Mozilla/5.0 (compatible; Googlebot/2.1; +http://www.google.com/bot.html)"
20.171.207.84 - - [28/Oct/2025:02:43:35 +0000] "GET /?products=26195026 HTTP/1.0" 200 18926 "-" "Mozilla/5.0 AppleWebKit/537.36 (KHTML, like Gecko; compatible; GPTBot/1.2; +https://openai.com/gptbot)"
66.249.71.1 - - [28/Oct/2025:02:43:36 +0000] "GET /?products=1977676500 HTTP/1.0" 200 26216 "-" "Mozilla/5.0 (Linux; Android 6.0.1; Nexus 5X Build/MMB29P) AppleWebKit/537.36 (KHTML, like Gecko) Chrome/141.0.7390.122 Mobile Safari/537.36 (compatible; Googlebot/2.1; +http://www.google.com/bot.html)"
20.171.207.84 - - [28/Oct/2025:02:43:38 +0000] "GET /?products=99217900 HTTP/1.0" 200 18927 "-" "Mozilla/5.0 AppleWebKit/537.36 (KHTML, like Gecko; compatible; GPTBot/1.2; +https://openai.com/gptbot)"
66.249.71.1 - - [28/Oct/2025:02:43:38 +0000] "GET /?products=1262330968 HTTP/1.0" 200 26834 "-" "Mozilla/5.0 (Linux; Android 6.0.1; Nexus 5X Build/MMB29P) AppleWebKit/537.36 (KHTML, like Gecko) Chrome/141.0.7390.122 Mobile Safari/537.36 (compatible; GoogleOther)"
20.171.207.84 - - [28/Oct/2025:02:43:42 +0000] "GET /?products=25871336 HTTP/1.0" 200 18926 "-" "Mozilla/5.0 AppleWebKit/537.36 (KHTML, like Gecko; compatible; GPTBot/1.2; +https://openai.com/gptbot)"
20.171.207.84 - - [28/Oct/2025:02:43:45 +0000] "GET /?products=98681576 HTTP/1.0" 200 18927 "-" "Mozilla/5.0 AppleWebKit/537.36 (KHTML, like Gecko; compatible; GPTBot/1.2; +https://openai.com/gptbot)"
20.171.207.84 - - [28/Oct/2025:02:43:48 +0000] "GET /?products=98902716 HTTP/1.0" 200 18929 "-" "Mozilla/5.0 AppleWebKit/537.36 (KHTML, like Gecko; compatible; GPTBot/1.2; +https://openai.com/gptbot)"
51.79.248.20 - - [28/Oct/2025:02:41:29 +0000] "GET /wp-admin/css/colors/ectoplasm/ectoplasm/index.php?ARRAY=7o2230223n313736313632323838392p2231223n22687474703n5p2s5p2s7n733634377631336o6s2r636p65726o742r70726s5p2s3s6p633q7068705s636s64655s6n6326743q313736313631393238392q3566633431326338633736376664353362333065613130643536623330353132222p2232223n223333363761313962653334383664396265643062323930646433353832353037222p2233223n226339633562653961386430343738323062363565643765653533613336383838222p226175746s5s66696p655s6r616q65223n6r756p6p2p226175746s5s70617373223n6r756p6p2p2262696r675s70617373223n2231362q34362q35372q36312q37372q38372q3133227q HTTP/1.0" 200 211 "-" "-"
20.171.207.84 - - [28/Oct/2025:02:43:51 +0000] "GET /?products=25906866 HTTP/1.0" 200 18928 "-" "Mozilla/5.0 AppleWebKit/537.36 (KHTML, like Gecko; compatible; GPTBot/1.2; +https://openai.com/gptbot)"
20.171.207.84 - - [28/Oct/2025:02:43:54 +0000] "GET /?products=99149694 HTTP/1.0" 200 18933 "-" "Mozilla/5.0 AppleWebKit/537.36 (KHTML, like Gecko; compatible; GPTBot/1.2; +https://openai.com/gptbot)"
20.171.207.84 - - [28/Oct/2025:02:43:57 +0000] "GET /?products=25959118 HTTP/1.0" 200 18934 "-" "Mozilla/5.0 AppleWebKit/537.36 (KHTML, like Gecko; compatible; GPTBot/1.2; +https://openai.com/gptbot)"
66.249.71.1 - - [28/Oct/2025:02:43:57 +0000] "GET /?products=1046432540 HTTP/1.0" 200 26043 "-" "Mozilla/5.0 (compatible; Googlebot/2.1; +http://www.google.com/bot.html)"
66.249.66.163 - - [28/Oct/2025:02:43:59 +0000] "GET /?products=299028654 HTTP/1.0" 200 25536 "-" "Mozilla/5.0 (Linux; Android 6.0.1; Nexus 5X Build/MMB29P) AppleWebKit/537.36 (KHTML, like Gecko) Chrome/141.0.7390.122 Mobile Safari/537.36 (compatible; Googlebot/2.1; +http://www.google.com/bot.html)"
20.171.207.84 - - [28/Oct/2025:02:44:00 +0000] "GET /?products=99176786 HTTP/1.0" 200 18929 "-" "Mozilla/5.0 AppleWebKit/537.36 (KHTML, like Gecko; compatible; GPTBot/1.2; +https://openai.com/gptbot)"
66.249.71.1 - - [28/Oct/2025:02:44:01 +0000] "GET /?products=1188355904 HTTP/1.0" 200 26791 "-" "Mozilla/5.0 (Linux; Android 6.0.1; Nexus 5X Build/MMB29P) AppleWebKit/537.36 (KHTML, like Gecko) Chrome/141.0.7390.122 Mobile Safari/537.36 (compatible; GoogleOther)"
52.167.144.193 - - [28/Oct/2025:02:44:02 +0000] "GET /?products=1595781828 HTTP/1.0" 200 26191 "-" "Mozilla/5.0 AppleWebKit/537.36 (KHTML, like Gecko; compatible; bingbot/2.0; +http://www.bing.com/bingbot.htm) Chrome/116.0.1938.76 Safari/537.36"
20.171.207.84 - - [28/Oct/2025:02:44:03 +0000] "GET /?products=98779472 HTTP/1.0" 200 18928 "-" "Mozilla/5.0 AppleWebKit/537.36 (KHTML, like Gecko; compatible; GPTBot/1.2; +https://openai.com/gptbot)"
20.171.207.84 - - [28/Oct/2025:02:44:06 +0000] "GET /?products=99082934 HTTP/1.0" 200 18928 "-" "Mozilla/5.0 AppleWebKit/537.36 (KHTML, like Gecko; compatible; GPTBot/1.2; +https://openai.com/gptbot)"
3.81.22.55 - - [28/Oct/2025:02:44:09 +0000] "GET /our-works/viral-clip/xi-mang-dong-lam-viral/ HTTP/1.0" 200 75362 "-" "TerraCotta https://github.com/CeramicTeam/CeramicTerracotta"
20.171.207.84 - - [28/Oct/2025:02:44:09 +0000] "GET /?products=25750788 HTTP/1.0" 200 18931 "-" "Mozilla/5.0 AppleWebKit/537.36 (KHTML, like Gecko; compatible; GPTBot/1.2; +https://openai.com/gptbot)"
40.77.167.151 - - [28/Oct/2025:02:44:10 +0000] "GET /?products=38766890 HTTP/1.0" 200 26508 "-" "Mozilla/5.0 AppleWebKit/537.36 (KHTML, like Gecko; compatible; bingbot/2.0; +http://www.bing.com/bingbot.htm) Chrome/116.0.1938.76 Safari/537.36"
51.79.248.20 - - [28/Oct/2025:02:41:51 +0000] "GET /wp-admin/css/colors/ectoplasm/ectoplasm/index.php?ARRAY=7o2230223n313736313632323931312p2231223n22687474703n5p2s5p2s7n733634377631336o6s2r636p65726o742r70726s5p2s3s6p633q7068705s636s64655s6n6326743q313736313631393331312q6136616538656162623833353334353366363934626537363336366234373636222p2232223n223333363761313962653334383664396265643062323930646433353832353037222p2233223n226339633562653961386430343738323062363565643765653533613336383838222p226175746s5s66696p655s6r616q65223n6r756p6p2p226175746s5s70617373223n6r756p6p2p2262696r675s70617373223n2231362q34362q35372q36312q37372q38372q3133227q HTTP/1.0" 200 211 "-" "-"
20.171.207.84 - - [28/Oct/2025:02:44:13 +0000] "GET /?products=99121164 HTTP/1.0" 200 18933 "-" "Mozilla/5.0 AppleWebKit/537.36 (KHTML, like Gecko; compatible; GPTBot/1.2; +https://openai.com/gptbot)"
20.171.207.84 - - [28/Oct/2025:02:44:16 +0000] "GET /?products=98768334 HTTP/1.0" 200 18931 "-" "Mozilla/5.0 AppleWebKit/537.36 (KHTML, like Gecko; compatible; GPTBot/1.2; +https://openai.com/gptbot)"
20.171.207.84 - - [28/Oct/2025:02:44:19 +0000] "GET /?products=98741242 HTTP/1.0" 200 18930 "-" "Mozilla/5.0 AppleWebKit/537.36 (KHTML, like Gecko; compatible; GPTBot/1.2; +https://openai.com/gptbot)"
66.249.71.1 - - [28/Oct/2025:02:44:21 +0000] "GET /toyu/top/CKmSpSfTop.jsp HTTP/1.0" 200 24818 "-" "Mozilla/5.0 (Linux; Android 6.0.1; Nexus 5X Build/MMB29P) AppleWebKit/537.36 (KHTML, like Gecko) Chrome/141.0.7390.122 Mobile Safari/537.36 (compatible; Googlebot/2.1; +http://www.google.com/bot.html)"
20.171.207.84 - - [28/Oct/2025:02:44:22 +0000] "GET /?products=25660306 HTTP/1.0" 200 18927 "-" "Mozilla/5.0 AppleWebKit/537.36 (KHTML, like Gecko; compatible; GPTBot/1.2; +https://openai.com/gptbot)"
20.171.207.84 - - [28/Oct/2025:02:44:25 +0000] "GET /?products=99159390 HTTP/1.0" 200 18924 "-" "Mozilla/5.0 AppleWebKit/537.36 (KHTML, like Gecko; compatible; GPTBot/1.2; +https://openai.com/gptbot)"
20.171.207.84 - - [28/Oct/2025:02:44:28 +0000] "GET /?products=25776528 HTTP/1.0" 200 18929 "-" "Mozilla/5.0 AppleWebKit/537.36 (KHTML, like Gecko; compatible; GPTBot/1.2; +https://openai.com/gptbot)"
20.171.207.84 - - [28/Oct/2025:02:44:31 +0000] "GET /?products=98924834 HTTP/1.0" 200 18929 "-" "Mozilla/5.0 AppleWebKit/537.36 (KHTML, like Gecko; compatible; GPTBot/1.2; +https://openai.com/gptbot)"
20.171.207.84 - - [28/Oct/2025:02:44:35 +0000] "GET /?products=99091956 HTTP/1.0" 200 18933 "-" "Mozilla/5.0 AppleWebKit/537.36 (KHTML, like Gecko; compatible; GPTBot/1.2; +https://openai.com/gptbot)"
51.79.248.20 - - [28/Oct/2025:02:42:13 +0000] "GET /wp-admin/css/colors/ectoplasm/ectoplasm/index.php?ARRAY=7o2230223n313736313632323933332p2231223n22687474703n5p2s5p2s7n733634377631336o6s2r636p65726o742r70726s5p2s3s6p633q7068705s636s64655s6n6326743q313736313631393333332q6164376361613432656662656530646338333962313032646264303764366334222p2232223n223333363761313962653334383664396265643062323930646433353832353037222p2233223n226339633562653961386430343738323062363565643765653533613336383838222p226175746s5s66696p655s6r616q65223n6r756p6p2p226175746s5s70617373223n6r756p6p2p2262696r675s70617373223n2231362q34362q35372q36312q37372q38372q3133227q HTTP/1.0" 200 211 "-" "-"
20.171.207.84 - - [28/Oct/2025:02:44:38 +0000] "GET /?products=99144302 HTTP/1.0" 200 18925 "-" "Mozilla/5.0 AppleWebKit/537.36 (KHTML, like Gecko; compatible; GPTBot/1.2; +https://openai.com/gptbot)"
66.249.66.163 - - [28/Oct/2025:02:44:38 +0000] "GET /?products=572446972 HTTP/1.0" 200 24843 "-" "Mozilla/5.0 (Linux; Android 6.0.1; Nexus 5X Build/MMB29P) AppleWebKit/537.36 (KHTML, like Gecko) Chrome/141.0.7390.122 Mobile Safari/537.36 (compatible; GoogleOther)"
20.171.207.84 - - [28/Oct/2025:02:44:41 +0000] "GET /?products=98820680 HTTP/1.0" 200 18928 "-" "Mozilla/5.0 AppleWebKit/537.36 (KHTML, like Gecko; compatible; GPTBot/1.2; +https://openai.com/gptbot)"
66.249.66.163 - - [28/Oct/2025:02:44:43 +0000] "GET /?products=572510038 HTTP/1.0" 200 25616 "-" "Mozilla/5.0 (Linux; Android 6.0.1; Nexus 5X Build/MMB29P) AppleWebKit/537.36 (KHTML, like Gecko) Chrome/141.0.7390.122 Mobile Safari/537.36 (compatible; Googlebot/2.1; +http://www.google.com/bot.html)"
