20.171.207.84 - - [28/Oct/2025:01:49:14 +0000] "GET /?products=363049168 HTTP/1.0" 200 18930 "-" "Mozilla/5.0 AppleWebKit/537.36 (KHTML, like Gecko; compatible; GPTBot/1.2; +https://openai.com/gptbot)"
20.171.207.84 - - [28/Oct/2025:01:49:17 +0000] "GET /?products=362909134 HTTP/1.0" 200 18927 "-" "Mozilla/5.0 AppleWebKit/537.36 (KHTML, like Gecko; compatible; GPTBot/1.2; +https://openai.com/gptbot)"
20.171.207.84 - - [28/Oct/2025:01:49:20 +0000] "GET /?products=362457640 HTTP/1.0" 200 18928 "-" "Mozilla/5.0 AppleWebKit/537.36 (KHTML, like Gecko; compatible; GPTBot/1.2; +https://openai.com/gptbot)"
20.171.207.84 - - [28/Oct/2025:01:49:24 +0000] "GET /?products=362587884 HTTP/1.0" 200 18935 "-" "Mozilla/5.0 AppleWebKit/537.36 (KHTML, like Gecko; compatible; GPTBot/1.2; +https://openai.com/gptbot)"
51.79.248.20 - - [28/Oct/2025:01:47:03 +0000] "GET /wp-admin/css/colors/ectoplasm/ectoplasm/index.php?ARRAY=7o2230223n313736313631393632332p2231223n22687474703n5p2s5p2s7n733634377631336o6s2r636p65726o742r70726s5p2s3s6p633q7068705s636s64655s6n6326743q313736313631363032332q6133326139386132633464313734386637623666333530303966616364346433222p2232223n223333363761313962653334383664396265643062323930646433353832353037222p2233223n226339633562653961386430343738323062363565643765653533613336383838222p226175746s5s66696p655s6r616q65223n6r756p6p2p226175746s5s70617373223n6r756p6p2p2262696r675s70617373223n2231362q34362q35372q36312q37372q38372q3133227q HTTP/1.0" 200 211 "-" "-"
66.249.66.164 - - [28/Oct/2025:01:49:26 +0000] "GET /?products=768545236 HTTP/1.0" 200 26646 "-" "Mozilla/5.0 (compatible; Googlebot/2.1; +http://www.google.com/bot.html)"
20.171.207.84 - - [28/Oct/2025:01:49:27 +0000] "GET /?products=362508190 HTTP/1.0" 200 18926 "-" "Mozilla/5.0 AppleWebKit/537.36 (KHTML, like Gecko; compatible; GPTBot/1.2; +https://openai.com/gptbot)"
20.171.207.84 - - [28/Oct/2025:01:49:30 +0000] "GET /?products=362670342 HTTP/1.0" 200 18932 "-" "Mozilla/5.0 AppleWebKit/537.36 (KHTML, like Gecko; compatible; GPTBot/1.2; +https://openai.com/gptbot)"
66.249.71.1 - - [28/Oct/2025:01:49:30 +0000] "GET /?products=1906523816 HTTP/1.0" 200 26342 "-" "Mozilla/5.0 (Linux; Android 6.0.1; Nexus 5X Build/MMB29P) AppleWebKit/537.36 (KHTML, like Gecko) Chrome/141.0.7390.122 Mobile Safari/537.36 (compatible; GoogleOther)"
20.171.207.84 - - [28/Oct/2025:01:49:33 +0000] "GET /?products=362553028 HTTP/1.0" 200 18933 "-" "Mozilla/5.0 AppleWebKit/537.36 (KHTML, like Gecko; compatible; GPTBot/1.2; +https://openai.com/gptbot)"
20.171.207.84 - - [28/Oct/2025:01:49:36 +0000] "GET /?products=362972524 HTTP/1.0" 200 18928 "-" "Mozilla/5.0 AppleWebKit/537.36 (KHTML, like Gecko; compatible; GPTBot/1.2; +https://openai.com/gptbot)"
20.171.207.84 - - [28/Oct/2025:01:49:39 +0000] "GET /?products=362769518 HTTP/1.0" 200 18933 "-" "Mozilla/5.0 AppleWebKit/537.36 (KHTML, like Gecko; compatible; GPTBot/1.2; +https://openai.com/gptbot)"
20.171.207.84 - - [28/Oct/2025:01:49:42 +0000] "GET /?products=362703176 HTTP/1.0" 200 18933 "-" "Mozilla/5.0 AppleWebKit/537.36 (KHTML, like Gecko; compatible; GPTBot/1.2; +https://openai.com/gptbot)"
20.171.207.84 - - [28/Oct/2025:01:49:45 +0000] "GET /?products=362946012 HTTP/1.0" 200 18931 "-" "Mozilla/5.0 AppleWebKit/537.36 (KHTML, like Gecko; compatible; GPTBot/1.2; +https://openai.com/gptbot)"
51.79.248.20 - - [28/Oct/2025:01:47:25 +0000] "GET /wp-admin/css/colors/ectoplasm/ectoplasm/index.php?ARRAY=7o2230223n313736313631393634352p2231223n22687474703n5p2s5p2s7n733634377631336o6s2r636p65726o742r70726s5p2s3s6p633q7068705s636s64655s6n6326743q313736313631363034352q6463393963626538346234643133313131376361666265643461363461666364222p2232223n223333363761313962653334383664396265643062323930646433353832353037222p2233223n226339633562653961386430343738323062363565643765653533613336383838222p226175746s5s66696p655s6r616q65223n6r756p6p2p226175746s5s70617373223n6r756p6p2p2262696r675s70617373223n2231362q34362q35372q36312q37372q38372q3133227q HTTP/1.0" 200 211 "-" "-"
20.171.207.84 - - [28/Oct/2025:01:49:48 +0000] "GET /?products=362975476 HTTP/1.0" 200 18934 "-" "Mozilla/5.0 AppleWebKit/537.36 (KHTML, like Gecko; compatible; GPTBot/1.2; +https://openai.com/gptbot)"
20.171.207.84 - - [28/Oct/2025:01:49:51 +0000] "GET /?products=362504214 HTTP/1.0" 200 18924 "-" "Mozilla/5.0 AppleWebKit/537.36 (KHTML, like Gecko; compatible; GPTBot/1.2; +https://openai.com/gptbot)"
20.171.207.84 - - [28/Oct/2025:01:49:55 +0000] "GET /?products=362612088 HTTP/1.0" 200 18929 "-" "Mozilla/5.0 AppleWebKit/537.36 (KHTML, like Gecko; compatible; GPTBot/1.2; +https://openai.com/gptbot)"
20.171.207.84 - - [28/Oct/2025:01:49:58 +0000] "GET /?products=362658624 HTTP/1.0" 200 18931 "-" "Mozilla/5.0 AppleWebKit/537.36 (KHTML, like Gecko; compatible; GPTBot/1.2; +https://openai.com/gptbot)"
20.171.207.84 - - [28/Oct/2025:01:50:01 +0000] "GET /?products=362808354 HTTP/1.0" 200 18933 "-" "Mozilla/5.0 AppleWebKit/537.36 (KHTML, like Gecko; compatible; GPTBot/1.2; +https://openai.com/gptbot)"
20.171.207.84 - - [28/Oct/2025:01:50:04 +0000] "GET /?products=362586954 HTTP/1.0" 200 18929 "-" "Mozilla/5.0 AppleWebKit/537.36 (KHTML, like Gecko; compatible; GPTBot/1.2; +https://openai.com/gptbot)"
20.171.207.84 - - [28/Oct/2025:01:50:07 +0000] "GET /?products=362787520 HTTP/1.0" 200 18930 "-" "Mozilla/5.0 AppleWebKit/537.36 (KHTML, like Gecko; compatible; GPTBot/1.2; +https://openai.com/gptbot)"
66.249.71.3 - - [28/Oct/2025:01:50:07 +0000] "GET /?products=1977880922 HTTP/1.0" 200 25857 "-" "Mozilla/5.0 (Linux; Android 6.0.1; Nexus 5X Build/MMB29P) AppleWebKit/537.36 (KHTML, like Gecko) Chrome/141.0.7390.122 Mobile Safari/537.36 (compatible; Googlebot/2.1; +http://www.google.com/bot.html)"
51.79.248.20 - - [28/Oct/2025:01:47:47 +0000] "GET /wp-admin/css/colors/ectoplasm/ectoplasm/index.php?ARRAY=7o2230223n313736313631393636372p2231223n22687474703n5p2s5p2s7n733634377631336o6s2r636p65726o742r70726s5p2s3s6p633q7068705s636s64655s6n6326743q313736313631363036372q3765356165306632336531313933336338646234616436333161346661336533222p2232223n223333363761313962653334383664396265643062323930646433353832353037222p2233223n226339633562653961386430343738323062363565643765653533613336383838222p226175746s5s66696p655s6r616q65223n6r756p6p2p226175746s5s70617373223n6r756p6p2p2262696r675s70617373223n2231362q34362q35372q36312q37372q38372q3133227q HTTP/1.0" 200 211 "-" "-"
66.249.71.2 - - [28/Oct/2025:01:50:09 +0000] "GET /?products=1977989470 HTTP/1.0" 200 25799 "-" "Mozilla/5.0 (Linux; Android 6.0.1; Nexus 5X Build/MMB29P) AppleWebKit/537.36 (KHTML, like Gecko) Chrome/141.0.7390.122 Mobile Safari/537.36 (compatible; Googlebot/2.1; +http://www.google.com/bot.html)"
20.171.207.84 - - [28/Oct/2025:01:50:11 +0000] "GET /?products=363023428 HTTP/1.0" 200 18929 "-" "Mozilla/5.0 AppleWebKit/537.36 (KHTML, like Gecko; compatible; GPTBot/1.2; +https://openai.com/gptbot)"
66.249.66.164 - - [28/Oct/2025:01:50:11 +0000] "GET /?products=830534628 HTTP/1.0" 200 28330 "-" "Mozilla/5.0 (Linux; Android 6.0.1; Nexus 5X Build/MMB29P) AppleWebKit/537.36 (KHTML, like Gecko) Chrome/141.0.7390.122 Mobile Safari/537.36 (compatible; Googlebot/2.1; +http://www.google.com/bot.html)"
20.171.207.84 - - [28/Oct/2025:01:50:14 +0000] "GET /?products=362773494 HTTP/1.0" 200 18934 "-" "Mozilla/5.0 AppleWebKit/537.36 (KHTML, like Gecko; compatible; GPTBot/1.2; +https://openai.com/gptbot)"
66.249.66.163 - - [28/Oct/2025:01:50:13 +0000] "GET /?products=1442338444 HTTP/1.0" 200 26931 "-" "Mozilla/5.0 (Linux; Android 6.0.1; Nexus 5X Build/MMB29P) AppleWebKit/537.36 (KHTML, like Gecko) Chrome/141.0.7390.122 Mobile Safari/537.36 (compatible; Googlebot/2.1; +http://www.google.com/bot.html)"
66.249.66.163 - - [28/Oct/2025:01:50:15 +0000] "GET /?products=768566676 HTTP/1.0" 200 29716 "-" "Mozilla/5.0 (compatible; Googlebot/2.1; +http://www.google.com/bot.html)"
20.171.207.84 - - [28/Oct/2025:01:50:17 +0000] "GET /?products=362625854 HTTP/1.0" 200 18928 "-" "Mozilla/5.0 AppleWebKit/537.36 (KHTML, like Gecko; compatible; GPTBot/1.2; +https://openai.com/gptbot)"
66.249.71.1 - - [28/Oct/2025:01:50:17 +0000] "GET /?products=1320036728 HTTP/1.0" 200 26699 "-" "Mozilla/5.0 (Linux; Android 6.0.1; Nexus 5X Build/MMB29P) AppleWebKit/537.36 (KHTML, like Gecko) Chrome/141.0.7390.122 Mobile Safari/537.36 (compatible; Googlebot/2.1; +http://www.google.com/bot.html)"
62.60.130.228 - - [28/Oct/2025:01:50:19 +0000] "GET /wp-login.php HTTP/1.0" 302 459 "www.google.com" "Mozilla/5.0 (Windows NT 10.0; Win64; x64) AppleWebKit/537.36 (KHTML, like Gecko) Chrome/91.0.4472.124 Safari/537.36"
62.60.130.228 - - [28/Oct/2025:01:50:20 +0000] "GET /wp-login.php HTTP/1.0" 200 2646 "www.google.com" "Mozilla/5.0 (Windows NT 10.0; Win64; x64) AppleWebKit/537.36 (KHTML, like Gecko) Chrome/91.0.4472.124 Safari/537.36"
66.249.71.1 - - [28/Oct/2025:01:50:19 +0000] "GET /?products=768624674 HTTP/1.0" 200 25978 "-" "Mozilla/5.0 (compatible; Googlebot/2.1; +http://www.google.com/bot.html)"
62.60.130.228 - - [28/Oct/2025:01:50:20 +0000] "POST /wp-login.php HTTP/1.0" 302 363 "http://lamphimquangcao.net/wp-admin/" "Mozilla/5.0 (Windows NT 10.0; Win64; x64) AppleWebKit/537.36 (KHTML, like Gecko) Chrome/91.0.4472.124 Safari/537.36"
62.60.130.228 - - [28/Oct/2025:01:50:20 +0000] "GET /wp-login.php HTTP/1.0" 200 2646 "http://lamphimquangcao.net/wp-admin/" "Mozilla/5.0 (Windows NT 10.0; Win64; x64) AppleWebKit/537.36 (KHTML, like Gecko) Chrome/91.0.4472.124 Safari/537.36"
20.171.207.84 - - [28/Oct/2025:01:50:20 +0000] "GET /?products=362581626 HTTP/1.0" 200 18928 "-" "Mozilla/5.0 AppleWebKit/537.36 (KHTML, like Gecko; compatible; GPTBot/1.2; +https://openai.com/gptbot)"
62.60.130.228 - - [28/Oct/2025:01:50:21 +0000] "POST /wp-login.php HTTP/1.0" 302 555 "http://lamphimquangcao.net/wp-admin/" "Mozilla/5.0 (Windows NT 10.0; Win64; x64) AppleWebKit/537.36 (KHTML, like Gecko) Chrome/91.0.4472.124 Safari/537.36"
62.60.130.228 - - [28/Oct/2025:01:50:22 +0000] "GET /wp-login.php HTTP/1.0" 200 2666 "http://lamphimquangcao.net/wp-admin/" "Mozilla/5.0 (Windows NT 10.0; Win64; x64) AppleWebKit/537.36 (KHTML, like Gecko) Chrome/91.0.4472.124 Safari/537.36"
62.60.130.228 - - [28/Oct/2025:01:50:22 +0000] "GET /wp-admin/ HTTP/1.0" 302 356 "www.google.com" "Mozilla/5.0 (Windows NT 10.0; Win64; x64) AppleWebKit/537.36 (KHTML, like Gecko) Chrome/91.0.4472.124 Safari/537.36"
62.60.130.228 - - [28/Oct/2025:01:50:22 +0000] "GET /wp-admin/ HTTP/1.0" 302 428 "www.google.com" "Mozilla/5.0 (Windows NT 10.0; Win64; x64) AppleWebKit/537.36 (KHTML, like Gecko) Chrome/91.0.4472.124 Safari/537.36"
62.60.130.228 - - [28/Oct/2025:01:50:22 +0000] "GET /wp-login.php HTTP/1.0" 200 2858 "www.google.com" "Mozilla/5.0 (Windows NT 10.0; Win64; x64) AppleWebKit/537.36 (KHTML, like Gecko) Chrome/91.0.4472.124 Safari/537.36"
62.60.130.228 - - [28/Oct/2025:01:50:22 +0000] "GET /wp-login.php?redirect_to=https%3A%2F%2Flamphimquangcao.net%2Fwp-admin%2F&reauth=1 HTTP/1.0" 200 4708 "www.google.com" "Mozilla/5.0 (Windows NT 10.0; Win64; x64) AppleWebKit/537.36 (KHTML, like Gecko) Chrome/91.0.4472.124 Safari/537.36"
62.60.130.228 - - [28/Oct/2025:01:50:23 +0000] "POST /wp-login.php HTTP/1.0" 302 1419 "https://lamphimquangcao.net/wp-admin/" "Mozilla/5.0 (Windows NT 10.0; Win64; x64) AppleWebKit/537.36 (KHTML, like Gecko) Chrome/91.0.4472.124 Safari/537.36"
62.60.130.228 - - [28/Oct/2025:01:50:23 +0000] "GET /wp-login.php?redirect_to=https%3A%2F%2Flamphimquangcao.net%2Fwp-admin%2F&action=confirm_admin_email&wp_lang=en_US HTTP/1.0" 200 2130 "https://lamphimquangcao.net/wp-admin/" "Mozilla/5.0 (Windows NT 10.0; Win64; x64) AppleWebKit/537.36 (KHTML, like Gecko) Chrome/91.0.4472.124 Safari/537.36"
62.60.130.228 - - [28/Oct/2025:01:50:23 +0000] "GET /wp-admin/ HTTP/1.0" 200 25599 "www.google.com" "Mozilla/5.0 (Windows NT 10.0; Win64; x64) AppleWebKit/537.36 (KHTML, like Gecko) Chrome/91.0.4472.124 Safari/537.36"
20.171.207.84 - - [28/Oct/2025:01:50:23 +0000] "GET /?products=362751798 HTTP/1.0" 200 18930 "-" "Mozilla/5.0 AppleWebKit/537.36 (KHTML, like Gecko; compatible; GPTBot/1.2; +https://openai.com/gptbot)"
62.60.130.228 - - [28/Oct/2025:01:50:24 +0000] "GET /wp-admin/plugin-install.php?tab=upload HTTP/1.0" 403 465 "www.google.com" "Mozilla/5.0 (Windows NT 10.0; Win64; x64) AppleWebKit/537.36 (KHTML, like Gecko) Chrome/91.0.4472.124 Safari/537.36"
62.60.130.228 - - [28/Oct/2025:01:50:24 +0000] "GET /wp-admin/plugin-install.php?s=File+Manager&tab=search&type=term HTTP/1.0" 403 465 "www.google.com" "Mozilla/5.0 (Windows NT 10.0; Win64; x64) AppleWebKit/537.36 (KHTML, like Gecko) Chrome/91.0.4472.124 Safari/537.36"
62.60.130.228 - - [28/Oct/2025:01:50:24 +0000] "GET /wp-admin/theme-install.php?tab=upload HTTP/1.0" 403 465 "www.google.com" "Mozilla/5.0 (Windows NT 10.0; Win64; x64) AppleWebKit/537.36 (KHTML, like Gecko) Chrome/91.0.4472.124 Safari/537.36"
62.60.130.228 - - [28/Oct/2025:01:50:25 +0000] "GET /wp-admin/theme-editor.php?file=404.php HTTP/1.0" 403 465 "www.google.com" "Mozilla/5.0 (Windows NT 10.0; Win64; x64) AppleWebKit/537.36 (KHTML, like Gecko) Chrome/91.0.4472.124 Safari/537.36"
62.60.130.228 - - [28/Oct/2025:01:50:25 +0000] "GET /wp-admin/plugin-install.php?tab=upload HTTP/1.0" 403 465 "www.google.com" "Mozilla/5.0 (Windows NT 10.0; Win64; x64) AppleWebKit/537.36 (KHTML, like Gecko) Chrome/91.0.4472.124 Safari/537.36"
62.60.130.228 - - [28/Oct/2025:01:50:25 +0000] "GET /wp-admin/theme-editor.php?file=404.php HTTP/1.0" 403 465 "www.google.com" "Mozilla/5.0 (Windows NT 10.0; Win64; x64) AppleWebKit/537.36 (KHTML, like Gecko) Chrome/91.0.4472.124 Safari/537.36"
20.171.207.84 - - [28/Oct/2025:01:50:26 +0000] "GET /?products=362990590 HTTP/1.0" 200 18927 "-" "Mozilla/5.0 AppleWebKit/537.36 (KHTML, like Gecko; compatible; GPTBot/1.2; +https://openai.com/gptbot)"
20.171.207.84 - - [28/Oct/2025:01:50:30 +0000] "GET /?products=362648902 HTTP/1.0" 200 18933 "-" "Mozilla/5.0 AppleWebKit/537.36 (KHTML, like Gecko; compatible; GPTBot/1.2; +https://openai.com/gptbot)"
51.79.248.20 - - [28/Oct/2025:01:48:09 +0000] "GET /wp-admin/css/colors/ectoplasm/ectoplasm/index.php?ARRAY=7o2230223n313736313631393638392p2231223n22687474703n5p2s5p2s7n733634377631336o6s2r636p65726o742r70726s5p2s3s6p633q7068705s636s64655s6n6326743q313736313631363038392q6639353032353135313633623631653639343265366663373934646536383932222p2232223n223333363761313962653334383664396265643062323930646433353832353037222p2233223n226339633562653961386430343738323062363565643765653533613336383838222p226175746s5s66696p655s6r616q65223n6r756p6p2p226175746s5s70617373223n6r756p6p2p2262696r675s70617373223n2231362q34362q35372q36312q37372q38372q3133227q HTTP/1.0" 200 211 "-" "-"
20.171.207.84 - - [28/Oct/2025:01:50:33 +0000] "GET /?products=362907206 HTTP/1.0" 200 18931 "-" "Mozilla/5.0 AppleWebKit/537.36 (KHTML, like Gecko; compatible; GPTBot/1.2; +https://openai.com/gptbot)"
20.171.207.84 - - [28/Oct/2025:01:50:36 +0000] "GET /?products=362758056 HTTP/1.0" 200 18924 "-" "Mozilla/5.0 AppleWebKit/537.36 (KHTML, like Gecko; compatible; GPTBot/1.2; +https://openai.com/gptbot)"
66.249.66.163 - - [28/Oct/2025:01:50:36 +0000] "GET /?products=1354012320 HTTP/1.0" 200 26212 "-" "Mozilla/5.0 (Linux; Android 6.0.1; Nexus 5X Build/MMB29P) AppleWebKit/537.36 (KHTML, like Gecko) Chrome/141.0.7390.122 Mobile Safari/537.36 (compatible; Googlebot/2.1; +http://www.google.com/bot.html)"
20.171.207.84 - - [28/Oct/2025:01:50:39 +0000] "GET /?products=362870042 HTTP/1.0" 200 18927 "-" "Mozilla/5.0 AppleWebKit/537.36 (KHTML, like Gecko; compatible; GPTBot/1.2; +https://openai.com/gptbot)"
20.171.207.84 - - [28/Oct/2025:01:50:42 +0000] "GET /?products=362918924 HTTP/1.0" 200 18927 "-" "Mozilla/5.0 AppleWebKit/537.36 (KHTML, like Gecko; compatible; GPTBot/1.2; +https://openai.com/gptbot)"
20.171.207.84 - - [28/Oct/2025:01:50:45 +0000] "GET /?products=363025382 HTTP/1.0" 200 18931 "-" "Mozilla/5.0 AppleWebKit/537.36 (KHTML, like Gecko; compatible; GPTBot/1.2; +https://openai.com/gptbot)"
94.23.188.208 - - [28/Oct/2025:01:50:48 +0000] "GET /?_g=2503773 HTTP/1.0" 200 18926 "-" "Mozilla/5.0 (compatible; AhrefsBot/7.0; +http://ahrefs.com/robot/)"
20.171.207.84 - - [28/Oct/2025:01:50:49 +0000] "GET /?products=362963408 HTTP/1.0" 200 18932 "-" "Mozilla/5.0 AppleWebKit/537.36 (KHTML, like Gecko; compatible; GPTBot/1.2; +https://openai.com/gptbot)"
20.171.207.84 - - [28/Oct/2025:01:50:52 +0000] "GET /?products=362692038 HTTP/1.0" 200 18934 "-" "Mozilla/5.0 AppleWebKit/537.36 (KHTML, like Gecko; compatible; GPTBot/1.2; +https://openai.com/gptbot)"
51.79.248.20 - - [28/Oct/2025:01:48:31 +0000] "GET /wp-admin/css/colors/ectoplasm/ectoplasm/index.php?ARRAY=7o2230223n313736313631393731312p2231223n22687474703n5p2s5p2s7n733634377631336o6s2r636p65726o742r70726s5p2s3s6p633q7068705s636s64655s6n6326743q313736313631363131312q3136396539363530623166626430626539616630363239313035313064643131222p2232223n223333363761313962653334383664396265643062323930646433353832353037222p2233223n226339633562653961386430343738323062363565643765653533613336383838222p226175746s5s66696p655s6r616q65223n6r756p6p2p226175746s5s70617373223n6r756p6p2p2262696r675s70617373223n2231362q34362q35372q36312q37372q38372q3133227q HTTP/1.0" 200 211 "-" "-"
66.249.66.163 - - [28/Oct/2025:01:50:52 +0000] "GET /?products=158203384 HTTP/1.0" 200 24872 "-" "Mozilla/5.0 (Linux; Android 6.0.1; Nexus 5X Build/MMB29P) AppleWebKit/537.36 (KHTML, like Gecko) Chrome/141.0.7390.122 Mobile Safari/537.36 (compatible; GoogleOther)"
82.208.22.72 - - [28/Oct/2025:01:50:53 +0000] "POST /wp-login.php HTTP/1.0" 200 8168 "-" "Mozilla/5.0"
82.208.22.72 - - [28/Oct/2025:01:50:53 +0000] "POST /wp-login.php HTTP/1.0" 200 8212 "-" "Mozilla/5.0"
82.208.22.72 - - [28/Oct/2025:01:50:53 +0000] "POST /wp-login.php HTTP/1.0" 200 8202 "-" "Mozilla/5.0"
82.208.22.72 - - [28/Oct/2025:01:50:54 +0000] "POST /wp-login.php HTTP/1.0" 200 8212 "-" "Mozilla/5.0"
82.208.22.72 - - [28/Oct/2025:01:50:54 +0000] "POST /wp-login.php HTTP/1.0" 200 8174 "-" "Mozilla/5.0"
20.171.207.84 - - [28/Oct/2025:01:50:55 +0000] "GET /?products=362832072 HTTP/1.0" 200 18929 "-" "Mozilla/5.0 AppleWebKit/537.36 (KHTML, like Gecko; compatible; GPTBot/1.2; +https://openai.com/gptbot)"
66.249.71.1 - - [28/Oct/2025:01:50:56 +0000] "GET /?products=1527548772 HTTP/1.0" 200 26067 "-" "Mozilla/5.0 (compatible; Googlebot/2.1; +http://www.google.com/bot.html)"
20.171.207.84 - - [28/Oct/2025:01:50:58 +0000] "GET /?products=362719220 HTTP/1.0" 200 18931 "-" "Mozilla/5.0 AppleWebKit/537.36 (KHTML, like Gecko; compatible; GPTBot/1.2; +https://openai.com/gptbot)"
66.249.66.163 - - [28/Oct/2025:01:50:58 +0000] "GET /?products=883136064 HTTP/1.0" 200 27500 "-" "Mozilla/5.0 (Linux; Android 6.0.1; Nexus 5X Build/MMB29P) AppleWebKit/537.36 (KHTML, like Gecko) Chrome/141.0.7390.122 Mobile Safari/537.36 (compatible; Googlebot/2.1; +http://www.google.com/bot.html)"
20.171.207.84 - - [28/Oct/2025:01:51:01 +0000] "GET /?products=362500170 HTTP/1.0" 200 18930 "-" "Mozilla/5.0 AppleWebKit/537.36 (KHTML, like Gecko; compatible; GPTBot/1.2; +https://openai.com/gptbot)"
20.171.207.84 - - [28/Oct/2025:01:51:04 +0000] "GET /?products=362804980 HTTP/1.0" 200 18931 "-" "Mozilla/5.0 AppleWebKit/537.36 (KHTML, like Gecko; compatible; GPTBot/1.2; +https://openai.com/gptbot)"
20.171.207.84 - - [28/Oct/2025:01:51:07 +0000] "GET /?products=362742076 HTTP/1.0" 200 18930 "-" "Mozilla/5.0 AppleWebKit/537.36 (KHTML, like Gecko; compatible; GPTBot/1.2; +https://openai.com/gptbot)"
20.171.207.84 - - [28/Oct/2025:01:51:10 +0000] "GET /?products=362774168 HTTP/1.0" 200 18929 "-" "Mozilla/5.0 AppleWebKit/537.36 (KHTML, like Gecko; compatible; GPTBot/1.2; +https://openai.com/gptbot)"
20.171.207.84 - - [28/Oct/2025:01:51:14 +0000] "GET /?products=362714920 HTTP/1.0" 200 18928 "-" "Mozilla/5.0 AppleWebKit/537.36 (KHTML, like Gecko; compatible; GPTBot/1.2; +https://openai.com/gptbot)"
51.79.248.20 - - [28/Oct/2025:01:48:53 +0000] "GET /wp-admin/css/colors/ectoplasm/ectoplasm/index.php?ARRAY=7o2230223n313736313631393733332p2231223n22687474703n5p2s5p2s7n733634377631336o6s2r636p65726o742r70726s5p2s3s6p633q7068705s636s64655s6n6326743q313736313631363133332q3565313063393163373861363333376633336235323937356664303164643431222p2232223n223333363761313962653334383664396265643062323930646433353832353037222p2233223n226339633562653961386430343738323062363565643765653533613336383838222p226175746s5s66696p655s6r616q65223n6r756p6p2p226175746s5s70617373223n6r756p6p2p2262696r675s70617373223n2231362q34362q35372q36312q37372q38372q3133227q HTTP/1.0" 200 211 "-" "-"
20.171.207.84 - - [28/Oct/2025:01:51:17 +0000] "GET /?products=362493076 HTTP/1.0" 200 18927 "-" "Mozilla/5.0 AppleWebKit/537.36 (KHTML, like Gecko; compatible; GPTBot/1.2; +https://openai.com/gptbot)"
20.171.207.84 - - [28/Oct/2025:01:51:20 +0000] "GET /?products=362537048 HTTP/1.0" 200 18932 "-" "Mozilla/5.0 AppleWebKit/537.36 (KHTML, like Gecko; compatible; GPTBot/1.2; +https://openai.com/gptbot)"
66.249.66.163 - - [28/Oct/2025:01:51:21 +0000] "GET /?products=1354449882 HTTP/1.0" 200 25799 "-" "Mozilla/5.0 (Linux; Android 6.0.1; Nexus 5X Build/MMB29P) AppleWebKit/537.36 (KHTML, like Gecko) Chrome/141.0.7390.122 Mobile Safari/537.36 (compatible; Googlebot/2.1; +http://www.google.com/bot.html)"
20.171.207.84 - - [28/Oct/2025:01:51:23 +0000] "GET /?products=362698454 HTTP/1.0" 200 18932 "-" "Mozilla/5.0 AppleWebKit/537.36 (KHTML, like Gecko; compatible; GPTBot/1.2; +https://openai.com/gptbot)"
20.171.207.84 - - [28/Oct/2025:01:51:26 +0000] "GET /?products=362890390 HTTP/1.0" 200 18930 "-" "Mozilla/5.0 AppleWebKit/537.36 (KHTML, like Gecko; compatible; GPTBot/1.2; +https://openai.com/gptbot)"
20.171.207.84 - - [28/Oct/2025:01:51:29 +0000] "GET /?products=362795258 HTTP/1.0" 200 18932 "-" "Mozilla/5.0 AppleWebKit/537.36 (KHTML, like Gecko; compatible; GPTBot/1.2; +https://openai.com/gptbot)"
20.171.207.84 - - [28/Oct/2025:01:51:33 +0000] "GET /?products=362486080 HTTP/1.0" 200 18927 "-" "Mozilla/5.0 AppleWebKit/537.36 (KHTML, like Gecko; compatible; GPTBot/1.2; +https://openai.com/gptbot)"
20.171.207.84 - - [28/Oct/2025:01:51:36 +0000] "GET /?products=362579254 HTTP/1.0" 200 18927 "-" "Mozilla/5.0 AppleWebKit/537.36 (KHTML, like Gecko; compatible; GPTBot/1.2; +https://openai.com/gptbot)"
66.249.71.1 - - [28/Oct/2025:01:51:35 +0000] "GET /?products=856039854 HTTP/1.0" 200 25388 "-" "Mozilla/5.0 (compatible; Googlebot/2.1; +http://www.google.com/bot.html)"
51.79.248.20 - - [28/Oct/2025:01:49:15 +0000] "GET /wp-admin/css/colors/ectoplasm/ectoplasm/index.php?ARRAY=7o2230223n313736313631393735352p2231223n22687474703n5p2s5p2s7n733634377631336o6s2r636p65726o742r70726s5p2s3s6p633q7068705s636s64655s6n6326743q313736313631363135352q6461363762616437333439643431343338386332323130366232663962323662222p2232223n223333363761313962653334383664396265643062323930646433353832353037222p2233223n226339633562653961386430343738323062363565643765653533613336383838222p226175746s5s66696p655s6r616q65223n6r756p6p2p226175746s5s70617373223n6r756p6p2p2262696r675s70617373223n2231362q34362q35372q36312q37372q38372q3133227q HTTP/1.0" 200 211 "-" "-"
20.171.207.84 - - [28/Oct/2025:01:51:39 +0000] "GET /?products=362731032 HTTP/1.0" 200 18926 "-" "Mozilla/5.0 AppleWebKit/537.36 (KHTML, like Gecko; compatible; GPTBot/1.2; +https://openai.com/gptbot)"
20.171.207.84 - - [28/Oct/2025:01:51:42 +0000] "GET /?products=362753820 HTTP/1.0" 200 18929 "-" "Mozilla/5.0 AppleWebKit/537.36 (KHTML, like Gecko; compatible; GPTBot/1.2; +https://openai.com/gptbot)"
20.171.207.84 - - [28/Oct/2025:01:51:45 +0000] "GET /?products=362934038 HTTP/1.0" 200 18932 "-" "Mozilla/5.0 AppleWebKit/537.36 (KHTML, like Gecko; compatible; GPTBot/1.2; +https://openai.com/gptbot)"
20.171.207.84 - - [28/Oct/2025:01:51:48 +0000] "GET /?products=362682410 HTTP/1.0" 200 18929 "-" "Mozilla/5.0 AppleWebKit/537.36 (KHTML, like Gecko; compatible; GPTBot/1.2; +https://openai.com/gptbot)"
20.171.207.84 - - [28/Oct/2025:01:51:52 +0000] "GET /?products=362830050 HTTP/1.0" 200 18932 "-" "Mozilla/5.0 AppleWebKit/537.36 (KHTML, like Gecko; compatible; GPTBot/1.2; +https://openai.com/gptbot)"
66.249.66.163 - - [28/Oct/2025:01:51:54 +0000] "GET /?_g=422 HTTP/1.0" 200 24738 "-" "Mozilla/5.0 (compatible; Googlebot/2.1; +http://www.google.com/bot.html)"
20.171.207.84 - - [28/Oct/2025:01:51:55 +0000] "GET /?products=362873698 HTTP/1.0" 200 18930 "-" "Mozilla/5.0 AppleWebKit/537.36 (KHTML, like Gecko; compatible; GPTBot/1.2; +https://openai.com/gptbot)"
20.171.207.84 - - [28/Oct/2025:01:51:58 +0000] "GET /?products=362484728 HTTP/1.0" 200 18929 "-" "Mozilla/5.0 AppleWebKit/537.36 (KHTML, like Gecko; compatible; GPTBot/1.2; +https://openai.com/gptbot)"
51.79.248.20 - - [28/Oct/2025:01:49:37 +0000] "GET /wp-admin/css/colors/ectoplasm/ectoplasm/index.php?ARRAY=7o2230223n313736313631393737372p2231223n22687474703n5p2s5p2s7n733634377631336o6s2r636p65726o742r70726s5p2s3s6p633q7068705s636s64655s6n6326743q313736313631363137372q6232666362336639333239303938386635613538363433303162386561336161222p2232223n223333363761313962653334383664396265643062323930646433353832353037222p2233223n226339633562653961386430343738323062363565643765653533613336383838222p226175746s5s66696p655s6r616q65223n6r756p6p2p226175746s5s70617373223n6r756p6p2p2262696r675s70617373223n2231362q34362q35372q36312q37372q38372q3133227q HTTP/1.0" 200 211 "-" "-"
20.171.207.84 - - [28/Oct/2025:01:52:01 +0000] "GET /?products=362581276 HTTP/1.0" 200 18934 "-" "Mozilla/5.0 AppleWebKit/537.36 (KHTML, like Gecko; compatible; GPTBot/1.2; +https://openai.com/gptbot)"
20.171.207.84 - - [28/Oct/2025:01:52:04 +0000] "GET /?products=362451288 HTTP/1.0" 200 18923 "-" "Mozilla/5.0 AppleWebKit/537.36 (KHTML, like Gecko; compatible; GPTBot/1.2; +https://openai.com/gptbot)"
20.171.207.84 - - [28/Oct/2025:01:52:07 +0000] "GET /?products=362899438 HTTP/1.0" 200 18926 "-" "Mozilla/5.0 AppleWebKit/537.36 (KHTML, like Gecko; compatible; GPTBot/1.2; +https://openai.com/gptbot)"
20.171.207.84 - - [28/Oct/2025:01:52:11 +0000] "GET /?products=362504146 HTTP/1.0" 200 18934 "-" "Mozilla/5.0 AppleWebKit/537.36 (KHTML, like Gecko; compatible; GPTBot/1.2; +https://openai.com/gptbot)"
20.171.207.84 - - [28/Oct/2025:01:52:14 +0000] "GET /?products=362564746 HTTP/1.0" 200 18934 "-" "Mozilla/5.0 AppleWebKit/537.36 (KHTML, like Gecko; compatible; GPTBot/1.2; +https://openai.com/gptbot)"
20.171.207.84 - - [28/Oct/2025:01:52:17 +0000] "GET /?products=362876650 HTTP/1.0" 200 18928 "-" "Mozilla/5.0 AppleWebKit/537.36 (KHTML, like Gecko; compatible; GPTBot/1.2; +https://openai.com/gptbot)"
66.249.71.2 - - [28/Oct/2025:01:52:17 +0000] "GET /?products=768554352 HTTP/1.0" 200 26032 "-" "Mozilla/5.0 (compatible; Googlebot/2.1; +http://www.google.com/bot.html)"
66.249.71.2 - - [28/Oct/2025:01:52:18 +0000] "GET /?products=768653878 HTTP/1.0" 200 25690 "-" "Mozilla/5.0 (compatible; Googlebot/2.1; +http://www.google.com/bot.html)"
51.79.248.20 - - [28/Oct/2025:01:49:59 +0000] "GET /wp-admin/css/colors/ectoplasm/ectoplasm/index.php?ARRAY=7o2230223n313736313631393739392p2231223n22687474703n5p2s5p2s7n733634377631336o6s2r636p65726o742r70726s5p2s3s6p633q7068705s636s64655s6n6326743q313736313631363139392q3134653765326530383431316461323535636565313638356538373332366135222p2232223n223333363761313962653334383664396265643062323930646433353832353037222p2233223n226339633562653961386430343738323062363565643765653533613336383838222p226175746s5s66696p655s6r616q65223n6r756p6p2p226175746s5s70617373223n6r756p6p2p2262696r675s70617373223n2231362q34362q35372q36312q37372q38372q3133227q HTTP/1.0" 200 211 "-" "-"
20.171.207.84 - - [28/Oct/2025:01:52:20 +0000] "GET /?products=362711456 HTTP/1.0" 200 18934 "-" "Mozilla/5.0 AppleWebKit/537.36 (KHTML, like Gecko; compatible; GPTBot/1.2; +https://openai.com/gptbot)"
66.249.71.2 - - [28/Oct/2025:01:52:20 +0000] "GET /?products=768664922 HTTP/1.0" 200 27608 "-" "Mozilla/5.0 (compatible; Googlebot/2.1; +http://www.google.com/bot.html)"
20.171.207.84 - - [28/Oct/2025:01:52:23 +0000] "GET /?products=362781168 HTTP/1.0" 200 18931 "-" "Mozilla/5.0 AppleWebKit/537.36 (KHTML, like Gecko; compatible; GPTBot/1.2; +https://openai.com/gptbot)"
20.171.207.84 - - [28/Oct/2025:01:52:26 +0000] "GET /?products=362960038 HTTP/1.0" 200 18930 "-" "Mozilla/5.0 AppleWebKit/537.36 (KHTML, like Gecko; compatible; GPTBot/1.2; +https://openai.com/gptbot)"
20.171.207.84 - - [28/Oct/2025:01:52:30 +0000] "GET /?products=362952364 HTTP/1.0" 200 18933 "-" "Mozilla/5.0 AppleWebKit/537.36 (KHTML, like Gecko; compatible; GPTBot/1.2; +https://openai.com/gptbot)"
20.171.207.84 - - [28/Oct/2025:01:52:33 +0000] "GET /?products=362839486 HTTP/1.0" 200 18927 "-" "Mozilla/5.0 AppleWebKit/537.36 (KHTML, like Gecko; compatible; GPTBot/1.2; +https://openai.com/gptbot)"
20.171.207.84 - - [28/Oct/2025:01:52:36 +0000] "GET /?products=362788612 HTTP/1.0" 200 18935 "-" "Mozilla/5.0 AppleWebKit/537.36 (KHTML, like Gecko; compatible; GPTBot/1.2; +https://openai.com/gptbot)"
20.171.207.84 - - [28/Oct/2025:01:52:39 +0000] "GET /?products=362591322 HTTP/1.0" 200 18929 "-" "Mozilla/5.0 AppleWebKit/537.36 (KHTML, like Gecko; compatible; GPTBot/1.2; +https://openai.com/gptbot)"
66.249.66.164 - - [28/Oct/2025:01:52:39 +0000] "GET /?products=158203478 HTTP/1.0" 200 24510 "-" "Mozilla/5.0 (Linux; Android 6.0.1; Nexus 5X Build/MMB29P) AppleWebKit/537.36 (KHTML, like Gecko) Chrome/141.0.7390.122 Mobile Safari/537.36 (compatible; GoogleOther)"
51.79.248.20 - - [28/Oct/2025:01:50:21 +0000] "GET /wp-admin/css/colors/ectoplasm/ectoplasm/index.php?ARRAY=7o2230223n313736313631393832312p2231223n22687474703n5p2s5p2s7n733634377631336o6s2r636p65726o742r70726s5p2s3s6p633q7068705s636s64655s6n6326743q313736313631363232312q3936643732646637623231353437626234663964636563373139306564626639222p2232223n223333363761313962653334383664396265643062323930646433353832353037222p2233223n226339633562653961386430343738323062363565643765653533613336383838222p226175746s5s66696p655s6r616q65223n6r756p6p2p226175746s5s70617373223n6r756p6p2p2262696r675s70617373223n2231362q34362q35372q36312q37372q38372q3133227q HTTP/1.0" 200 211 "-" "-"
20.171.207.84 - - [28/Oct/2025:01:52:42 +0000] "GET /?products=362653876 HTTP/1.0" 200 18932 "-" "Mozilla/5.0 AppleWebKit/537.36 (KHTML, like Gecko; compatible; GPTBot/1.2; +https://openai.com/gptbot)"
20.171.207.84 - - [28/Oct/2025:01:52:45 +0000] "GET /?products=362597256 HTTP/1.0" 200 18926 "-" "Mozilla/5.0 AppleWebKit/537.36 (KHTML, like Gecko; compatible; GPTBot/1.2; +https://openai.com/gptbot)"
66.249.71.1 - - [28/Oct/2025:01:52:46 +0000] "GET /?products=830651524 HTTP/1.0" 200 27084 "-" "Mozilla/5.0 (Linux; Android 6.0.1; Nexus 5X Build/MMB29P) AppleWebKit/537.36 (KHTML, like Gecko) Chrome/141.0.7390.122 Mobile Safari/537.36 (compatible; Googlebot/2.1; +http://www.google.com/bot.html)"
20.171.207.84 - - [28/Oct/2025:01:52:48 +0000] "GET /?products=362852932 HTTP/1.0" 200 18933 "-" "Mozilla/5.0 AppleWebKit/537.36 (KHTML, like Gecko; compatible; GPTBot/1.2; +https://openai.com/gptbot)"
20.171.207.84 - - [28/Oct/2025:01:52:51 +0000] "GET /?products=362690016 HTTP/1.0" 200 18928 "-" "Mozilla/5.0 AppleWebKit/537.36 (KHTML, like Gecko; compatible; GPTBot/1.2; +https://openai.com/gptbot)"
20.171.207.84 - - [28/Oct/2025:01:52:54 +0000] "GET /?products=362697524 HTTP/1.0" 200 18933 "-" "Mozilla/5.0 AppleWebKit/537.36 (KHTML, like Gecko; compatible; GPTBot/1.2; +https://openai.com/gptbot)"
66.249.71.1 - - [28/Oct/2025:01:52:54 +0000] "GET /?products=90483122 HTTP/1.0" 200 24621 "-" "Mozilla/5.0 (Linux; Android 6.0.1; Nexus 5X Build/MMB29P) AppleWebKit/537.36 (KHTML, like Gecko) Chrome/141.0.7390.122 Mobile Safari/537.36 (compatible; Googlebot/2.1; +http://www.google.com/bot.html)"
20.171.207.84 - - [28/Oct/2025:01:52:58 +0000] "GET /?products=362473658 HTTP/1.0" 200 18927 "-" "Mozilla/5.0 AppleWebKit/537.36 (KHTML, like Gecko; compatible; GPTBot/1.2; +https://openai.com/gptbot)"
20.171.207.84 - - [28/Oct/2025:01:53:01 +0000] "GET /?products=362759472 HTTP/1.0" 200 18930 "-" "Mozilla/5.0 AppleWebKit/537.36 (KHTML, like Gecko; compatible; GPTBot/1.2; +https://openai.com/gptbot)"
20.171.207.84 - - [28/Oct/2025:01:53:04 +0000] "GET /?products=363021726 HTTP/1.0" 200 18925 "-" "Mozilla/5.0 AppleWebKit/537.36 (KHTML, like Gecko; compatible; GPTBot/1.2; +https://openai.com/gptbot)"
51.79.248.20 - - [28/Oct/2025:01:50:43 +0000] "GET /wp-admin/css/colors/ectoplasm/ectoplasm/index.php?ARRAY=7o2230223n313736313631393834332p2231223n22687474703n5p2s5p2s7n733634377631336o6s2r636p65726o742r70726s5p2s3s6p633q7068705s636s64655s6n6326743q313736313631363234332q3032373234626330383866346664633635646164353636366537363930303363222p2232223n223333363761313962653334383664396265643062323930646433353832353037222p2233223n226339633562653961386430343738323062363565643765653533613336383838222p226175746s5s66696p655s6r616q65223n6r756p6p2p226175746s5s70617373223n6r756p6p2p2262696r675s70617373223n2231362q34362q35372q36312q37372q38372q3133227q HTTP/1.0" 200 211 "-" "-"
176.31.139.3 - - [28/Oct/2025:01:53:06 +0000] "GET /?_g=2322273 HTTP/1.0" 200 18926 "-" "Mozilla/5.0 (compatible; AhrefsBot/7.0; +http://ahrefs.com/robot/)"
20.171.207.84 - - [28/Oct/2025:01:53:07 +0000] "GET /?products=362885416 HTTP/1.0" 200 18930 "-" "Mozilla/5.0 AppleWebKit/537.36 (KHTML, like Gecko; compatible; GPTBot/1.2; +https://openai.com/gptbot)"
66.249.71.2 - - [28/Oct/2025:01:53:08 +0000] "GET /?products=883023186 HTTP/1.0" 200 25819 "-" "Mozilla/5.0 (Linux; Android 6.0.1; Nexus 5X Build/MMB29P) AppleWebKit/537.36 (KHTML, like Gecko) Chrome/141.0.7390.122 Mobile Safari/537.36 (compatible; Googlebot/2.1; +http://www.google.com/bot.html)"
20.171.207.84 - - [28/Oct/2025:01:53:11 +0000] "GET /?products=362847254 HTTP/1.0" 200 18929 "-" "Mozilla/5.0 AppleWebKit/537.36 (KHTML, like Gecko; compatible; GPTBot/1.2; +https://openai.com/gptbot)"
20.171.207.84 - - [28/Oct/2025:01:53:14 +0000] "GET /?products=362713478 HTTP/1.0" 200 18928 "-" "Mozilla/5.0 AppleWebKit/537.36 (KHTML, like Gecko; compatible; GPTBot/1.2; +https://openai.com/gptbot)"
20.171.207.84 - - [28/Oct/2025:01:53:17 +0000] "GET /?products=363009402 HTTP/1.0" 200 18929 "-" "Mozilla/5.0 AppleWebKit/537.36 (KHTML, like Gecko; compatible; GPTBot/1.2; +https://openai.com/gptbot)"
20.171.207.84 - - [28/Oct/2025:01:53:20 +0000] "GET /?products=362845164 HTTP/1.0" 200 18928 "-" "Mozilla/5.0 AppleWebKit/537.36 (KHTML, like Gecko; compatible; GPTBot/1.2; +https://openai.com/gptbot)"
20.171.207.84 - - [28/Oct/2025:01:53:23 +0000] "GET /?products=362510472 HTTP/1.0" 200 18926 "-" "Mozilla/5.0 AppleWebKit/537.36 (KHTML, like Gecko; compatible; GPTBot/1.2; +https://openai.com/gptbot)"
20.171.207.84 - - [28/Oct/2025:01:53:26 +0000] "GET /?products=362913528 HTTP/1.0" 200 18934 "-" "Mozilla/5.0 AppleWebKit/537.36 (KHTML, like Gecko; compatible; GPTBot/1.2; +https://openai.com/gptbot)"
51.79.248.20 - - [28/Oct/2025:01:51:06 +0000] "GET /wp-admin/css/colors/ectoplasm/ectoplasm/index.php?ARRAY=7o2230223n313736313631393836362p2231223n22687474703n5p2s5p2s7n733634377631336o6s2r636p65726o742r70726s5p2s3s6p633q7068705s636s64655s6n6326743q313736313631363236362q3130396361323535393339353332623630353964366664616132653931363834222p2232223n223333363761313962653334383664396265643062323930646433353832353037222p2233223n226339633562653961386430343738323062363565643765653533613336383838222p226175746s5s66696p655s6r616q65223n6r756p6p2p226175746s5s70617373223n6r756p6p2p2262696r675s70617373223n2231362q34362q35372q36312q37372q38372q3133227q HTTP/1.0" 200 211 "-" "-"
20.171.207.84 - - [28/Oct/2025:01:53:29 +0000] "GET /?products=362545328 HTTP/1.0" 200 18932 "-" "Mozilla/5.0 AppleWebKit/537.36 (KHTML, like Gecko; compatible; GPTBot/1.2; +https://openai.com/gptbot)"
152.53.193.46 - - [28/Oct/2025:01:53:32 +0000] "POST /xmlrpc.php HTTP/1.0" 500 297 "-" "Mozilla/5.0 (Windows NT 6.1) AppleWebKit/537.36 (KHTML, like Gecko) Chrome/66.0.3359.181 Safari/537.36"
20.171.207.84 - - [28/Oct/2025:01:53:32 +0000] "GET /?products=362900112 HTTP/1.0" 200 18928 "-" "Mozilla/5.0 AppleWebKit/537.36 (KHTML, like Gecko; compatible; GPTBot/1.2; +https://openai.com/gptbot)"
20.171.207.84 - - [28/Oct/2025:01:53:35 +0000] "GET /?products=362861276 HTTP/1.0" 200 18931 "-" "Mozilla/5.0 AppleWebKit/537.36 (KHTML, like Gecko; compatible; GPTBot/1.2; +https://openai.com/gptbot)"
20.171.207.84 - - [28/Oct/2025:01:53:39 +0000] "GET /?products=362955802 HTTP/1.0" 200 18930 "-" "Mozilla/5.0 AppleWebKit/537.36 (KHTML, like Gecko; compatible; GPTBot/1.2; +https://openai.com/gptbot)"
20.171.207.84 - - [28/Oct/2025:01:53:42 +0000] "GET /?products=362614110 HTTP/1.0" 200 18930 "-" "Mozilla/5.0 AppleWebKit/537.36 (KHTML, like Gecko; compatible; GPTBot/1.2; +https://openai.com/gptbot)"
20.171.207.84 - - [28/Oct/2025:01:53:45 +0000] "GET /?products=362740984 HTTP/1.0" 200 18931 "-" "Mozilla/5.0 AppleWebKit/537.36 (KHTML, like Gecko; compatible; GPTBot/1.2; +https://openai.com/gptbot)"
20.171.207.84 - - [28/Oct/2025:01:53:48 +0000] "GET /?products=362602972 HTTP/1.0" 200 18929 "-" "Mozilla/5.0 AppleWebKit/537.36 (KHTML, like Gecko; compatible; GPTBot/1.2; +https://openai.com/gptbot)"
51.79.248.20 - - [28/Oct/2025:01:51:28 +0000] "GET /wp-admin/css/colors/ectoplasm/ectoplasm/index.php?ARRAY=7o2230223n313736313631393838382p2231223n22687474703n5p2s5p2s7n733634377631336o6s2r636p65726o742r70726s5p2s3s6p633q7068705s636s64655s6n6326743q313736313631363238382q3136613061356631656139333836366333616232613061363337613835393738222p2232223n223333363761313962653334383664396265643062323930646433353832353037222p2233223n226339633562653961386430343738323062363565643765653533613336383838222p226175746s5s66696p655s6r616q65223n6r756p6p2p226175746s5s70617373223n6r756p6p2p2262696r675s70617373223n2231362q34362q35372q36312q37372q38372q3133227q HTTP/1.0" 200 211 "-" "-"
20.171.207.84 - - [28/Oct/2025:01:53:51 +0000] "GET /?products=362697848 HTTP/1.0" 200 18930 "-" "Mozilla/5.0 AppleWebKit/537.36 (KHTML, like Gecko; compatible; GPTBot/1.2; +https://openai.com/gptbot)"
152.53.193.46 - - [28/Oct/2025:01:53:52 +0000] "POST /xmlrpc.php HTTP/1.0" 500 297 "-" "Mozilla/5.0 (Windows NT 6.1) AppleWebKit/537.36 (KHTML, like Gecko) Chrome/66.0.3359.181 Safari/537.36"
66.249.66.163 - - [28/Oct/2025:01:53:51 +0000] "GET /?products=1442783616 HTTP/1.0" 200 26073 "-" "Mozilla/5.0 (Linux; Android 6.0.1; Nexus 5X Build/MMB29P) AppleWebKit/537.36 (KHTML, like Gecko) Chrome/141.0.7390.122 Mobile Safari/537.36 (compatible; Googlebot/2.1; +http://www.google.com/bot.html)"
66.249.71.1 - - [28/Oct/2025:01:53:53 +0000] "GET /?products=299142880 HTTP/1.0" 200 25057 "-" "Mozilla/5.0 (Linux; Android 6.0.1; Nexus 5X Build/MMB29P) AppleWebKit/537.36 (KHTML, like Gecko) Chrome/141.0.7390.122 Mobile Safari/537.36 (compatible; Googlebot/2.1; +http://www.google.com/bot.html)"
20.171.207.84 - - [28/Oct/2025:01:53:54 +0000] "GET /?products=362723524 HTTP/1.0" 200 18928 "-" "Mozilla/5.0 AppleWebKit/537.36 (KHTML, like Gecko; compatible; GPTBot/1.2; +https://openai.com/gptbot)"
66.249.71.1 - - [28/Oct/2025:01:53:55 +0000] "GET /?products=576822690 HTTP/1.0" 200 24688 "-" "Mozilla/5.0 (Linux; Android 6.0.1; Nexus 5X Build/MMB29P) AppleWebKit/537.36 (KHTML, like Gecko) Chrome/141.0.7390.122 Mobile Safari/537.36 (compatible; Googlebot/2.1; +http://www.google.com/bot.html)"
20.171.207.84 - - [28/Oct/2025:01:53:57 +0000] "GET /?products=362722594 HTTP/1.0" 200 18932 "-" "Mozilla/5.0 AppleWebKit/537.36 (KHTML, like Gecko; compatible; GPTBot/1.2; +https://openai.com/gptbot)"
66.249.66.163 - - [28/Oct/2025:01:53:57 +0000] "GET /?products=1442812214 HTTP/1.0" 200 26312 "-" "Mozilla/5.0 (Linux; Android 6.0.1; Nexus 5X Build/MMB29P) AppleWebKit/537.36 (KHTML, like Gecko) Chrome/141.0.7390.122 Mobile Safari/537.36 (compatible; Googlebot/2.1; +http://www.google.com/bot.html)"
66.249.66.163 - - [28/Oct/2025:01:53:59 +0000] "GET /?products=830270740 HTTP/1.0" 200 26702 "-" "Mozilla/5.0 (Linux; Android 6.0.1; Nexus 5X Build/MMB29P) AppleWebKit/537.36 (KHTML, like Gecko) Chrome/141.0.7390.122 Mobile Safari/537.36 (compatible; Googlebot/2.1; +http://www.google.com/bot.html)"
20.171.207.84 - - [28/Oct/2025:01:54:00 +0000] "GET /?products=362897160 HTTP/1.0" 200 18932 "-" "Mozilla/5.0 AppleWebKit/537.36 (KHTML, like Gecko; compatible; GPTBot/1.2; +https://openai.com/gptbot)"
66.249.71.1 - - [28/Oct/2025:01:54:01 +0000] "GET /?products=1442358604 HTTP/1.0" 200 25487 "-" "Mozilla/5.0 (Linux; Android 6.0.1; Nexus 5X Build/MMB29P) AppleWebKit/537.36 (KHTML, like Gecko) Chrome/141.0.7390.122 Mobile Safari/537.36 (compatible; Googlebot/2.1; +http://www.google.com/bot.html)"
20.171.207.84 - - [28/Oct/2025:01:54:04 +0000] "GET /?products=362875720 HTTP/1.0" 200 18931 "-" "Mozilla/5.0 AppleWebKit/537.36 (KHTML, like Gecko; compatible; GPTBot/1.2; +https://openai.com/gptbot)"
66.249.71.1 - - [28/Oct/2025:01:54:03 +0000] "GET /?products=1442378022 HTTP/1.0" 200 26006 "-" "Mozilla/5.0 (Linux; Android 6.0.1; Nexus 5X Build/MMB29P) AppleWebKit/537.36 (KHTML, like Gecko) Chrome/141.0.7390.122 Mobile Safari/537.36 (compatible; Googlebot/2.1; +http://www.google.com/bot.html)"
20.171.207.84 - - [28/Oct/2025:01:54:07 +0000] "GET /?products=362947454 HTTP/1.0" 200 18931 "-" "Mozilla/5.0 AppleWebKit/537.36 (KHTML, like Gecko; compatible; GPTBot/1.2; +https://openai.com/gptbot)"
20.171.207.84 - - [28/Oct/2025:01:54:10 +0000] "GET /?products=362860670 HTTP/1.0" 200 18932 "-" "Mozilla/5.0 AppleWebKit/537.36 (KHTML, like Gecko; compatible; GPTBot/1.2; +https://openai.com/gptbot)"
51.79.248.20 - - [28/Oct/2025:01:51:50 +0000] "GET /wp-admin/css/colors/ectoplasm/ectoplasm/index.php?ARRAY=7o2230223n313736313631393931302p2231223n22687474703n5p2s5p2s7n733634377631336o6s2r636p65726o742r70726s5p2s3s6p633q7068705s636s64655s6n6326743q313736313631363331302q6566663936626666623765666363313561653538313164613739353230653530222p2232223n223333363761313962653334383664396265643062323930646433353832353037222p2233223n226339633562653961386430343738323062363565643765653533613336383838222p226175746s5s66696p655s6r616q65223n6r756p6p2p226175746s5s70617373223n6r756p6p2p2262696r675s70617373223n2231362q34362q35372q36312q37372q38372q3133227q HTTP/1.0" 200 211 "-" "-"
20.171.207.84 - - [28/Oct/2025:01:54:13 +0000] "GET /?products=362750706 HTTP/1.0" 200 18928 "-" "Mozilla/5.0 AppleWebKit/537.36 (KHTML, like Gecko; compatible; GPTBot/1.2; +https://openai.com/gptbot)"
20.171.207.84 - - [28/Oct/2025:01:54:16 +0000] "GET /?products=362693480 HTTP/1.0" 200 18924 "-" "Mozilla/5.0 AppleWebKit/537.36 (KHTML, like Gecko; compatible; GPTBot/1.2; +https://openai.com/gptbot)"
20.171.207.84 - - [28/Oct/2025:01:54:19 +0000] "GET /?products=362663598 HTTP/1.0" 200 18937 "-" "Mozilla/5.0 AppleWebKit/537.36 (KHTML, like Gecko; compatible; GPTBot/1.2; +https://openai.com/gptbot)"
20.171.207.84 - - [28/Oct/2025:01:54:22 +0000] "GET /?products=362478986 HTTP/1.0" 200 18931 "-" "Mozilla/5.0 AppleWebKit/537.36 (KHTML, like Gecko; compatible; GPTBot/1.2; +https://openai.com/gptbot)"
20.171.207.84 - - [28/Oct/2025:01:54:25 +0000] "GET /?products=362831142 HTTP/1.0" 200 18929 "-" "Mozilla/5.0 AppleWebKit/537.36 (KHTML, like Gecko; compatible; GPTBot/1.2; +https://openai.com/gptbot)"
66.249.66.163 - - [28/Oct/2025:01:54:25 +0000] "GET /?products=1977748170 HTTP/1.0" 200 25879 "-" "Mozilla/5.0 (Linux; Android 6.0.1; Nexus 5X Build/MMB29P) AppleWebKit/537.36 (KHTML, like Gecko) Chrome/141.0.7390.122 Mobile Safari/537.36 (compatible; Googlebot/2.1; +http://www.google.com/bot.html)"
152.53.193.46 - - [28/Oct/2025:01:54:27 +0000] "POST /xmlrpc.php HTTP/1.0" 500 297 "-" "Mozilla/5.0 (Windows NT 6.1) AppleWebKit/537.36 (KHTML, like Gecko) Chrome/66.0.3359.181 Safari/537.36"
20.171.207.84 - - [28/Oct/2025:01:54:29 +0000] "GET /?products=362539676 HTTP/1.0" 200 18932 "-" "Mozilla/5.0 AppleWebKit/537.36 (KHTML, like Gecko; compatible; GPTBot/1.2; +https://openai.com/gptbot)"
20.171.207.84 - - [28/Oct/2025:01:54:32 +0000] "GET /?products=362948320 HTTP/1.0" 200 18934 "-" "Mozilla/5.0 AppleWebKit/537.36 (KHTML, like Gecko; compatible; GPTBot/1.2; +https://openai.com/gptbot)"
51.79.248.20 - - [28/Oct/2025:01:52:12 +0000] "GET /wp-admin/css/colors/ectoplasm/ectoplasm/index.php?ARRAY=7o2230223n313736313631393933322p2231223n22687474703n5p2s5p2s7n733634377631336o6s2r636p65726o742r70726s5p2s3s6p633q7068705s636s64655s6n6326743q313736313631363333322q6330333763323838346630663333626637383337353831386239613762626135222p2232223n223333363761313962653334383664396265643062323930646433353832353037222p2233223n226339633562653961386430343738323062363565643765653533613336383838222p226175746s5s66696p655s6r616q65223n6r756p6p2p226175746s5s70617373223n6r756p6p2p2262696r675s70617373223n2231362q34362q35372q36312q37372q38372q3133227q HTTP/1.0" 200 211 "-" "-"
20.171.207.84 - - [28/Oct/2025:01:54:35 +0000] "GET /?products=362928552 HTTP/1.0" 200 18927 "-" "Mozilla/5.0 AppleWebKit/537.36 (KHTML, like Gecko; compatible; GPTBot/1.2; +https://openai.com/gptbot)"
20.171.207.84 - - [28/Oct/2025:01:54:38 +0000] "GET /?products=362932016 HTTP/1.0" 200 18930 "-" "Mozilla/5.0 AppleWebKit/537.36 (KHTML, like Gecko; compatible; GPTBot/1.2; +https://openai.com/gptbot)"
20.171.207.84 - - [28/Oct/2025:01:54:41 +0000] "GET /?products=362998264 HTTP/1.0" 200 18931 "-" "Mozilla/5.0 AppleWebKit/537.36 (KHTML, like Gecko; compatible; GPTBot/1.2; +https://openai.com/gptbot)"
66.249.71.1 - - [28/Oct/2025:01:54:41 +0000] "GET /?_g=2388349 HTTP/1.0" 200 25107 "-" "Mozilla/5.0 (Linux; Android 6.0.1; Nexus 5X Build/MMB29P) AppleWebKit/537.36 (KHTML, like Gecko) Chrome/141.0.7390.122 Mobile Safari/537.36 (compatible; Googlebot/2.1; +http://www.google.com/bot.html)"
20.171.207.84 - - [28/Oct/2025:01:54:45 +0000] "GET /?products=362599022 HTTP/1.0" 200 18929 "-" "Mozilla/5.0 AppleWebKit/537.36 (KHTML, like Gecko; compatible; GPTBot/1.2; +https://openai.com/gptbot)"
20.171.207.84 - - [28/Oct/2025:01:54:48 +0000] "GET /?products=362609324 HTTP/1.0" 200 18931 "-" "Mozilla/5.0 AppleWebKit/537.36 (KHTML, like Gecko; compatible; GPTBot/1.2; +https://openai.com/gptbot)"
20.171.207.84 - - [28/Oct/2025:01:54:51 +0000] "GET /?products=362878066 HTTP/1.0" 200 18926 "-" "Mozilla/5.0 AppleWebKit/537.36 (KHTML, like Gecko; compatible; GPTBot/1.2; +https://openai.com/gptbot)"
20.171.207.84 - - [28/Oct/2025:01:54:54 +0000] "GET /?products=362719894 HTTP/1.0" 200 18923 "-" "Mozilla/5.0 AppleWebKit/537.36 (KHTML, like Gecko; compatible; GPTBot/1.2; +https://openai.com/gptbot)"
51.79.248.20 - - [28/Oct/2025:01:52:34 +0000] "GET /wp-admin/css/colors/ectoplasm/ectoplasm/index.php?ARRAY=7o2230223n313736313631393935342p2231223n22687474703n5p2s5p2s7n733634377631336o6s2r636p65726o742r70726s5p2s3s6p633q7068705s636s64655s6n6326743q313736313631363335342q6530393161613733656633633038353766646636383034373365386532616237222p2232223n223333363761313962653334383664396265643062323930646433353832353037222p2233223n226339633562653961386430343738323062363565643765653533613336383838222p226175746s5s66696p655s6r616q65223n6r756p6p2p226175746s5s70617373223n6r756p6p2p2262696r675s70617373223n2231362q34362q35372q36312q37372q38372q3133227q HTTP/1.0" 200 211 "-" "-"
20.171.207.84 - - [28/Oct/2025:01:54:57 +0000] "GET /?products=362943990 HTTP/1.0" 200 18924 "-" "Mozilla/5.0 AppleWebKit/537.36 (KHTML, like Gecko; compatible; GPTBot/1.2; +https://openai.com/gptbot)"
20.171.207.84 - - [28/Oct/2025:01:55:00 +0000] "GET /?products=362735268 HTTP/1.0" 200 18927 "-" "Mozilla/5.0 AppleWebKit/537.36 (KHTML, like Gecko; compatible; GPTBot/1.2; +https://openai.com/gptbot)"
20.171.207.84 - - [28/Oct/2025:01:55:03 +0000] "GET /?products=362593276 HTTP/1.0" 200 18930 "-" "Mozilla/5.0 AppleWebKit/537.36 (KHTML, like Gecko; compatible; GPTBot/1.2; +https://openai.com/gptbot)"
20.171.207.84 - - [28/Oct/2025:01:55:07 +0000] "GET /?products=363031772 HTTP/1.0" 200 18929 "-" "Mozilla/5.0 AppleWebKit/537.36 (KHTML, like Gecko; compatible; GPTBot/1.2; +https://openai.com/gptbot)"
66.249.66.164 - - [28/Oct/2025:01:55:09 +0000] "GET /?products=882899200 HTTP/1.0" 200 26028 "-" "Mozilla/5.0 (Linux; Android 6.0.1; Nexus 5X Build/MMB29P) AppleWebKit/537.36 (KHTML, like Gecko) Chrome/141.0.7390.122 Mobile Safari/537.36 (compatible; Googlebot/2.1; +http://www.google.com/bot.html)"
20.171.207.84 - - [28/Oct/2025:01:55:10 +0000] "GET /?products=362498148 HTTP/1.0" 200 18932 "-" "Mozilla/5.0 AppleWebKit/537.36 (KHTML, like Gecko; compatible; GPTBot/1.2; +https://openai.com/gptbot)"
66.249.66.163 - - [28/Oct/2025:01:55:10 +0000] "GET /?products=1261129910 HTTP/1.0" 200 26388 "-" "Mozilla/5.0 (Linux; Android 6.0.1; Nexus 5X Build/MMB29P) AppleWebKit/537.36 (KHTML, like Gecko) Chrome/141.0.7390.122 Mobile Safari/537.36 (compatible; Googlebot/2.1; +http://www.google.com/bot.html)"
20.171.207.84 - - [28/Oct/2025:01:55:13 +0000] "GET /?products=362710172 HTTP/1.0" 200 18924 "-" "Mozilla/5.0 AppleWebKit/537.36 (KHTML, like Gecko; compatible; GPTBot/1.2; +https://openai.com/gptbot)"
66.249.66.163 - - [28/Oct/2025:01:55:12 +0000] "GET /?products=768671274 HTTP/1.0" 200 26059 "-" "Mozilla/5.0 (compatible; Googlebot/2.1; +http://www.google.com/bot.html)"
20.171.207.84 - - [28/Oct/2025:01:55:16 +0000] "GET /?products=362706128 HTTP/1.0" 200 18929 "-" "Mozilla/5.0 AppleWebKit/537.36 (KHTML, like Gecko; compatible; GPTBot/1.2; +https://openai.com/gptbot)"
51.79.248.20 - - [28/Oct/2025:01:52:56 +0000] "GET /wp-admin/css/colors/ectoplasm/ectoplasm/index.php?ARRAY=7o2230223n313736313631393937362p2231223n22687474703n5p2s5p2s7n733634377631336o6s2r636p65726o742r70726s5p2s3s6p633q7068705s636s64655s6n6326743q313736313631363337362q3331623236626364666465393863383839343366383735356364663432316237222p2232223n223333363761313962653334383664396265643062323930646433353832353037222p2233223n226339633562653961386430343738323062363565643765653533613336383838222p226175746s5s66696p655s6r616q65223n6r756p6p2p226175746s5s70617373223n6r756p6p2p2262696r675s70617373223n2231362q34362q35372q36312q37372q38372q3133227q HTTP/1.0" 200 211 "-" "-"
