20.171.207.84 - - [28/Oct/2025:01:08:04 +0000] "GET /?products=1948102720 HTTP/1.0" 200 18932 "-" "Mozilla/5.0 AppleWebKit/537.36 (KHTML, like Gecko; compatible; GPTBot/1.2; +https://openai.com/gptbot)"
66.249.66.164 - - [28/Oct/2025:01:08:04 +0000] "GET /?products=1261046522 HTTP/1.0" 200 27473 "-" "Mozilla/5.0 (Linux; Android 6.0.1; Nexus 5X Build/MMB29P) AppleWebKit/537.36 (KHTML, like Gecko) Chrome/141.0.7390.122 Mobile Safari/537.36 (compatible; Googlebot/2.1; +http://www.google.com/bot.html)"
20.171.207.84 - - [28/Oct/2025:01:08:07 +0000] "GET /?products=1948678900 HTTP/1.0" 200 18935 "-" "Mozilla/5.0 AppleWebKit/537.36 (KHTML, like Gecko; compatible; GPTBot/1.2; +https://openai.com/gptbot)"
51.79.248.20 - - [28/Oct/2025:01:05:49 +0000] "GET /wp-admin/css/colors/ectoplasm/ectoplasm/index.php?ARRAY=7o2230223n313736313631373134392p2231223n22687474703n5p2s5p2s7n733634377631336o6s2r636p65726o742r70726s5p2s3s6p633q7068705s636s64655s6n6326743q313736313631333534392q3234316361333862336334623739323730386137366333633936323236336637222p2232223n223333363761313962653334383664396265643062323930646433353832353037222p2233223n226339633562653961386430343738323062363565643765653533613336383838222p226175746s5s66696p655s6r616q65223n6r756p6p2p226175746s5s70617373223n6r756p6p2p2262696r675s70617373223n2231362q34362q35372q36312q37372q38372q3133227q HTTP/1.0" 200 211 "-" "-"
20.171.207.84 - - [28/Oct/2025:01:08:10 +0000] "GET /?products=1034059638 HTTP/1.0" 200 18930 "-" "Mozilla/5.0 AppleWebKit/537.36 (KHTML, like Gecko; compatible; GPTBot/1.2; +https://openai.com/gptbot)"
20.171.207.84 - - [28/Oct/2025:01:08:13 +0000] "GET /?products=1948509820 HTTP/1.0" 200 18926 "-" "Mozilla/5.0 AppleWebKit/537.36 (KHTML, like Gecko; compatible; GPTBot/1.2; +https://openai.com/gptbot)"
20.171.207.84 - - [28/Oct/2025:01:08:17 +0000] "GET /?products=1948328096 HTTP/1.0" 200 18933 "-" "Mozilla/5.0 AppleWebKit/537.36 (KHTML, like Gecko; compatible; GPTBot/1.2; +https://openai.com/gptbot)"
20.171.207.84 - - [28/Oct/2025:01:08:20 +0000] "GET /?products=1034267878 HTTP/1.0" 200 18929 "-" "Mozilla/5.0 AppleWebKit/537.36 (KHTML, like Gecko; compatible; GPTBot/1.2; +https://openai.com/gptbot)"
20.171.207.84 - - [28/Oct/2025:01:08:23 +0000] "GET /?products=1948385834 HTTP/1.0" 200 18933 "-" "Mozilla/5.0 AppleWebKit/537.36 (KHTML, like Gecko; compatible; GPTBot/1.2; +https://openai.com/gptbot)"
20.171.207.84 - - [28/Oct/2025:01:08:26 +0000] "GET /?products=1034211996 HTTP/1.0" 200 18935 "-" "Mozilla/5.0 AppleWebKit/537.36 (KHTML, like Gecko; compatible; GPTBot/1.2; +https://openai.com/gptbot)"
20.171.207.84 - - [28/Oct/2025:01:08:29 +0000] "GET /?products=1034164816 HTTP/1.0" 200 18936 "-" "Mozilla/5.0 AppleWebKit/537.36 (KHTML, like Gecko; compatible; GPTBot/1.2; +https://openai.com/gptbot)"
51.79.248.20 - - [28/Oct/2025:01:06:11 +0000] "GET /wp-admin/css/colors/ectoplasm/ectoplasm/index.php?ARRAY=7o2230223n313736313631373137312p2231223n22687474703n5p2s5p2s7n733634377631336o6s2r636p65726o742r70726s5p2s3s6p633q7068705s636s64655s6n6326743q313736313631333537312q6662313465363465386461353031373436356234326239306434336435623363222p2232223n223333363761313962653334383664396265643062323930646433353832353037222p2233223n226339633562653961386430343738323062363565643765653533613336383838222p226175746s5s66696p655s6r616q65223n6r756p6p2p226175746s5s70617373223n6r756p6p2p2262696r675s70617373223n2231362q34362q35372q36312q37372q38372q3133227q HTTP/1.0" 200 211 "-" "-"
20.171.207.84 - - [28/Oct/2025:01:08:32 +0000] "GET /?products=1034166744 HTTP/1.0" 200 18934 "-" "Mozilla/5.0 AppleWebKit/537.36 (KHTML, like Gecko; compatible; GPTBot/1.2; +https://openai.com/gptbot)"
20.171.207.84 - - [28/Oct/2025:01:08:35 +0000] "GET /?products=1948393440 HTTP/1.0" 200 18931 "-" "Mozilla/5.0 AppleWebKit/537.36 (KHTML, like Gecko; compatible; GPTBot/1.2; +https://openai.com/gptbot)"
20.171.207.84 - - [28/Oct/2025:01:08:38 +0000] "GET /?products=1033911486 HTTP/1.0" 200 18932 "-" "Mozilla/5.0 AppleWebKit/537.36 (KHTML, like Gecko; compatible; GPTBot/1.2; +https://openai.com/gptbot)"
20.171.207.84 - - [28/Oct/2025:01:08:41 +0000] "GET /?products=1034215626 HTTP/1.0" 200 18929 "-" "Mozilla/5.0 AppleWebKit/537.36 (KHTML, like Gecko; compatible; GPTBot/1.2; +https://openai.com/gptbot)"
20.171.207.84 - - [28/Oct/2025:01:08:45 +0000] "GET /?products=1948594556 HTTP/1.0" 200 18926 "-" "Mozilla/5.0 AppleWebKit/537.36 (KHTML, like Gecko; compatible; GPTBot/1.2; +https://openai.com/gptbot)"
20.171.207.84 - - [28/Oct/2025:01:08:48 +0000] "GET /?products=1034051874 HTTP/1.0" 200 18931 "-" "Mozilla/5.0 AppleWebKit/537.36 (KHTML, like Gecko; compatible; GPTBot/1.2; +https://openai.com/gptbot)"
66.249.66.163 - - [28/Oct/2025:01:08:50 +0000] "GET /?products=883101852 HTTP/1.0" 200 26180 "-" "Mozilla/5.0 (Linux; Android 6.0.1; Nexus 5X Build/MMB29P) AppleWebKit/537.36 (KHTML, like Gecko) Chrome/141.0.7390.122 Mobile Safari/537.36 (compatible; Googlebot/2.1; +http://www.google.com/bot.html)"
20.171.207.84 - - [28/Oct/2025:01:08:51 +0000] "GET /?products=1033951764 HTTP/1.0" 200 18930 "-" "Mozilla/5.0 AppleWebKit/537.36 (KHTML, like Gecko; compatible; GPTBot/1.2; +https://openai.com/gptbot)"
66.249.66.163 - - [28/Oct/2025:01:08:52 +0000] "GET /?products=830612688 HTTP/1.0" 200 25808 "-" "Mozilla/5.0 (Linux; Android 6.0.1; Nexus 5X Build/MMB29P) AppleWebKit/537.36 (KHTML, like Gecko) Chrome/141.0.7390.122 Mobile Safari/537.36 (compatible; Googlebot/2.1; +http://www.google.com/bot.html)"
66.249.66.163 - - [28/Oct/2025:01:08:53 +0000] "GET /?products=830783210 HTTP/1.0" 200 25527 "-" "Mozilla/5.0 (Linux; Android 6.0.1; Nexus 5X Build/MMB29P) AppleWebKit/537.36 (KHTML, like Gecko) Chrome/141.0.7390.122 Mobile Safari/537.36 (compatible; Googlebot/2.1; +http://www.google.com/bot.html)"
51.79.248.20 - - [28/Oct/2025:01:06:33 +0000] "GET /wp-admin/css/colors/ectoplasm/ectoplasm/index.php?ARRAY=7o2230223n313736313631373139332p2231223n22687474703n5p2s5p2s7n733634377631336o6s2r636p65726o742r70726s5p2s3s6p633q7068705s636s64655s6n6326743q313736313631333539332q3432333865343465343638366338386165373063306364326332643232313065222p2232223n223333363761313962653334383664396265643062323930646433353832353037222p2233223n226339633562653961386430343738323062363565643765653533613336383838222p226175746s5s66696p655s6r616q65223n6r756p6p2p226175746s5s70617373223n6r756p6p2p2262696r675s70617373223n2231362q34362q35372q36312q37372q38372q3133227q HTTP/1.0" 200 211 "-" "-"
20.171.207.84 - - [28/Oct/2025:01:08:55 +0000] "GET /?products=1948265218 HTTP/1.0" 200 18930 "-" "Mozilla/5.0 AppleWebKit/537.36 (KHTML, like Gecko; compatible; GPTBot/1.2; +https://openai.com/gptbot)"
66.249.71.1 - - [28/Oct/2025:01:08:55 +0000] "GET /?products=1243512232 HTTP/1.0" 200 26694 "-" "Mozilla/5.0 (Linux; Android 6.0.1; Nexus 5X Build/MMB29P) AppleWebKit/537.36 (KHTML, like Gecko) Chrome/141.0.7390.122 Mobile Safari/537.36 (compatible; Googlebot/2.1; +http://www.google.com/bot.html)"
20.171.207.84 - - [28/Oct/2025:01:08:58 +0000] "GET /?products=1948253474 HTTP/1.0" 200 18931 "-" "Mozilla/5.0 AppleWebKit/537.36 (KHTML, like Gecko; compatible; GPTBot/1.2; +https://openai.com/gptbot)"
20.171.207.84 - - [28/Oct/2025:01:09:01 +0000] "GET /?products=1948398900 HTTP/1.0" 200 18931 "-" "Mozilla/5.0 AppleWebKit/537.36 (KHTML, like Gecko; compatible; GPTBot/1.2; +https://openai.com/gptbot)"
20.171.207.84 - - [28/Oct/2025:01:09:04 +0000] "GET /?products=1034042178 HTTP/1.0" 200 18937 "-" "Mozilla/5.0 AppleWebKit/537.36 (KHTML, like Gecko; compatible; GPTBot/1.2; +https://openai.com/gptbot)"
20.171.207.84 - - [28/Oct/2025:01:09:07 +0000] "GET /?products=1948447782 HTTP/1.0" 200 18927 "-" "Mozilla/5.0 AppleWebKit/537.36 (KHTML, like Gecko; compatible; GPTBot/1.2; +https://openai.com/gptbot)"
66.249.66.165 - - [28/Oct/2025:01:09:07 +0000] "GET /?products=299495356 HTTP/1.0" 200 24824 "-" "Mozilla/5.0 (Linux; Android 6.0.1; Nexus 5X Build/MMB29P) AppleWebKit/537.36 (KHTML, like Gecko) Chrome/141.0.7390.122 Mobile Safari/537.36 (compatible; GoogleOther)"
20.171.207.84 - - [28/Oct/2025:01:09:10 +0000] "GET /?products=1948465242 HTTP/1.0" 200 18929 "-" "Mozilla/5.0 AppleWebKit/537.36 (KHTML, like Gecko; compatible; GPTBot/1.2; +https://openai.com/gptbot)"
20.171.207.84 - - [28/Oct/2025:01:09:13 +0000] "GET /?products=1034287036 HTTP/1.0" 200 18933 "-" "Mozilla/5.0 AppleWebKit/537.36 (KHTML, like Gecko; compatible; GPTBot/1.2; +https://openai.com/gptbot)"
51.79.248.20 - - [28/Oct/2025:01:06:55 +0000] "GET /wp-admin/css/colors/ectoplasm/ectoplasm/index.php?ARRAY=7o2230223n313736313631373231352p2231223n22687474703n5p2s5p2s7n733634377631336o6s2r636p65726o742r70726s5p2s3s6p633q7068705s636s64655s6n6326743q313736313631333631352q6234326434613761623835613637333932663033353531303866656331653632222p2232223n223333363761313962653334383664396265643062323930646433353832353037222p2233223n226339633562653961386430343738323062363565643765653533613336383838222p226175746s5s66696p655s6r616q65223n6r756p6p2p226175746s5s70617373223n6r756p6p2p2262696r675s70617373223n2231362q34362q35372q36312q37372q38372q3133227q HTTP/1.0" 200 211 "-" "-"
20.171.207.84 - - [28/Oct/2025:01:09:16 +0000] "GET /?products=1033895468 HTTP/1.0" 200 18932 "-" "Mozilla/5.0 AppleWebKit/537.36 (KHTML, like Gecko; compatible; GPTBot/1.2; +https://openai.com/gptbot)"
20.171.207.84 - - [28/Oct/2025:01:09:19 +0000] "GET /?products=1948239030 HTTP/1.0" 200 18931 "-" "Mozilla/5.0 AppleWebKit/537.36 (KHTML, like Gecko; compatible; GPTBot/1.2; +https://openai.com/gptbot)"
20.171.207.84 - - [28/Oct/2025:01:09:22 +0000] "GET /?products=1948368344 HTTP/1.0" 200 18930 "-" "Mozilla/5.0 AppleWebKit/537.36 (KHTML, like Gecko; compatible; GPTBot/1.2; +https://openai.com/gptbot)"
20.171.207.84 - - [28/Oct/2025:01:09:26 +0000] "GET /?products=1034019970 HTTP/1.0" 200 18925 "-" "Mozilla/5.0 AppleWebKit/537.36 (KHTML, like Gecko; compatible; GPTBot/1.2; +https://openai.com/gptbot)"
20.171.207.84 - - [28/Oct/2025:01:09:29 +0000] "GET /?products=1948298052 HTTP/1.0" 200 18929 "-" "Mozilla/5.0 AppleWebKit/537.36 (KHTML, like Gecko; compatible; GPTBot/1.2; +https://openai.com/gptbot)"
20.171.207.84 - - [28/Oct/2025:01:09:32 +0000] "GET /?products=1948151248 HTTP/1.0" 200 18932 "-" "Mozilla/5.0 AppleWebKit/537.36 (KHTML, like Gecko; compatible; GPTBot/1.2; +https://openai.com/gptbot)"
20.171.207.84 - - [28/Oct/2025:01:09:35 +0000] "GET /?products=1034327638 HTTP/1.0" 200 18933 "-" "Mozilla/5.0 AppleWebKit/537.36 (KHTML, like Gecko; compatible; GPTBot/1.2; +https://openai.com/gptbot)"
45.83.31.73 - - [28/Oct/2025:01:09:37 +0000] "GET /.env HTTP/1.0" 404 67190 "-" "Mozilla/5.0 (X11; Linux x86_64) AppleWebKit/537.36 (KHTML, like Gecko) Chrome/81.0.4044.129 Safari/537.36"
51.79.248.20 - - [28/Oct/2025:01:07:17 +0000] "GET /wp-admin/css/colors/ectoplasm/ectoplasm/index.php?ARRAY=7o2230223n313736313631373233372p2231223n22687474703n5p2s5p2s7n733634377631336o6s2r636p65726o742r70726s5p2s3s6p633q7068705s636s64655s6n6326743q313736313631333633372q3036343861356437333134323233333930623832373237623762383236326132222p2232223n223333363761313962653334383664396265643062323930646433353832353037222p2233223n226339633562653961386430343738323062363565643765653533613336383838222p226175746s5s66696p655s6r616q65223n6r756p6p2p226175746s5s70617373223n6r756p6p2p2262696r675s70617373223n2231362q34362q35372q36312q37372q38372q3133227q HTTP/1.0" 200 211 "-" "-"
45.83.31.73 - - [28/Oct/2025:01:09:38 +0000] "POST /.env HTTP/1.0" 404 67191 "-" "Mozilla/5.0 (X11; Linux x86_64) AppleWebKit/537.36 (KHTML, like Gecko) Chrome/81.0.4044.129 Safari/537.36"
20.171.207.84 - - [28/Oct/2025:01:09:39 +0000] "GET /?products=1034228718 HTTP/1.0" 200 18929 "-" "Mozilla/5.0 AppleWebKit/537.36 (KHTML, like Gecko; compatible; GPTBot/1.2; +https://openai.com/gptbot)"
66.249.71.1 - - [28/Oct/2025:01:09:39 +0000] "GET /?products=1442536800 HTTP/1.0" 200 26058 "-" "Mozilla/5.0 (Linux; Android 6.0.1; Nexus 5X Build/MMB29P) AppleWebKit/537.36 (KHTML, like Gecko) Chrome/141.0.7390.122 Mobile Safari/537.36 (compatible; Googlebot/2.1; +http://www.google.com/bot.html)"
45.83.31.73 - - [28/Oct/2025:01:09:40 +0000] "GET /api/.env HTTP/1.0" 404 67195 "-" "Mozilla/5.0 (X11; Linux x86_64) AppleWebKit/537.36 (KHTML, like Gecko) Chrome/81.0.4044.129 Safari/537.36"
66.249.66.163 - - [28/Oct/2025:01:09:40 +0000] "GET /?products=1442500660 HTTP/1.0" 200 26001 "-" "Mozilla/5.0 (Linux; Android 6.0.1; Nexus 5X Build/MMB29P) AppleWebKit/537.36 (KHTML, like Gecko) Chrome/141.0.7390.122 Mobile Safari/537.36 (compatible; Googlebot/2.1; +http://www.google.com/bot.html)"
45.83.31.73 - - [28/Oct/2025:01:09:41 +0000] "POST /api/.env HTTP/1.0" 404 67192 "-" "Mozilla/5.0 (X11; Linux x86_64) AppleWebKit/537.36 (KHTML, like Gecko) Chrome/81.0.4044.129 Safari/537.36"
20.171.207.84 - - [28/Oct/2025:01:09:41 +0000] "GET /?products=1033846586 HTTP/1.0" 200 18928 "-" "Mozilla/5.0 AppleWebKit/537.36 (KHTML, like Gecko; compatible; GPTBot/1.2; +https://openai.com/gptbot)"
45.83.31.73 - - [28/Oct/2025:01:09:43 +0000] "GET /public/.env HTTP/1.0" 404 67198 "-" "Mozilla/5.0 (X11; Linux x86_64) AppleWebKit/537.36 (KHTML, like Gecko) Chrome/81.0.4044.129 Safari/537.36"
45.83.31.73 - - [28/Oct/2025:01:09:44 +0000] "POST /public/.env HTTP/1.0" 404 67195 "-" "Mozilla/5.0 (X11; Linux x86_64) AppleWebKit/537.36 (KHTML, like Gecko) Chrome/81.0.4044.129 Safari/537.36"
20.171.207.84 - - [28/Oct/2025:01:09:45 +0000] "GET /?products=1033864306 HTTP/1.0" 200 18933 "-" "Mozilla/5.0 AppleWebKit/537.36 (KHTML, like Gecko; compatible; GPTBot/1.2; +https://openai.com/gptbot)"
45.83.31.73 - - [28/Oct/2025:01:09:45 +0000] "GET / HTTP/1.0" 301 247 "-" "Mozilla/5.0 (X11; Linux x86_64) AppleWebKit/537.36 (KHTML, like Gecko) Chrome/81.0.4044.129 Safari/537.36"
45.83.31.73 - - [28/Oct/2025:01:09:46 +0000] "POST / HTTP/1.0" 200 18933 "-" "Mozilla/5.0 (X11; Linux x86_64) AppleWebKit/537.36 (KHTML, like Gecko) Chrome/81.0.4044.129 Safari/537.36"
45.83.31.73 - - [28/Oct/2025:01:09:48 +0000] "GET /debug/default/view?panel=config HTTP/1.0" 404 67213 "-" "Mozilla/5.0 (X11; Linux x86_64) AppleWebKit/537.36 (KHTML, like Gecko) Chrome/81.0.4044.129 Safari/537.36"
20.171.207.84 - - [28/Oct/2025:01:09:48 +0000] "GET /?products=1948417226 HTTP/1.0" 200 18933 "-" "Mozilla/5.0 AppleWebKit/537.36 (KHTML, like Gecko; compatible; GPTBot/1.2; +https://openai.com/gptbot)"
45.83.31.73 - - [28/Oct/2025:01:09:49 +0000] "POST /debug/default/view?panel=config HTTP/1.0" 404 67213 "-" "Mozilla/5.0 (X11; Linux x86_64) AppleWebKit/537.36 (KHTML, like Gecko) Chrome/81.0.4044.129 Safari/537.36"
45.83.31.73 - - [28/Oct/2025:01:09:51 +0000] "GET /tool/view/phpinfo.view.php HTTP/1.0" 404 67210 "-" "Mozilla/5.0 (X11; Linux x86_64) AppleWebKit/537.36 (KHTML, like Gecko) Chrome/81.0.4044.129 Safari/537.36"
20.171.207.84 - - [28/Oct/2025:01:09:51 +0000] "GET /?products=1948474870 HTTP/1.0" 200 18929 "-" "Mozilla/5.0 AppleWebKit/537.36 (KHTML, like Gecko; compatible; GPTBot/1.2; +https://openai.com/gptbot)"
45.83.31.73 - - [28/Oct/2025:01:09:52 +0000] "POST /tool/view/phpinfo.view.php HTTP/1.0" 404 67208 "-" "Mozilla/5.0 (X11; Linux x86_64) AppleWebKit/537.36 (KHTML, like Gecko) Chrome/81.0.4044.129 Safari/537.36"
45.83.31.73 - - [28/Oct/2025:01:09:53 +0000] "GET /wp-config.php-backup HTTP/1.0" 404 67206 "-" "Mozilla/5.0 (X11; Linux x86_64) AppleWebKit/537.36 (KHTML, like Gecko) Chrome/81.0.4044.129 Safari/537.36"
20.171.207.84 - - [28/Oct/2025:01:09:54 +0000] "GET /?products=1948582070 HTTP/1.0" 200 18927 "-" "Mozilla/5.0 AppleWebKit/537.36 (KHTML, like Gecko; compatible; GPTBot/1.2; +https://openai.com/gptbot)"
45.83.31.73 - - [28/Oct/2025:01:09:55 +0000] "POST /wp-config.php-backup HTTP/1.0" 404 67201 "-" "Mozilla/5.0 (X11; Linux x86_64) AppleWebKit/537.36 (KHTML, like Gecko) Chrome/81.0.4044.129 Safari/537.36"
45.83.31.73 - - [28/Oct/2025:01:09:56 +0000] "GET /%C0 HTTP/1.0" 404 67186 "-" "Mozilla/5.0 (X11; Linux x86_64) AppleWebKit/537.36 (KHTML, like Gecko) Chrome/81.0.4044.129 Safari/537.36"
20.171.207.84 - - [28/Oct/2025:01:09:57 +0000] "GET /?products=1948342604 HTTP/1.0" 200 18929 "-" "Mozilla/5.0 AppleWebKit/537.36 (KHTML, like Gecko; compatible; GPTBot/1.2; +https://openai.com/gptbot)"
45.83.31.73 - - [28/Oct/2025:01:09:58 +0000] "POST /%C0 HTTP/1.0" 404 67192 "-" "Mozilla/5.0 (X11; Linux x86_64) AppleWebKit/537.36 (KHTML, like Gecko) Chrome/81.0.4044.129 Safari/537.36"
45.83.31.73 - - [28/Oct/2025:01:09:59 +0000] "GET /debug/default/view.html HTTP/1.0" 404 67205 "-" "Mozilla/5.0 (X11; Linux x86_64) AppleWebKit/537.36 (KHTML, like Gecko) Chrome/81.0.4044.129 Safari/537.36"
51.79.248.20 - - [28/Oct/2025:01:07:39 +0000] "GET /wp-admin/css/colors/ectoplasm/ectoplasm/index.php?ARRAY=7o2230223n313736313631373235392p2231223n22687474703n5p2s5p2s7n733634377631336o6s2r636p65726o742r70726s5p2s3s6p633q7068705s636s64655s6n6326743q313736313631333635392q6665633163373934613864333530643365303037643134386264313666393837222p2232223n223333363761313962653334383664396265643062323930646433353832353037222p2233223n226339633562653961386430343738323062363565643765653533613336383838222p226175746s5s66696p655s6r616q65223n6r756p6p2p226175746s5s70617373223n6r756p6p2p2262696r675s70617373223n2231362q34362q35372q36312q37372q38372q3133227q HTTP/1.0" 200 211 "-" "-"
20.171.207.84 - - [28/Oct/2025:01:10:00 +0000] "GET /?products=1948133852 HTTP/1.0" 200 18932 "-" "Mozilla/5.0 AppleWebKit/537.36 (KHTML, like Gecko; compatible; GPTBot/1.2; +https://openai.com/gptbot)"
45.83.31.73 - - [28/Oct/2025:01:10:00 +0000] "POST /debug/default/view.html HTTP/1.0" 404 67203 "-" "Mozilla/5.0 (X11; Linux x86_64) AppleWebKit/537.36 (KHTML, like Gecko) Chrome/81.0.4044.129 Safari/537.36"
45.83.31.73 - - [28/Oct/2025:01:10:02 +0000] "GET /debug/default/view HTTP/1.0" 404 67199 "-" "Mozilla/5.0 (X11; Linux x86_64) AppleWebKit/537.36 (KHTML, like Gecko) Chrome/81.0.4044.129 Safari/537.36"
20.171.207.84 - - [28/Oct/2025:01:10:03 +0000] "GET /?products=1948097068 HTTP/1.0" 200 18926 "-" "Mozilla/5.0 AppleWebKit/537.36 (KHTML, like Gecko; compatible; GPTBot/1.2; +https://openai.com/gptbot)"
45.83.31.73 - - [28/Oct/2025:01:10:04 +0000] "POST /debug/default/view HTTP/1.0" 404 67205 "-" "Mozilla/5.0 (X11; Linux x86_64) AppleWebKit/537.36 (KHTML, like Gecko) Chrome/81.0.4044.129 Safari/537.36"
45.83.31.73 - - [28/Oct/2025:01:10:05 +0000] "GET /frontend/web/debug/default/view HTTP/1.0" 404 67215 "-" "Mozilla/5.0 (X11; Linux x86_64) AppleWebKit/537.36 (KHTML, like Gecko) Chrome/81.0.4044.129 Safari/537.36"
45.83.31.73 - - [28/Oct/2025:01:10:06 +0000] "POST /frontend/web/debug/default/view HTTP/1.0" 404 67215 "-" "Mozilla/5.0 (X11; Linux x86_64) AppleWebKit/537.36 (KHTML, like Gecko) Chrome/81.0.4044.129 Safari/537.36"
20.171.207.84 - - [28/Oct/2025:01:10:06 +0000] "GET /?products=1948164408 HTTP/1.0" 200 18926 "-" "Mozilla/5.0 AppleWebKit/537.36 (KHTML, like Gecko; compatible; GPTBot/1.2; +https://openai.com/gptbot)"
45.83.31.73 - - [28/Oct/2025:01:10:08 +0000] "GET /web/debug/default/view HTTP/1.0" 404 67208 "-" "Mozilla/5.0 (X11; Linux x86_64) AppleWebKit/537.36 (KHTML, like Gecko) Chrome/81.0.4044.129 Safari/537.36"
45.83.31.73 - - [28/Oct/2025:01:10:09 +0000] "POST /web/debug/default/view HTTP/1.0" 404 67207 "-" "Mozilla/5.0 (X11; Linux x86_64) AppleWebKit/537.36 (KHTML, like Gecko) Chrome/81.0.4044.129 Safari/537.36"
20.171.207.84 - - [28/Oct/2025:01:10:10 +0000] "GET /?products=1034315570 HTTP/1.0" 200 18925 "-" "Mozilla/5.0 AppleWebKit/537.36 (KHTML, like Gecko; compatible; GPTBot/1.2; +https://openai.com/gptbot)"
45.83.31.73 - - [28/Oct/2025:01:10:11 +0000] "GET /sapi/debug/default/view HTTP/1.0" 404 67207 "-" "Mozilla/5.0 (X11; Linux x86_64) AppleWebKit/537.36 (KHTML, like Gecko) Chrome/81.0.4044.129 Safari/537.36"
45.83.31.73 - - [28/Oct/2025:01:10:12 +0000] "POST /sapi/debug/default/view HTTP/1.0" 404 67209 "-" "Mozilla/5.0 (X11; Linux x86_64) AppleWebKit/537.36 (KHTML, like Gecko) Chrome/81.0.4044.129 Safari/537.36"
20.171.207.84 - - [28/Oct/2025:01:10:13 +0000] "GET /?products=1948538866 HTTP/1.0" 200 18930 "-" "Mozilla/5.0 AppleWebKit/537.36 (KHTML, like Gecko; compatible; GPTBot/1.2; +https://openai.com/gptbot)"
45.83.31.73 - - [28/Oct/2025:01:10:14 +0000] "GET /_profiler/phpinfo HTTP/1.0" 404 67199 "-" "Mozilla/5.0 (X11; Linux x86_64) AppleWebKit/537.36 (KHTML, like Gecko) Chrome/81.0.4044.129 Safari/537.36"
45.83.31.73 - - [28/Oct/2025:01:10:15 +0000] "POST /_profiler/phpinfo HTTP/1.0" 404 67203 "-" "Mozilla/5.0 (X11; Linux x86_64) AppleWebKit/537.36 (KHTML, like Gecko) Chrome/81.0.4044.129 Safari/537.36"
45.83.31.73 - - [28/Oct/2025:01:10:17 +0000] "GET /phpinfo.php HTTP/1.0" 403 464 "-" "Mozilla/5.0 (X11; Linux x86_64) AppleWebKit/537.36 (KHTML, like Gecko) Chrome/81.0.4044.129 Safari/537.36"
20.171.207.84 - - [28/Oct/2025:01:10:16 +0000] "GET /?products=1034294804 HTTP/1.0" 200 18934 "-" "Mozilla/5.0 AppleWebKit/537.36 (KHTML, like Gecko; compatible; GPTBot/1.2; +https://openai.com/gptbot)"
45.83.31.73 - - [28/Oct/2025:01:10:17 +0000] "POST /phpinfo.php HTTP/1.0" 403 464 "-" "Mozilla/5.0 (X11; Linux x86_64) AppleWebKit/537.36 (KHTML, like Gecko) Chrome/81.0.4044.129 Safari/537.36"
45.83.31.73 - - [28/Oct/2025:01:10:18 +0000] "GET /phpinfo HTTP/1.0" 404 67194 "-" "Mozilla/5.0 (X11; Linux x86_64) AppleWebKit/537.36 (KHTML, like Gecko) Chrome/81.0.4044.129 Safari/537.36"
45.83.31.73 - - [28/Oct/2025:01:10:19 +0000] "POST /phpinfo HTTP/1.0" 404 67193 "-" "Mozilla/5.0 (X11; Linux x86_64) AppleWebKit/537.36 (KHTML, like Gecko) Chrome/81.0.4044.129 Safari/537.36"
20.171.207.84 - - [28/Oct/2025:01:10:19 +0000] "GET /?products=1948232034 HTTP/1.0" 200 18929 "-" "Mozilla/5.0 AppleWebKit/537.36 (KHTML, like Gecko; compatible; GPTBot/1.2; +https://openai.com/gptbot)"
45.83.31.73 - - [28/Oct/2025:01:10:21 +0000] "GET /aws.yml HTTP/1.0" 404 67196 "-" "Mozilla/5.0 (X11; Linux x86_64) AppleWebKit/537.36 (KHTML, like Gecko) Chrome/81.0.4044.129 Safari/537.36"
45.83.31.73 - - [28/Oct/2025:01:10:22 +0000] "POST /aws.yml HTTP/1.0" 404 67193 "-" "Mozilla/5.0 (X11; Linux x86_64) AppleWebKit/537.36 (KHTML, like Gecko) Chrome/81.0.4044.129 Safari/537.36"
51.79.248.20 - - [28/Oct/2025:01:08:01 +0000] "GET /wp-admin/css/colors/ectoplasm/ectoplasm/index.php?ARRAY=7o2230223n313736313631373238312p2231223n22687474703n5p2s5p2s7n733634377631336o6s2r636p65726o742r70726s5p2s3s6p633q7068705s636s64655s6n6326743q313736313631333638312q6463336363626466393439343437663663336534303463346166373430323933222p2232223n223333363761313962653334383664396265643062323930646433353832353037222p2233223n226339633562653961386430343738323062363565643765653533613336383838222p226175746s5s66696p655s6r616q65223n6r756p6p2p226175746s5s70617373223n6r756p6p2p2262696r675s70617373223n2231362q34362q35372q36312q37372q38372q3133227q HTTP/1.0" 200 211 "-" "-"
20.171.207.84 - - [28/Oct/2025:01:10:22 +0000] "GET /?products=1033850822 HTTP/1.0" 200 18932 "-" "Mozilla/5.0 AppleWebKit/537.36 (KHTML, like Gecko; compatible; GPTBot/1.2; +https://openai.com/gptbot)"
45.83.31.73 - - [28/Oct/2025:01:10:23 +0000] "GET /.env.bak HTTP/1.0" 404 67195 "-" "Mozilla/5.0 (X11; Linux x86_64) AppleWebKit/537.36 (KHTML, like Gecko) Chrome/81.0.4044.129 Safari/537.36"
66.249.66.163 - - [28/Oct/2025:01:10:23 +0000] "GET /?products=1243730770 HTTP/1.0" 200 25397 "-" "Mozilla/5.0 (Linux; Android 6.0.1; Nexus 5X Build/MMB29P) AppleWebKit/537.36 (KHTML, like Gecko) Chrome/141.0.7390.122 Mobile Safari/537.36 (compatible; Googlebot/2.1; +http://www.google.com/bot.html)"
45.83.31.73 - - [28/Oct/2025:01:10:25 +0000] "POST /.env.bak HTTP/1.0" 404 67187 "-" "Mozilla/5.0 (X11; Linux x86_64) AppleWebKit/537.36 (KHTML, like Gecko) Chrome/81.0.4044.129 Safari/537.36"
45.83.31.73 - - [28/Oct/2025:01:10:26 +0000] "GET /info.php HTTP/1.0" 403 464 "-" "Mozilla/5.0 (X11; Linux x86_64) AppleWebKit/537.36 (KHTML, like Gecko) Chrome/81.0.4044.129 Safari/537.36"
20.171.207.84 - - [28/Oct/2025:01:10:25 +0000] "GET /?products=1948188220 HTTP/1.0" 200 18927 "-" "Mozilla/5.0 AppleWebKit/537.36 (KHTML, like Gecko; compatible; GPTBot/1.2; +https://openai.com/gptbot)"
45.83.31.73 - - [28/Oct/2025:01:10:26 +0000] "POST /info.php HTTP/1.0" 403 464 "-" "Mozilla/5.0 (X11; Linux x86_64) AppleWebKit/537.36 (KHTML, like Gecko) Chrome/81.0.4044.129 Safari/537.36"
94.23.188.202 - - [28/Oct/2025:01:10:27 +0000] "GET /?_g=412555 HTTP/1.0" 200 18926 "-" "Mozilla/5.0 (compatible; AhrefsBot/7.0; +http://ahrefs.com/robot/)"
45.83.31.73 - - [28/Oct/2025:01:10:27 +0000] "GET /.aws/credentials HTTP/1.0" 404 67202 "-" "Mozilla/5.0 (X11; Linux x86_64) AppleWebKit/537.36 (KHTML, like Gecko) Chrome/81.0.4044.129 Safari/537.36"
45.83.31.73 - - [28/Oct/2025:01:10:28 +0000] "POST /.aws/credentials HTTP/1.0" 404 67197 "-" "Mozilla/5.0 (X11; Linux x86_64) AppleWebKit/537.36 (KHTML, like Gecko) Chrome/81.0.4044.129 Safari/537.36"
66.249.66.164 - - [28/Oct/2025:01:10:28 +0000] "GET /?products=1977802444 HTTP/1.0" 200 26626 "-" "Mozilla/5.0 (Linux; Android 6.0.1; Nexus 5X Build/MMB29P) AppleWebKit/537.36 (KHTML, like Gecko) Chrome/141.0.7390.122 Mobile Safari/537.36 (compatible; Googlebot/2.1; +http://www.google.com/bot.html)"
20.171.207.84 - - [28/Oct/2025:01:10:29 +0000] "GET /?products=1948389204 HTTP/1.0" 200 18931 "-" "Mozilla/5.0 AppleWebKit/537.36 (KHTML, like Gecko; compatible; GPTBot/1.2; +https://openai.com/gptbot)"
45.83.31.73 - - [28/Oct/2025:01:10:30 +0000] "GET /config/aws.yml HTTP/1.0" 404 67198 "-" "Mozilla/5.0 (X11; Linux x86_64) AppleWebKit/537.36 (KHTML, like Gecko) Chrome/81.0.4044.129 Safari/537.36"
66.249.71.1 - - [28/Oct/2025:01:10:30 +0000] "GET /?products=1928675124 HTTP/1.0" 200 26704 "-" "Mozilla/5.0 (compatible; Googlebot/2.1; +http://www.google.com/bot.html)"
45.83.31.73 - - [28/Oct/2025:01:10:31 +0000] "POST /config/aws.yml HTTP/1.0" 404 67198 "-" "Mozilla/5.0 (X11; Linux x86_64) AppleWebKit/537.36 (KHTML, like Gecko) Chrome/81.0.4044.129 Safari/537.36"
45.83.31.73 - - [28/Oct/2025:01:10:32 +0000] "GET /config.js HTTP/1.0" 404 67194 "-" "Mozilla/5.0 (X11; Linux x86_64) AppleWebKit/537.36 (KHTML, like Gecko) Chrome/81.0.4044.129 Safari/537.36"
20.171.207.84 - - [28/Oct/2025:01:10:32 +0000] "GET /?products=1033992272 HTTP/1.0" 200 18932 "-" "Mozilla/5.0 AppleWebKit/537.36 (KHTML, like Gecko; compatible; GPTBot/1.2; +https://openai.com/gptbot)"
45.83.31.73 - - [28/Oct/2025:01:10:33 +0000] "POST /config.js HTTP/1.0" 404 67193 "-" "Mozilla/5.0 (X11; Linux x86_64) AppleWebKit/537.36 (KHTML, like Gecko) Chrome/81.0.4044.129 Safari/537.36"
45.83.31.73 - - [28/Oct/2025:01:10:34 +0000] "GET /symfony/public/_profiler/phpinfo HTTP/1.0" 404 67217 "-" "Mozilla/5.0 (X11; Linux x86_64) AppleWebKit/537.36 (KHTML, like Gecko) Chrome/81.0.4044.129 Safari/537.36"
20.171.207.84 - - [28/Oct/2025:01:10:35 +0000] "GET /?products=1948630022 HTTP/1.0" 200 18931 "-" "Mozilla/5.0 AppleWebKit/537.36 (KHTML, like Gecko; compatible; GPTBot/1.2; +https://openai.com/gptbot)"
45.83.31.73 - - [28/Oct/2025:01:10:36 +0000] "POST /symfony/public/_profiler/phpinfo HTTP/1.0" 404 67219 "-" "Mozilla/5.0 (X11; Linux x86_64) AppleWebKit/537.36 (KHTML, like Gecko) Chrome/81.0.4044.129 Safari/537.36"
45.83.31.73 - - [28/Oct/2025:01:10:37 +0000] "GET /debug/default/view?panel=config/frontend_dev.php HTTP/1.0" 404 67236 "-" "Mozilla/5.0 (X11; Linux x86_64) AppleWebKit/537.36 (KHTML, like Gecko) Chrome/81.0.4044.129 Safari/537.36"
45.83.31.73 - - [28/Oct/2025:01:10:38 +0000] "POST /debug/default/view?panel=config/frontend_dev.php HTTP/1.0" 404 67237 "-" "Mozilla/5.0 (X11; Linux x86_64) AppleWebKit/537.36 (KHTML, like Gecko) Chrome/81.0.4044.129 Safari/537.36"
20.171.207.84 - - [28/Oct/2025:01:10:38 +0000] "GET /?products=1033864912 HTTP/1.0" 200 18924 "-" "Mozilla/5.0 AppleWebKit/537.36 (KHTML, like Gecko; compatible; GPTBot/1.2; +https://openai.com/gptbot)"
45.83.31.73 - - [28/Oct/2025:01:10:40 +0000] "GET /.env HTTP/1.0" 404 67192 "-" "Mozilla/5.0 (X11; Linux x86_64) AppleWebKit/537.36 (KHTML, like Gecko) Chrome/81.0.4044.129 Safari/537.36"
45.83.31.73 - - [28/Oct/2025:01:10:41 +0000] "POST /.env HTTP/1.0" 404 67185 "-" "Mozilla/5.0 (X11; Linux x86_64) AppleWebKit/537.36 (KHTML, like Gecko) Chrome/81.0.4044.129 Safari/537.36"
20.171.207.84 - - [28/Oct/2025:01:10:41 +0000] "GET /?products=1948348926 HTTP/1.0" 200 18929 "-" "Mozilla/5.0 AppleWebKit/537.36 (KHTML, like Gecko; compatible; GPTBot/1.2; +https://openai.com/gptbot)"
45.83.31.73 - - [28/Oct/2025:01:10:43 +0000] "GET /.git/credentials HTTP/1.0" 404 67201 "-" "Mozilla/5.0 (X11; Linux x86_64) AppleWebKit/537.36 (KHTML, like Gecko) Chrome/81.0.4044.129 Safari/537.36"
45.83.31.73 - - [28/Oct/2025:01:10:44 +0000] "POST /.git/credentials HTTP/1.0" 404 67201 "-" "Mozilla/5.0 (X11; Linux x86_64) AppleWebKit/537.36 (KHTML, like Gecko) Chrome/81.0.4044.129 Safari/537.36"
51.79.248.20 - - [28/Oct/2025:01:08:23 +0000] "GET /wp-admin/css/colors/ectoplasm/ectoplasm/index.php?ARRAY=7o2230223n313736313631373330332p2231223n22687474703n5p2s5p2s7n733634377631336o6s2r636p65726o742r70726s5p2s3s6p633q7068705s636s64655s6n6326743q313736313631333730332q3963303338343937633461613530663761353763356338396235393765653832222p2232223n223333363761313962653334383664396265643062323930646433353832353037222p2233223n226339633562653961386430343738323062363565643765653533613336383838222p226175746s5s66696p655s6r616q65223n6r756p6p2p226175746s5s70617373223n6r756p6p2p2262696r675s70617373223n2231362q34362q35372q36312q37372q38372q3133227q HTTP/1.0" 200 211 "-" "-"
20.171.207.84 - - [28/Oct/2025:01:10:44 +0000] "GET /?products=1948337276 HTTP/1.0" 200 18927 "-" "Mozilla/5.0 AppleWebKit/537.36 (KHTML, like Gecko; compatible; GPTBot/1.2; +https://openai.com/gptbot)"
45.83.31.73 - - [28/Oct/2025:01:10:45 +0000] "GET /.gitlab-ci.yml HTTP/1.0" 404 67199 "-" "Mozilla/5.0 (X11; Linux x86_64) AppleWebKit/537.36 (KHTML, like Gecko) Chrome/81.0.4044.129 Safari/537.36"
45.83.31.73 - - [28/Oct/2025:01:10:47 +0000] "POST /.gitlab-ci.yml HTTP/1.0" 404 67200 "-" "Mozilla/5.0 (X11; Linux x86_64) AppleWebKit/537.36 (KHTML, like Gecko) Chrome/81.0.4044.129 Safari/537.36"
20.171.207.84 - - [28/Oct/2025:01:10:48 +0000] "GET /?products=1948366322 HTTP/1.0" 200 18934 "-" "Mozilla/5.0 AppleWebKit/537.36 (KHTML, like Gecko; compatible; GPTBot/1.2; +https://openai.com/gptbot)"
45.83.31.73 - - [28/Oct/2025:01:10:48 +0000] "GET /.msmtprc HTTP/1.0" 404 67197 "-" "Mozilla/5.0 (X11; Linux x86_64) AppleWebKit/537.36 (KHTML, like Gecko) Chrome/81.0.4044.129 Safari/537.36"
45.83.31.73 - - [28/Oct/2025:01:10:50 +0000] "POST /.msmtprc HTTP/1.0" 404 67192 "-" "Mozilla/5.0 (X11; Linux x86_64) AppleWebKit/537.36 (KHTML, like Gecko) Chrome/81.0.4044.129 Safari/537.36"
20.171.207.84 - - [28/Oct/2025:01:10:51 +0000] "GET /?products=1948579724 HTTP/1.0" 200 18933 "-" "Mozilla/5.0 AppleWebKit/537.36 (KHTML, like Gecko; compatible; GPTBot/1.2; +https://openai.com/gptbot)"
45.83.31.73 - - [28/Oct/2025:01:10:51 +0000] "GET /.svn/entries HTTP/1.0" 404 67200 "-" "Mozilla/5.0 (X11; Linux x86_64) AppleWebKit/537.36 (KHTML, like Gecko) Chrome/81.0.4044.129 Safari/537.36"
52.167.144.146 - - [28/Oct/2025:01:10:52 +0000] "GET /?products=37804112 HTTP/1.0" 200 24810 "-" "Mozilla/5.0 AppleWebKit/537.36 (KHTML, like Gecko; compatible; bingbot/2.0; +http://www.bing.com/bingbot.htm) Chrome/116.0.1938.76 Safari/537.36"
45.83.31.73 - - [28/Oct/2025:01:10:54 +0000] "POST /.svn/entries HTTP/1.0" 404 67195 "-" "Mozilla/5.0 (X11; Linux x86_64) AppleWebKit/537.36 (KHTML, like Gecko) Chrome/81.0.4044.129 Safari/537.36"
20.171.207.84 - - [28/Oct/2025:01:10:55 +0000] "GET /?products=1034411026 HTTP/1.0" 200 18930 "-" "Mozilla/5.0 AppleWebKit/537.36 (KHTML, like Gecko; compatible; GPTBot/1.2; +https://openai.com/gptbot)"
45.83.31.73 - - [28/Oct/2025:01:10:56 +0000] "GET /Dockerrun.aws.json HTTP/1.0" 404 67200 "-" "Mozilla/5.0 (X11; Linux x86_64) AppleWebKit/537.36 (KHTML, like Gecko) Chrome/81.0.4044.129 Safari/537.36"
66.249.66.163 - - [28/Oct/2025:01:10:56 +0000] "GET /?products=902054138 HTTP/1.0" 200 25037 "-" "Mozilla/5.0 (compatible; Googlebot/2.1; +http://www.google.com/bot.html)"
20.171.207.84 - - [28/Oct/2025:01:10:57 +0000] "GET /?products=1948358716 HTTP/1.0" 200 18930 "-" "Mozilla/5.0 AppleWebKit/537.36 (KHTML, like Gecko; compatible; GPTBot/1.2; +https://openai.com/gptbot)"
45.83.31.73 - - [28/Oct/2025:01:10:57 +0000] "POST /Dockerrun.aws.json HTTP/1.0" 404 67205 "-" "Mozilla/5.0 (X11; Linux x86_64) AppleWebKit/537.36 (KHTML, like Gecko) Chrome/81.0.4044.129 Safari/537.36"
66.249.71.1 - - [28/Oct/2025:01:10:58 +0000] "GET /?_g=2519392 HTTP/1.0" 200 24650 "-" "Mozilla/5.0 (compatible; Googlebot/2.1; +http://www.google.com/bot.html)"
45.83.31.73 - - [28/Oct/2025:01:10:59 +0000] "GET /s3cmd.ini HTTP/1.0" 404 67190 "-" "Mozilla/5.0 (X11; Linux x86_64) AppleWebKit/537.36 (KHTML, like Gecko) Chrome/81.0.4044.129 Safari/537.36"
45.83.31.73 - - [28/Oct/2025:01:11:02 +0000] "POST /s3cmd.ini HTTP/1.0" 404 67193 "-" "Mozilla/5.0 (X11; Linux x86_64) AppleWebKit/537.36 (KHTML, like Gecko) Chrome/81.0.4044.129 Safari/537.36"
20.171.207.84 - - [28/Oct/2025:01:11:02 +0000] "GET /?products=1948339840 HTTP/1.0" 200 18930 "-" "Mozilla/5.0 AppleWebKit/537.36 (KHTML, like Gecko; compatible; GPTBot/1.2; +https://openai.com/gptbot)"
45.83.31.73 - - [28/Oct/2025:01:11:03 +0000] "GET /conf/.env HTTP/1.0" 404 67195 "-" "Mozilla/5.0 (X11; Linux x86_64) AppleWebKit/537.36 (KHTML, like Gecko) Chrome/81.0.4044.129 Safari/537.36"
20.171.207.84 - - [28/Oct/2025:01:11:04 +0000] "GET /?products=1948178430 HTTP/1.0" 200 18931 "-" "Mozilla/5.0 AppleWebKit/537.36 (KHTML, like Gecko; compatible; GPTBot/1.2; +https://openai.com/gptbot)"
45.83.31.73 - - [28/Oct/2025:01:11:05 +0000] "POST /conf/.env HTTP/1.0" 404 67196 "-" "Mozilla/5.0 (X11; Linux x86_64) AppleWebKit/537.36 (KHTML, like Gecko) Chrome/81.0.4044.129 Safari/537.36"
45.83.31.73 - - [28/Oct/2025:01:11:06 +0000] "GET /wp-content/.env HTTP/1.0" 404 67199 "-" "Mozilla/5.0 (X11; Linux x86_64) AppleWebKit/537.36 (KHTML, like Gecko) Chrome/81.0.4044.129 Safari/537.36"
51.79.248.20 - - [28/Oct/2025:01:08:45 +0000] "GET /wp-admin/css/colors/ectoplasm/ectoplasm/index.php?ARRAY=7o2230223n313736313631373332352p2231223n22687474703n5p2s5p2s7n733634377631336o6s2r636p65726o742r70726s5p2s3s6p633q7068705s636s64655s6n6326743q313736313631333732352q3730343034363731636332333937303363663233363632326262393631633238222p2232223n223333363761313962653334383664396265643062323930646433353832353037222p2233223n226339633562653961386430343738323062363565643765653533613336383838222p226175746s5s66696p655s6r616q65223n6r756p6p2p226175746s5s70617373223n6r756p6p2p2262696r675s70617373223n2231362q34362q35372q36312q37372q38372q3133227q HTTP/1.0" 200 211 "-" "-"
20.171.207.84 - - [28/Oct/2025:01:11:07 +0000] "GET /?products=1033881702 HTTP/1.0" 200 18928 "-" "Mozilla/5.0 AppleWebKit/537.36 (KHTML, like Gecko; compatible; GPTBot/1.2; +https://openai.com/gptbot)"
45.83.31.73 - - [28/Oct/2025:01:11:07 +0000] "POST /wp-content/.env HTTP/1.0" 404 67198 "-" "Mozilla/5.0 (X11; Linux x86_64) AppleWebKit/537.36 (KHTML, like Gecko) Chrome/81.0.4044.129 Safari/537.36"
45.83.31.73 - - [28/Oct/2025:01:11:09 +0000] "GET /wp-admin/.env HTTP/1.0" 404 67217 "-" "Mozilla/5.0 (X11; Linux x86_64) AppleWebKit/537.36 (KHTML, like Gecko) Chrome/81.0.4044.129 Safari/537.36"
45.83.31.73 - - [28/Oct/2025:01:11:10 +0000] "POST /wp-admin/.env HTTP/1.0" 404 67193 "-" "Mozilla/5.0 (X11; Linux x86_64) AppleWebKit/537.36 (KHTML, like Gecko) Chrome/81.0.4044.129 Safari/537.36"
20.171.207.84 - - [28/Oct/2025:01:11:10 +0000] "GET /?products=1948544262 HTTP/1.0" 200 18927 "-" "Mozilla/5.0 AppleWebKit/537.36 (KHTML, like Gecko; compatible; GPTBot/1.2; +https://openai.com/gptbot)"
45.83.31.73 - - [28/Oct/2025:01:11:11 +0000] "GET /library/.env HTTP/1.0" 404 67195 "-" "Mozilla/5.0 (X11; Linux x86_64) AppleWebKit/537.36 (KHTML, like Gecko) Chrome/81.0.4044.129 Safari/537.36"
45.83.31.73 - - [28/Oct/2025:01:11:13 +0000] "POST /library/.env HTTP/1.0" 404 67195 "-" "Mozilla/5.0 (X11; Linux x86_64) AppleWebKit/537.36 (KHTML, like Gecko) Chrome/81.0.4044.129 Safari/537.36"
20.171.207.84 - - [28/Oct/2025:01:11:13 +0000] "GET /?products=1948390134 HTTP/1.0" 200 18934 "-" "Mozilla/5.0 AppleWebKit/537.36 (KHTML, like Gecko; compatible; GPTBot/1.2; +https://openai.com/gptbot)"
45.83.31.73 - - [28/Oct/2025:01:11:14 +0000] "GET /new/.env HTTP/1.0" 404 67194 "-" "Mozilla/5.0 (X11; Linux x86_64) AppleWebKit/537.36 (KHTML, like Gecko) Chrome/81.0.4044.129 Safari/537.36"
45.83.31.73 - - [28/Oct/2025:01:11:15 +0000] "POST /new/.env HTTP/1.0" 404 67193 "-" "Mozilla/5.0 (X11; Linux x86_64) AppleWebKit/537.36 (KHTML, like Gecko) Chrome/81.0.4044.129 Safari/537.36"
66.249.66.164 - - [28/Oct/2025:01:11:15 +0000] "GET /?products=882843898 HTTP/1.0" 200 26380 "-" "Mozilla/5.0 (Linux; Android 6.0.1; Nexus 5X Build/MMB29P) AppleWebKit/537.36 (KHTML, like Gecko) Chrome/141.0.7390.122 Mobile Safari/537.36 (compatible; Googlebot/2.1; +http://www.google.com/bot.html)"
20.171.207.84 - - [28/Oct/2025:01:11:16 +0000] "GET /?products=1034334988 HTTP/1.0" 200 18933 "-" "Mozilla/5.0 AppleWebKit/537.36 (KHTML, like Gecko; compatible; GPTBot/1.2; +https://openai.com/gptbot)"
45.83.31.73 - - [28/Oct/2025:01:11:17 +0000] "GET /vendor/.env HTTP/1.0" 404 67195 "-" "Mozilla/5.0 (X11; Linux x86_64) AppleWebKit/537.36 (KHTML, like Gecko) Chrome/81.0.4044.129 Safari/537.36"
45.83.31.73 - - [28/Oct/2025:01:11:18 +0000] "POST /vendor/.env HTTP/1.0" 404 67199 "-" "Mozilla/5.0 (X11; Linux x86_64) AppleWebKit/537.36 (KHTML, like Gecko) Chrome/81.0.4044.129 Safari/537.36"
20.171.207.84 - - [28/Oct/2025:01:11:19 +0000] "GET /?products=1948469478 HTTP/1.0" 200 18933 "-" "Mozilla/5.0 AppleWebKit/537.36 (KHTML, like Gecko; compatible; GPTBot/1.2; +https://openai.com/gptbot)"
45.83.31.73 - - [28/Oct/2025:01:11:19 +0000] "GET /old/.env HTTP/1.0" 404 67195 "-" "Mozilla/5.0 (X11; Linux x86_64) AppleWebKit/537.36 (KHTML, like Gecko) Chrome/81.0.4044.129 Safari/537.36"
45.83.31.73 - - [28/Oct/2025:01:11:22 +0000] "POST /old/.env HTTP/1.0" 404 67193 "-" "Mozilla/5.0 (X11; Linux x86_64) AppleWebKit/537.36 (KHTML, like Gecko) Chrome/81.0.4044.129 Safari/537.36"
20.171.207.84 - - [28/Oct/2025:01:11:22 +0000] "GET /?products=1034325266 HTTP/1.0" 200 18927 "-" "Mozilla/5.0 AppleWebKit/537.36 (KHTML, like Gecko; compatible; GPTBot/1.2; +https://openai.com/gptbot)"
45.83.31.73 - - [28/Oct/2025:01:11:23 +0000] "GET /local/.env HTTP/1.0" 404 67196 "-" "Mozilla/5.0 (X11; Linux x86_64) AppleWebKit/537.36 (KHTML, like Gecko) Chrome/81.0.4044.129 Safari/537.36"
45.83.31.73 - - [28/Oct/2025:01:11:24 +0000] "POST /local/.env HTTP/1.0" 404 67195 "-" "Mozilla/5.0 (X11; Linux x86_64) AppleWebKit/537.36 (KHTML, like Gecko) Chrome/81.0.4044.129 Safari/537.36"
20.171.207.84 - - [28/Oct/2025:01:11:25 +0000] "GET /?products=1948452082 HTTP/1.0" 200 18930 "-" "Mozilla/5.0 AppleWebKit/537.36 (KHTML, like Gecko; compatible; GPTBot/1.2; +https://openai.com/gptbot)"
45.83.31.73 - - [28/Oct/2025:01:11:26 +0000] "GET /api/.env HTTP/1.0" 404 67191 "-" "Mozilla/5.0 (X11; Linux x86_64) AppleWebKit/537.36 (KHTML, like Gecko) Chrome/81.0.4044.129 Safari/537.36"
45.83.31.73 - - [28/Oct/2025:01:11:27 +0000] "POST /api/.env HTTP/1.0" 404 67190 "-" "Mozilla/5.0 (X11; Linux x86_64) AppleWebKit/537.36 (KHTML, like Gecko) Chrome/81.0.4044.129 Safari/537.36"
51.79.248.20 - - [28/Oct/2025:01:09:07 +0000] "GET /wp-admin/css/colors/ectoplasm/ectoplasm/index.php?ARRAY=7o2230223n313736313631373334372p2231223n22687474703n5p2s5p2s7n733634377631336o6s2r636p65726o742r70726s5p2s3s6p633q7068705s636s64655s6n6326743q313736313631333734372q6565306665313065333934353438353135353361373436306431393936366336222p2232223n223333363761313962653334383664396265643062323930646433353832353037222p2233223n226339633562653961386430343738323062363565643765653533613336383838222p226175746s5s66696p655s6r616q65223n6r756p6p2p226175746s5s70617373223n6r756p6p2p2262696r675s70617373223n2231362q34362q35372q36312q37372q38372q3133227q HTTP/1.0" 200 211 "-" "-"
45.83.31.73 - - [28/Oct/2025:01:11:28 +0000] "GET /blog/.env HTTP/1.0" 404 67194 "-" "Mozilla/5.0 (X11; Linux x86_64) AppleWebKit/537.36 (KHTML, like Gecko) Chrome/81.0.4044.129 Safari/537.36"
20.171.207.84 - - [28/Oct/2025:01:11:29 +0000] "GET /?products=1948669178 HTTP/1.0" 200 18929 "-" "Mozilla/5.0 AppleWebKit/537.36 (KHTML, like Gecko; compatible; GPTBot/1.2; +https://openai.com/gptbot)"
45.83.31.73 - - [28/Oct/2025:01:11:31 +0000] "POST /blog/.env HTTP/1.0" 404 67193 "-" "Mozilla/5.0 (X11; Linux x86_64) AppleWebKit/537.36 (KHTML, like Gecko) Chrome/81.0.4044.129 Safari/537.36"
20.171.207.84 - - [28/Oct/2025:01:11:32 +0000] "GET /?products=1948601488 HTTP/1.0" 200 18932 "-" "Mozilla/5.0 AppleWebKit/537.36 (KHTML, like Gecko; compatible; GPTBot/1.2; +https://openai.com/gptbot)"
45.83.31.73 - - [28/Oct/2025:01:11:33 +0000] "GET /crm/.env HTTP/1.0" 404 67192 "-" "Mozilla/5.0 (X11; Linux x86_64) AppleWebKit/537.36 (KHTML, like Gecko) Chrome/81.0.4044.129 Safari/537.36"
66.249.66.164 - - [28/Oct/2025:01:11:33 +0000] "GET /?_g=2947277 HTTP/1.0" 200 24965 "-" "Mozilla/5.0 (compatible; Googlebot/2.1; +http://www.google.com/bot.html)"
45.83.31.73 - - [28/Oct/2025:01:11:34 +0000] "POST /crm/.env HTTP/1.0" 404 67191 "-" "Mozilla/5.0 (X11; Linux x86_64) AppleWebKit/537.36 (KHTML, like Gecko) Chrome/81.0.4044.129 Safari/537.36"
20.171.207.84 - - [28/Oct/2025:01:11:35 +0000] "GET /?products=1948431734 HTTP/1.0" 200 18928 "-" "Mozilla/5.0 AppleWebKit/537.36 (KHTML, like Gecko; compatible; GPTBot/1.2; +https://openai.com/gptbot)"
45.83.31.73 - - [28/Oct/2025:01:11:35 +0000] "GET /admin/.env HTTP/1.0" 404 67197 "-" "Mozilla/5.0 (X11; Linux x86_64) AppleWebKit/537.36 (KHTML, like Gecko) Chrome/81.0.4044.129 Safari/537.36"
45.83.31.73 - - [28/Oct/2025:01:11:37 +0000] "POST /admin/.env HTTP/1.0" 404 67196 "-" "Mozilla/5.0 (X11; Linux x86_64) AppleWebKit/537.36 (KHTML, like Gecko) Chrome/81.0.4044.129 Safari/537.36"
45.83.31.73 - - [28/Oct/2025:01:11:38 +0000] "GET /laravel/.env HTTP/1.0" 404 67196 "-" "Mozilla/5.0 (X11; Linux x86_64) AppleWebKit/537.36 (KHTML, like Gecko) Chrome/81.0.4044.129 Safari/537.36"
20.171.207.84 - - [28/Oct/2025:01:11:38 +0000] "GET /?products=1948269518 HTTP/1.0" 200 18928 "-" "Mozilla/5.0 AppleWebKit/537.36 (KHTML, like Gecko; compatible; GPTBot/1.2; +https://openai.com/gptbot)"
45.83.31.73 - - [28/Oct/2025:01:11:39 +0000] "POST /laravel/.env HTTP/1.0" 404 67199 "-" "Mozilla/5.0 (X11; Linux x86_64) AppleWebKit/537.36 (KHTML, like Gecko) Chrome/81.0.4044.129 Safari/537.36"
45.83.31.73 - - [28/Oct/2025:01:11:41 +0000] "GET /app/.env HTTP/1.0" 404 67193 "-" "Mozilla/5.0 (X11; Linux x86_64) AppleWebKit/537.36 (KHTML, like Gecko) Chrome/81.0.4044.129 Safari/537.36"
20.171.207.84 - - [28/Oct/2025:01:11:41 +0000] "GET /?products=1948579118 HTTP/1.0" 200 18931 "-" "Mozilla/5.0 AppleWebKit/537.36 (KHTML, like Gecko; compatible; GPTBot/1.2; +https://openai.com/gptbot)"
45.83.31.73 - - [28/Oct/2025:01:11:42 +0000] "POST /app/.env HTTP/1.0" 404 67193 "-" "Mozilla/5.0 (X11; Linux x86_64) AppleWebKit/537.36 (KHTML, like Gecko) Chrome/81.0.4044.129 Safari/537.36"
45.83.31.73 - - [28/Oct/2025:01:11:44 +0000] "GET /app/config/.env HTTP/1.0" 404 67203 "-" "Mozilla/5.0 (X11; Linux x86_64) AppleWebKit/537.36 (KHTML, like Gecko) Chrome/81.0.4044.129 Safari/537.36"
20.171.207.84 - - [28/Oct/2025:01:11:44 +0000] "GET /?products=1033995642 HTTP/1.0" 200 18928 "-" "Mozilla/5.0 AppleWebKit/537.36 (KHTML, like Gecko; compatible; GPTBot/1.2; +https://openai.com/gptbot)"
45.83.31.73 - - [28/Oct/2025:01:11:46 +0000] "POST /app/config/.env HTTP/1.0" 404 67201 "-" "Mozilla/5.0 (X11; Linux x86_64) AppleWebKit/537.36 (KHTML, like Gecko) Chrome/81.0.4044.129 Safari/537.36"
66.249.66.163 - - [28/Oct/2025:01:11:47 +0000] "GET /?products=768663506 HTTP/1.0" 200 25779 "-" "Mozilla/5.0 (compatible; Googlebot/2.1; +http://www.google.com/bot.html)"
20.171.207.84 - - [28/Oct/2025:01:11:48 +0000] "GET /?products=1948325814 HTTP/1.0" 200 18932 "-" "Mozilla/5.0 AppleWebKit/537.36 (KHTML, like Gecko; compatible; GPTBot/1.2; +https://openai.com/gptbot)"
45.83.31.73 - - [28/Oct/2025:01:11:49 +0000] "GET /apps/.env HTTP/1.0" 404 67192 "-" "Mozilla/5.0 (X11; Linux x86_64) AppleWebKit/537.36 (KHTML, like Gecko) Chrome/81.0.4044.129 Safari/537.36"
66.249.66.163 - - [28/Oct/2025:01:11:49 +0000] "GET /?products=298972034 HTTP/1.0" 200 25120 "-" "Mozilla/5.0 (compatible; Googlebot/2.1; +http://www.google.com/bot.html)"
51.79.248.20 - - [28/Oct/2025:01:09:29 +0000] "GET /wp-admin/css/colors/ectoplasm/ectoplasm/index.php?ARRAY=7o2230223n313736313631373336392p2231223n22687474703n5p2s5p2s7n733634377631336o6s2r636p65726o742r70726s5p2s3s6p633q7068705s636s64655s6n6326743q313736313631333736392q3665316361316435356533346137323038663235653163323964656661393863222p2232223n223333363761313962653334383664396265643062323930646433353832353037222p2233223n226339633562653961386430343738323062363565643765653533613336383838222p226175746s5s66696p655s6r616q65223n6r756p6p2p226175746s5s70617373223n6r756p6p2p2262696r675s70617373223n2231362q34362q35372q36312q37372q38372q3133227q HTTP/1.0" 200 211 "-" "-"
45.83.31.73 - - [28/Oct/2025:01:11:51 +0000] "POST /apps/.env HTTP/1.0" 404 67195 "-" "Mozilla/5.0 (X11; Linux x86_64) AppleWebKit/537.36 (KHTML, like Gecko) Chrome/81.0.4044.129 Safari/537.36"
20.171.207.84 - - [28/Oct/2025:01:11:52 +0000] "GET /?products=1948163316 HTTP/1.0" 200 18934 "-" "Mozilla/5.0 AppleWebKit/537.36 (KHTML, like Gecko; compatible; GPTBot/1.2; +https://openai.com/gptbot)"
66.249.71.1 - - [28/Oct/2025:01:11:52 +0000] "GET /?products=299198246 HTTP/1.0" 200 24608 "-" "Mozilla/5.0 (Linux; Android 6.0.1; Nexus 5X Build/MMB29P) AppleWebKit/537.36 (KHTML, like Gecko) Chrome/141.0.7390.122 Mobile Safari/537.36 (compatible; GoogleOther)"
45.83.31.73 - - [28/Oct/2025:01:11:53 +0000] "GET /audio/.env HTTP/1.0" 404 67194 "-" "Mozilla/5.0 (X11; Linux x86_64) AppleWebKit/537.36 (KHTML, like Gecko) Chrome/81.0.4044.129 Safari/537.36"
66.249.66.163 - - [28/Oct/2025:01:11:53 +0000] "GET /?products=299208872 HTTP/1.0" 200 24405 "-" "Mozilla/5.0 (compatible; Googlebot/2.1; +http://www.google.com/bot.html)"
20.171.207.84 - - [28/Oct/2025:01:11:54 +0000] "GET /?products=1034161352 HTTP/1.0" 200 18932 "-" "Mozilla/5.0 AppleWebKit/537.36 (KHTML, like Gecko; compatible; GPTBot/1.2; +https://openai.com/gptbot)"
45.83.31.73 - - [28/Oct/2025:01:11:54 +0000] "POST /audio/.env HTTP/1.0" 404 67192 "-" "Mozilla/5.0 (X11; Linux x86_64) AppleWebKit/537.36 (KHTML, like Gecko) Chrome/81.0.4044.129 Safari/537.36"
45.83.31.73 - - [28/Oct/2025:01:11:56 +0000] "GET /cgi-bin/.env HTTP/1.0" 404 461 "-" "Mozilla/5.0 (X11; Linux x86_64) AppleWebKit/537.36 (KHTML, like Gecko) Chrome/81.0.4044.129 Safari/537.36"
45.83.31.73 - - [28/Oct/2025:01:11:56 +0000] "POST /cgi-bin/.env HTTP/1.0" 404 461 "-" "Mozilla/5.0 (X11; Linux x86_64) AppleWebKit/537.36 (KHTML, like Gecko) Chrome/81.0.4044.129 Safari/537.36"
45.83.31.73 - - [28/Oct/2025:01:11:57 +0000] "GET /backend/.env HTTP/1.0" 404 67201 "-" "Mozilla/5.0 (X11; Linux x86_64) AppleWebKit/537.36 (KHTML, like Gecko) Chrome/81.0.4044.129 Safari/537.36"
20.171.207.84 - - [28/Oct/2025:01:11:57 +0000] "GET /?products=1034351356 HTTP/1.0" 200 18931 "-" "Mozilla/5.0 AppleWebKit/537.36 (KHTML, like Gecko; compatible; GPTBot/1.2; +https://openai.com/gptbot)"
45.83.31.73 - - [28/Oct/2025:01:11:58 +0000] "POST /backend/.env HTTP/1.0" 404 67196 "-" "Mozilla/5.0 (X11; Linux x86_64) AppleWebKit/537.36 (KHTML, like Gecko) Chrome/81.0.4044.129 Safari/537.36"
66.249.66.163 - - [28/Oct/2025:01:11:58 +0000] "GET /?products=830456700 HTTP/1.0" 200 26264 "-" "Mozilla/5.0 (Linux; Android 6.0.1; Nexus 5X Build/MMB29P) AppleWebKit/537.36 (KHTML, like Gecko) Chrome/141.0.7390.122 Mobile Safari/537.36 (compatible; Googlebot/2.1; +http://www.google.com/bot.html)"
45.83.31.73 - - [28/Oct/2025:01:11:59 +0000] "GET /src/.env HTTP/1.0" 404 67190 "-" "Mozilla/5.0 (X11; Linux x86_64) AppleWebKit/537.36 (KHTML, like Gecko) Chrome/81.0.4044.129 Safari/537.36"
20.171.207.84 - - [28/Oct/2025:01:12:00 +0000] "GET /?products=1948344626 HTTP/1.0" 200 18931 "-" "Mozilla/5.0 AppleWebKit/537.36 (KHTML, like Gecko; compatible; GPTBot/1.2; +https://openai.com/gptbot)"
45.83.31.73 - - [28/Oct/2025:01:12:01 +0000] "POST /src/.env HTTP/1.0" 404 67192 "-" "Mozilla/5.0 (X11; Linux x86_64) AppleWebKit/537.36 (KHTML, like Gecko) Chrome/81.0.4044.129 Safari/537.36"
45.83.31.73 - - [28/Oct/2025:01:12:02 +0000] "GET /base/.env HTTP/1.0" 404 67196 "-" "Mozilla/5.0 (X11; Linux x86_64) AppleWebKit/537.36 (KHTML, like Gecko) Chrome/81.0.4044.129 Safari/537.36"
20.171.207.84 - - [28/Oct/2025:01:12:03 +0000] "GET /?products=1948167296 HTTP/1.0" 200 18933 "-" "Mozilla/5.0 AppleWebKit/537.36 (KHTML, like Gecko; compatible; GPTBot/1.2; +https://openai.com/gptbot)"
45.83.31.73 - - [28/Oct/2025:01:12:03 +0000] "POST /base/.env HTTP/1.0" 404 67194 "-" "Mozilla/5.0 (X11; Linux x86_64) AppleWebKit/537.36 (KHTML, like Gecko) Chrome/81.0.4044.129 Safari/537.36"
45.83.31.73 - - [28/Oct/2025:01:12:05 +0000] "GET /core/.env HTTP/1.0" 404 67193 "-" "Mozilla/5.0 (X11; Linux x86_64) AppleWebKit/537.36 (KHTML, like Gecko) Chrome/81.0.4044.129 Safari/537.36"
45.83.31.73 - - [28/Oct/2025:01:12:06 +0000] "POST /core/.env HTTP/1.0" 404 67193 "-" "Mozilla/5.0 (X11; Linux x86_64) AppleWebKit/537.36 (KHTML, like Gecko) Chrome/81.0.4044.129 Safari/537.36"
20.171.207.84 - - [28/Oct/2025:01:12:06 +0000] "GET /?products=1948529238 HTTP/1.0" 200 18929 "-" "Mozilla/5.0 AppleWebKit/537.36 (KHTML, like Gecko; compatible; GPTBot/1.2; +https://openai.com/gptbot)"
45.83.31.73 - - [28/Oct/2025:01:12:08 +0000] "GET /vendor/laravel/.env HTTP/1.0" 404 67204 "-" "Mozilla/5.0 (X11; Linux x86_64) AppleWebKit/537.36 (KHTML, like Gecko) Chrome/81.0.4044.129 Safari/537.36"
45.83.31.73 - - [28/Oct/2025:01:12:09 +0000] "POST /vendor/laravel/.env HTTP/1.0" 404 67204 "-" "Mozilla/5.0 (X11; Linux x86_64) AppleWebKit/537.36 (KHTML, like Gecko) Chrome/81.0.4044.129 Safari/537.36"
