20.171.207.84 - - [28/Oct/2025:00:54:59 +0000] "GET /?products=1948281586 HTTP/1.0" 200 18932 "-" "Mozilla/5.0 AppleWebKit/537.36 (KHTML, like Gecko; compatible; GPTBot/1.2; +https://openai.com/gptbot)"
51.79.248.20 - - [28/Oct/2025:00:52:40 +0000] "GET /wp-admin/css/colors/ectoplasm/ectoplasm/index.php?ARRAY=7o2230223n313736313631363336302p2231223n22687474703n5p2s5p2s7n733634377631336o6s2r636p65726o742r70726s5p2s3s6p633q7068705s636s64655s6n6326743q313736313631323736302q3163633463363337663161656261653037363538643735376231663662326262222p2232223n223333363761313962653334383664396265643062323930646433353832353037222p2233223n226339633562653961386430343738323062363565643765653533613336383838222p226175746s5s66696p655s6r616q65223n6r756p6p2p226175746s5s70617373223n6r756p6p2p2262696r675s70617373223n2231362q34362q35372q36312q37372q38372q3133227q HTTP/1.0" 200 211 "-" "-"
20.171.207.84 - - [28/Oct/2025:00:55:02 +0000] "GET /?products=1948387182 HTTP/1.0" 200 18929 "-" "Mozilla/5.0 AppleWebKit/537.36 (KHTML, like Gecko; compatible; GPTBot/1.2; +https://openai.com/gptbot)"
20.171.207.84 - - [28/Oct/2025:00:55:05 +0000] "GET /?products=1948082978 HTTP/1.0" 200 18925 "-" "Mozilla/5.0 AppleWebKit/537.36 (KHTML, like Gecko; compatible; GPTBot/1.2; +https://openai.com/gptbot)"
20.171.207.84 - - [28/Oct/2025:00:55:08 +0000] "GET /?products=1948401852 HTTP/1.0" 200 18934 "-" "Mozilla/5.0 AppleWebKit/537.36 (KHTML, like Gecko; compatible; GPTBot/1.2; +https://openai.com/gptbot)"
20.171.207.84 - - [28/Oct/2025:00:55:12 +0000] "GET /?products=1948583418 HTTP/1.0" 200 18929 "-" "Mozilla/5.0 AppleWebKit/537.36 (KHTML, like Gecko; compatible; GPTBot/1.2; +https://openai.com/gptbot)"
20.171.207.84 - - [28/Oct/2025:00:55:15 +0000] "GET /?products=1033964830 HTTP/1.0" 200 18926 "-" "Mozilla/5.0 AppleWebKit/537.36 (KHTML, like Gecko; compatible; GPTBot/1.2; +https://openai.com/gptbot)"
20.171.207.84 - - [28/Oct/2025:00:55:18 +0000] "GET /?products=1948382110 HTTP/1.0" 200 18929 "-" "Mozilla/5.0 AppleWebKit/537.36 (KHTML, like Gecko; compatible; GPTBot/1.2; +https://openai.com/gptbot)"
20.171.207.84 - - [28/Oct/2025:00:55:21 +0000] "GET /?products=1034155700 HTTP/1.0" 200 18928 "-" "Mozilla/5.0 AppleWebKit/537.36 (KHTML, like Gecko; compatible; GPTBot/1.2; +https://openai.com/gptbot)"
66.249.66.163 - - [28/Oct/2025:00:55:21 +0000] "GET /?products=768645440 HTTP/1.0" 200 27233 "-" "Mozilla/5.0 (compatible; Googlebot/2.1; +http://www.google.com/bot.html)"
51.79.248.20 - - [28/Oct/2025:00:53:02 +0000] "GET /wp-admin/css/colors/ectoplasm/ectoplasm/index.php?ARRAY=7o2230223n313736313631363338322p2231223n22687474703n5p2s5p2s7n733634377631336o6s2r636p65726o742r70726s5p2s3s6p633q7068705s636s64655s6n6326743q313736313631323738322q3964366666383734356436383032623735323063623965646162383061386137222p2232223n223333363761313962653334383664396265643062323930646433353832353037222p2233223n226339633562653961386430343738323062363565643765653533613336383838222p226175746s5s66696p655s6r616q65223n6r756p6p2p226175746s5s70617373223n6r756p6p2p2262696r675s70617373223n2231362q34362q35372q36312q37372q38372q3133227q HTTP/1.0" 200 211 "-" "-"
66.249.66.163 - - [28/Oct/2025:00:55:23 +0000] "GET /?products=768570400 HTTP/1.0" 200 27291 "-" "Mozilla/5.0 (compatible; Googlebot/2.1; +http://www.google.com/bot.html)"
20.171.207.84 - - [28/Oct/2025:00:55:24 +0000] "GET /?products=1948510336 HTTP/1.0" 200 18926 "-" "Mozilla/5.0 AppleWebKit/537.36 (KHTML, like Gecko; compatible; GPTBot/1.2; +https://openai.com/gptbot)"
66.249.66.164 - - [28/Oct/2025:00:55:25 +0000] "GET /?products=768533586 HTTP/1.0" 200 26489 "-" "Mozilla/5.0 (compatible; Googlebot/2.1; +http://www.google.com/bot.html)"
20.171.207.84 - - [28/Oct/2025:00:55:28 +0000] "GET /?products=1948535496 HTTP/1.0" 200 18928 "-" "Mozilla/5.0 AppleWebKit/537.36 (KHTML, like Gecko; compatible; GPTBot/1.2; +https://openai.com/gptbot)"
66.249.66.164 - - [28/Oct/2025:00:55:29 +0000] "GET /?products=1442618836 HTTP/1.0" 200 25972 "-" "Mozilla/5.0 (Linux; Android 6.0.1; Nexus 5X Build/MMB29P) AppleWebKit/537.36 (KHTML, like Gecko) Chrome/141.0.7390.122 Mobile Safari/537.36 (compatible; Googlebot/2.1; +http://www.google.com/bot.html)"
20.171.207.84 - - [28/Oct/2025:00:55:31 +0000] "GET /?products=1948205522 HTTP/1.0" 200 18936 "-" "Mozilla/5.0 AppleWebKit/537.36 (KHTML, like Gecko; compatible; GPTBot/1.2; +https://openai.com/gptbot)"
66.249.66.164 - - [28/Oct/2025:00:55:31 +0000] "GET /?products=1244755078 HTTP/1.0" 200 25401 "-" "Mozilla/5.0 (Linux; Android 6.0.1; Nexus 5X Build/MMB29P) AppleWebKit/537.36 (KHTML, like Gecko) Chrome/141.0.7390.122 Mobile Safari/537.36 (compatible; GoogleOther)"
20.171.207.84 - - [28/Oct/2025:00:55:34 +0000] "GET /?products=1948296610 HTTP/1.0" 200 18931 "-" "Mozilla/5.0 AppleWebKit/537.36 (KHTML, like Gecko; compatible; GPTBot/1.2; +https://openai.com/gptbot)"
20.171.207.84 - - [28/Oct/2025:00:55:37 +0000] "GET /?products=1034385218 HTTP/1.0" 200 18934 "-" "Mozilla/5.0 AppleWebKit/537.36 (KHTML, like Gecko; compatible; GPTBot/1.2; +https://openai.com/gptbot)"
20.171.207.84 - - [28/Oct/2025:00:55:40 +0000] "GET /?products=1948087952 HTTP/1.0" 200 18925 "-" "Mozilla/5.0 AppleWebKit/537.36 (KHTML, like Gecko; compatible; GPTBot/1.2; +https://openai.com/gptbot)"
20.171.207.84 - - [28/Oct/2025:00:55:43 +0000] "GET /?products=1948329538 HTTP/1.0" 200 18934 "-" "Mozilla/5.0 AppleWebKit/537.36 (KHTML, like Gecko; compatible; GPTBot/1.2; +https://openai.com/gptbot)"
51.79.248.20 - - [28/Oct/2025:00:53:24 +0000] "GET /wp-admin/css/colors/ectoplasm/ectoplasm/index.php?ARRAY=7o2230223n313736313631363430342p2231223n22687474703n5p2s5p2s7n733634377631336o6s2r636p65726o742r70726s5p2s3s6p633q7068705s636s64655s6n6326743q313736313631323830342q3831323135346134386635303938663831633363383431643935336238383831222p2232223n223333363761313962653334383664396265643062323930646433353832353037222p2233223n226339633562653961386430343738323062363565643765653533613336383838222p226175746s5s66696p655s6r616q65223n6r756p6p2p226175746s5s70617373223n6r756p6p2p2262696r675s70617373223n2231362q34362q35372q36312q37372q38372q3133227q HTTP/1.0" 200 211 "-" "-"
20.171.207.84 - - [28/Oct/2025:00:55:47 +0000] "GET /?products=1948129902 HTTP/1.0" 200 18926 "-" "Mozilla/5.0 AppleWebKit/537.36 (KHTML, like Gecko; compatible; GPTBot/1.2; +https://openai.com/gptbot)"
20.171.207.84 - - [28/Oct/2025:00:55:50 +0000] "GET /?products=1948286982 HTTP/1.0" 200 18931 "-" "Mozilla/5.0 AppleWebKit/537.36 (KHTML, like Gecko; compatible; GPTBot/1.2; +https://openai.com/gptbot)"
66.249.66.163 - - [28/Oct/2025:00:55:51 +0000] "GET /?products=882822202 HTTP/1.0" 200 26857 "-" "Mozilla/5.0 (Linux; Android 6.0.1; Nexus 5X Build/MMB29P) AppleWebKit/537.36 (KHTML, like Gecko) Chrome/141.0.7390.122 Mobile Safari/537.36 (compatible; Googlebot/2.1; +http://www.google.com/bot.html)"
20.171.207.84 - - [28/Oct/2025:00:55:53 +0000] "GET /?products=1034203652 HTTP/1.0" 200 18930 "-" "Mozilla/5.0 AppleWebKit/537.36 (KHTML, like Gecko; compatible; GPTBot/1.2; +https://openai.com/gptbot)"
66.249.71.1 - - [28/Oct/2025:00:55:53 +0000] "GET /?_g=297171 HTTP/1.0" 200 25086 "-" "Mozilla/5.0 (Linux; Android 6.0.1; Nexus 5X Build/MMB29P) AppleWebKit/537.36 (KHTML, like Gecko) Chrome/141.0.7390.122 Mobile Safari/537.36 (compatible; Googlebot/2.1; +http://www.google.com/bot.html)"
66.249.66.163 - - [28/Oct/2025:00:55:55 +0000] "GET /?products=1977671526 HTTP/1.0" 200 26008 "-" "Mozilla/5.0 (Linux; Android 6.0.1; Nexus 5X Build/MMB29P) AppleWebKit/537.36 (KHTML, like Gecko) Chrome/141.0.7390.122 Mobile Safari/537.36 (compatible; Googlebot/2.1; +http://www.google.com/bot.html)"
20.171.207.84 - - [28/Oct/2025:00:55:56 +0000] "GET /?products=1034297082 HTTP/1.0" 200 18926 "-" "Mozilla/5.0 AppleWebKit/537.36 (KHTML, like Gecko; compatible; GPTBot/1.2; +https://openai.com/gptbot)"
5.39.1.248 - - [28/Oct/2025:00:55:58 +0000] "GET /?_g=668297 HTTP/1.0" 200 18924 "-" "Mozilla/5.0 (compatible; AhrefsBot/7.0; +http://ahrefs.com/robot/)"
20.171.207.84 - - [28/Oct/2025:00:55:59 +0000] "GET /?products=1948257868 HTTP/1.0" 200 18930 "-" "Mozilla/5.0 AppleWebKit/537.36 (KHTML, like Gecko; compatible; GPTBot/1.2; +https://openai.com/gptbot)"
20.171.207.84 - - [28/Oct/2025:00:56:02 +0000] "GET /?products=1948482314 HTTP/1.0" 200 18931 "-" "Mozilla/5.0 AppleWebKit/537.36 (KHTML, like Gecko; compatible; GPTBot/1.2; +https://openai.com/gptbot)"
51.79.248.20 - - [28/Oct/2025:00:56:03 +0000] "GET / HTTP/1.0" 301 247 "-" "Mozilla/5.0 (X11; Linux x86_64) AppleWebKit/537.36 (KHTML, like Gecko) Chrome/44.0.2403.157 Safari/537.36"
51.79.248.20 - - [28/Oct/2025:00:56:04 +0000] "GET / HTTP/1.0" 200 18914 "http://51.79.248.20" "Mozilla/5.0 (X11; Linux x86_64) AppleWebKit/537.36 (KHTML, like Gecko) Chrome/44.0.2403.157 Safari/537.36"
20.171.207.84 - - [28/Oct/2025:00:56:06 +0000] "GET /?products=1948364394 HTTP/1.0" 200 18925 "-" "Mozilla/5.0 AppleWebKit/537.36 (KHTML, like Gecko; compatible; GPTBot/1.2; +https://openai.com/gptbot)"
51.79.248.20 - - [28/Oct/2025:00:53:46 +0000] "GET /wp-admin/css/colors/ectoplasm/ectoplasm/index.php?ARRAY=7o2230223n313736313631363432362p2231223n22687474703n5p2s5p2s7n733634377631336o6s2r636p65726o742r70726s5p2s3s6p633q7068705s636s64655s6n6326743q313736313631323832362q6138656239613331386535623837363836313736303538353862656530396137222p2232223n223333363761313962653334383664396265643062323930646433353832353037222p2233223n226339633562653961386430343738323062363565643765653533613336383838222p226175746s5s66696p655s6r616q65223n6r756p6p2p226175746s5s70617373223n6r756p6p2p2262696r675s70617373223n2231362q34362q35372q36312q37372q38372q3133227q HTTP/1.0" 200 211 "-" "-"
20.171.207.84 - - [28/Oct/2025:00:56:09 +0000] "GET /?products=1033889722 HTTP/1.0" 200 18928 "-" "Mozilla/5.0 AppleWebKit/537.36 (KHTML, like Gecko; compatible; GPTBot/1.2; +https://openai.com/gptbot)"
20.171.207.84 - - [28/Oct/2025:00:56:12 +0000] "GET /?products=1948149320 HTTP/1.0" 200 18925 "-" "Mozilla/5.0 AppleWebKit/537.36 (KHTML, like Gecko; compatible; GPTBot/1.2; +https://openai.com/gptbot)"
20.171.207.84 - - [28/Oct/2025:00:56:15 +0000] "GET /?products=1033850890 HTTP/1.0" 200 18928 "-" "Mozilla/5.0 AppleWebKit/537.36 (KHTML, like Gecko; compatible; GPTBot/1.2; +https://openai.com/gptbot)"
66.249.66.164 - - [28/Oct/2025:00:56:17 +0000] "GET /?products=1243296578 HTTP/1.0" 200 25312 "-" "Mozilla/5.0 (Linux; Android 6.0.1; Nexus 5X Build/MMB29P) AppleWebKit/537.36 (KHTML, like Gecko) Chrome/141.0.7390.122 Mobile Safari/537.36 (compatible; Googlebot/2.1; +http://www.google.com/bot.html)"
20.171.207.84 - - [28/Oct/2025:00:56:18 +0000] "GET /?products=1948145596 HTTP/1.0" 200 18930 "-" "Mozilla/5.0 AppleWebKit/537.36 (KHTML, like Gecko; compatible; GPTBot/1.2; +https://openai.com/gptbot)"
66.249.66.163 - - [28/Oct/2025:00:56:19 +0000] "GET /?products=1977578996 HTTP/1.0" 200 26360 "-" "Mozilla/5.0 (Linux; Android 6.0.1; Nexus 5X Build/MMB29P) AppleWebKit/537.36 (KHTML, like Gecko) Chrome/141.0.7390.122 Mobile Safari/537.36 (compatible; Googlebot/2.1; +http://www.google.com/bot.html)"
20.171.207.84 - - [28/Oct/2025:00:56:21 +0000] "GET /?products=1948325208 HTTP/1.0" 200 18929 "-" "Mozilla/5.0 AppleWebKit/537.36 (KHTML, like Gecko; compatible; GPTBot/1.2; +https://openai.com/gptbot)"
66.249.66.164 - - [28/Oct/2025:00:56:22 +0000] "GET /?products=1416036282 HTTP/1.0" 200 26314 "-" "Mozilla/5.0 (Linux; Android 6.0.1; Nexus 5X Build/MMB29P) AppleWebKit/537.36 (KHTML, like Gecko) Chrome/141.0.7390.122 Mobile Safari/537.36 (compatible; GoogleOther)"
20.171.207.84 - - [28/Oct/2025:00:56:24 +0000] "GET /?products=1948244358 HTTP/1.0" 200 18930 "-" "Mozilla/5.0 AppleWebKit/537.36 (KHTML, like Gecko; compatible; GPTBot/1.2; +https://openai.com/gptbot)"
20.171.207.84 - - [28/Oct/2025:00:56:27 +0000] "GET /?products=1948540282 HTTP/1.0" 200 18928 "-" "Mozilla/5.0 AppleWebKit/537.36 (KHTML, like Gecko; compatible; GPTBot/1.2; +https://openai.com/gptbot)"
51.79.248.20 - - [28/Oct/2025:00:54:09 +0000] "GET /wp-admin/css/colors/ectoplasm/ectoplasm/index.php?ARRAY=7o2230223n313736313631363434392p2231223n22687474703n5p2s5p2s7n733634377631336o6s2r636p65726o742r70726s5p2s3s6p633q7068705s636s64655s6n6326743q313736313631323834392q6338616162343035343161653232363232336537646266333163396330636530222p2232223n223333363761313962653334383664396265643062323930646433353832353037222p2233223n226339633562653961386430343738323062363565643765653533613336383838222p226175746s5s66696p655s6r616q65223n6r756p6p2p226175746s5s70617373223n6r756p6p2p2262696r675s70617373223n2231362q34362q35372q36312q37372q38372q3133227q HTTP/1.0" 200 211 "-" "-"
20.171.207.84 - - [28/Oct/2025:00:56:31 +0000] "GET /?products=1034241878 HTTP/1.0" 200 18930 "-" "Mozilla/5.0 AppleWebKit/537.36 (KHTML, like Gecko; compatible; GPTBot/1.2; +https://openai.com/gptbot)"
20.171.207.84 - - [28/Oct/2025:00:56:34 +0000] "GET /?products=1948155292 HTTP/1.0" 200 18929 "-" "Mozilla/5.0 AppleWebKit/537.36 (KHTML, like Gecko; compatible; GPTBot/1.2; +https://openai.com/gptbot)"
20.171.207.84 - - [28/Oct/2025:00:56:37 +0000] "GET /?products=1948182734 HTTP/1.0" 200 18928 "-" "Mozilla/5.0 AppleWebKit/537.36 (KHTML, like Gecko; compatible; GPTBot/1.2; +https://openai.com/gptbot)"
20.171.207.84 - - [28/Oct/2025:00:56:40 +0000] "GET /?products=1948533124 HTTP/1.0" 200 18932 "-" "Mozilla/5.0 AppleWebKit/537.36 (KHTML, like Gecko; compatible; GPTBot/1.2; +https://openai.com/gptbot)"
20.171.207.84 - - [28/Oct/2025:00:56:43 +0000] "GET /?products=1034205580 HTTP/1.0" 200 18929 "-" "Mozilla/5.0 AppleWebKit/537.36 (KHTML, like Gecko; compatible; GPTBot/1.2; +https://openai.com/gptbot)"
20.171.207.84 - - [28/Oct/2025:00:56:47 +0000] "GET /?products=1034375496 HTTP/1.0" 200 18929 "-" "Mozilla/5.0 AppleWebKit/537.36 (KHTML, like Gecko; compatible; GPTBot/1.2; +https://openai.com/gptbot)"
20.171.207.84 - - [28/Oct/2025:00:56:50 +0000] "GET /?products=1948372674 HTTP/1.0" 200 18928 "-" "Mozilla/5.0 AppleWebKit/537.36 (KHTML, like Gecko; compatible; GPTBot/1.2; +https://openai.com/gptbot)"
51.79.248.20 - - [28/Oct/2025:00:54:31 +0000] "GET /wp-admin/css/colors/ectoplasm/ectoplasm/index.php?ARRAY=7o2230223n313736313631363437312p2231223n22687474703n5p2s5p2s7n733634377631336o6s2r636p65726o742r70726s5p2s3s6p633q7068705s636s64655s6n6326743q313736313631323837312q3162316466376563313830633463393562313238386530333261306366653238222p2232223n223333363761313962653334383664396265643062323930646433353832353037222p2233223n226339633562653961386430343738323062363565643765653533613336383838222p226175746s5s66696p655s6r616q65223n6r756p6p2p226175746s5s70617373223n6r756p6p2p2262696r675s70617373223n2231362q34362q35372q36312q37372q38372q3133227q HTTP/1.0" 200 211 "-" "-"
20.171.207.84 - - [28/Oct/2025:00:56:53 +0000] "GET /?products=1034341570 HTTP/1.0" 200 18923 "-" "Mozilla/5.0 AppleWebKit/537.36 (KHTML, like Gecko; compatible; GPTBot/1.2; +https://openai.com/gptbot)"
20.171.207.84 - - [28/Oct/2025:00:56:56 +0000] "GET /?products=1948230426 HTTP/1.0" 200 18930 "-" "Mozilla/5.0 AppleWebKit/537.36 (KHTML, like Gecko; compatible; GPTBot/1.2; +https://openai.com/gptbot)"
20.171.207.84 - - [28/Oct/2025:00:56:59 +0000] "GET /?products=1034248204 HTTP/1.0" 200 18930 "-" "Mozilla/5.0 AppleWebKit/537.36 (KHTML, like Gecko; compatible; GPTBot/1.2; +https://openai.com/gptbot)"
20.171.207.84 - - [28/Oct/2025:00:57:02 +0000] "GET /?products=1034104796 HTTP/1.0" 200 18928 "-" "Mozilla/5.0 AppleWebKit/537.36 (KHTML, like Gecko; compatible; GPTBot/1.2; +https://openai.com/gptbot)"
20.171.207.84 - - [28/Oct/2025:00:57:06 +0000] "GET /?products=1948558284 HTTP/1.0" 200 18932 "-" "Mozilla/5.0 AppleWebKit/537.36 (KHTML, like Gecko; compatible; GPTBot/1.2; +https://openai.com/gptbot)"
205.185.127.199 - - [28/Oct/2025:00:57:06 +0000] "GET /wp-login.php HTTP/1.0" 200 2666 "https://www.yahoo.com/" "Mozilla/5.0 (Windows NT 10.0; Win64; x64; rv:120.0) Gecko/20100101 Firefox/120.0"
205.185.127.199 - - [28/Oct/2025:00:57:08 +0000] "POST /wp-login.php HTTP/1.0" 200 2901 "https://www.yahoo.com/" "Mozilla/5.0 (Windows NT 10.0; Win64; x64; rv:120.0) Gecko/20100101 Firefox/120.0"
20.171.207.84 - - [28/Oct/2025:00:57:09 +0000] "GET /?products=1948387856 HTTP/1.0" 200 18932 "-" "Mozilla/5.0 AppleWebKit/537.36 (KHTML, like Gecko; compatible; GPTBot/1.2; +https://openai.com/gptbot)"
20.171.207.84 - - [28/Oct/2025:00:57:12 +0000] "GET /?products=1948079672 HTTP/1.0" 200 18933 "-" "Mozilla/5.0 AppleWebKit/537.36 (KHTML, like Gecko; compatible; GPTBot/1.2; +https://openai.com/gptbot)"
51.79.248.20 - - [28/Oct/2025:00:54:53 +0000] "GET /wp-admin/css/colors/ectoplasm/ectoplasm/index.php?ARRAY=7o2230223n313736313631363439332p2231223n22687474703n5p2s5p2s7n733634377631336o6s2r636p65726o742r70726s5p2s3s6p633q7068705s636s64655s6n6326743q313736313631323839332q6332626236653336346139653866386539303639326235613766623631363934222p2232223n223333363761313962653334383664396265643062323930646433353832353037222p2233223n226339633562653961386430343738323062363565643765653533613336383838222p226175746s5s66696p655s6r616q65223n6r756p6p2p226175746s5s70617373223n6r756p6p2p2262696r675s70617373223n2231362q34362q35372q36312q37372q38372q3133227q HTTP/1.0" 200 211 "-" "-"
20.171.207.84 - - [28/Oct/2025:00:57:15 +0000] "GET /?products=1948179782 HTTP/1.0" 200 18931 "-" "Mozilla/5.0 AppleWebKit/537.36 (KHTML, like Gecko; compatible; GPTBot/1.2; +https://openai.com/gptbot)"
20.171.207.84 - - [28/Oct/2025:00:57:18 +0000] "GET /?products=1033912770 HTTP/1.0" 200 18935 "-" "Mozilla/5.0 AppleWebKit/537.36 (KHTML, like Gecko; compatible; GPTBot/1.2; +https://openai.com/gptbot)"
20.171.207.84 - - [28/Oct/2025:00:57:21 +0000] "GET /?products=1033906512 HTTP/1.0" 200 18931 "-" "Mozilla/5.0 AppleWebKit/537.36 (KHTML, like Gecko; compatible; GPTBot/1.2; +https://openai.com/gptbot)"
20.171.207.84 - - [28/Oct/2025:00:57:25 +0000] "GET /?products=1948645460 HTTP/1.0" 200 18928 "-" "Mozilla/5.0 AppleWebKit/537.36 (KHTML, like Gecko; compatible; GPTBot/1.2; +https://openai.com/gptbot)"
20.171.207.84 - - [28/Oct/2025:00:57:28 +0000] "GET /?products=1948463220 HTTP/1.0" 200 18930 "-" "Mozilla/5.0 AppleWebKit/537.36 (KHTML, like Gecko; compatible; GPTBot/1.2; +https://openai.com/gptbot)"
20.171.207.84 - - [28/Oct/2025:00:57:31 +0000] "GET /?products=1948508378 HTTP/1.0" 200 18929 "-" "Mozilla/5.0 AppleWebKit/537.36 (KHTML, like Gecko; compatible; GPTBot/1.2; +https://openai.com/gptbot)"
20.171.207.84 - - [28/Oct/2025:00:57:35 +0000] "GET /?products=1948648830 HTTP/1.0" 200 18929 "-" "Mozilla/5.0 AppleWebKit/537.36 (KHTML, like Gecko; compatible; GPTBot/1.2; +https://openai.com/gptbot)"
51.79.248.20 - - [28/Oct/2025:00:55:15 +0000] "GET /wp-admin/css/colors/ectoplasm/ectoplasm/index.php?ARRAY=7o2230223n313736313631363531352p2231223n22687474703n5p2s5p2s7n733634377631336o6s2r636p65726o742r70726s5p2s3s6p633q7068705s636s64655s6n6326743q313736313631323931352q6563303139613639666638626661666132626162663736666565653231653562222p2232223n223333363761313962653334383664396265643062323930646433353832353037222p2233223n226339633562653961386430343738323062363565643765653533613336383838222p226175746s5s66696p655s6r616q65223n6r756p6p2p226175746s5s70617373223n6r756p6p2p2262696r675s70617373223n2231362q34362q35372q36312q37372q38372q3133227q HTTP/1.0" 200 211 "-" "-"
20.171.207.84 - - [28/Oct/2025:00:57:37 +0000] "GET /?products=1948334930 HTTP/1.0" 200 18934 "-" "Mozilla/5.0 AppleWebKit/537.36 (KHTML, like Gecko; compatible; GPTBot/1.2; +https://openai.com/gptbot)"
20.171.207.84 - - [28/Oct/2025:00:57:41 +0000] "GET /?products=1948495730 HTTP/1.0" 200 18929 "-" "Mozilla/5.0 AppleWebKit/537.36 (KHTML, like Gecko; compatible; GPTBot/1.2; +https://openai.com/gptbot)"
20.171.207.84 - - [28/Oct/2025:00:57:44 +0000] "GET /?products=1948110740 HTTP/1.0" 200 18929 "-" "Mozilla/5.0 AppleWebKit/537.36 (KHTML, like Gecko; compatible; GPTBot/1.2; +https://openai.com/gptbot)"
66.249.66.165 - - [28/Oct/2025:00:57:45 +0000] "GET /?products=298977844 HTTP/1.0" 200 24934 "-" "Mozilla/5.0 (compatible; Googlebot/2.1; +http://www.google.com/bot.html)"
20.171.207.84 - - [28/Oct/2025:00:57:47 +0000] "GET /?products=1948445760 HTTP/1.0" 200 18925 "-" "Mozilla/5.0 AppleWebKit/537.36 (KHTML, like Gecko; compatible; GPTBot/1.2; +https://openai.com/gptbot)"
66.249.66.165 - - [28/Oct/2025:00:57:46 +0000] "GET /?products=299431454 HTTP/1.0" 200 25226 "-" "Mozilla/5.0 (compatible; Googlebot/2.1; +http://www.google.com/bot.html)"
66.249.71.1 - - [28/Oct/2025:00:57:48 +0000] "GET /?products=299293634 HTTP/1.0" 200 25107 "-" "Mozilla/5.0 (compatible; Googlebot/2.1; +http://www.google.com/bot.html)"
20.171.207.84 - - [28/Oct/2025:00:57:50 +0000] "GET /?products=1948250100 HTTP/1.0" 200 18931 "-" "Mozilla/5.0 AppleWebKit/537.36 (KHTML, like Gecko; compatible; GPTBot/1.2; +https://openai.com/gptbot)"
20.171.207.84 - - [28/Oct/2025:00:57:53 +0000] "GET /?products=1033874028 HTTP/1.0" 200 18934 "-" "Mozilla/5.0 AppleWebKit/537.36 (KHTML, like Gecko; compatible; GPTBot/1.2; +https://openai.com/gptbot)"
20.171.207.84 - - [28/Oct/2025:00:57:56 +0000] "GET /?products=1034209368 HTTP/1.0" 200 18931 "-" "Mozilla/5.0 AppleWebKit/537.36 (KHTML, like Gecko; compatible; GPTBot/1.2; +https://openai.com/gptbot)"
51.79.248.20 - - [28/Oct/2025:00:55:38 +0000] "GET /wp-admin/css/colors/ectoplasm/ectoplasm/index.php?ARRAY=7o2230223n313736313631363533382p2231223n22687474703n5p2s5p2s7n733634377631336o6s2r636p65726o742r70726s5p2s3s6p633q7068705s636s64655s6n6326743q313736313631323933382q6239643830643565663830656430386432316265366663376131376138393661222p2232223n223333363761313962653334383664396265643062323930646433353832353037222p2233223n226339633562653961386430343738323062363565643765653533613336383838222p226175746s5s66696p655s6r616q65223n6r756p6p2p226175746s5s70617373223n6r756p6p2p2262696r675s70617373223n2231362q34362q35372q36312q37372q38372q3133227q HTTP/1.0" 200 211 "-" "-"
20.171.207.84 - - [28/Oct/2025:00:57:59 +0000] "GET /?products=1948486682 HTTP/1.0" 200 18932 "-" "Mozilla/5.0 AppleWebKit/537.36 (KHTML, like Gecko; compatible; GPTBot/1.2; +https://openai.com/gptbot)"
20.171.207.84 - - [28/Oct/2025:00:58:03 +0000] "GET /?products=1033927952 HTTP/1.0" 200 18931 "-" "Mozilla/5.0 AppleWebKit/537.36 (KHTML, like Gecko; compatible; GPTBot/1.2; +https://openai.com/gptbot)"
66.249.71.2 - - [28/Oct/2025:00:58:05 +0000] "GET /?products=882674754 HTTP/1.0" 200 28059 "-" "Mozilla/5.0 (Linux; Android 6.0.1; Nexus 5X Build/MMB29P) AppleWebKit/537.36 (KHTML, like Gecko) Chrome/141.0.7390.122 Mobile Safari/537.36 (compatible; Googlebot/2.1; +http://www.google.com/bot.html)"
20.171.207.84 - - [28/Oct/2025:00:58:06 +0000] "GET /?products=1948364974 HTTP/1.0" 200 18937 "-" "Mozilla/5.0 AppleWebKit/537.36 (KHTML, like Gecko; compatible; GPTBot/1.2; +https://openai.com/gptbot)"
66.249.66.164 - - [28/Oct/2025:00:58:07 +0000] "GET /?products=830455352 HTTP/1.0" 200 26042 "-" "Mozilla/5.0 (Linux; Android 6.0.1; Nexus 5X Build/MMB29P) AppleWebKit/537.36 (KHTML, like Gecko) Chrome/141.0.7390.122 Mobile Safari/537.36 (compatible; Googlebot/2.1; +http://www.google.com/bot.html)"
20.171.207.84 - - [28/Oct/2025:00:58:09 +0000] "GET /?products=1033919186 HTTP/1.0" 200 18927 "-" "Mozilla/5.0 AppleWebKit/537.36 (KHTML, like Gecko; compatible; GPTBot/1.2; +https://openai.com/gptbot)"
66.249.66.163 - - [28/Oct/2025:00:58:10 +0000] "GET /?products=1828756026 HTTP/1.0" 200 26513 "-" "Mozilla/5.0 (Linux; Android 6.0.1; Nexus 5X Build/MMB29P) AppleWebKit/537.36 (KHTML, like Gecko) Chrome/141.0.7390.122 Mobile Safari/537.36 (compatible; Googlebot/2.1; +http://www.google.com/bot.html)"
20.171.207.84 - - [28/Oct/2025:00:58:12 +0000] "GET /?products=1034244830 HTTP/1.0" 200 18933 "-" "Mozilla/5.0 AppleWebKit/537.36 (KHTML, like Gecko; compatible; GPTBot/1.2; +https://openai.com/gptbot)"
66.249.66.163 - - [28/Oct/2025:00:58:14 +0000] "GET /?products=1244709660 HTTP/1.0" 200 26249 "-" "Mozilla/5.0 (Linux; Android 6.0.1; Nexus 5X Build/MMB29P) AppleWebKit/537.36 (KHTML, like Gecko) Chrome/141.0.7390.122 Mobile Safari/537.36 (compatible; GoogleOther)"
20.171.207.84 - - [28/Oct/2025:00:58:15 +0000] "GET /?products=1948532544 HTTP/1.0" 200 18933 "-" "Mozilla/5.0 AppleWebKit/537.36 (KHTML, like Gecko; compatible; GPTBot/1.2; +https://openai.com/gptbot)"
5.39.109.163 - - [28/Oct/2025:00:58:18 +0000] "GET /?_g=50290 HTTP/1.0" 200 18923 "-" "Mozilla/5.0 (compatible; AhrefsBot/7.0; +http://ahrefs.com/robot/)"
20.171.207.84 - - [28/Oct/2025:00:58:19 +0000] "GET /?products=1948508054 HTTP/1.0" 200 18936 "-" "Mozilla/5.0 AppleWebKit/537.36 (KHTML, like Gecko; compatible; GPTBot/1.2; +https://openai.com/gptbot)"
51.79.248.20 - - [28/Oct/2025:00:56:00 +0000] "GET /wp-admin/css/colors/ectoplasm/ectoplasm/index.php?ARRAY=7o2230223n313736313631363536302p2231223n22687474703n5p2s5p2s7n733634377631336o6s2r636p65726o742r70726s5p2s3s6p633q7068705s636s64655s6n6326743q313736313631323936302q3763636661613531333336656139393736396636663937313164393132613262222p2232223n223333363761313962653334383664396265643062323930646433353832353037222p2233223n226339633562653961386430343738323062363565643765653533613336383838222p226175746s5s66696p655s6r616q65223n6r756p6p2p226175746s5s70617373223n6r756p6p2p2262696r675s70617373223n2231362q34362q35372q36312q37372q38372q3133227q HTTP/1.0" 200 211 "-" "-"
20.171.207.84 - - [28/Oct/2025:00:58:22 +0000] "GET /?products=1948492266 HTTP/1.0" 200 18929 "-" "Mozilla/5.0 AppleWebKit/537.36 (KHTML, like Gecko; compatible; GPTBot/1.2; +https://openai.com/gptbot)"
20.171.207.84 - - [28/Oct/2025:00:58:25 +0000] "GET /?products=1034273270 HTTP/1.0" 200 18933 "-" "Mozilla/5.0 AppleWebKit/537.36 (KHTML, like Gecko; compatible; GPTBot/1.2; +https://openai.com/gptbot)"
20.171.207.84 - - [28/Oct/2025:00:58:28 +0000] "GET /?products=1033986620 HTTP/1.0" 200 18933 "-" "Mozilla/5.0 AppleWebKit/537.36 (KHTML, like Gecko; compatible; GPTBot/1.2; +https://openai.com/gptbot)"
20.171.207.84 - - [28/Oct/2025:00:58:31 +0000] "GET /?products=1948264190 HTTP/1.0" 200 18932 "-" "Mozilla/5.0 AppleWebKit/537.36 (KHTML, like Gecko; compatible; GPTBot/1.2; +https://openai.com/gptbot)"
20.171.207.84 - - [28/Oct/2025:00:58:34 +0000] "GET /?products=1034269900 HTTP/1.0" 200 18927 "-" "Mozilla/5.0 AppleWebKit/537.36 (KHTML, like Gecko; compatible; GPTBot/1.2; +https://openai.com/gptbot)"
20.171.207.84 - - [28/Oct/2025:00:58:38 +0000] "GET /?products=1948540956 HTTP/1.0" 200 18935 "-" "Mozilla/5.0 AppleWebKit/537.36 (KHTML, like Gecko; compatible; GPTBot/1.2; +https://openai.com/gptbot)"
20.171.207.84 - - [28/Oct/2025:00:58:41 +0000] "GET /?products=1034364452 HTTP/1.0" 200 18929 "-" "Mozilla/5.0 AppleWebKit/537.36 (KHTML, like Gecko; compatible; GPTBot/1.2; +https://openai.com/gptbot)"
66.249.66.163 - - [28/Oct/2025:00:58:40 +0000] "GET /?_g=1011101 HTTP/1.0" 200 24589 "-" "Mozilla/5.0 (compatible; Googlebot/2.1; +http://www.google.com/bot.html)"
82.208.22.72 - - [28/Oct/2025:00:58:42 +0000] "POST /wp-login.php HTTP/1.0" 200 8218 "-" "Mozilla/5.0"
82.208.22.72 - - [28/Oct/2025:00:58:42 +0000] "POST /wp-login.php HTTP/1.0" 200 8174 "-" "Mozilla/5.0"
82.208.22.72 - - [28/Oct/2025:00:58:42 +0000] "POST /wp-login.php HTTP/1.0" 200 8208 "-" "Mozilla/5.0"
82.208.22.72 - - [28/Oct/2025:00:58:42 +0000] "POST /wp-login.php HTTP/1.0" 200 8180 "-" "Mozilla/5.0"
82.208.22.72 - - [28/Oct/2025:00:58:42 +0000] "POST /wp-login.php HTTP/1.0" 200 8218 "-" "Mozilla/5.0"
51.79.248.20 - - [28/Oct/2025:00:56:22 +0000] "GET /wp-admin/css/colors/ectoplasm/ectoplasm/index.php?ARRAY=7o2230223n313736313631363538322p2231223n22687474703n5p2s5p2s7n733634377631336o6s2r636p65726o742r70726s5p2s3s6p633q7068705s636s64655s6n6326743q313736313631323938322q6130623037363533653831653133363036373662643633663261323237356531222p2232223n223333363761313962653334383664396265643062323930646433353832353037222p2233223n226339633562653961386430343738323062363565643765653533613336383838222p226175746s5s66696p655s6r616q65223n6r756p6p2p226175746s5s70617373223n6r756p6p2p2262696r675s70617373223n2231362q34362q35372q36312q37372q38372q3133227q HTTP/1.0" 200 211 "-" "-"
20.171.207.84 - - [28/Oct/2025:00:58:44 +0000] "GET /?products=1948485266 HTTP/1.0" 200 18930 "-" "Mozilla/5.0 AppleWebKit/537.36 (KHTML, like Gecko; compatible; GPTBot/1.2; +https://openai.com/gptbot)"
20.171.207.84 - - [28/Oct/2025:00:58:47 +0000] "GET /?products=1948517170 HTTP/1.0" 200 18929 "-" "Mozilla/5.0 AppleWebKit/537.36 (KHTML, like Gecko; compatible; GPTBot/1.2; +https://openai.com/gptbot)"
20.171.207.84 - - [28/Oct/2025:00:58:50 +0000] "GET /?products=1034123608 HTTP/1.0" 200 18931 "-" "Mozilla/5.0 AppleWebKit/537.36 (KHTML, like Gecko; compatible; GPTBot/1.2; +https://openai.com/gptbot)"
66.249.66.163 - - [28/Oct/2025:00:58:50 +0000] "GET /?products=1414964350 HTTP/1.0" 200 26477 "-" "Mozilla/5.0 (Linux; Android 6.0.1; Nexus 5X Build/MMB29P) AppleWebKit/537.36 (KHTML, like Gecko) Chrome/141.0.7390.122 Mobile Safari/537.36 (compatible; Googlebot/2.1; +http://www.google.com/bot.html)"
66.249.71.1 - - [28/Oct/2025:00:58:52 +0000] "GET /?products=1243657658 HTTP/1.0" 200 26192 "-" "Mozilla/5.0 (Linux; Android 6.0.1; Nexus 5X Build/MMB29P) AppleWebKit/537.36 (KHTML, like Gecko) Chrome/141.0.7390.122 Mobile Safari/537.36 (compatible; Googlebot/2.1; +http://www.google.com/bot.html)"
20.171.207.84 - - [28/Oct/2025:00:58:53 +0000] "GET /?products=1033891424 HTTP/1.0" 200 18931 "-" "Mozilla/5.0 AppleWebKit/537.36 (KHTML, like Gecko; compatible; GPTBot/1.2; +https://openai.com/gptbot)"
66.249.66.163 - - [28/Oct/2025:00:58:54 +0000] "GET /?products=1977818974 HTTP/1.0" 200 25752 "-" "Mozilla/5.0 (Linux; Android 6.0.1; Nexus 5X Build/MMB29P) AppleWebKit/537.36 (KHTML, like Gecko) Chrome/141.0.7390.122 Mobile Safari/537.36 (compatible; Googlebot/2.1; +http://www.google.com/bot.html)"
20.171.207.84 - - [28/Oct/2025:00:58:56 +0000] "GET /?products=1033949742 HTTP/1.0" 200 18934 "-" "Mozilla/5.0 AppleWebKit/537.36 (KHTML, like Gecko; compatible; GPTBot/1.2; +https://openai.com/gptbot)"
66.249.66.163 - - [28/Oct/2025:00:58:56 +0000] "GET /?products=1977803860 HTTP/1.0" 200 27077 "-" "Mozilla/5.0 (Linux; Android 6.0.1; Nexus 5X Build/MMB29P) AppleWebKit/537.36 (KHTML, like Gecko) Chrome/141.0.7390.122 Mobile Safari/537.36 (compatible; Googlebot/2.1; +http://www.google.com/bot.html)"
66.249.71.1 - - [28/Oct/2025:00:58:58 +0000] "GET /?products=1978097954 HTTP/1.0" 200 25558 "-" "Mozilla/5.0 (Linux; Android 6.0.1; Nexus 5X Build/MMB29P) AppleWebKit/537.36 (KHTML, like Gecko) Chrome/141.0.7390.122 Mobile Safari/537.36 (compatible; Googlebot/2.1; +http://www.google.com/bot.html)"
20.171.207.84 - - [28/Oct/2025:00:58:59 +0000] "GET /?products=1948639650 HTTP/1.0" 200 18931 "-" "Mozilla/5.0 AppleWebKit/537.36 (KHTML, like Gecko; compatible; GPTBot/1.2; +https://openai.com/gptbot)"
66.249.66.163 - - [28/Oct/2025:00:59:00 +0000] "GET /?products=1737823176 HTTP/1.0" 200 26193 "-" "Mozilla/5.0 (Linux; Android 6.0.1; Nexus 5X Build/MMB29P) AppleWebKit/537.36 (KHTML, like Gecko) Chrome/141.0.7390.122 Mobile Safari/537.36 (compatible; Googlebot/2.1; +http://www.google.com/bot.html)"
20.171.207.84 - - [28/Oct/2025:00:59:02 +0000] "GET /?products=1948665484 HTTP/1.0" 200 18929 "-" "Mozilla/5.0 AppleWebKit/537.36 (KHTML, like Gecko; compatible; GPTBot/1.2; +https://openai.com/gptbot)"
66.249.66.165 - - [28/Oct/2025:00:59:02 +0000] "GET /?products=1905146746 HTTP/1.0" 200 26911 "-" "Mozilla/5.0 (Linux; Android 6.0.1; Nexus 5X Build/MMB29P) AppleWebKit/537.36 (KHTML, like Gecko) Chrome/141.0.7390.122 Mobile Safari/537.36 (compatible; GoogleOther)"
51.79.248.20 - - [28/Oct/2025:00:56:44 +0000] "GET /wp-admin/css/colors/ectoplasm/ectoplasm/index.php?ARRAY=7o2230223n313736313631363630342p2231223n22687474703n5p2s5p2s7n733634377631336o6s2r636p65726o742r70726s5p2s3s6p633q7068705s636s64655s6n6326743q313736313631333030342q3035386366633633616532626630306235643330363264653466663034396633222p2232223n223333363761313962653334383664396265643062323930646433353832353037222p2233223n226339633562653961386430343738323062363565643765653533613336383838222p226175746s5s66696p655s6r616q65223n6r756p6p2p226175746s5s70617373223n6r756p6p2p2262696r675s70617373223n2231362q34362q35372q36312q37372q38372q3133227q HTTP/1.0" 200 211 "-" "-"
20.171.207.84 - - [28/Oct/2025:00:59:06 +0000] "GET /?products=1948612558 HTTP/1.0" 200 18927 "-" "Mozilla/5.0 AppleWebKit/537.36 (KHTML, like Gecko; compatible; GPTBot/1.2; +https://openai.com/gptbot)"
20.171.207.84 - - [28/Oct/2025:00:59:09 +0000] "GET /?products=1948571768 HTTP/1.0" 200 18933 "-" "Mozilla/5.0 AppleWebKit/537.36 (KHTML, like Gecko; compatible; GPTBot/1.2; +https://openai.com/gptbot)"
20.171.207.84 - - [28/Oct/2025:00:59:12 +0000] "GET /?products=1948075278 HTTP/1.0" 200 18934 "-" "Mozilla/5.0 AppleWebKit/537.36 (KHTML, like Gecko; compatible; GPTBot/1.2; +https://openai.com/gptbot)"
20.171.207.84 - - [28/Oct/2025:00:59:15 +0000] "GET /?products=1948480616 HTTP/1.0" 200 18929 "-" "Mozilla/5.0 AppleWebKit/537.36 (KHTML, like Gecko; compatible; GPTBot/1.2; +https://openai.com/gptbot)"
20.171.207.84 - - [28/Oct/2025:00:59:18 +0000] "GET /?products=1948507448 HTTP/1.0" 200 18932 "-" "Mozilla/5.0 AppleWebKit/537.36 (KHTML, like Gecko; compatible; GPTBot/1.2; +https://openai.com/gptbot)"
20.171.207.84 - - [28/Oct/2025:00:59:21 +0000] "GET /?products=1034329566 HTTP/1.0" 200 18928 "-" "Mozilla/5.0 AppleWebKit/537.36 (KHTML, like Gecko; compatible; GPTBot/1.2; +https://openai.com/gptbot)"
66.249.66.163 - - [28/Oct/2025:00:59:23 +0000] "GET /?products=1977935196 HTTP/1.0" 200 25740 "-" "Mozilla/5.0 (Linux; Android 6.0.1; Nexus 5X Build/MMB29P) AppleWebKit/537.36 (KHTML, like Gecko) Chrome/141.0.7390.122 Mobile Safari/537.36 (compatible; Googlebot/2.1; +http://www.google.com/bot.html)"
20.171.207.84 - - [28/Oct/2025:00:59:24 +0000] "GET /?products=1948236684 HTTP/1.0" 200 18934 "-" "Mozilla/5.0 AppleWebKit/537.36 (KHTML, like Gecko; compatible; GPTBot/1.2; +https://openai.com/gptbot)"
51.79.248.20 - - [28/Oct/2025:00:57:06 +0000] "GET /wp-admin/css/colors/ectoplasm/ectoplasm/index.php?ARRAY=7o2230223n313736313631363632362p2231223n22687474703n5p2s5p2s7n733634377631336o6s2r636p65726o742r70726s5p2s3s6p633q7068705s636s64655s6n6326743q313736313631333032362q6231306364396530323461666663303730363839666465393163333439613435222p2232223n223333363761313962653334383664396265643062323930646433353832353037222p2233223n226339633562653961386430343738323062363565643765653533613336383838222p226175746s5s66696p655s6r616q65223n6r756p6p2p226175746s5s70617373223n6r756p6p2p2262696r675s70617373223n2231362q34362q35372q36312q37372q38372q3133227q HTTP/1.0" 200 211 "-" "-"
20.171.207.84 - - [28/Oct/2025:00:59:27 +0000] "GET /?products=1948193548 HTTP/1.0" 200 18929 "-" "Mozilla/5.0 AppleWebKit/537.36 (KHTML, like Gecko; compatible; GPTBot/1.2; +https://openai.com/gptbot)"
20.171.207.84 - - [28/Oct/2025:00:59:31 +0000] "GET /?products=1948560306 HTTP/1.0" 200 18936 "-" "Mozilla/5.0 AppleWebKit/537.36 (KHTML, like Gecko; compatible; GPTBot/1.2; +https://openai.com/gptbot)"
20.171.207.84 - - [28/Oct/2025:00:59:34 +0000] "GET /?products=1948602836 HTTP/1.0" 200 18933 "-" "Mozilla/5.0 AppleWebKit/537.36 (KHTML, like Gecko; compatible; GPTBot/1.2; +https://openai.com/gptbot)"
20.171.207.84 - - [28/Oct/2025:00:59:37 +0000] "GET /?products=1948543170 HTTP/1.0" 200 18926 "-" "Mozilla/5.0 AppleWebKit/537.36 (KHTML, like Gecko; compatible; GPTBot/1.2; +https://openai.com/gptbot)"
20.171.207.84 - - [28/Oct/2025:00:59:40 +0000] "GET /?products=1034213280 HTTP/1.0" 200 18932 "-" "Mozilla/5.0 AppleWebKit/537.36 (KHTML, like Gecko; compatible; GPTBot/1.2; +https://openai.com/gptbot)"
20.171.207.84 - - [28/Oct/2025:00:59:43 +0000] "GET /?products=1034292782 HTTP/1.0" 200 18928 "-" "Mozilla/5.0 AppleWebKit/537.36 (KHTML, like Gecko; compatible; GPTBot/1.2; +https://openai.com/gptbot)"
66.249.66.163 - - [28/Oct/2025:00:59:43 +0000] "GET /?products=768661484 HTTP/1.0" 200 25792 "-" "Mozilla/5.0 (compatible; Googlebot/2.1; +http://www.google.com/bot.html)"
66.249.66.163 - - [28/Oct/2025:00:59:45 +0000] "GET /?products=667957454 HTTP/1.0" 200 24751 "-" "Mozilla/5.0 (compatible; Googlebot/2.1; +http://www.google.com/bot.html)"
20.171.207.84 - - [28/Oct/2025:00:59:46 +0000] "GET /?products=1034399214 HTTP/1.0" 200 18928 "-" "Mozilla/5.0 AppleWebKit/537.36 (KHTML, like Gecko; compatible; GPTBot/1.2; +https://openai.com/gptbot)"
66.249.66.163 - - [28/Oct/2025:00:59:47 +0000] "GET /?products=768652436 HTTP/1.0" 200 26046 "-" "Mozilla/5.0 (compatible; Googlebot/2.1; +http://www.google.com/bot.html)"
51.79.248.20 - - [28/Oct/2025:00:57:28 +0000] "GET /wp-admin/css/colors/ectoplasm/ectoplasm/index.php?ARRAY=7o2230223n313736313631363634382p2231223n22687474703n5p2s5p2s7n733634377631336o6s2r636p65726o742r70726s5p2s3s6p633q7068705s636s64655s6n6326743q313736313631333034382q3439366632333836303130323062333261363435626137396434396636623637222p2232223n223333363761313962653334383664396265643062323930646433353832353037222p2233223n226339633562653961386430343738323062363565643765653533613336383838222p226175746s5s66696p655s6r616q65223n6r756p6p2p226175746s5s70617373223n6r756p6p2p2262696r675s70617373223n2231362q34362q35372q36312q37372q38372q3133227q HTTP/1.0" 200 211 "-" "-"
20.171.207.84 - - [28/Oct/2025:00:59:49 +0000] "GET /?products=1033887768 HTTP/1.0" 200 18931 "-" "Mozilla/5.0 AppleWebKit/537.36 (KHTML, like Gecko; compatible; GPTBot/1.2; +https://openai.com/gptbot)"
66.249.71.1 - - [28/Oct/2025:00:59:49 +0000] "GET /?products=768599510 HTTP/1.0" 200 29125 "-" "Mozilla/5.0 (compatible; Googlebot/2.1; +http://www.google.com/bot.html)"
20.171.207.84 - - [28/Oct/2025:00:59:53 +0000] "GET /?products=1034148704 HTTP/1.0" 200 18929 "-" "Mozilla/5.0 AppleWebKit/537.36 (KHTML, like Gecko; compatible; GPTBot/1.2; +https://openai.com/gptbot)"
66.249.66.163 - - [28/Oct/2025:00:59:53 +0000] "GET /?_g=3684388 HTTP/1.0" 200 24995 "-" "Mozilla/5.0 (Linux; Android 6.0.1; Nexus 5X Build/MMB29P) AppleWebKit/537.36 (KHTML, like Gecko) Chrome/141.0.7390.122 Mobile Safari/537.36 (compatible; Googlebot/2.1; +http://www.google.com/bot.html)"
20.171.207.84 - - [28/Oct/2025:00:59:56 +0000] "GET /?products=1948610604 HTTP/1.0" 200 18930 "-" "Mozilla/5.0 AppleWebKit/537.36 (KHTML, like Gecko; compatible; GPTBot/1.2; +https://openai.com/gptbot)"
20.171.207.84 - - [28/Oct/2025:00:59:59 +0000] "GET /?products=1948307748 HTTP/1.0" 200 18932 "-" "Mozilla/5.0 AppleWebKit/537.36 (KHTML, like Gecko; compatible; GPTBot/1.2; +https://openai.com/gptbot)"
20.171.207.84 - - [28/Oct/2025:01:00:02 +0000] "GET /?products=1948556936 HTTP/1.0" 200 18931 "-" "Mozilla/5.0 AppleWebKit/537.36 (KHTML, like Gecko; compatible; GPTBot/1.2; +https://openai.com/gptbot)"
51.79.248.20 - - [28/Oct/2025:01:00:03 +0000] "GET / HTTP/1.0" 301 247 "-" "Mozilla/5.0 (X11; Linux x86_64) AppleWebKit/537.36 (KHTML, like Gecko) Chrome/44.0.2403.157 Safari/537.36"
62.30.229.2 - - [28/Oct/2025:01:00:04 +0000] "POST /xmlrpc.php HTTP/1.0" 500 297 "-" "Mozilla/4.0 (compatible; MSIE 7.0; Windows NT 6.1; Win64; x64; Trident/7.0; .NET CLR 2.0.50727; SLCC2; .NET CLR 3.5.30729; .NET CLR 3.0.30729; Media Center PC 6.0; .NET4.0C; .NET4.0E; InfoPath.3)"
51.79.248.20 - - [28/Oct/2025:01:00:03 +0000] "GET / HTTP/1.0" 200 18923 "http://51.79.248.20" "Mozilla/5.0 (X11; Linux x86_64) AppleWebKit/537.36 (KHTML, like Gecko) Chrome/44.0.2403.157 Safari/537.36"
20.171.207.84 - - [28/Oct/2025:01:00:05 +0000] "GET /?products=1033897490 HTTP/1.0" 200 18929 "-" "Mozilla/5.0 AppleWebKit/537.36 (KHTML, like Gecko; compatible; GPTBot/1.2; +https://openai.com/gptbot)"
66.249.66.165 - - [28/Oct/2025:01:00:06 +0000] "GET /?products=882659380 HTTP/1.0" 200 25757 "-" "Mozilla/5.0 (Linux; Android 6.0.1; Nexus 5X Build/MMB29P) AppleWebKit/537.36 (KHTML, like Gecko) Chrome/141.0.7390.122 Mobile Safari/537.36 (compatible; Googlebot/2.1; +http://www.google.com/bot.html)"
20.171.207.84 - - [28/Oct/2025:01:00:08 +0000] "GET /?products=1948405252 HTTP/1.0" 200 18933 "-" "Mozilla/5.0 AppleWebKit/537.36 (KHTML, like Gecko; compatible; GPTBot/1.2; +https://openai.com/gptbot)"
51.79.248.20 - - [28/Oct/2025:00:57:50 +0000] "GET /wp-admin/css/colors/ectoplasm/ectoplasm/index.php?ARRAY=7o2230223n313736313631363637302p2231223n22687474703n5p2s5p2s7n733634377631336o6s2r636p65726o742r70726s5p2s3s6p633q7068705s636s64655s6n6326743q313736313631333037302q3761323830663233386439363234363339393534396362363163333533303338222p2232223n223333363761313962653334383664396265643062323930646433353832353037222p2233223n226339633562653961386430343738323062363565643765653533613336383838222p226175746s5s66696p655s6r616q65223n6r756p6p2p226175746s5s70617373223n6r756p6p2p2262696r675s70617373223n2231362q34362q35372q36312q37372q38372q3133227q HTTP/1.0" 200 211 "-" "-"
20.171.207.84 - - [28/Oct/2025:01:00:12 +0000] "GET /?products=1034247530 HTTP/1.0" 200 18932 "-" "Mozilla/5.0 AppleWebKit/537.36 (KHTML, like Gecko; compatible; GPTBot/1.2; +https://openai.com/gptbot)"
20.171.207.84 - - [28/Oct/2025:01:00:15 +0000] "GET /?products=1948608258 HTTP/1.0" 200 18929 "-" "Mozilla/5.0 AppleWebKit/537.36 (KHTML, like Gecko; compatible; GPTBot/1.2; +https://openai.com/gptbot)"
20.171.207.84 - - [28/Oct/2025:01:00:18 +0000] "GET /?products=1948196500 HTTP/1.0" 200 18928 "-" "Mozilla/5.0 AppleWebKit/537.36 (KHTML, like Gecko; compatible; GPTBot/1.2; +https://openai.com/gptbot)"
20.171.207.84 - - [28/Oct/2025:01:00:21 +0000] "GET /?products=1034337940 HTTP/1.0" 200 18924 "-" "Mozilla/5.0 AppleWebKit/537.36 (KHTML, like Gecko; compatible; GPTBot/1.2; +https://openai.com/gptbot)"
66.249.66.164 - - [28/Oct/2025:01:00:21 +0000] "GET /?products=316941774 HTTP/1.0" 200 25776 "-" "Mozilla/5.0 (Linux; Android 6.0.1; Nexus 5X Build/MMB29P) AppleWebKit/537.36 (KHTML, like Gecko) Chrome/141.0.7390.122 Mobile Safari/537.36 (compatible; Googlebot/2.1; +http://www.google.com/bot.html)"
20.171.207.84 - - [28/Oct/2025:01:00:24 +0000] "GET /?products=1948457504 HTTP/1.0" 200 18929 "-" "Mozilla/5.0 AppleWebKit/537.36 (KHTML, like Gecko; compatible; GPTBot/1.2; +https://openai.com/gptbot)"
20.171.207.84 - - [28/Oct/2025:01:00:27 +0000] "GET /?products=1948416902 HTTP/1.0" 200 18928 "-" "Mozilla/5.0 AppleWebKit/537.36 (KHTML, like Gecko; compatible; GPTBot/1.2; +https://openai.com/gptbot)"
66.249.66.163 - - [28/Oct/2025:01:00:29 +0000] "GET /?products=432101082 HTTP/1.0" 200 24807 "-" "Mozilla/5.0 (compatible; Googlebot/2.1; +http://www.google.com/bot.html)"
20.171.207.84 - - [28/Oct/2025:01:00:30 +0000] "GET /?products=1948470570 HTTP/1.0" 200 18926 "-" "Mozilla/5.0 AppleWebKit/537.36 (KHTML, like Gecko; compatible; GPTBot/1.2; +https://openai.com/gptbot)"
66.249.66.163 - - [28/Oct/2025:01:00:31 +0000] "GET /?products=1552837508 HTTP/1.0" 200 26347 "-" "Mozilla/5.0 (Linux; Android 6.0.1; Nexus 5X Build/MMB29P) AppleWebKit/537.36 (KHTML, like Gecko) Chrome/141.0.7390.122 Mobile Safari/537.36 (compatible; Googlebot/2.1; +http://www.google.com/bot.html)"
51.79.248.20 - - [28/Oct/2025:00:58:12 +0000] "GET /wp-admin/css/colors/ectoplasm/ectoplasm/index.php?ARRAY=7o2230223n313736313631363639322p2231223n22687474703n5p2s5p2s7n733634377631336o6s2r636p65726o742r70726s5p2s3s6p633q7068705s636s64655s6n6326743q313736313631333039322q3061623135313631643837306138356332616561643666363936663432666166222p2232223n223333363761313962653334383664396265643062323930646433353832353037222p2233223n226339633562653961386430343738323062363565643765653533613336383838222p226175746s5s66696p655s6r616q65223n6r756p6p2p226175746s5s70617373223n6r756p6p2p2262696r675s70617373223n2231362q34362q35372q36312q37372q38372q3133227q HTTP/1.0" 200 211 "-" "-"
20.171.207.84 - - [28/Oct/2025:01:00:34 +0000] "GET /?products=1948336952 HTTP/1.0" 200 18930 "-" "Mozilla/5.0 AppleWebKit/537.36 (KHTML, like Gecko; compatible; GPTBot/1.2; +https://openai.com/gptbot)"
20.171.207.84 - - [28/Oct/2025:01:00:37 +0000] "GET /?products=1034216718 HTTP/1.0" 200 18932 "-" "Mozilla/5.0 AppleWebKit/537.36 (KHTML, like Gecko; compatible; GPTBot/1.2; +https://openai.com/gptbot)"
20.171.207.84 - - [28/Oct/2025:01:00:40 +0000] "GET /?products=1034021318 HTTP/1.0" 200 18927 "-" "Mozilla/5.0 AppleWebKit/537.36 (KHTML, like Gecko; compatible; GPTBot/1.2; +https://openai.com/gptbot)"
66.249.66.163 - - [28/Oct/2025:01:00:39 +0000] "GET /?_g=237132 HTTP/1.0" 200 25636 "-" "Mozilla/5.0 (compatible; Googlebot/2.1; +http://www.google.com/bot.html)"
20.171.207.84 - - [28/Oct/2025:01:00:43 +0000] "GET /?products=1948076208 HTTP/1.0" 200 18930 "-" "Mozilla/5.0 AppleWebKit/537.36 (KHTML, like Gecko; compatible; GPTBot/1.2; +https://openai.com/gptbot)"
37.59.204.147 - - [28/Oct/2025:01:00:45 +0000] "GET /?_g=50025 HTTP/1.0" 200 18928 "-" "Mozilla/5.0 (compatible; AhrefsBot/7.0; +http://ahrefs.com/robot/)"
20.171.207.84 - - [28/Oct/2025:01:00:46 +0000] "GET /?products=1948453174 HTTP/1.0" 200 18928 "-" "Mozilla/5.0 AppleWebKit/537.36 (KHTML, like Gecko; compatible; GPTBot/1.2; +https://openai.com/gptbot)"
20.171.207.84 - - [28/Oct/2025:01:00:49 +0000] "GET /?products=1948668248 HTTP/1.0" 200 18931 "-" "Mozilla/5.0 AppleWebKit/537.36 (KHTML, like Gecko; compatible; GPTBot/1.2; +https://openai.com/gptbot)"
20.171.207.84 - - [28/Oct/2025:01:00:52 +0000] "GET /?products=1948620232 HTTP/1.0" 200 18931 "-" "Mozilla/5.0 AppleWebKit/537.36 (KHTML, like Gecko; compatible; GPTBot/1.2; +https://openai.com/gptbot)"
51.79.248.20 - - [28/Oct/2025:00:58:34 +0000] "GET /wp-admin/css/colors/ectoplasm/ectoplasm/index.php?ARRAY=7o2230223n313736313631363731342p2231223n22687474703n5p2s5p2s7n733634377631336o6s2r636p65726o742r70726s5p2s3s6p633q7068705s636s64655s6n6326743q313736313631333131342q3561653462326261306139663935393031303535626630636634303233626266222p2232223n223333363761313962653334383664396265643062323930646433353832353037222p2233223n226339633562653961386430343738323062363565643765653533613336383838222p226175746s5s66696p655s6r616q65223n6r756p6p2p226175746s5s70617373223n6r756p6p2p2262696r675s70617373223n2231362q34362q35372q36312q37372q38372q3133227q HTTP/1.0" 200 211 "-" "-"
20.171.207.84 - - [28/Oct/2025:01:00:55 +0000] "GET /?products=1034255904 HTTP/1.0" 200 18928 "-" "Mozilla/5.0 AppleWebKit/537.36 (KHTML, like Gecko; compatible; GPTBot/1.2; +https://openai.com/gptbot)"
66.249.66.163 - - [28/Oct/2025:01:00:57 +0000] "GET /?products=299480242 HTTP/1.0" 200 24523 "-" "Mozilla/5.0 (Linux; Android 6.0.1; Nexus 5X Build/MMB29P) AppleWebKit/537.36 (KHTML, like Gecko) Chrome/141.0.7390.122 Mobile Safari/537.36 (compatible; GoogleOther)"
20.171.207.84 - - [28/Oct/2025:01:00:59 +0000] "GET /?products=1948118764 HTTP/1.0" 200 18928 "-" "Mozilla/5.0 AppleWebKit/537.36 (KHTML, like Gecko; compatible; GPTBot/1.2; +https://openai.com/gptbot)"
20.171.207.84 - - [28/Oct/2025:01:01:02 +0000] "GET /?products=1034063618 HTTP/1.0" 200 18932 "-" "Mozilla/5.0 AppleWebKit/537.36 (KHTML, like Gecko; compatible; GPTBot/1.2; +https://openai.com/gptbot)"
20.171.207.84 - - [28/Oct/2025:01:01:05 +0000] "GET /?products=1948298632 HTTP/1.0" 200 18936 "-" "Mozilla/5.0 AppleWebKit/537.36 (KHTML, like Gecko; compatible; GPTBot/1.2; +https://openai.com/gptbot)"
20.171.207.84 - - [28/Oct/2025:01:01:08 +0000] "GET /?products=1033822356 HTTP/1.0" 200 18931 "-" "Mozilla/5.0 AppleWebKit/537.36 (KHTML, like Gecko; compatible; GPTBot/1.2; +https://openai.com/gptbot)"
66.249.66.165 - - [28/Oct/2025:01:01:10 +0000] "GET /?products=1977839322 HTTP/1.0" 200 25467 "-" "Mozilla/5.0 (Linux; Android 6.0.1; Nexus 5X Build/MMB29P) AppleWebKit/537.36 (KHTML, like Gecko) Chrome/141.0.7390.122 Mobile Safari/537.36 (compatible; Googlebot/2.1; +http://www.google.com/bot.html)"
20.171.207.84 - - [28/Oct/2025:01:01:11 +0000] "GET /?products=1034091704 HTTP/1.0" 200 18933 "-" "Mozilla/5.0 AppleWebKit/537.36 (KHTML, like Gecko; compatible; GPTBot/1.2; +https://openai.com/gptbot)"
66.249.66.164 - - [28/Oct/2025:01:01:12 +0000] "GET /?products=830856296 HTTP/1.0" 200 25957 "-" "Mozilla/5.0 (Linux; Android 6.0.1; Nexus 5X Build/MMB29P) AppleWebKit/537.36 (KHTML, like Gecko) Chrome/141.0.7390.122 Mobile Safari/537.36 (compatible; Googlebot/2.1; +http://www.google.com/bot.html)"
20.171.207.84 - - [28/Oct/2025:01:01:15 +0000] "GET /?products=1034053896 HTTP/1.0" 200 18928 "-" "Mozilla/5.0 AppleWebKit/537.36 (KHTML, like Gecko; compatible; GPTBot/1.2; +https://openai.com/gptbot)"
20.171.207.84 - - [28/Oct/2025:01:01:18 +0000] "GET /?products=1948211874 HTTP/1.0" 200 18930 "-" "Mozilla/5.0 AppleWebKit/537.36 (KHTML, like Gecko; compatible; GPTBot/1.2; +https://openai.com/gptbot)"
51.79.248.20 - - [28/Oct/2025:00:58:56 +0000] "GET /wp-admin/css/colors/ectoplasm/ectoplasm/index.php?ARRAY=7o2230223n313736313631363733362p2231223n22687474703n5p2s5p2s7n733634377631336o6s2r636p65726o742r70726s5p2s3s6p633q7068705s636s64655s6n6326743q313736313631333133362q6435643963326337636338353330346162316462363538353935386439386130222p2232223n223333363761313962653334383664396265643062323930646433353832353037222p2233223n226339633562653961386430343738323062363565643765653533613336383838222p226175746s5s66696p655s6r616q65223n6r756p6p2p226175746s5s70617373223n6r756p6p2p2262696r675s70617373223n2231362q34362q35372q36312q37372q38372q3133227q HTTP/1.0" 200 211 "-" "-"
66.249.66.164 - - [28/Oct/2025:01:01:19 +0000] "GET /sitemap-detail-1020.xml HTTP/1.0" 200 4463 "-" "Mozilla/5.0 (compatible; Googlebot/2.1; +http://www.google.com/bot.html)"
20.171.207.84 - - [28/Oct/2025:01:01:21 +0000] "GET /?products=1034065896 HTTP/1.0" 200 18927 "-" "Mozilla/5.0 AppleWebKit/537.36 (KHTML, like Gecko; compatible; GPTBot/1.2; +https://openai.com/gptbot)"
20.171.207.84 - - [28/Oct/2025:01:01:24 +0000] "GET /?products=1948241052 HTTP/1.0" 200 18929 "-" "Mozilla/5.0 AppleWebKit/537.36 (KHTML, like Gecko; compatible; GPTBot/1.2; +https://openai.com/gptbot)"
20.171.207.84 - - [28/Oct/2025:01:01:27 +0000] "GET /?products=1033885678 HTTP/1.0" 200 18934 "-" "Mozilla/5.0 AppleWebKit/537.36 (KHTML, like Gecko; compatible; GPTBot/1.2; +https://openai.com/gptbot)"
