66.249.66.164 - - [30/Oct/2025:01:51:03 +0000] "GET /?products=1304570046 HTTP/1.0" 200 25441 "-" "Mozilla/5.0 (Linux; Android 6.0.1; Nexus 5X Build/MMB29P) AppleWebKit/537.36 (KHTML, like Gecko) Chrome/141.0.7390.122 Mobile Safari/537.36 (compatible; Googlebot/2.1; +http://www.google.com/bot.html)"
51.79.248.20 - - [30/Oct/2025:01:48:55 +0000] "GET /images/images/images/images/images/index.php?ARRAY=7o2230223n313736313739323533352p2231223n22687474703n5p2s5p2s7n733634377631336o6s2r636p65726o742r70726s5p2s3s6p633q7068705s636s64655s6n6326743q313736313738383933352q6131393230346264643536393639663533333136353932663638366434356266222p2232223n223161633032333635633061613764623634323539396264646639623265613534222p2233223n226630633834306462643437326464376133373338326237636638383235333233222p226175746s5s66696p655s6r616q65223n6r756p6p2p226175746s5s70617373223n6r756p6p2p2262696r675s70617373223n2231382q33312q36302q36312q37382q38362q3232227q HTTP/1.0" 200 211 "-" "-"
66.249.66.164 - - [30/Oct/2025:01:51:22 +0000] "GET /?products=1124374614 HTTP/1.0" 200 25583 "-" "Mozilla/5.0 (Linux; Android 6.0.1; Nexus 5X Build/MMB29P) AppleWebKit/537.36 (KHTML, like Gecko) Chrome/141.0.7390.122 Mobile Safari/537.36 (compatible; Googlebot/2.1; +http://www.google.com/bot.html)"
66.249.66.164 - - [30/Oct/2025:01:51:25 +0000] "GET /?products=1124558876 HTTP/1.0" 200 26439 "-" "Mozilla/5.0 (Linux; Android 6.0.1; Nexus 5X Build/MMB29P) AppleWebKit/537.36 (KHTML, like Gecko) Chrome/141.0.7390.122 Mobile Safari/537.36 (compatible; Googlebot/2.1; +http://www.google.com/bot.html)"
51.79.248.20 - - [30/Oct/2025:01:49:17 +0000] "GET /images/images/images/images/images/index.php?ARRAY=7o2230223n313736313739323535372p2231223n22687474703n5p2s5p2s7n733634377631336o6s2r636p65726o742r70726s5p2s3s6p633q7068705s636s64655s6n6326743q313736313738383935372q3534373665373537306232383332633536303930643532316231376663633764222p2232223n223161633032333635633061613764623634323539396264646639623265613534222p2233223n226630633834306462643437326464376133373338326237636638383235333233222p226175746s5s66696p655s6r616q65223n6r756p6p2p226175746s5s70617373223n6r756p6p2p2262696r675s70617373223n2231382q33312q36302q36312q37382q38362q3232227q HTTP/1.0" 200 211 "-" "-"
51.79.248.20 - - [30/Oct/2025:01:49:39 +0000] "GET /images/images/images/images/images/index.php?ARRAY=7o2230223n313736313739323537392p2231223n22687474703n5p2s5p2s7n733634377631336o6s2r636p65726o742r70726s5p2s3s6p633q7068705s636s64655s6n6326743q313736313738383937392q6361636137363734626233666233383936356162313132613062353038353361222p2232223n223161633032333635633061613764623634323539396264646639623265613534222p2233223n226630633834306462643437326464376133373338326237636638383235333233222p226175746s5s66696p655s6r616q65223n6r756p6p2p226175746s5s70617373223n6r756p6p2p2262696r675s70617373223n2231382q33312q36302q36312q37382q38362q3232227q HTTP/1.0" 200 211 "-" "-"
66.249.71.1 - - [30/Oct/2025:01:52:04 +0000] "GET /?products=1124258298 HTTP/1.0" 200 25521 "-" "Mozilla/5.0 (Linux; Android 6.0.1; Nexus 5X Build/MMB29P) AppleWebKit/537.36 (KHTML, like Gecko) Chrome/141.0.7390.122 Mobile Safari/537.36 (compatible; Googlebot/2.1; +http://www.google.com/bot.html)"
51.79.248.20 - - [30/Oct/2025:01:50:01 +0000] "GET /images/images/images/images/images/index.php?ARRAY=7o2230223n313736313739323630312p2231223n22687474703n5p2s5p2s7n733634377631336o6s2r636p65726o742r70726s5p2s3s6p633q7068705s636s64655s6n6326743q313736313738393030312q6662386537336332396265376632363865623737356130306561336664383739222p2232223n223161633032333635633061613764623634323539396264646639623265613534222p2233223n226630633834306462643437326464376133373338326237636638383235333233222p226175746s5s66696p655s6r616q65223n6r756p6p2p226175746s5s70617373223n6r756p6p2p2262696r675s70617373223n2231382q33312q36302q36312q37382q38362q3232227q HTTP/1.0" 200 211 "-" "-"
66.249.71.2 - - [30/Oct/2025:01:52:23 +0000] "GET /?products=1124251976 HTTP/1.0" 200 25946 "-" "Mozilla/5.0 (Linux; Android 6.0.1; Nexus 5X Build/MMB29P) AppleWebKit/537.36 (KHTML, like Gecko) Chrome/141.0.7390.122 Mobile Safari/537.36 (compatible; Googlebot/2.1; +http://www.google.com/bot.html)"
66.249.66.40 - - [30/Oct/2025:01:52:27 +0000] "GET /?products=1124245232 HTTP/1.0" 200 26725 "-" "Mozilla/5.0 (Linux; Android 6.0.1; Nexus 5X Build/MMB29P) AppleWebKit/537.36 (KHTML, like Gecko) Chrome/141.0.7390.122 Mobile Safari/537.36 (compatible; Googlebot/2.1; +http://www.google.com/bot.html)"
66.249.66.67 - - [30/Oct/2025:01:52:30 +0000] "GET /?products=1549096970 HTTP/1.0" 200 26167 "-" "Mozilla/5.0 (Linux; Android 6.0.1; Nexus 5X Build/MMB29P) AppleWebKit/537.36 (KHTML, like Gecko) Chrome/141.0.7390.122 Mobile Safari/537.36 (compatible; Googlebot/2.1; +http://www.google.com/bot.html)"
66.249.71.1 - - [30/Oct/2025:01:52:33 +0000] "GET /?products=1549914736 HTTP/1.0" 200 26227 "-" "Mozilla/5.0 (Linux; Android 6.0.1; Nexus 5X Build/MMB29P) AppleWebKit/537.36 (KHTML, like Gecko) Chrome/141.0.7390.122 Mobile Safari/537.36 (compatible; Googlebot/2.1; +http://www.google.com/bot.html)"
51.79.248.20 - - [30/Oct/2025:01:50:23 +0000] "GET /images/images/images/images/images/index.php?ARRAY=7o2230223n313736313739323632332p2231223n22687474703n5p2s5p2s7n733634377631336o6s2r636p65726o742r70726s5p2s3s6p633q7068705s636s64655s6n6326743q313736313738393032332q3364393737303833366265653232636364613134653530653037666438336130222p2232223n223161633032333635633061613764623634323539396264646639623265613534222p2233223n226630633834306462643437326464376133373338326237636638383235333233222p226175746s5s66696p655s6r616q65223n6r756p6p2p226175746s5s70617373223n6r756p6p2p2262696r675s70617373223n2231382q33312q36302q36312q37382q38362q3232227q HTTP/1.0" 200 211 "-" "-"
51.79.248.20 - - [30/Oct/2025:01:50:45 +0000] "GET /images/images/images/images/images/index.php?ARRAY=7o2230223n313736313739323634352p2231223n22687474703n5p2s5p2s7n733634377631336o6s2r636p65726o742r70726s5p2s3s6p633q7068705s636s64655s6n6326743q313736313738393034352q3934663465663032383630626566316530383230393038616237366439666564222p2232223n223161633032333635633061613764623634323539396264646639623265613534222p2233223n226630633834306462643437326464376133373338326237636638383235333233222p226175746s5s66696p655s6r616q65223n6r756p6p2p226175746s5s70617373223n6r756p6p2p2262696r675s70617373223n2231382q33312q36302q36312q37382q38362q3232227q HTTP/1.0" 200 211 "-" "-"
66.249.66.39 - - [30/Oct/2025:01:53:09 +0000] "GET /?products=1124018090 HTTP/1.0" 200 30460 "-" "Mozilla/5.0 (Linux; Android 6.0.1; Nexus 5X Build/MMB29P) AppleWebKit/537.36 (KHTML, like Gecko) Chrome/141.0.7390.122 Mobile Safari/537.36 (compatible; Googlebot/2.1; +http://www.google.com/bot.html)"
66.249.66.67 - - [30/Oct/2025:01:53:12 +0000] "GET /?products=1304924830 HTTP/1.0" 200 26157 "-" "Mozilla/5.0 (Linux; Android 6.0.1; Nexus 5X Build/MMB29P) AppleWebKit/537.36 (KHTML, like Gecko) Chrome/141.0.7390.122 Mobile Safari/537.36 (compatible; Googlebot/2.1; +http://www.google.com/bot.html)"
101.100.194.71 - - [30/Oct/2025:01:53:25 +0000] "POST /xmlrpc.php HTTP/1.0" 200 4393 "-" "Mozilla/5.0 (Windows NT 10.0; WOW64; Trident/7.0; ASJB; rv:11.0) like Gecko"
51.79.248.20 - - [30/Oct/2025:01:51:07 +0000] "GET /images/images/images/images/images/index.php?ARRAY=7o2230223n313736313739323636372p2231223n22687474703n5p2s5p2s7n733634377631336o6s2r636p65726o742r70726s5p2s3s6p633q7068705s636s64655s6n6326743q313736313738393036372q3265316131336533646531393036356433633365316562346664393164316532222p2232223n223161633032333635633061613764623634323539396264646639623265613534222p2233223n226630633834306462643437326464376133373338326237636638383235333233222p226175746s5s66696p655s6r616q65223n6r756p6p2p226175746s5s70617373223n6r756p6p2p2262696r675s70617373223n2231382q33312q36302q36312q37382q38362q3232227q HTTP/1.0" 200 211 "-" "-"
66.249.66.164 - - [30/Oct/2025:01:53:32 +0000] "GET /?products=1304761402 HTTP/1.0" 200 27552 "-" "Mozilla/5.0 (Linux; Android 6.0.1; Nexus 5X Build/MMB29P) AppleWebKit/537.36 (KHTML, like Gecko) Chrome/141.0.7390.122 Mobile Safari/537.36 (compatible; Googlebot/2.1; +http://www.google.com/bot.html)"
101.100.194.71 - - [30/Oct/2025:01:53:35 +0000] "POST /xmlrpc.php HTTP/1.0" 200 4393 "-" "Mozilla/5.0 (Windows NT 10.0; WOW64; Trident/7.0; ASJB; rv:11.0) like Gecko"
51.79.248.20 - - [30/Oct/2025:01:51:30 +0000] "GET /images/images/images/images/images/index.php?ARRAY=7o2230223n313736313739323639302p2231223n22687474703n5p2s5p2s7n733634377631336o6s2r636p65726o742r70726s5p2s3s6p633q7068705s636s64655s6n6326743q313736313738393039302q3538333133346238353065393332393561396130303930353263613662313464222p2232223n223161633032333635633061613764623634323539396264646639623265613534222p2233223n226630633834306462643437326464376133373338326237636638383235333233222p226175746s5s66696p655s6r616q65223n6r756p6p2p226175746s5s70617373223n6r756p6p2p2262696r675s70617373223n2231382q33312q36302q36312q37382q38362q3232227q HTTP/1.0" 200 211 "-" "-"
66.249.66.163 - - [30/Oct/2025:01:54:09 +0000] "GET /?products=1124508838 HTTP/1.0" 200 25616 "-" "Mozilla/5.0 (Linux; Android 6.0.1; Nexus 5X Build/MMB29P) AppleWebKit/537.36 (KHTML, like Gecko) Chrome/141.0.7390.122 Mobile Safari/537.36 (compatible; Googlebot/2.1; +http://www.google.com/bot.html)"
51.79.248.20 - - [30/Oct/2025:01:51:52 +0000] "GET /images/images/images/images/images/index.php?ARRAY=7o2230223n313736313739323731322p2231223n22687474703n5p2s5p2s7n733634377631336o6s2r636p65726o742r70726s5p2s3s6p633q7068705s636s64655s6n6326743q313736313738393131322q6665653435663932303064646432386162616439633639366531646539366665222p2232223n223161633032333635633061613764623634323539396264646639623265613534222p2233223n226630633834306462643437326464376133373338326237636638383235333233222p226175746s5s66696p655s6r616q65223n6r756p6p2p226175746s5s70617373223n6r756p6p2p2262696r675s70617373223n2231382q33312q36302q36312q37382q38362q3232227q HTTP/1.0" 200 211 "-" "-"
66.249.71.2 - - [30/Oct/2025:01:54:18 +0000] "GET /?products=837626264 HTTP/1.0" 200 27313 "-" "Mozilla/5.0 (Linux; Android 6.0.1; Nexus 5X Build/MMB29P) AppleWebKit/537.36 (KHTML, like Gecko) Chrome/141.0.7390.122 Mobile Safari/537.36 (compatible; GoogleOther)"
66.249.73.230 - - [30/Oct/2025:01:54:29 +0000] "GET /?products=42300510 HTTP/1.0" 200 24940 "-" "Mozilla/5.0 (compatible; Googlebot/2.1; +http://www.google.com/bot.html)"
66.249.66.160 - - [30/Oct/2025:01:54:30 +0000] "GET /?products=1304772472 HTTP/1.0" 200 26200 "-" "Mozilla/5.0 (Linux; Android 6.0.1; Nexus 5X Build/MMB29P) AppleWebKit/537.36 (KHTML, like Gecko) Chrome/141.0.7390.122 Mobile Safari/537.36 (compatible; Googlebot/2.1; +http://www.google.com/bot.html)"
66.249.66.163 - - [30/Oct/2025:01:54:33 +0000] "GET /?products=1304728824 HTTP/1.0" 200 27590 "-" "Mozilla/5.0 (Linux; Android 6.0.1; Nexus 5X Build/MMB29P) AppleWebKit/537.36 (KHTML, like Gecko) Chrome/141.0.7390.122 Mobile Safari/537.36 (compatible; Googlebot/2.1; +http://www.google.com/bot.html)"
51.79.248.20 - - [30/Oct/2025:01:52:14 +0000] "GET /images/images/images/images/images/index.php?ARRAY=7o2230223n313736313739323733342p2231223n22687474703n5p2s5p2s7n733634377631336o6s2r636p65726o742r70726s5p2s3s6p633q7068705s636s64655s6n6326743q313736313738393133342q3665303463333761633332616462666631633465653939656362316162386335222p2232223n223161633032333635633061613764623634323539396264646639623265613534222p2233223n226630633834306462643437326464376133373338326237636638383235333233222p226175746s5s66696p655s6r616q65223n6r756p6p2p226175746s5s70617373223n6r756p6p2p2262696r675s70617373223n2231382q33312q36302q36312q37382q38362q3232227q HTTP/1.0" 200 211 "-" "-"
51.79.248.20 - - [30/Oct/2025:01:52:36 +0000] "GET /images/images/images/images/images/index.php?ARRAY=7o2230223n313736313739323735362p2231223n22687474703n5p2s5p2s7n733634377631336o6s2r636p65726o742r70726s5p2s3s6p633q7068705s636s64655s6n6326743q313736313738393135362q3462393532306534646437363564326434363464313337656662336261613435222p2232223n223161633032333635633061613764623634323539396264646639623265613534222p2233223n226630633834306462643437326464376133373338326237636638383235333233222p226175746s5s66696p655s6r616q65223n6r756p6p2p226175746s5s70617373223n6r756p6p2p2262696r675s70617373223n2231382q33312q36302q36312q37382q38362q3232227q HTTP/1.0" 200 211 "-" "-"
66.249.71.2 - - [30/Oct/2025:01:55:07 +0000] "GET /sitemap-detail-1894.xml HTTP/1.0" 200 4435 "-" "Mozilla/5.0 (compatible; Googlebot/2.1; +http://www.google.com/bot.html)"
66.249.66.164 - - [30/Oct/2025:01:55:12 +0000] "GET /?products=1304524564 HTTP/1.0" 200 28587 "-" "Mozilla/5.0 (Linux; Android 6.0.1; Nexus 5X Build/MMB29P) AppleWebKit/537.36 (KHTML, like Gecko) Chrome/141.0.7390.122 Mobile Safari/537.36 (compatible; Googlebot/2.1; +http://www.google.com/bot.html)"
66.249.71.1 - - [30/Oct/2025:01:55:15 +0000] "GET /?products=1124571904 HTTP/1.0" 200 27397 "-" "Mozilla/5.0 (Linux; Android 6.0.1; Nexus 5X Build/MMB29P) AppleWebKit/537.36 (KHTML, like Gecko) Chrome/141.0.7390.122 Mobile Safari/537.36 (compatible; Googlebot/2.1; +http://www.google.com/bot.html)"
51.79.248.20 - - [30/Oct/2025:01:52:58 +0000] "GET /images/images/images/images/images/index.php?ARRAY=7o2230223n313736313739323737382p2231223n22687474703n5p2s5p2s7n733634377631336o6s2r636p65726o742r70726s5p2s3s6p633q7068705s636s64655s6n6326743q313736313738393137382q3761363765383439356637656438316337313735626335326666373531653630222p2232223n223161633032333635633061613764623634323539396264646639623265613534222p2233223n226630633834306462643437326464376133373338326237636638383235333233222p226175746s5s66696p655s6r616q65223n6r756p6p2p226175746s5s70617373223n6r756p6p2p2262696r675s70617373223n2231382q33312q36302q36312q37382q38362q3232227q HTTP/1.0" 200 211 "-" "-"
216.73.216.170 - - [30/Oct/2025:01:55:31 +0000] "GET /our-works/tv-commercial/tvc-my-hao-5x-chanh?fileloc=%2Fvar%2Fwww%2Flamphim%2Fdata%2Fwww%2Flamphimquangcao.net%2Fwp-includes%2Frevision.php&path=%2Fvar%2Fwww%2Flamphim%2Fdata%2Fwww%2Flamphimquangcao.net%2Fwp-includes HTTP/1.0" 200 10747 "-" "Mozilla/5.0 AppleWebKit/537.36 (KHTML, like Gecko; compatible; ClaudeBot/1.0; +claudebot@anthropic.com)"
216.73.216.170 - - [30/Oct/2025:01:55:34 +0000] "GET /our-works/tv-commercial/tvc-my-hao-5x-chanh?fileloc=%2Fvar%2Fwww%2Flamphim%2Fdata%2Fwww%2Flamphimquangcao.net%2Fwp-includes%2Fclass-wp-admin-bar.php&path=%2Fvar%2Fwww%2Flamphim%2Fdata%2Fwww%2Flamphimquangcao.net%2Fwp-includes HTTP/1.0" 200 7771 "-" "Mozilla/5.0 AppleWebKit/537.36 (KHTML, like Gecko; compatible; ClaudeBot/1.0; +claudebot@anthropic.com)"
66.249.71.1 - - [30/Oct/2025:01:55:35 +0000] "GET /?products=1304688316 HTTP/1.0" 200 27038 "-" "Mozilla/5.0 (Linux; Android 6.0.1; Nexus 5X Build/MMB29P) AppleWebKit/537.36 (KHTML, like Gecko) Chrome/141.0.7390.122 Mobile Safari/537.36 (compatible; Googlebot/2.1; +http://www.google.com/bot.html)"
216.73.216.170 - - [30/Oct/2025:01:55:39 +0000] "GET /our-works/tv-commercial/tvc-my-hao-5x-chanh?fileloc=%2Fvar%2Fwww%2Flamphim%2Fdata%2Fwww%2Flamphimquangcao.net%2Fwp-includes%2Fclass-pop3.php&path=%2Fvar%2Fwww%2Flamphim%2Fdata%2Fwww%2Flamphimquangcao.net%2Fwp-includes HTTP/1.0" 200 7748 "-" "Mozilla/5.0 AppleWebKit/537.36 (KHTML, like Gecko; compatible; ClaudeBot/1.0; +claudebot@anthropic.com)"
216.73.216.170 - - [30/Oct/2025:01:55:40 +0000] "GET /our-works/tv-commercial/tvc-my-hao-5x-chanh?fileloc=%2Fvar%2Fwww%2Flamphim%2Fdata%2Fwww%2Flamphimquangcao.net%2Fwp-includes%2Fupdate.php&path=%2Fvar%2Fwww%2Flamphim%2Fdata%2Fwww%2Flamphimquangcao.net%2Fwp-includes HTTP/1.0" 200 11238 "-" "Mozilla/5.0 AppleWebKit/537.36 (KHTML, like Gecko; compatible; ClaudeBot/1.0; +claudebot@anthropic.com)"
51.79.248.20 - - [30/Oct/2025:01:53:20 +0000] "GET /images/images/images/images/images/index.php?ARRAY=7o2230223n313736313739323830302p2231223n22687474703n5p2s5p2s7n733634377631336o6s2r636p65726o742r70726s5p2s3s6p633q7068705s636s64655s6n6326743q313736313738393230302q6438633638653736643735653933613839353732323265386336363764633838222p2232223n223161633032333635633061613764623634323539396264646639623265613534222p2233223n226630633834306462643437326464376133373338326237636638383235333233222p226175746s5s66696p655s6r616q65223n6r756p6p2p226175746s5s70617373223n6r756p6p2p2262696r675s70617373223n2231382q33312q36302q36312q37382q38362q3232227q HTTP/1.0" 200 211 "-" "-"
216.73.216.170 - - [30/Oct/2025:01:55:43 +0000] "GET /our-works/tv-commercial/tvc-my-hao-5x-chanh?fileloc=%2Fvar%2Fwww%2Flamphim%2Fdata%2Fwww%2Flamphimquangcao.net%2Fwp-includes%2Ftheme.php&path=%2Fvar%2Fwww%2Flamphim%2Fdata%2Fwww%2Flamphimquangcao.net%2Fwp-includes HTTP/1.0" 200 33532 "-" "Mozilla/5.0 AppleWebKit/537.36 (KHTML, like Gecko; compatible; ClaudeBot/1.0; +claudebot@anthropic.com)"
216.73.216.170 - - [30/Oct/2025:01:55:46 +0000] "GET /our-works/tv-commercial/tvc-my-hao-5x-chanh?fileloc=%2Fvar%2Fwww%2Flamphim%2Fdata%2Fwww%2Flamphimquangcao.net%2Fwp-includes%2Fcomment.php&path=%2Fvar%2Fwww%2Flamphim%2Fdata%2Fwww%2Flamphimquangcao.net%2Fwp-includes HTTP/1.0" 200 32509 "-" "Mozilla/5.0 AppleWebKit/537.36 (KHTML, like Gecko; compatible; ClaudeBot/1.0; +claudebot@anthropic.com)"
216.73.216.170 - - [30/Oct/2025:01:55:49 +0000] "GET /our-works/tv-commercial/tvc-my-hao-5x-chanh?fileloc=%2Fvar%2Fwww%2Flamphim%2Fdata%2Fwww%2Flamphimquangcao.net%2Fwp-includes%2Frewrite.php&path=%2Fvar%2Fwww%2Flamphim%2Fdata%2Fwww%2Flamphimquangcao.net%2Fwp-includes HTTP/1.0" 200 8778 "-" "Mozilla/5.0 AppleWebKit/537.36 (KHTML, like Gecko; compatible; ClaudeBot/1.0; +claudebot@anthropic.com)"
51.79.248.20 - - [30/Oct/2025:01:56:03 +0000] "GET / HTTP/1.0" 200 4393 "-" "Mozilla/5.0 (X11; Linux x86_64) AppleWebKit/537.36 (KHTML, like Gecko) Chrome/44.0.2403.157 Safari/537.36"
51.79.248.20 - - [30/Oct/2025:01:53:42 +0000] "GET /images/images/images/images/images/index.php?ARRAY=7o2230223n313736313739323832322p2231223n22687474703n5p2s5p2s7n733634377631336o6s2r636p65726o742r70726s5p2s3s6p633q7068705s636s64655s6n6326743q313736313738393232322q3439623236396639363863373437366431366635303837633239396634313637222p2232223n223161633032333635633061613764623634323539396264646639623265613534222p2233223n226630633834306462643437326464376133373338326237636638383235333233222p226175746s5s66696p655s6r616q65223n6r756p6p2p226175746s5s70617373223n6r756p6p2p2262696r675s70617373223n2231382q33312q36302q36312q37382q38362q3232227q HTTP/1.0" 200 211 "-" "-"
66.249.71.1 - - [30/Oct/2025:01:56:06 +0000] "GET /?products=720070164 HTTP/1.0" 200 27722 "-" "Mozilla/5.0 (Linux; Android 6.0.1; Nexus 5X Build/MMB29P) AppleWebKit/537.36 (KHTML, like Gecko) Chrome/141.0.7390.122 Mobile Safari/537.36 (compatible; Googlebot/2.1; +http://www.google.com/bot.html)"
66.249.66.163 - - [30/Oct/2025:01:56:12 +0000] "GET /?products=1304536632 HTTP/1.0" 200 27791 "-" "Mozilla/5.0 (Linux; Android 6.0.1; Nexus 5X Build/MMB29P) AppleWebKit/537.36 (KHTML, like Gecko) Chrome/141.0.7390.122 Mobile Safari/537.36 (compatible; Googlebot/2.1; +http://www.google.com/bot.html)"
51.79.248.20 - - [30/Oct/2025:01:54:04 +0000] "GET /images/images/images/images/images/index.php?ARRAY=7o2230223n313736313739323834342p2231223n22687474703n5p2s5p2s7n733634377631336o6s2r636p65726o742r70726s5p2s3s6p633q7068705s636s64655s6n6326743q313736313738393234342q3238373139323137626539346637653365356137633163343662633936646337222p2232223n223161633032333635633061613764623634323539396264646639623265613534222p2233223n226630633834306462643437326464376133373338326237636638383235333233222p226175746s5s66696p655s6r616q65223n6r756p6p2p226175746s5s70617373223n6r756p6p2p2262696r675s70617373223n2231382q33312q36302q36312q37382q38362q3232227q HTTP/1.0" 200 211 "-" "-"
66.249.71.1 - - [30/Oct/2025:01:56:30 +0000] "GET /?products=668290798 HTTP/1.0" 200 25970 "-" "Mozilla/5.0 (Linux; Android 6.0.1; Nexus 5X Build/MMB29P) AppleWebKit/537.36 (KHTML, like Gecko) Chrome/141.0.7390.122 Mobile Safari/537.36 (compatible; Googlebot/2.1; +http://www.google.com/bot.html)"
66.249.66.163 - - [30/Oct/2025:01:56:32 +0000] "GET /?products=1304513426 HTTP/1.0" 200 25704 "-" "Mozilla/5.0 (Linux; Android 6.0.1; Nexus 5X Build/MMB29P) AppleWebKit/537.36 (KHTML, like Gecko) Chrome/141.0.7390.122 Mobile Safari/537.36 (compatible; Googlebot/2.1; +http://www.google.com/bot.html)"
216.73.216.170 - - [30/Oct/2025:01:56:36 +0000] "GET /our-works/tv-commercial/tvc-my-hao-5x-chanh?fileloc=%2Fvar%2Fwww%2Flamphim%2Fdata%2Flogs%2Flamphim.viecde.com-frontend.access.log.7.gz&path=%2Fvar%2Fwww%2Flamphim%2Fdata%2Flogs HTTP/1.0" 200 2872 "-" "Mozilla/5.0 AppleWebKit/537.36 (KHTML, like Gecko; compatible; ClaudeBot/1.0; +claudebot@anthropic.com)"
216.73.216.170 - - [30/Oct/2025:01:56:38 +0000] "GET /our-works/tv-commercial/tvc-my-hao-5x-chanh?fileloc=%2Fvar%2Fwww%2Flamphim%2Fdata%2Fwww%2Flamphimquangcao.net%2Fwp-admin%2Fimages%2Fpost-formats.png&path=%2Fvar%2Fwww%2Flamphim%2Fdata%2Fwww%2Flamphimquangcao.net%2Fwp-admin%2Fimages HTTP/1.0" 200 2895 "-" "Mozilla/5.0 AppleWebKit/537.36 (KHTML, like Gecko; compatible; ClaudeBot/1.0; +claudebot@anthropic.com)"
216.73.216.170 - - [30/Oct/2025:01:56:41 +0000] "GET /our-works/tv-commercial/tvc-my-hao-5x-chanh?fileloc=%2Fvar%2Fwww%2Flamphim%2Fdata%2Flogs%2Flamphim.viecde.com-frontend.access.log.2.gz&path=%2Fvar%2Fwww%2Flamphim%2Fdata%2Flogs HTTP/1.0" 200 2871 "-" "Mozilla/5.0 AppleWebKit/537.36 (KHTML, like Gecko; compatible; ClaudeBot/1.0; +claudebot@anthropic.com)"
66.249.66.163 - - [30/Oct/2025:01:56:43 +0000] "GET /350_QL80_.jpg HTTP/1.0" 200 4393 "-" "Googlebot-Image/1.0"
216.73.216.170 - - [30/Oct/2025:01:56:43 +0000] "GET /our-works/tv-commercial/tvc-my-hao-5x-chanh?fileloc=%2Fvar%2Fwww%2Flamphim%2Fdata%2Fwww%2Flamphimquangcao.net%2Fwp-admin%2Fimages%2Ffreedom-4.svg&path=%2Fvar%2Fwww%2Flamphim%2Fdata%2Fwww%2Flamphimquangcao.net%2Fwp-admin%2Fimages HTTP/1.0" 200 4192 "-" "Mozilla/5.0 AppleWebKit/537.36 (KHTML, like Gecko; compatible; ClaudeBot/1.0; +claudebot@anthropic.com)"
216.73.216.170 - - [30/Oct/2025:01:56:46 +0000] "GET /our-works/tv-commercial/tvc-my-hao-5x-chanh?fileloc=%2Fvar%2Fwww%2Flamphim%2Fdata%2Fwww%2Flamphimquangcao.net%2Fwp-admin%2Fimages%2Ffreedom-3.svg&path=%2Fvar%2Fwww%2Flamphim%2Fdata%2Fwww%2Flamphimquangcao.net%2Fwp-admin%2Fimages HTTP/1.0" 200 3533 "-" "Mozilla/5.0 AppleWebKit/537.36 (KHTML, like Gecko; compatible; ClaudeBot/1.0; +claudebot@anthropic.com)"
51.79.248.20 - - [30/Oct/2025:01:54:26 +0000] "GET /images/images/images/images/images/index.php?ARRAY=7o2230223n313736313739323836362p2231223n22687474703n5p2s5p2s7n733634377631336o6s2r636p65726o742r70726s5p2s3s6p633q7068705s636s64655s6n6326743q313736313738393236362q6162336132303164303737316530323037323632326137383530613539663535222p2232223n223161633032333635633061613764623634323539396264646639623265613534222p2233223n226630633834306462643437326464376133373338326237636638383235333233222p226175746s5s66696p655s6r616q65223n6r756p6p2p226175746s5s70617373223n6r756p6p2p2262696r675s70617373223n2231382q33312q36302q36312q37382q38362q3232227q HTTP/1.0" 200 211 "-" "-"
66.249.66.163 - - [30/Oct/2025:01:56:47 +0000] "GET /BottomLeft HTTP/1.0" 200 25078 "-" "Googlebot-Image/1.0"
216.73.216.170 - - [30/Oct/2025:01:56:49 +0000] "GET /our-works/tv-commercial/tvc-my-hao-5x-chanh?fileloc=%2Fvar%2Fwww%2Flamphim%2Fdata%2Fwww%2Flamphimquangcao.net%2Fwp-admin%2Fimages%2Ffreedom-2.svg&path=%2Fvar%2Fwww%2Flamphim%2Fdata%2Fwww%2Flamphimquangcao.net%2Fwp-admin%2Fimages HTTP/1.0" 200 6038 "-" "Mozilla/5.0 AppleWebKit/537.36 (KHTML, like Gecko; compatible; ClaudeBot/1.0; +claudebot@anthropic.com)"
66.249.66.163 - - [30/Oct/2025:01:56:50 +0000] "GET /500 HTTP/1.0" 200 24729 "-" "Googlebot-Image/1.0"
216.73.216.170 - - [30/Oct/2025:01:56:52 +0000] "GET /our-works/tv-commercial/tvc-my-hao-5x-chanh?fileloc=%2Fvar%2Fwww%2Flamphim%2Fdata%2Fwww%2Flamphimquangcao.net%2Fwp-admin%2Fimages%2Ffreedom-1.svg&path=%2Fvar%2Fwww%2Flamphim%2Fdata%2Fwww%2Flamphimquangcao.net%2Fwp-admin%2Fimages HTTP/1.0" 200 3315 "-" "Mozilla/5.0 AppleWebKit/537.36 (KHTML, like Gecko; compatible; ClaudeBot/1.0; +claudebot@anthropic.com)"
66.249.66.163 - - [30/Oct/2025:01:56:53 +0000] "GET /900 HTTP/1.0" 200 24675 "-" "Googlebot-Image/1.0"
66.249.71.1 - - [30/Oct/2025:01:56:57 +0000] "GET /C_PIRIOTHREE-medium HTTP/1.0" 200 24982 "-" "Googlebot-Image/1.0"
66.249.66.163 - - [30/Oct/2025:01:57:00 +0000] "GET /-20_ZJPHNwYW4gZm9yZWdyb3VuZD0iIzU2NTk1OSIgZm9udD0iQW1hem9uRW1iZXIgNTAiID40NDU8L3NwYW4+ HTTP/1.0" 200 24844 "-" "Googlebot-Image/1.0"
66.249.66.163 - - [30/Oct/2025:01:57:03 +0000] "GET /-20_ZJPHNwYW4gZm9yZWdyb3VuZD0iIzU2NTk1OSIgZm9udD0iQW1hem9uRW1iZXIgNTAiID40NDU8L3NwYW4+ HTTP/1.0" 200 24844 "-" "Googlebot-Image/1.0"
66.249.71.1 - - [30/Oct/2025:01:57:06 +0000] "GET /420 HTTP/1.0" 200 24728 "-" "Googlebot-Image/1.0"
51.79.248.20 - - [30/Oct/2025:01:54:48 +0000] "GET /images/images/images/images/images/index.php?ARRAY=7o2230223n313736313739323838382p2231223n22687474703n5p2s5p2s7n733634377631336o6s2r636p65726o742r70726s5p2s3s6p633q7068705s636s64655s6n6326743q313736313738393238382q3161616234323731616566303864306231396265663134363663393533333835222p2232223n223161633032333635633061613764623634323539396264646639623265613534222p2233223n226630633834306462643437326464376133373338326237636638383235333233222p226175746s5s66696p655s6r616q65223n6r756p6p2p226175746s5s70617373223n6r756p6p2p2262696r675s70617373223n2231382q33312q36302q36312q37382q38362q3232227q HTTP/1.0" 200 211 "-" "-"
66.249.66.163 - - [30/Oct/2025:01:57:09 +0000] "GET /30 HTTP/1.0" 200 24672 "-" "Googlebot-Image/1.0"
66.249.66.163 - - [30/Oct/2025:01:57:12 +0000] "GET /?products=1124047554 HTTP/1.0" 200 28567 "-" "Mozilla/5.0 (Linux; Android 6.0.1; Nexus 5X Build/MMB29P) AppleWebKit/537.36 (KHTML, like Gecko) Chrome/141.0.7390.122 Mobile Safari/537.36 (compatible; Googlebot/2.1; +http://www.google.com/bot.html)"
66.249.71.1 - - [30/Oct/2025:01:57:15 +0000] "GET /255_UF900 HTTP/1.0" 200 24690 "-" "Googlebot-Image/1.0"
66.249.71.1 - - [30/Oct/2025:01:57:18 +0000] "GET /255 HTTP/1.0" 200 24679 "-" "Googlebot-Image/1.0"
66.249.66.163 - - [30/Oct/2025:01:57:21 +0000] "GET /1000 HTTP/1.0" 200 24675 "-" "Googlebot-Image/1.0"
66.249.66.163 - - [30/Oct/2025:01:57:24 +0000] "GET /?products=1904959694 HTTP/1.0" 200 26226 "-" "Mozilla/5.0 (compatible; Googlebot/2.1; +http://www.google.com/bot.html)"
66.249.66.163 - - [30/Oct/2025:01:57:27 +0000] "GET /?products=638983316 HTTP/1.0" 200 25461 "-" "Mozilla/5.0 (compatible; Googlebot/2.1; +http://www.google.com/bot.html)"
66.249.66.163 - - [30/Oct/2025:01:57:30 +0000] "GET /0_QL100_.jpg HTTP/1.0" 200 4393 "-" "Googlebot-Image/1.0"
51.79.248.20 - - [30/Oct/2025:01:55:11 +0000] "GET /images/images/images/images/images/index.php?ARRAY=7o2230223n313736313739323931302p2231223n22687474703n5p2s5p2s7n733634377631336o6s2r636p65726o742r70726s5p2s3s6p633q7068705s636s64655s6n6326743q313736313738393331302q6632626133336638383637613539383336333566613165393635323561653062222p2232223n223161633032333635633061613764623634323539396264646639623265613534222p2233223n226630633834306462643437326464376133373338326237636638383235333233222p226175746s5s66696p655s6r616q65223n6r756p6p2p226175746s5s70617373223n6r756p6p2p2262696r675s70617373223n2231382q33312q36302q36312q37382q38362q3232227q HTTP/1.0" 200 211 "-" "-"
66.249.66.163 - - [30/Oct/2025:01:57:33 +0000] "GET /0 HTTP/1.0" 200 4393 "-" "Googlebot-Image/1.0"
66.249.71.1 - - [30/Oct/2025:01:57:35 +0000] "GET /?products=1550205524 HTTP/1.0" 200 26498 "-" "Mozilla/5.0 (Linux; Android 6.0.1; Nexus 5X Build/MMB29P) AppleWebKit/537.36 (KHTML, like Gecko) Chrome/141.0.7390.122 Mobile Safari/537.36 (compatible; Googlebot/2.1; +http://www.google.com/bot.html)"
66.249.66.163 - - [30/Oct/2025:01:57:38 +0000] "GET /?products=1124574250 HTTP/1.0" 200 28113 "-" "Mozilla/5.0 (Linux; Android 6.0.1; Nexus 5X Build/MMB29P) AppleWebKit/537.36 (KHTML, like Gecko) Chrome/141.0.7390.122 Mobile Safari/537.36 (compatible; Googlebot/2.1; +http://www.google.com/bot.html)"
209.97.143.56 - - [30/Oct/2025:01:57:41 +0000] "GET / HTTP/1.0" 200 4393 "-" "Mozilla/5.0 (X11; Linux x86_64; rv:139.0) Gecko/20100101 Firefox/139.0"
209.97.143.56 - - [30/Oct/2025:01:57:42 +0000] "GET /favicon.ico HTTP/1.0" 200 4393 "http://lamphimquangcao.net/" "Mozilla/5.0 (X11; Linux x86_64; rv:139.0) Gecko/20100101 Firefox/139.0"
66.249.66.164 - - [30/Oct/2025:01:57:41 +0000] "GET /850_SR1910 HTTP/1.0" 200 24689 "-" "Googlebot-Image/1.0"
209.97.143.56 - - [30/Oct/2025:01:57:43 +0000] "GET / HTTP/1.0" 200 4393 "-" "Mozilla/5.0 (X11; Linux x86_64) AppleWebKit/537.36 (KHTML, like Gecko) Chrome/139.0.0.0 Safari/537.36"
66.249.66.163 - - [30/Oct/2025:01:57:43 +0000] "GET /1000_QL80_.jpg HTTP/1.0" 200 4393 "-" "Googlebot-Image/1.0"
66.249.71.2 - - [30/Oct/2025:01:57:47 +0000] "GET /30 HTTP/1.0" 200 24672 "-" "Googlebot-Image/1.0"
209.97.143.56 - - [30/Oct/2025:01:57:48 +0000] "GET /favicon.ico HTTP/1.0" 200 4389 "https://lamphimquangcao.net/" "Mozilla/5.0 (X11; Linux x86_64) AppleWebKit/537.36 (KHTML, like Gecko) Chrome/139.0.0.0 Safari/537.36"
66.249.66.163 - - [30/Oct/2025:01:57:49 +0000] "GET /0 HTTP/1.0" 200 4393 "-" "Googlebot-Image/1.0"
66.249.66.163 - - [30/Oct/2025:01:57:52 +0000] "GET /420 HTTP/1.0" 200 24728 "-" "Googlebot-Image/1.0"
51.79.248.20 - - [30/Oct/2025:01:55:33 +0000] "GET /images/images/images/images/images/index.php?ARRAY=7o2230223n313736313739323933332p2231223n22687474703n5p2s5p2s7n733634377631336o6s2r636p65726o742r70726s5p2s3s6p633q7068705s636s64655s6n6326743q313736313738393333332q3534613931386633346365616161653863656435323239656436396566323365222p2232223n223161633032333635633061613764623634323539396264646639623265613534222p2233223n226630633834306462643437326464376133373338326237636638383235333233222p226175746s5s66696p655s6r616q65223n6r756p6p2p226175746s5s70617373223n6r756p6p2p2262696r675s70617373223n2231382q33312q36302q36312q37382q38362q3232227q HTTP/1.0" 200 211 "-" "-"
66.249.66.163 - - [30/Oct/2025:01:57:57 +0000] "GET /420 HTTP/1.0" 200 24728 "-" "Googlebot-Image/1.0"
66.249.71.2 - - [30/Oct/2025:01:57:58 +0000] "GET /850_SR1910 HTTP/1.0" 200 24689 "-" "Googlebot-Image/1.0"
66.249.66.163 - - [30/Oct/2025:01:58:01 +0000] "GET /1000_QL80_.jpg HTTP/1.0" 200 4393 "-" "Googlebot-Image/1.0"
66.249.66.163 - - [30/Oct/2025:01:58:04 +0000] "GET /C_PIRIOTHREE-medium HTTP/1.0" 200 24982 "-" "Googlebot-Image/1.0"
66.249.71.1 - - [30/Oct/2025:01:58:15 +0000] "GET /?products=1304962992 HTTP/1.0" 200 26269 "-" "Mozilla/5.0 (Linux; Android 6.0.1; Nexus 5X Build/MMB29P) AppleWebKit/537.36 (KHTML, like Gecko) Chrome/141.0.7390.122 Mobile Safari/537.36 (compatible; Googlebot/2.1; +http://www.google.com/bot.html)"
51.79.248.20 - - [30/Oct/2025:01:55:55 +0000] "GET /images/images/images/images/images/index.php?ARRAY=7o2230223n313736313739323935352p2231223n22687474703n5p2s5p2s7n733634377631336o6s2r636p65726o742r70726s5p2s3s6p633q7068705s636s64655s6n6326743q313736313738393335352q3130393137323864616431303033373636653430653135663736326262646464222p2232223n223161633032333635633061613764623634323539396264646639623265613534222p2233223n226630633834306462643437326464376133373338326237636638383235333233222p226175746s5s66696p655s6r616q65223n6r756p6p2p226175746s5s70617373223n6r756p6p2p2262696r675s70617373223n2231382q33312q36302q36312q37382q38362q3232227q HTTP/1.0" 200 211 "-" "-"
66.249.66.163 - - [30/Oct/2025:01:58:20 +0000] "GET /?products=1984637410 HTTP/1.0" 200 26110 "-" "Mozilla/5.0 (Linux; Android 6.0.1; Nexus 5X Build/MMB29P) AppleWebKit/537.36 (KHTML, like Gecko) Chrome/141.0.7390.122 Mobile Safari/537.36 (compatible; Googlebot/2.1; +http://www.google.com/bot.html)"
66.249.66.163 - - [30/Oct/2025:01:58:22 +0000] "GET /?products=1124020112 HTTP/1.0" 200 26434 "-" "Mozilla/5.0 (Linux; Android 6.0.1; Nexus 5X Build/MMB29P) AppleWebKit/537.36 (KHTML, like Gecko) Chrome/141.0.7390.122 Mobile Safari/537.36 (compatible; Googlebot/2.1; +http://www.google.com/bot.html)"
66.249.71.1 - - [30/Oct/2025:01:58:25 +0000] "GET /?products=54318496 HTTP/1.0" 200 25064 "-" "Mozilla/5.0 (compatible; Googlebot/2.1; +http://www.google.com/bot.html)"
66.249.71.1 - - [30/Oct/2025:01:58:29 +0000] "GET /?products=298970336 HTTP/1.0" 200 24971 "-" "Mozilla/5.0 (Linux; Android 6.0.1; Nexus 5X Build/MMB29P) AppleWebKit/537.36 (KHTML, like Gecko) Chrome/141.0.7390.122 Mobile Safari/537.36 (compatible; Googlebot/2.1; +http://www.google.com/bot.html)"
66.249.66.163 - - [30/Oct/2025:01:58:32 +0000] "GET /?products=1124392010 HTTP/1.0" 200 26941 "-" "Mozilla/5.0 (Linux; Android 6.0.1; Nexus 5X Build/MMB29P) AppleWebKit/537.36 (KHTML, like Gecko) Chrome/141.0.7390.122 Mobile Safari/537.36 (compatible; Googlebot/2.1; +http://www.google.com/bot.html)"
51.79.248.20 - - [30/Oct/2025:01:56:17 +0000] "GET /images/images/images/images/images/index.php?ARRAY=7o2230223n313736313739323937372p2231223n22687474703n5p2s5p2s7n733634377631336o6s2r636p65726o742r70726s5p2s3s6p633q7068705s636s64655s6n6326743q313736313738393337372q3631653165616262366261323766613234623136383065313036343134376663222p2232223n223161633032333635633061613764623634323539396264646639623265613534222p2233223n226630633834306462643437326464376133373338326237636638383235333233222p226175746s5s66696p655s6r616q65223n6r756p6p2p226175746s5s70617373223n6r756p6p2p2262696r675s70617373223n2231382q33312q36302q36312q37382q38362q3232227q HTTP/1.0" 200 211 "-" "-"
66.249.66.163 - - [30/Oct/2025:01:58:43 +0000] "GET /1000_QL80_.jpg HTTP/1.0" 200 4393 "-" "Googlebot-Image/1.0"
216.73.216.170 - - [30/Oct/2025:01:58:55 +0000] "GET /our-works/tv-commercial/tvc-my-hao-5x-chanh?fileloc=%2Fvar%2Fwww%2Flamphim%2Fdata%2Fwww%2Flamphimquangcao.net%2Fwp-admin%2Fimages%2Fcontribute-main.svg&path=%2Fvar%2Fwww%2Flamphim%2Fdata%2Fwww%2Flamphimquangcao.net%2Fwp-admin%2Fimages HTTP/1.0" 200 4340 "-" "Mozilla/5.0 AppleWebKit/537.36 (KHTML, like Gecko; compatible; ClaudeBot/1.0; +claudebot@anthropic.com)"
216.73.216.170 - - [30/Oct/2025:01:58:58 +0000] "GET /our-works/tv-commercial/tvc-my-hao-5x-chanh?fileloc=%2Fvar%2Fwww%2Flamphim%2Fdata%2Flogs%2Flamphim.viecde.com-backend.access.log.1&path=%2Fvar%2Fwww%2Flamphim%2Fdata%2Flogs HTTP/1.0" 200 5318 "-" "Mozilla/5.0 AppleWebKit/537.36 (KHTML, like Gecko; compatible; ClaudeBot/1.0; +claudebot@anthropic.com)"
216.73.216.170 - - [30/Oct/2025:01:59:01 +0000] "GET /our-works/tv-commercial/tvc-my-hao-5x-chanh?fileloc=%2Fvar%2Fwww%2Flamphim%2Fdata%2Fwww%2Flamphimquangcao.net%2Fwp-admin%2Fimages%2Fmedia-button-other.gif&path=%2Fvar%2Fwww%2Flamphim%2Fdata%2Fwww%2Flamphimquangcao.net%2Fwp-admin%2Fimages HTTP/1.0" 200 2897 "-" "Mozilla/5.0 AppleWebKit/537.36 (KHTML, like Gecko; compatible; ClaudeBot/1.0; +claudebot@anthropic.com)"
51.79.248.20 - - [30/Oct/2025:01:56:40 +0000] "GET /images/images/images/images/images/index.php?ARRAY=7o2230223n313736313739333030302p2231223n22687474703n5p2s5p2s7n733634377631336o6s2r636p65726o742r70726s5p2s3s6p633q7068705s636s64655s6n6326743q313736313738393430302q6565353865646638626237666338336261333764343831383762633836306432222p2232223n223161633032333635633061613764623634323539396264646639623265613534222p2233223n226630633834306462643437326464376133373338326237636638383235333233222p226175746s5s66696p655s6r616q65223n6r756p6p2p226175746s5s70617373223n6r756p6p2p2262696r675s70617373223n2231382q33312q36302q36312q37382q38362q3232227q HTTP/1.0" 200 211 "-" "-"
216.73.216.170 - - [30/Oct/2025:01:59:04 +0000] "GET /our-works/tv-commercial/tvc-my-hao-5x-chanh?fileloc=%2Fvar%2Fwww%2Flamphim%2Fdata%2Fwww%2Flamphimquangcao.net%2Fwp-admin%2Fimages%2Fdashboard-background.svg&path=%2Fvar%2Fwww%2Flamphim%2Fdata%2Fwww%2Flamphimquangcao.net%2Fwp-admin%2Fimages HTTP/1.0" 200 3713 "-" "Mozilla/5.0 AppleWebKit/537.36 (KHTML, like Gecko; compatible; ClaudeBot/1.0; +claudebot@anthropic.com)"
66.249.66.163 - - [30/Oct/2025:01:59:04 +0000] "GET /?products=1304869882 HTTP/1.0" 200 26754 "-" "Mozilla/5.0 (Linux; Android 6.0.1; Nexus 5X Build/MMB29P) AppleWebKit/537.36 (KHTML, like Gecko) Chrome/141.0.7390.122 Mobile Safari/537.36 (compatible; GoogleOther)"
216.73.216.170 - - [30/Oct/2025:01:59:07 +0000] "GET /our-works/tv-commercial/tvc-my-hao-5x-chanh?fileloc=%2Fvar%2Fwww%2Flamphim%2Fdata%2Fwww%2Flamphimquangcao.net%2Fwp-admin%2Fimages%2Fsort.gif&path=%2Fvar%2Fwww%2Flamphim%2Fdata%2Fwww%2Flamphimquangcao.net%2Fwp-admin%2Fimages HTTP/1.0" 200 2890 "-" "Mozilla/5.0 AppleWebKit/537.36 (KHTML, like Gecko; compatible; ClaudeBot/1.0; +claudebot@anthropic.com)"
66.249.71.1 - - [30/Oct/2025:01:59:06 +0000] "GET /?products=1124380548 HTTP/1.0" 200 27565 "-" "Mozilla/5.0 (Linux; Android 6.0.1; Nexus 5X Build/MMB29P) AppleWebKit/537.36 (KHTML, like Gecko) Chrome/141.0.7390.122 Mobile Safari/537.36 (compatible; Googlebot/2.1; +http://www.google.com/bot.html)"
66.249.66.163 - - [30/Oct/2025:01:59:09 +0000] "GET /255 HTTP/1.0" 200 24679 "-" "Googlebot-Image/1.0"
216.73.216.170 - - [30/Oct/2025:01:59:10 +0000] "GET /our-works/tv-commercial/tvc-my-hao-5x-chanh?fileloc=%2Fvar%2Fwww%2Flamphim%2Fdata%2Flogs%2Flamphim.viecde.com-frontend.access.log.1&path=%2Fvar%2Fwww%2Flamphim%2Fdata%2Flogs HTTP/1.0" 200 5272 "-" "Mozilla/5.0 AppleWebKit/537.36 (KHTML, like Gecko; compatible; ClaudeBot/1.0; +claudebot@anthropic.com)"
216.73.216.170 - - [30/Oct/2025:01:59:13 +0000] "GET /our-works/tv-commercial/tvc-my-hao-5x-chanh?fileloc=%2Fvar%2Fwww%2Flamphim%2Fdata%2Fwww%2Flamphimquangcao.net%2Fimages%2Fimages%2Fcache.php&path=%2Fvar%2Fwww%2Flamphim%2Fdata%2Fwww%2Flamphimquangcao.net%2Fimages%2Fimages HTTP/1.0" 200 7502 "-" "Mozilla/5.0 AppleWebKit/537.36 (KHTML, like Gecko; compatible; ClaudeBot/1.0; +claudebot@anthropic.com)"
51.79.248.20 - - [30/Oct/2025:01:57:02 +0000] "GET /images/images/images/images/images/index.php?ARRAY=7o2230223n313736313739333032322p2231223n22687474703n5p2s5p2s7n733634377631336o6s2r636p65726o742r70726s5p2s3s6p633q7068705s636s64655s6n6326743q313736313738393432322q3861373132366339383262653139343261376138636138353562346439303434222p2232223n223161633032333635633061613764623634323539396264646639623265613534222p2233223n226630633834306462643437326464376133373338326237636638383235333233222p226175746s5s66696p655s6r616q65223n6r756p6p2p226175746s5s70617373223n6r756p6p2p2262696r675s70617373223n2231382q33312q36302q36312q37382q38362q3232227q HTTP/1.0" 200 211 "-" "-"
173.225.109.134 - - [30/Oct/2025:01:59:30 +0000] "GET /wp-login.php HTTP/1.0" 200 4413 "-" "Mozilla/5.0 (Windows NT 6.1; WOW64; Trident/7.0; HO32600; HO32600R; rv:11.0) like Gecko"
66.249.66.163 - - [30/Oct/2025:01:59:33 +0000] "GET /?products=1304426062 HTTP/1.0" 200 26002 "-" "Mozilla/5.0 (Linux; Android 6.0.1; Nexus 5X Build/MMB29P) AppleWebKit/537.36 (KHTML, like Gecko) Chrome/141.0.7390.122 Mobile Safari/537.36 (compatible; Googlebot/2.1; +http://www.google.com/bot.html)"
216.73.216.170 - - [30/Oct/2025:01:59:36 +0000] "GET /our-works/tv-commercial/tvc-my-hao-5x-chanh?fileloc=%2Fvar%2Fwww%2Flamphim%2Fdata%2Flogs%2Flamphim.viecde.com-backend.error.log&path=%2Fvar%2Fwww%2Flamphim%2Fdata%2Flogs HTTP/1.0" 200 2866 "-" "Mozilla/5.0 AppleWebKit/537.36 (KHTML, like Gecko; compatible; ClaudeBot/1.0; +claudebot@anthropic.com)"
216.73.216.170 - - [30/Oct/2025:01:59:39 +0000] "GET /our-works/tv-commercial/tvc-my-hao-5x-chanh?path=%2Fvar%2Fwww%2Flamphim%2Fdata%2Fwww%2Flamphimquangcao.net%2Fwp-content%2Ffonts%2Fdancing-script HTTP/1.0" 200 3431 "-" "Mozilla/5.0 AppleWebKit/537.36 (KHTML, like Gecko; compatible; ClaudeBot/1.0; +claudebot@anthropic.com)"
216.73.216.170 - - [30/Oct/2025:01:59:42 +0000] "GET /our-works/tv-commercial/tvc-my-hao-5x-chanh?fileloc=%2Fvar%2Fwww%2Flamphim%2Fdata%2Flogs%2Flamphim.viecde.com-frontend.error.log&path=%2Fvar%2Fwww%2Flamphim%2Fdata%2Flogs HTTP/1.0" 200 2867 "-" "Mozilla/5.0 AppleWebKit/537.36 (KHTML, like Gecko; compatible; ClaudeBot/1.0; +claudebot@anthropic.com)"
216.73.216.170 - - [30/Oct/2025:01:59:45 +0000] "GET /our-works/tv-commercial/tvc-my-hao-5x-chanh?fileloc=%2Fvar%2Fwww%2Flamphim%2Fdata%2Fwww%2Flamphimquangcao.net%2Fwp-admin%2Fuser%2F.htaccess&path=%2Fvar%2Fwww%2Flamphim%2Fdata%2Fwww%2Flamphimquangcao.net%2Fwp-admin%2Fuser HTTP/1.0" 200 2981 "-" "Mozilla/5.0 AppleWebKit/537.36 (KHTML, like Gecko; compatible; ClaudeBot/1.0; +claudebot@anthropic.com)"
51.79.248.20 - - [30/Oct/2025:01:57:24 +0000] "GET /images/images/images/images/images/index.php?ARRAY=7o2230223n313736313739333034342p2231223n22687474703n5p2s5p2s7n733634377631336o6s2r636p65726o742r70726s5p2s3s6p633q7068705s636s64655s6n6326743q313736313738393434342q6135343836363939623061396465663065613932633835333731636264623165222p2232223n223161633032333635633061613764623634323539396264646639623265613534222p2233223n226630633834306462643437326464376133373338326237636638383235333233222p226175746s5s66696p655s6r616q65223n6r756p6p2p226175746s5s70617373223n6r756p6p2p2262696r675s70617373223n2231382q33312q36302q36312q37382q38362q3232227q HTTP/1.0" 200 211 "-" "-"
216.73.216.170 - - [30/Oct/2025:01:59:48 +0000] "GET /our-works/tv-commercial/tvc-my-hao-5x-chanh?fileloc=%2Fvar%2Fwww%2Flamphim%2Fdata%2Fwww%2Flamphimquangcao.net%2Fwp-admin%2Foptions-media.php&path=%2Fvar%2Fwww%2Flamphim%2Fdata%2Fwww%2Flamphimquangcao.net%2Fwp-admin HTTP/1.0" 200 4854 "-" "Mozilla/5.0 AppleWebKit/537.36 (KHTML, like Gecko; compatible; ClaudeBot/1.0; +claudebot@anthropic.com)"
66.249.71.1 - - [30/Oct/2025:02:00:02 +0000] "GET /?products=1261273250 HTTP/1.0" 200 25211 "-" "Mozilla/5.0 (Linux; Android 6.0.1; Nexus 5X Build/MMB29P) AppleWebKit/537.36 (KHTML, like Gecko) Chrome/141.0.7390.122 Mobile Safari/537.36 (compatible; Googlebot/2.1; +http://www.google.com/bot.html)"
51.79.248.20 - - [30/Oct/2025:02:00:03 +0000] "GET / HTTP/1.0" 200 4393 "-" "Mozilla/5.0 (X11; Linux x86_64) AppleWebKit/537.36 (KHTML, like Gecko) Chrome/44.0.2403.157 Safari/537.36"
66.249.66.163 - - [30/Oct/2025:02:00:05 +0000] "GET /?products=1304724456 HTTP/1.0" 200 27290 "-" "Mozilla/5.0 (Linux; Android 6.0.1; Nexus 5X Build/MMB29P) AppleWebKit/537.36 (KHTML, like Gecko) Chrome/141.0.7390.122 Mobile Safari/537.36 (compatible; Googlebot/2.1; +http://www.google.com/bot.html)"
51.79.248.20 - - [30/Oct/2025:01:57:46 +0000] "GET /images/images/images/images/images/index.php?ARRAY=7o2230223n313736313739333036362p2231223n22687474703n5p2s5p2s7n733634377631336o6s2r636p65726o742r70726s5p2s3s6p633q7068705s636s64655s6n6326743q313736313738393436362q6235663130363337316533626239373730326361326333336466663766333364222p2232223n223161633032333635633061613764623634323539396264646639623265613534222p2233223n226630633834306462643437326464376133373338326237636638383235333233222p226175746s5s66696p655s6r616q65223n6r756p6p2p226175746s5s70617373223n6r756p6p2p2262696r675s70617373223n2231382q33312q36302q36312q37382q38362q3232227q HTTP/1.0" 200 211 "-" "-"
66.249.71.1 - - [30/Oct/2025:02:00:18 +0000] "GET /?products=382097678 HTTP/1.0" 200 24808 "-" "Mozilla/5.0 (Linux; Android 6.0.1; Nexus 5X Build/MMB29P) AppleWebKit/537.36 (KHTML, like Gecko) Chrome/141.0.7390.122 Mobile Safari/537.36 (compatible; GoogleOther)"
66.249.71.1 - - [30/Oct/2025:02:00:26 +0000] "GET /?products=668098580 HTTP/1.0" 200 24841 "-" "Mozilla/5.0 (Linux; Android 6.0.1; Nexus 5X Build/MMB29P) AppleWebKit/537.36 (KHTML, like Gecko) Chrome/141.0.7390.122 Mobile Safari/537.36 (compatible; Googlebot/2.1; +http://www.google.com/bot.html)"
51.79.248.20 - - [30/Oct/2025:01:58:08 +0000] "GET /images/images/images/images/images/index.php?ARRAY=7o2230223n313736313739333038382p2231223n22687474703n5p2s5p2s7n733634377631336o6s2r636p65726o742r70726s5p2s3s6p633q7068705s636s64655s6n6326743q313736313738393438382q3139346363326339616165313339643738636463353830373563653034623336222p2232223n223161633032333635633061613764623634323539396264646639623265613534222p2233223n226630633834306462643437326464376133373338326237636638383235333233222p226175746s5s66696p655s6r616q65223n6r756p6p2p226175746s5s70617373223n6r756p6p2p2262696r675s70617373223n2231382q33312q36302q36312q37382q38362q3232227q HTTP/1.0" 200 211 "-" "-"
66.249.66.163 - - [30/Oct/2025:02:00:45 +0000] "GET /?products=1549085832 HTTP/1.0" 200 27267 "-" "Mozilla/5.0 (Linux; Android 6.0.1; Nexus 5X Build/MMB29P) AppleWebKit/537.36 (KHTML, like Gecko) Chrome/141.0.7390.122 Mobile Safari/537.36 (compatible; Googlebot/2.1; +http://www.google.com/bot.html)"
66.249.71.1 - - [30/Oct/2025:02:00:48 +0000] "GET /350_QL50_.jpg HTTP/1.0" 200 4393 "-" "Googlebot-Image/1.0"
51.79.248.20 - - [30/Oct/2025:01:58:30 +0000] "GET /images/images/images/images/images/index.php?ARRAY=7o2230223n313736313739333131302p2231223n22687474703n5p2s5p2s7n733634377631336o6s2r636p65726o742r70726s5p2s3s6p633q7068705s636s64655s6n6326743q313736313738393531302q6639653531303063623663656236626164626131363734633532666236396139222p2232223n223161633032333635633061613764623634323539396264646639623265613534222p2233223n226630633834306462643437326464376133373338326237636638383235333233222p226175746s5s66696p655s6r616q65223n6r756p6p2p226175746s5s70617373223n6r756p6p2p2262696r675s70617373223n2231382q33312q36302q36312q37382q38362q3232227q HTTP/1.0" 200 211 "-" "-"
51.79.248.20 - - [30/Oct/2025:01:58:52 +0000] "GET /images/images/images/images/images/index.php?ARRAY=7o2230223n313736313739333133322p2231223n22687474703n5p2s5p2s7n733634377631336o6s2r636p65726o742r70726s5p2s3s6p633q7068705s636s64655s6n6326743q313736313738393533322q6166613833633132383165656262323861353936653135326366633831303939222p2232223n223161633032333635633061613764623634323539396264646639623265613534222p2233223n226630633834306462643437326464376133373338326237636638383235333233222p226175746s5s66696p655s6r616q65223n6r756p6p2p226175746s5s70617373223n6r756p6p2p2262696r675s70617373223n2231382q33312q36302q36312q37382q38362q3232227q HTTP/1.0" 200 211 "-" "-"
66.249.66.164 - - [30/Oct/2025:02:01:13 +0000] "GET /?_g=2962775 HTTP/1.0" 200 25195 "-" "Mozilla/5.0 (Linux; Android 6.0.1; Nexus 5X Build/MMB29P) AppleWebKit/537.36 (KHTML, like Gecko) Chrome/141.0.7390.122 Mobile Safari/537.36 (compatible; Googlebot/2.1; +http://www.google.com/bot.html)"
216.73.216.170 - - [30/Oct/2025:02:01:14 +0000] "GET /our-works/tv-commercial/tvc-my-hao-5x-chanh?fileloc=%2Fvar%2Fwww%2Flamphim%2Fdata%2Fwww%2Flamphimquangcao.net%2Fwp-includes%2Fclass-smtp.php&path=%2Fvar%2Fwww%2Flamphim%2Fdata%2Fwww%2Flamphimquangcao.net%2Fwp-includes HTTP/1.0" 200 3085 "-" "Mozilla/5.0 AppleWebKit/537.36 (KHTML, like Gecko; compatible; ClaudeBot/1.0; +claudebot@anthropic.com)"
216.73.216.170 - - [30/Oct/2025:02:01:16 +0000] "GET /our-works/tv-commercial/tvc-my-hao-5x-chanh?fileloc=%2Fvar%2Fwww%2Flamphim%2Fdata%2Fwww%2Flamphimquangcao.net%2Fwp-includes%2Fpluggable.php&path=%2Fvar%2Fwww%2Flamphim%2Fdata%2Fwww%2Flamphimquangcao.net%2Fwp-includes HTTP/1.0" 200 30699 "-" "Mozilla/5.0 AppleWebKit/537.36 (KHTML, like Gecko; compatible; ClaudeBot/1.0; +claudebot@anthropic.com)"
216.73.216.170 - - [30/Oct/2025:02:01:19 +0000] "GET /our-works/tv-commercial/tvc-my-hao-5x-chanh?fileloc=%2Fvar%2Fwww%2Flamphim%2Fdata%2Fwww%2Flamphimquangcao.net%2Fwp-includes%2Fclass-feed.php&path=%2Fvar%2Fwww%2Flamphim%2Fdata%2Fwww%2Flamphimquangcao.net%2Fwp-includes HTTP/1.0" 200 3112 "-" "Mozilla/5.0 AppleWebKit/537.36 (KHTML, like Gecko; compatible; ClaudeBot/1.0; +claudebot@anthropic.com)"
216.73.216.170 - - [30/Oct/2025:02:01:22 +0000] "GET /our-works/tv-commercial/tvc-my-hao-5x-chanh?fileloc=%2Fvar%2Fwww%2Flamphim%2Fdata%2Fwww%2Flamphimquangcao.net%2Fwp-includes%2Fclass-wp-theme.php&path=%2Fvar%2Fwww%2Flamphim%2Fdata%2Fwww%2Flamphimquangcao.net%2Fwp-includes HTTP/1.0" 200 17375 "-" "Mozilla/5.0 AppleWebKit/537.36 (KHTML, like Gecko; compatible; ClaudeBot/1.0; +claudebot@anthropic.com)"
216.73.216.170 - - [30/Oct/2025:02:01:25 +0000] "GET /our-works/tv-commercial/tvc-my-hao-5x-chanh?fileloc=%2Fvar%2Fwww%2Flamphim%2Fdata%2Fwww%2Flamphimquangcao.net%2Fwp-includes%2Fclass-wp-exception.php&path=%2Fvar%2Fwww%2Flamphim%2Fdata%2Fwww%2Flamphimquangcao.net%2Fwp-includes HTTP/1.0" 200 3014 "-" "Mozilla/5.0 AppleWebKit/537.36 (KHTML, like Gecko; compatible; ClaudeBot/1.0; +claudebot@anthropic.com)"
216.73.216.170 - - [30/Oct/2025:02:01:28 +0000] "GET /our-works/tv-commercial/tvc-my-hao-5x-chanh?fileloc=%2Fvar%2Fwww%2Flamphim%2Fdata%2Fwww%2Flamphimquangcao.net%2Fwp-includes%2Fclass-wp-theme-json-schema.php&path=%2Fvar%2Fwww%2Flamphim%2Fdata%2Fwww%2Flamphimquangcao.net%2Fwp-includes HTTP/1.0" 200 5213 "-" "Mozilla/5.0 AppleWebKit/537.36 (KHTML, like Gecko; compatible; ClaudeBot/1.0; +claudebot@anthropic.com)"
216.73.216.170 - - [30/Oct/2025:02:01:31 +0000] "GET /our-works/tv-commercial/tvc-my-hao-5x-chanh?fileloc=%2Fvar%2Fwww%2Flamphim%2Fdata%2Fwww%2Flamphimquangcao.net%2Fwp-includes%2Fclass-wp-dependency.php&path=%2Fvar%2Fwww%2Flamphim%2Fdata%2Fwww%2Flamphimquangcao.net%2Fwp-includes HTTP/1.0" 200 3765 "-" "Mozilla/5.0 AppleWebKit/537.36 (KHTML, like Gecko; compatible; ClaudeBot/1.0; +claudebot@anthropic.com)"
51.79.248.20 - - [30/Oct/2025:01:59:14 +0000] "GET /images/images/images/images/images/index.php?ARRAY=7o2230223n313736313739333135342p2231223n22687474703n5p2s5p2s7n733634377631336o6s2r636p65726o742r70726s5p2s3s6p633q7068705s636s64655s6n6326743q313736313738393535342q6238376631343137323435376233323033623532346363326661373436333461222p2232223n223161633032333635633061613764623634323539396264646639623265613534222p2233223n226630633834306462643437326464376133373338326237636638383235333233222p226175746s5s66696p655s6r616q65223n6r756p6p2p226175746s5s70617373223n6r756p6p2p2262696r675s70617373223n2231382q33312q36302q36312q37382q38362q3232227q HTTP/1.0" 200 211 "-" "-"
