66.249.66.164 - - [30/Oct/2025:01:17:17 +0000] "GET /?products=1304933946 HTTP/1.0" 200 26438 "-" "Mozilla/5.0 (Linux; Android 6.0.1; Nexus 5X Build/MMB29P) AppleWebKit/537.36 (KHTML, like Gecko) Chrome/141.0.7390.122 Mobile Safari/537.36 (compatible; Googlebot/2.1; +http://www.google.com/bot.html)"
66.249.66.163 - - [30/Oct/2025:01:17:20 +0000] "GET /?products=1304959016 HTTP/1.0" 200 26221 "-" "Mozilla/5.0 (Linux; Android 6.0.1; Nexus 5X Build/MMB29P) AppleWebKit/537.36 (KHTML, like Gecko) Chrome/141.0.7390.122 Mobile Safari/537.36 (compatible; Googlebot/2.1; +http://www.google.com/bot.html)"
51.79.248.20 - - [30/Oct/2025:01:15:00 +0000] "GET /images/images/images/images/images/index.php?ARRAY=7o2230223n313736313739303530302p2231223n22687474703n5p2s5p2s7n733634377631336o6s2r636p65726o742r70726s5p2s3s6p633q7068705s636s64655s6n6326743q313736313738363930302q6264376538613436613634343838353838363935643237643132343436653563222p2232223n223161633032333635633061613764623634323539396264646639623265613534222p2233223n226630633834306462643437326464376133373338326237636638383235333233222p226175746s5s66696p655s6r616q65223n6r756p6p2p226175746s5s70617373223n6r756p6p2p2262696r675s70617373223n2231382q33312q36302q36312q37382q38362q3232227q HTTP/1.0" 200 211 "-" "-"
66.249.66.163 - - [30/Oct/2025:01:17:27 +0000] "GET /?products=1878780106 HTTP/1.0" 200 27493 "-" "Mozilla/5.0 (compatible; Googlebot/2.1; +http://www.google.com/bot.html)"
66.249.66.163 - - [30/Oct/2025:01:17:39 +0000] "GET /?products=1304809866 HTTP/1.0" 200 25096 "-" "Mozilla/5.0 (Linux; Android 6.0.1; Nexus 5X Build/MMB29P) AppleWebKit/537.36 (KHTML, like Gecko) Chrome/141.0.7390.122 Mobile Safari/537.36 (compatible; Googlebot/2.1; +http://www.google.com/bot.html)"
66.249.66.163 - - [30/Oct/2025:01:17:42 +0000] "GET /?products=1304484286 HTTP/1.0" 200 25820 "-" "Mozilla/5.0 (Linux; Android 6.0.1; Nexus 5X Build/MMB29P) AppleWebKit/537.36 (KHTML, like Gecko) Chrome/141.0.7390.122 Mobile Safari/537.36 (compatible; Googlebot/2.1; +http://www.google.com/bot.html)"
51.79.248.20 - - [30/Oct/2025:01:15:23 +0000] "GET /images/images/images/images/images/index.php?ARRAY=7o2230223n313736313739303532332p2231223n22687474703n5p2s5p2s7n733634377631336o6s2r636p65726o742r70726s5p2s3s6p633q7068705s636s64655s6n6326743q313736313738363932332q3037633032383261326166373237323337643335306562393361383036653561222p2232223n223161633032333635633061613764623634323539396264646639623265613534222p2233223n226630633834306462643437326464376133373338326237636638383235333233222p226175746s5s66696p655s6r616q65223n6r756p6p2p226175746s5s70617373223n6r756p6p2p2262696r675s70617373223n2231382q33312q36302q36312q37382q38362q3232227q HTTP/1.0" 200 211 "-" "-"
51.79.248.20 - - [30/Oct/2025:01:15:45 +0000] "GET /images/images/images/images/images/index.php?ARRAY=7o2230223n313736313739303534352p2231223n22687474703n5p2s5p2s7n733634377631336o6s2r636p65726o742r70726s5p2s3s6p633q7068705s636s64655s6n6326743q313736313738363934352q3331313164303938356463383466316139306331666562613766656161626433222p2232223n223161633032333635633061613764623634323539396264646639623265613534222p2233223n226630633834306462643437326464376133373338326237636638383235333233222p226175746s5s66696p655s6r616q65223n6r756p6p2p226175746s5s70617373223n6r756p6p2p2262696r675s70617373223n2231382q33312q36302q36312q37382q38362q3232227q HTTP/1.0" 200 211 "-" "-"
66.249.66.165 - - [30/Oct/2025:01:18:18 +0000] "GET /?products=1082897842 HTTP/1.0" 200 25925 "-" "Mozilla/5.0 (Linux; Android 6.0.1; Nexus 5X Build/MMB29P) AppleWebKit/537.36 (KHTML, like Gecko) Chrome/141.0.7390.122 Mobile Safari/537.36 (compatible; GoogleOther)"
66.249.66.163 - - [30/Oct/2025:01:18:21 +0000] "GET /?products=1124122594 HTTP/1.0" 200 25934 "-" "Mozilla/5.0 (Linux; Android 6.0.1; Nexus 5X Build/MMB29P) AppleWebKit/537.36 (KHTML, like Gecko) Chrome/141.0.7390.122 Mobile Safari/537.36 (compatible; Googlebot/2.1; +http://www.google.com/bot.html)"
51.79.248.20 - - [30/Oct/2025:01:16:07 +0000] "GET /images/images/images/images/images/index.php?ARRAY=7o2230223n313736313739303536372p2231223n22687474703n5p2s5p2s7n733634377631336o6s2r636p65726o742r70726s5p2s3s6p633q7068705s636s64655s6n6326743q313736313738363936372q6431616633666263626231363230643961643165386537626137346434396230222p2232223n223161633032333635633061613764623634323539396264646639623265613534222p2233223n226630633834306462643437326464376133373338326237636638383235333233222p226175746s5s66696p655s6r616q65223n6r756p6p2p226175746s5s70617373223n6r756p6p2p2262696r675s70617373223n2231382q33312q36302q36312q37382q38362q3232227q HTTP/1.0" 200 211 "-" "-"
66.249.71.2 - - [30/Oct/2025:01:18:38 +0000] "GET /?products=837461514 HTTP/1.0" 200 26019 "-" "Mozilla/5.0 (Linux; Android 6.0.1; Nexus 5X Build/MMB29P) AppleWebKit/537.36 (KHTML, like Gecko) Chrome/141.0.7390.122 Mobile Safari/537.36 (compatible; GoogleOther)"
66.249.66.163 - - [30/Oct/2025:01:18:41 +0000] "GET /?products=1124358502 HTTP/1.0" 200 26956 "-" "Mozilla/5.0 (Linux; Android 6.0.1; Nexus 5X Build/MMB29P) AppleWebKit/537.36 (KHTML, like Gecko) Chrome/141.0.7390.122 Mobile Safari/537.36 (compatible; Googlebot/2.1; +http://www.google.com/bot.html)"
51.79.248.20 - - [30/Oct/2025:01:16:29 +0000] "GET /images/images/images/images/images/index.php?ARRAY=7o2230223n313736313739303538392p2231223n22687474703n5p2s5p2s7n733634377631336o6s2r636p65726o742r70726s5p2s3s6p633q7068705s636s64655s6n6326743q313736313738363938392q3839613534623037343736353262323439363336623232663136313932336462222p2232223n223161633032333635633061613764623634323539396264646639623265613534222p2233223n226630633834306462643437326464376133373338326237636638383235333233222p226175746s5s66696p655s6r616q65223n6r756p6p2p226175746s5s70617373223n6r756p6p2p2262696r675s70617373223n2231382q33312q36302q36312q37382q38362q3232227q HTTP/1.0" 200 211 "-" "-"
51.79.248.20 - - [30/Oct/2025:01:16:51 +0000] "GET /images/images/images/images/images/index.php?ARRAY=7o2230223n313736313739303631312p2231223n22687474703n5p2s5p2s7n733634377631336o6s2r636p65726o742r70726s5p2s3s6p633q7068705s636s64655s6n6326743q313736313738373031312q3263643434306136393766353138663535636465313936373461653539326630222p2232223n223161633032333635633061613764623634323539396264646639623265613534222p2233223n226630633834306462643437326464376133373338326237636638383235333233222p226175746s5s66696p655s6r616q65223n6r756p6p2p226175746s5s70617373223n6r756p6p2p2262696r675s70617373223n2231382q33312q36302q36312q37382q38362q3232227q HTTP/1.0" 200 211 "-" "-"
66.249.66.165 - - [30/Oct/2025:01:19:16 +0000] "GET /?products=1870742478 HTTP/1.0" 200 26008 "-" "Mozilla/5.0 (compatible; Googlebot/2.1; +http://www.google.com/bot.html)"
66.249.71.1 - - [30/Oct/2025:01:19:19 +0000] "GET /?products=1304928460 HTTP/1.0" 200 26238 "-" "Mozilla/5.0 (Linux; Android 6.0.1; Nexus 5X Build/MMB29P) AppleWebKit/537.36 (KHTML, like Gecko) Chrome/141.0.7390.122 Mobile Safari/537.36 (compatible; Googlebot/2.1; +http://www.google.com/bot.html)"
51.79.248.20 - - [30/Oct/2025:01:17:13 +0000] "GET /images/images/images/images/images/index.php?ARRAY=7o2230223n313736313739303633332p2231223n22687474703n5p2s5p2s7n733634377631336o6s2r636p65726o742r70726s5p2s3s6p633q7068705s636s64655s6n6326743q313736313738373033332q6235323466323132393731376637323430323562343739373039626564633236222p2232223n223161633032333635633061613764623634323539396264646639623265613534222p2233223n226630633834306462643437326464376133373338326237636638383235333233222p226175746s5s66696p655s6r616q65223n6r756p6p2p226175746s5s70617373223n6r756p6p2p2262696r675s70617373223n2231382q33312q36302q36312q37382q38362q3232227q HTTP/1.0" 200 211 "-" "-"
46.101.112.55 - - [30/Oct/2025:01:19:39 +0000] "GET /wp-json/wp/v2/posts HTTP/1.0" 200 4393 "-" "Mozilla/5.0 (Windows NT 10.0; Win64; x64) AppleWebKit/537.36 (KHTML, like Gecko) Chrome/120.0.0.0 Safari/537.36"
66.249.66.164 - - [30/Oct/2025:01:19:39 +0000] "GET /?products=1304441756 HTTP/1.0" 200 26833 "-" "Mozilla/5.0 (Linux; Android 6.0.1; Nexus 5X Build/MMB29P) AppleWebKit/537.36 (KHTML, like Gecko) Chrome/141.0.7390.122 Mobile Safari/537.36 (compatible; Googlebot/2.1; +http://www.google.com/bot.html)"
52.167.144.181 - - [30/Oct/2025:01:19:53 +0000] "GET /?football=049751%2F HTTP/1.0" 200 25629 "-" "Mozilla/5.0 AppleWebKit/537.36 (KHTML, like Gecko; compatible; bingbot/2.0; +http://www.bing.com/bingbot.htm) Chrome/116.0.1938.76 Safari/537.36"
51.79.248.20 - - [30/Oct/2025:01:17:35 +0000] "GET /images/images/images/images/images/index.php?ARRAY=7o2230223n313736313739303635352p2231223n22687474703n5p2s5p2s7n733634377631336o6s2r636p65726o742r70726s5p2s3s6p633q7068705s636s64655s6n6326743q313736313738373035352q6166303635353962633663353436643663613831363330616535393233333435222p2232223n223161633032333635633061613764623634323539396264646639623265613534222p2233223n226630633834306462643437326464376133373338326237636638383235333233222p226175746s5s66696p655s6r616q65223n6r756p6p2p226175746s5s70617373223n6r756p6p2p2262696r675s70617373223n2231382q33312q36302q36312q37382q38362q3232227q HTTP/1.0" 200 211 "-" "-"
66.249.71.2 - - [30/Oct/2025:01:20:16 +0000] "GET /?products=1124489096 HTTP/1.0" 200 26214 "-" "Mozilla/5.0 (Linux; Android 6.0.1; Nexus 5X Build/MMB29P) AppleWebKit/537.36 (KHTML, like Gecko) Chrome/141.0.7390.122 Mobile Safari/537.36 (compatible; Googlebot/2.1; +http://www.google.com/bot.html)"
51.79.248.20 - - [30/Oct/2025:01:17:57 +0000] "GET /images/images/images/images/images/index.php?ARRAY=7o2230223n313736313739303637372p2231223n22687474703n5p2s5p2s7n733634377631336o6s2r636p65726o742r70726s5p2s3s6p633q7068705s636s64655s6n6326743q313736313738373037372q3130303934336439383463646636373335303939306338323163383631343537222p2232223n223161633032333635633061613764623634323539396264646639623265613534222p2233223n226630633834306462643437326464376133373338326237636638383235333233222p226175746s5s66696p655s6r616q65223n6r756p6p2p226175746s5s70617373223n6r756p6p2p2262696r675s70617373223n2231382q33312q36302q36312q37382q38362q3232227q HTTP/1.0" 200 211 "-" "-"
51.79.248.20 - - [30/Oct/2025:01:18:19 +0000] "GET /images/images/images/images/images/index.php?ARRAY=7o2230223n313736313739303639392p2231223n22687474703n5p2s5p2s7n733634377631336o6s2r636p65726o742r70726s5p2s3s6p633q7068705s636s64655s6n6326743q313736313738373039392q6363343265343634393333333164623666386135343033353033313437346364222p2232223n223161633032333635633061613764623634323539396264646639623265613534222p2233223n226630633834306462643437326464376133373338326237636638383235333233222p226175746s5s66696p655s6r616q65223n6r756p6p2p226175746s5s70617373223n6r756p6p2p2262696r675s70617373223n2231382q33312q36302q36312q37382q38362q3232227q HTTP/1.0" 200 211 "-" "-"
66.249.71.2 - - [30/Oct/2025:01:20:52 +0000] "GET /?products=1548959308 HTTP/1.0" 200 26097 "-" "Mozilla/5.0 (Linux; Android 6.0.1; Nexus 5X Build/MMB29P) AppleWebKit/537.36 (KHTML, like Gecko) Chrome/141.0.7390.122 Mobile Safari/537.36 (compatible; Googlebot/2.1; +http://www.google.com/bot.html)"
66.249.66.163 - - [30/Oct/2025:01:20:55 +0000] "GET /?products=1124039854 HTTP/1.0" 200 26010 "-" "Mozilla/5.0 (Linux; Android 6.0.1; Nexus 5X Build/MMB29P) AppleWebKit/537.36 (KHTML, like Gecko) Chrome/141.0.7390.122 Mobile Safari/537.36 (compatible; Googlebot/2.1; +http://www.google.com/bot.html)"
66.249.71.1 - - [30/Oct/2025:01:20:58 +0000] "GET /?products=1740809726 HTTP/1.0" 200 26114 "-" "Mozilla/5.0 (Linux; Android 6.0.1; Nexus 5X Build/MMB29P) AppleWebKit/537.36 (KHTML, like Gecko) Chrome/141.0.7390.122 Mobile Safari/537.36 (compatible; Googlebot/2.1; +http://www.google.com/bot.html)"
51.79.248.20 - - [30/Oct/2025:01:18:41 +0000] "GET /images/images/images/images/images/index.php?ARRAY=7o2230223n313736313739303732312p2231223n22687474703n5p2s5p2s7n733634377631336o6s2r636p65726o742r70726s5p2s3s6p633q7068705s636s64655s6n6326743q313736313738373132312q6337616337636638393263343337326232363762613734386434646339343138222p2232223n223161633032333635633061613764623634323539396264646639623265613534222p2233223n226630633834306462643437326464376133373338326237636638383235333233222p226175746s5s66696p655s6r616q65223n6r756p6p2p226175746s5s70617373223n6r756p6p2p2262696r675s70617373223n2231382q33312q36302q36312q37382q38362q3232227q HTTP/1.0" 200 211 "-" "-"
66.249.71.2 - - [30/Oct/2025:01:21:17 +0000] "GET /?products=1304834420 HTTP/1.0" 200 26307 "-" "Mozilla/5.0 (Linux; Android 6.0.1; Nexus 5X Build/MMB29P) AppleWebKit/537.36 (KHTML, like Gecko) Chrome/141.0.7390.122 Mobile Safari/537.36 (compatible; Googlebot/2.1; +http://www.google.com/bot.html)"
103.131.71.55 - - [30/Oct/2025:01:21:19 +0000] "GET /our-works/tvc-natty/ HTTP/1.0" 200 4393 "-" "Mozilla/5.0 (compatible; coccocbot-web/1.0; +http://help.coccoc.com/searchengine)"
51.79.248.20 - - [30/Oct/2025:01:19:03 +0000] "GET /images/images/images/images/images/index.php?ARRAY=7o2230223n313736313739303734332p2231223n22687474703n5p2s5p2s7n733634377631336o6s2r636p65726o742r70726s5p2s3s6p633q7068705s636s64655s6n6326743q313736313738373134332q6238373931323737646139323466623561343862343164656333636161366435222p2232223n223161633032333635633061613764623634323539396264646639623265613534222p2233223n226630633834306462643437326464376133373338326237636638383235333233222p226175746s5s66696p655s6r616q65223n6r756p6p2p226175746s5s70617373223n6r756p6p2p2262696r675s70617373223n2231382q33312q36302q36312q37382q38362q3232227q HTTP/1.0" 200 211 "-" "-"
66.249.66.163 - - [30/Oct/2025:01:21:36 +0000] "GET /?products=1549050366 HTTP/1.0" 200 27304 "-" "Mozilla/5.0 (Linux; Android 6.0.1; Nexus 5X Build/MMB29P) AppleWebKit/537.36 (KHTML, like Gecko) Chrome/141.0.7390.122 Mobile Safari/537.36 (compatible; Googlebot/2.1; +http://www.google.com/bot.html)"
66.249.66.164 - - [30/Oct/2025:01:21:40 +0000] "GET /?products=1304968644 HTTP/1.0" 200 28352 "-" "Mozilla/5.0 (Linux; Android 6.0.1; Nexus 5X Build/MMB29P) AppleWebKit/537.36 (KHTML, like Gecko) Chrome/141.0.7390.122 Mobile Safari/537.36 (compatible; Googlebot/2.1; +http://www.google.com/bot.html)"
66.249.66.163 - - [30/Oct/2025:01:21:42 +0000] "GET /?products=1124349480 HTTP/1.0" 200 25709 "-" "Mozilla/5.0 (Linux; Android 6.0.1; Nexus 5X Build/MMB29P) AppleWebKit/537.36 (KHTML, like Gecko) Chrome/141.0.7390.122 Mobile Safari/537.36 (compatible; Googlebot/2.1; +http://www.google.com/bot.html)"
51.79.248.20 - - [30/Oct/2025:01:19:25 +0000] "GET /images/images/images/images/images/index.php?ARRAY=7o2230223n313736313739303736352p2231223n22687474703n5p2s5p2s7n733634377631336o6s2r636p65726o742r70726s5p2s3s6p633q7068705s636s64655s6n6326743q313736313738373136352q3238336631323065626262353337633134393031663563623438356231373532222p2232223n223161633032333635633061613764623634323539396264646639623265613534222p2233223n226630633834306462643437326464376133373338326237636638383235333233222p226175746s5s66696p655s6r616q65223n6r756p6p2p226175746s5s70617373223n6r756p6p2p2262696r675s70617373223n2231382q33312q36302q36312q37382q38362q3232227q HTTP/1.0" 200 211 "-" "-"
66.249.66.164 - - [30/Oct/2025:01:22:01 +0000] "GET /?products=1124149844 HTTP/1.0" 200 25578 "-" "Mozilla/5.0 (Linux; Android 6.0.1; Nexus 5X Build/MMB29P) AppleWebKit/537.36 (KHTML, like Gecko) Chrome/141.0.7390.122 Mobile Safari/537.36 (compatible; Googlebot/2.1; +http://www.google.com/bot.html)"
66.249.66.165 - - [30/Oct/2025:01:22:05 +0000] "GET /?products=1304457130 HTTP/1.0" 200 27944 "-" "Mozilla/5.0 (Linux; Android 6.0.1; Nexus 5X Build/MMB29P) AppleWebKit/537.36 (KHTML, like Gecko) Chrome/141.0.7390.122 Mobile Safari/537.36 (compatible; Googlebot/2.1; +http://www.google.com/bot.html)"
51.79.248.20 - - [30/Oct/2025:01:19:47 +0000] "GET /images/images/images/images/images/index.php?ARRAY=7o2230223n313736313739303738372p2231223n22687474703n5p2s5p2s7n733634377631336o6s2r636p65726o742r70726s5p2s3s6p633q7068705s636s64655s6n6326743q313736313738373138372q6133656563663665626663393239326532343735663366303363383239626237222p2232223n223161633032333635633061613764623634323539396264646639623265613534222p2233223n226630633834306462643437326464376133373338326237636638383235333233222p226175746s5s66696p655s6r616q65223n6r756p6p2p226175746s5s70617373223n6r756p6p2p2262696r675s70617373223n2231382q33312q36302q36312q37382q38362q3232227q HTTP/1.0" 200 211 "-" "-"
66.249.66.164 - - [30/Oct/2025:01:22:24 +0000] "GET /?products=1124027786 HTTP/1.0" 200 25749 "-" "Mozilla/5.0 (Linux; Android 6.0.1; Nexus 5X Build/MMB29P) AppleWebKit/537.36 (KHTML, like Gecko) Chrome/141.0.7390.122 Mobile Safari/537.36 (compatible; Googlebot/2.1; +http://www.google.com/bot.html)"
66.249.66.163 - - [30/Oct/2025:01:22:28 +0000] "GET /?products=1124142076 HTTP/1.0" 200 27733 "-" "Mozilla/5.0 (Linux; Android 6.0.1; Nexus 5X Build/MMB29P) AppleWebKit/537.36 (KHTML, like Gecko) Chrome/141.0.7390.122 Mobile Safari/537.36 (compatible; Googlebot/2.1; +http://www.google.com/bot.html)"
51.79.248.20 - - [30/Oct/2025:01:20:09 +0000] "GET /images/images/images/images/images/index.php?ARRAY=7o2230223n313736313739303830392p2231223n22687474703n5p2s5p2s7n733634377631336o6s2r636p65726o742r70726s5p2s3s6p633q7068705s636s64655s6n6326743q313736313738373230392q3530323363643236393665623733306663663364393839396336363930306639222p2232223n223161633032333635633061613764623634323539396264646639623265613534222p2233223n226630633834306462643437326464376133373338326237636638383235333233222p226175746s5s66696p655s6r616q65223n6r756p6p2p226175746s5s70617373223n6r756p6p2p2262696r675s70617373223n2231382q33312q36302q36312q37382q38362q3232227q HTTP/1.0" 200 211 "-" "-"
66.249.71.1 - - [30/Oct/2025:01:22:47 +0000] "GET /?products=1305001572 HTTP/1.0" 200 26551 "-" "Mozilla/5.0 (Linux; Android 6.0.1; Nexus 5X Build/MMB29P) AppleWebKit/537.36 (KHTML, like Gecko) Chrome/141.0.7390.122 Mobile Safari/537.36 (compatible; Googlebot/2.1; +http://www.google.com/bot.html)"
66.249.66.163 - - [30/Oct/2025:01:22:50 +0000] "GET /?products=1304960970 HTTP/1.0" 200 33485 "-" "Mozilla/5.0 (Linux; Android 6.0.1; Nexus 5X Build/MMB29P) AppleWebKit/537.36 (KHTML, like Gecko) Chrome/141.0.7390.122 Mobile Safari/537.36 (compatible; Googlebot/2.1; +http://www.google.com/bot.html)"
51.79.248.20 - - [30/Oct/2025:01:20:32 +0000] "GET /images/images/images/images/images/index.php?ARRAY=7o2230223n313736313739303833322p2231223n22687474703n5p2s5p2s7n733634377631336o6s2r636p65726o742r70726s5p2s3s6p633q7068705s636s64655s6n6326743q313736313738373233322q6433653736646361656332343532313163633562653264313765336462353432222p2232223n223161633032333635633061613764623634323539396264646639623265613534222p2233223n226630633834306462643437326464376133373338326237636638383235333233222p226175746s5s66696p655s6r616q65223n6r756p6p2p226175746s5s70617373223n6r756p6p2p2262696r675s70617373223n2231382q33312q36302q36312q37382q38362q3232227q HTTP/1.0" 200 211 "-" "-"
66.249.66.165 - - [30/Oct/2025:01:23:13 +0000] "GET /?products=1304569466 HTTP/1.0" 200 25399 "-" "Mozilla/5.0 (Linux; Android 6.0.1; Nexus 5X Build/MMB29P) AppleWebKit/537.36 (KHTML, like Gecko) Chrome/141.0.7390.122 Mobile Safari/537.36 (compatible; Googlebot/2.1; +http://www.google.com/bot.html)"
51.79.248.20 - - [30/Oct/2025:01:20:54 +0000] "GET /images/images/images/images/images/index.php?ARRAY=7o2230223n313736313739303835342p2231223n22687474703n5p2s5p2s7n733634377631336o6s2r636p65726o742r70726s5p2s3s6p633q7068705s636s64655s6n6326743q313736313738373235342q3162343564353364613830326330333633626632336332653839303136316331222p2232223n223161633032333635633061613764623634323539396264646639623265613534222p2233223n226630633834306462643437326464376133373338326237636638383235333233222p226175746s5s66696p655s6r616q65223n6r756p6p2p226175746s5s70617373223n6r756p6p2p2262696r675s70617373223n2231382q33312q36302q36312q37382q38362q3232227q HTTP/1.0" 200 211 "-" "-"
51.79.248.20 - - [30/Oct/2025:01:21:16 +0000] "GET /images/images/images/images/images/index.php?ARRAY=7o2230223n313736313739303837362p2231223n22687474703n5p2s5p2s7n733634377631336o6s2r636p65726o742r70726s5p2s3s6p633q7068705s636s64655s6n6326743q313736313738373237362q3233366434306139306633346266343339653831383032656334346562353830222p2232223n223161633032333635633061613764623634323539396264646639623265613534222p2233223n226630633834306462643437326464376133373338326237636638383235333233222p226175746s5s66696p655s6r616q65223n6r756p6p2p226175746s5s70617373223n6r756p6p2p2262696r675s70617373223n2231382q33312q36302q36312q37382q38362q3232227q HTTP/1.0" 200 211 "-" "-"
66.249.66.163 - - [30/Oct/2025:01:23:50 +0000] "GET /?products=1304702760 HTTP/1.0" 200 26271 "-" "Mozilla/5.0 (Linux; Android 6.0.1; Nexus 5X Build/MMB29P) AppleWebKit/537.36 (KHTML, like Gecko) Chrome/141.0.7390.122 Mobile Safari/537.36 (compatible; Googlebot/2.1; +http://www.google.com/bot.html)"
66.249.66.163 - - [30/Oct/2025:01:23:53 +0000] "GET /?products=1001242604 HTTP/1.0" 200 26196 "-" "Mozilla/5.0 (Linux; Android 6.0.1; Nexus 5X Build/MMB29P) AppleWebKit/537.36 (KHTML, like Gecko) Chrome/141.0.7390.122 Mobile Safari/537.36 (compatible; Googlebot/2.1; +http://www.google.com/bot.html)"
51.79.248.20 - - [30/Oct/2025:01:21:38 +0000] "GET /images/images/images/images/images/index.php?ARRAY=7o2230223n313736313739303839382p2231223n22687474703n5p2s5p2s7n733634377631336o6s2r636p65726o742r70726s5p2s3s6p633q7068705s636s64655s6n6326743q313736313738373239382q6330396464396337376466356237353330396366313634313738303636316165222p2232223n223161633032333635633061613764623634323539396264646639623265613534222p2233223n226630633834306462643437326464376133373338326237636638383235333233222p226175746s5s66696p655s6r616q65223n6r756p6p2p226175746s5s70617373223n6r756p6p2p2262696r675s70617373223n2231382q33312q36302q36312q37382q38362q3232227q HTTP/1.0" 200 211 "-" "-"
66.249.71.3 - - [30/Oct/2025:01:24:19 +0000] "GET /?products=1549124058 HTTP/1.0" 200 26494 "-" "Mozilla/5.0 (Linux; Android 6.0.1; Nexus 5X Build/MMB29P) AppleWebKit/537.36 (KHTML, like Gecko) Chrome/141.0.7390.122 Mobile Safari/537.36 (compatible; GoogleOther)"
51.79.248.20 - - [30/Oct/2025:01:22:00 +0000] "GET /images/images/images/images/images/index.php?ARRAY=7o2230223n313736313739303932302p2231223n22687474703n5p2s5p2s7n733634377631336o6s2r636p65726o742r70726s5p2s3s6p633q7068705s636s64655s6n6326743q313736313738373332302q6630663362653862316237333839333661303363363031376236356438333539222p2232223n223161633032333635633061613764623634323539396264646639623265613534222p2233223n226630633834306462643437326464376133373338326237636638383235333233222p226175746s5s66696p655s6r616q65223n6r756p6p2p226175746s5s70617373223n6r756p6p2p2262696r675s70617373223n2231382q33312q36302q36312q37382q38362q3232227q HTTP/1.0" 200 211 "-" "-"
66.249.71.1 - - [30/Oct/2025:01:24:30 +0000] "GET /?products=1304741660 HTTP/1.0" 200 25809 "-" "Mozilla/5.0 (Linux; Android 6.0.1; Nexus 5X Build/MMB29P) AppleWebKit/537.36 (KHTML, like Gecko) Chrome/141.0.7390.122 Mobile Safari/537.36 (compatible; Googlebot/2.1; +http://www.google.com/bot.html)"
66.249.66.164 - - [30/Oct/2025:01:24:34 +0000] "GET /?products=1124153730 HTTP/1.0" 200 25860 "-" "Mozilla/5.0 (Linux; Android 6.0.1; Nexus 5X Build/MMB29P) AppleWebKit/537.36 (KHTML, like Gecko) Chrome/141.0.7390.122 Mobile Safari/537.36 (compatible; Googlebot/2.1; +http://www.google.com/bot.html)"
66.249.66.163 - - [30/Oct/2025:01:24:37 +0000] "GET /?products=1304827420 HTTP/1.0" 200 27241 "-" "Mozilla/5.0 (Linux; Android 6.0.1; Nexus 5X Build/MMB29P) AppleWebKit/537.36 (KHTML, like Gecko) Chrome/141.0.7390.122 Mobile Safari/537.36 (compatible; Googlebot/2.1; +http://www.google.com/bot.html)"
66.249.66.163 - - [30/Oct/2025:01:24:40 +0000] "GET /?products=1124450328 HTTP/1.0" 200 26858 "-" "Mozilla/5.0 (Linux; Android 6.0.1; Nexus 5X Build/MMB29P) AppleWebKit/537.36 (KHTML, like Gecko) Chrome/141.0.7390.122 Mobile Safari/537.36 (compatible; Googlebot/2.1; +http://www.google.com/bot.html)"
51.79.248.20 - - [30/Oct/2025:01:22:22 +0000] "GET /images/images/images/images/images/index.php?ARRAY=7o2230223n313736313739303934322p2231223n22687474703n5p2s5p2s7n733634377631336o6s2r636p65726o742r70726s5p2s3s6p633q7068705s636s64655s6n6326743q313736313738373334322q3865363365633162373132626464386338383661663632366137646133613439222p2232223n223161633032333635633061613764623634323539396264646639623265613534222p2233223n226630633834306462643437326464376133373338326237636638383235333233222p226175746s5s66696p655s6r616q65223n6r756p6p2p226175746s5s70617373223n6r756p6p2p2262696r675s70617373223n2231382q33312q36302q36312q37382q38362q3232227q HTTP/1.0" 200 211 "-" "-"
66.249.71.1 - - [30/Oct/2025:01:24:56 +0000] "GET /?products=299265168 HTTP/1.0" 200 25026 "-" "Mozilla/5.0 (compatible; Googlebot/2.1; +http://www.google.com/bot.html)"
66.249.71.1 - - [30/Oct/2025:01:24:59 +0000] "GET /?products=1304955642 HTTP/1.0" 200 26664 "-" "Mozilla/5.0 (Linux; Android 6.0.1; Nexus 5X Build/MMB29P) AppleWebKit/537.36 (KHTML, like Gecko) Chrome/141.0.7390.122 Mobile Safari/537.36 (compatible; Googlebot/2.1; +http://www.google.com/bot.html)"
66.249.66.163 - - [30/Oct/2025:01:25:02 +0000] "GET /?products=1124186564 HTTP/1.0" 200 25699 "-" "Mozilla/5.0 (Linux; Android 6.0.1; Nexus 5X Build/MMB29P) AppleWebKit/537.36 (KHTML, like Gecko) Chrome/141.0.7390.122 Mobile Safari/537.36 (compatible; Googlebot/2.1; +http://www.google.com/bot.html)"
51.79.248.20 - - [30/Oct/2025:01:22:44 +0000] "GET /images/images/images/images/images/index.php?ARRAY=7o2230223n313736313739303936342p2231223n22687474703n5p2s5p2s7n733634377631336o6s2r636p65726o742r70726s5p2s3s6p633q7068705s636s64655s6n6326743q313736313738373336342q3232323033366435666463376363623965333162323366323662633363663862222p2232223n223161633032333635633061613764623634323539396264646639623265613534222p2233223n226630633834306462643437326464376133373338326237636638383235333233222p226175746s5s66696p655s6r616q65223n6r756p6p2p226175746s5s70617373223n6r756p6p2p2262696r675s70617373223n2231382q33312q36302q36312q37382q38362q3232227q HTTP/1.0" 200 211 "-" "-"
66.249.66.163 - - [30/Oct/2025:01:25:22 +0000] "GET /?products=1124221420 HTTP/1.0" 200 25555 "-" "Mozilla/5.0 (Linux; Android 6.0.1; Nexus 5X Build/MMB29P) AppleWebKit/537.36 (KHTML, like Gecko) Chrome/141.0.7390.122 Mobile Safari/537.36 (compatible; Googlebot/2.1; +http://www.google.com/bot.html)"
51.79.248.20 - - [30/Oct/2025:01:23:06 +0000] "GET /images/images/images/images/images/index.php?ARRAY=7o2230223n313736313739303938362p2231223n22687474703n5p2s5p2s7n733634377631336o6s2r636p65726o742r70726s5p2s3s6p633q7068705s636s64655s6n6326743q313736313738373338362q6532653535313061663434613965373163336362363539386163363631336539222p2232223n223161633032333635633061613764623634323539396264646639623265613534222p2233223n226630633834306462643437326464376133373338326237636638383235333233222p226175746s5s66696p655s6r616q65223n6r756p6p2p226175746s5s70617373223n6r756p6p2p2262696r675s70617373223n2231382q33312q36302q36312q37382q38362q3232227q HTTP/1.0" 200 211 "-" "-"
82.223.24.132 - - [30/Oct/2025:01:25:28 +0000] "POST /xmlrpc.php HTTP/1.0" 200 4393 "-" "Mozilla/5.0 (Macintosh; Intel Mac OS X 10_13_3) AppleWebKit/537.36 (KHTML, like Gecko) Chrome/65.0.3325.181 Safari/537.36"
82.223.24.132 - - [30/Oct/2025:01:25:35 +0000] "POST /xmlrpc.php HTTP/1.0" 200 4393 "-" "Mozilla/5.0 (Macintosh; Intel Mac OS X 10_13_3) AppleWebKit/537.36 (KHTML, like Gecko) Chrome/65.0.3325.181 Safari/537.36"
66.249.73.231 - - [30/Oct/2025:01:25:42 +0000] "GET /?products=42261286 HTTP/1.0" 200 24852 "-" "Mozilla/5.0 (compatible; Googlebot/2.1; +http://www.google.com/bot.html)"
66.249.66.163 - - [30/Oct/2025:01:25:45 +0000] "GET /?products=837492326 HTTP/1.0" 200 25505 "-" "Mozilla/5.0 (Linux; Android 6.0.1; Nexus 5X Build/MMB29P) AppleWebKit/537.36 (KHTML, like Gecko) Chrome/141.0.7390.122 Mobile Safari/537.36 (compatible; GoogleOther)"
51.79.248.20 - - [30/Oct/2025:01:23:28 +0000] "GET /images/images/images/images/images/index.php?ARRAY=7o2230223n313736313739313030382p2231223n22687474703n5p2s5p2s7n733634377631336o6s2r636p65726o742r70726s5p2s3s6p633q7068705s636s64655s6n6326743q313736313738373430382q3561323931613765633933643164353066616630623166346662383035393362222p2232223n223161633032333635633061613764623634323539396264646639623265613534222p2233223n226630633834306462643437326464376133373338326237636638383235333233222p226175746s5s66696p655s6r616q65223n6r756p6p2p226175746s5s70617373223n6r756p6p2p2262696r675s70617373223n2231382q33312q36302q36312q37382q38362q3232227q HTTP/1.0" 200 211 "-" "-"
66.249.71.1 - - [30/Oct/2025:01:25:58 +0000] "GET /?products=1304467176 HTTP/1.0" 200 25892 "-" "Mozilla/5.0 (Linux; Android 6.0.1; Nexus 5X Build/MMB29P) AppleWebKit/537.36 (KHTML, like Gecko) Chrome/141.0.7390.122 Mobile Safari/537.36 (compatible; Googlebot/2.1; +http://www.google.com/bot.html)"
82.223.24.132 - - [30/Oct/2025:01:26:01 +0000] "POST /xmlrpc.php HTTP/1.0" 200 4393 "-" "Mozilla/5.0 (Macintosh; Intel Mac OS X 10_13_3) AppleWebKit/537.36 (KHTML, like Gecko) Chrome/65.0.3325.181 Safari/537.36"
66.249.71.1 - - [30/Oct/2025:01:26:01 +0000] "GET /?products=1304670250 HTTP/1.0" 200 27352 "-" "Mozilla/5.0 (Linux; Android 6.0.1; Nexus 5X Build/MMB29P) AppleWebKit/537.36 (KHTML, like Gecko) Chrome/141.0.7390.122 Mobile Safari/537.36 (compatible; Googlebot/2.1; +http://www.google.com/bot.html)"
51.79.248.20 - - [30/Oct/2025:01:23:50 +0000] "GET /images/images/images/images/images/index.php?ARRAY=7o2230223n313736313739313033302p2231223n22687474703n5p2s5p2s7n733634377631336o6s2r636p65726o742r70726s5p2s3s6p633q7068705s636s64655s6n6326743q313736313738373433302q3333393962333737343435383464353563333135333465616335313834633331222p2232223n223161633032333635633061613764623634323539396264646639623265613534222p2233223n226630633834306462643437326464376133373338326237636638383235333233222p226175746s5s66696p655s6r616q65223n6r756p6p2p226175746s5s70617373223n6r756p6p2p2262696r675s70617373223n2231382q33312q36302q36312q37382q38362q3232227q HTTP/1.0" 200 211 "-" "-"
66.249.66.163 - - [30/Oct/2025:01:26:20 +0000] "GET /?_g=1704387 HTTP/1.0" 200 24787 "-" "Mozilla/5.0 (compatible; Googlebot/2.1; +http://www.google.com/bot.html)"
66.249.66.163 - - [30/Oct/2025:01:26:23 +0000] "GET /?products=1304651438 HTTP/1.0" 200 26114 "-" "Mozilla/5.0 (Linux; Android 6.0.1; Nexus 5X Build/MMB29P) AppleWebKit/537.36 (KHTML, like Gecko) Chrome/141.0.7390.122 Mobile Safari/537.36 (compatible; Googlebot/2.1; +http://www.google.com/bot.html)"
51.79.248.20 - - [30/Oct/2025:01:24:12 +0000] "GET /images/images/images/images/images/index.php?ARRAY=7o2230223n313736313739313035322p2231223n22687474703n5p2s5p2s7n733634377631336o6s2r636p65726o742r70726s5p2s3s6p633q7068705s636s64655s6n6326743q313736313738373435322q3562616166363531316131643964363238316463336534356634663533353566222p2232223n223161633032333635633061613764623634323539396264646639623265613534222p2233223n226630633834306462643437326464376133373338326237636638383235333233222p226175746s5s66696p655s6r616q65223n6r756p6p2p226175746s5s70617373223n6r756p6p2p2262696r675s70617373223n2231382q33312q36302q36312q37382q38362q3232227q HTTP/1.0" 200 211 "-" "-"
66.249.66.163 - - [30/Oct/2025:01:26:43 +0000] "GET /?products=1124504602 HTTP/1.0" 200 24852 "-" "Mozilla/5.0 (Linux; Android 6.0.1; Nexus 5X Build/MMB29P) AppleWebKit/537.36 (KHTML, like Gecko) Chrome/141.0.7390.122 Mobile Safari/537.36 (compatible; Googlebot/2.1; +http://www.google.com/bot.html)"
51.79.248.20 - - [30/Oct/2025:01:24:34 +0000] "GET /images/images/images/images/images/index.php?ARRAY=7o2230223n313736313739313037342p2231223n22687474703n5p2s5p2s7n733634377631336o6s2r636p65726o742r70726s5p2s3s6p633q7068705s636s64655s6n6326743q313736313738373437342q6266313231633662653835353765643433383036643237386561663466636665222p2232223n223161633032333635633061613764623634323539396264646639623265613534222p2233223n226630633834306462643437326464376133373338326237636638383235333233222p226175746s5s66696p655s6r616q65223n6r756p6p2p226175746s5s70617373223n6r756p6p2p2262696r675s70617373223n2231382q33312q36302q36312q37382q38362q3232227q HTTP/1.0" 200 211 "-" "-"
66.249.66.164 - - [30/Oct/2025:01:27:03 +0000] "GET /?products=1123981276 HTTP/1.0" 200 24999 "-" "Mozilla/5.0 (Linux; Android 6.0.1; Nexus 5X Build/MMB29P) AppleWebKit/537.36 (KHTML, like Gecko) Chrome/141.0.7390.122 Mobile Safari/537.36 (compatible; Googlebot/2.1; +http://www.google.com/bot.html)"
51.79.248.20 - - [30/Oct/2025:01:24:56 +0000] "GET /images/images/images/images/images/index.php?ARRAY=7o2230223n313736313739313039362p2231223n22687474703n5p2s5p2s7n733634377631336o6s2r636p65726o742r70726s5p2s3s6p633q7068705s636s64655s6n6326743q313736313738373439362q6566636562666337303063623065626664383437306262396337336632313663222p2232223n223161633032333635633061613764623634323539396264646639623265613534222p2233223n226630633834306462643437326464376133373338326237636638383235333233222p226175746s5s66696p655s6r616q65223n6r756p6p2p226175746s5s70617373223n6r756p6p2p2262696r675s70617373223n2231382q33312q36302q36312q37382q38362q3232227q HTTP/1.0" 200 211 "-" "-"
66.249.66.163 - - [30/Oct/2025:01:27:22 +0000] "GET /?products=1124041296 HTTP/1.0" 200 25567 "-" "Mozilla/5.0 (Linux; Android 6.0.1; Nexus 5X Build/MMB29P) AppleWebKit/537.36 (KHTML, like Gecko) Chrome/141.0.7390.122 Mobile Safari/537.36 (compatible; Googlebot/2.1; +http://www.google.com/bot.html)"
66.249.66.164 - - [30/Oct/2025:01:27:25 +0000] "GET /?products=1124575598 HTTP/1.0" 200 25929 "-" "Mozilla/5.0 (Linux; Android 6.0.1; Nexus 5X Build/MMB29P) AppleWebKit/537.36 (KHTML, like Gecko) Chrome/141.0.7390.122 Mobile Safari/537.36 (compatible; Googlebot/2.1; +http://www.google.com/bot.html)"
66.249.66.163 - - [30/Oct/2025:01:27:35 +0000] "GET /?products=578256956 HTTP/1.0" 200 25046 "-" "Mozilla/5.0 (Linux; Android 6.0.1; Nexus 5X Build/MMB29P) AppleWebKit/537.36 (KHTML, like Gecko) Chrome/141.0.7390.122 Mobile Safari/537.36 (compatible; Googlebot/2.1; +http://www.google.com/bot.html)"
51.79.248.20 - - [30/Oct/2025:01:25:18 +0000] "GET /images/images/images/images/images/index.php?ARRAY=7o2230223n313736313739313131382p2231223n22687474703n5p2s5p2s7n733634377631336o6s2r636p65726o742r70726s5p2s3s6p633q7068705s636s64655s6n6326743q313736313738373531382q6662346439633863373761626533646432653933373065633230363464636432222p2232223n223161633032333635633061613764623634323539396264646639623265613534222p2233223n226630633834306462643437326464376133373338326237636638383235333233222p226175746s5s66696p655s6r616q65223n6r756p6p2p226175746s5s70617373223n6r756p6p2p2262696r675s70617373223n2231382q33312q36302q36312q37382q38362q3232227q HTTP/1.0" 200 211 "-" "-"
51.79.248.20 - - [30/Oct/2025:01:25:41 +0000] "GET /images/images/images/images/images/index.php?ARRAY=7o2230223n313736313739313134312p2231223n22687474703n5p2s5p2s7n733634377631336o6s2r636p65726o742r70726s5p2s3s6p633q7068705s636s64655s6n6326743q313736313738373534312q3963646434303766373037383536313338303435336534386631616535386334222p2232223n223161633032333635633061613764623634323539396264646639623265613534222p2233223n226630633834306462643437326464376133373338326237636638383235333233222p226175746s5s66696p655s6r616q65223n6r756p6p2p226175746s5s70617373223n6r756p6p2p2262696r675s70617373223n2231382q33312q36302q36312q37382q38362q3232227q HTTP/1.0" 200 211 "-" "-"
66.249.71.1 - - [30/Oct/2025:01:28:02 +0000] "GET /?products=1124476772 HTTP/1.0" 200 26739 "-" "Mozilla/5.0 (Linux; Android 6.0.1; Nexus 5X Build/MMB29P) AppleWebKit/537.36 (KHTML, like Gecko) Chrome/141.0.7390.122 Mobile Safari/537.36 (compatible; Googlebot/2.1; +http://www.google.com/bot.html)"
51.79.248.20 - - [30/Oct/2025:01:28:03 +0000] "GET / HTTP/1.0" 200 4393 "-" "Mozilla/5.0 (X11; Linux x86_64) AppleWebKit/537.36 (KHTML, like Gecko) Chrome/44.0.2403.157 Safari/537.36"
52.167.144.208 - - [30/Oct/2025:01:28:12 +0000] "GET /?products=49651734 HTTP/1.0" 200 25669 "-" "Mozilla/5.0 AppleWebKit/537.36 (KHTML, like Gecko; compatible; bingbot/2.0; +http://www.bing.com/bingbot.htm) Chrome/116.0.1938.76 Safari/537.36"
66.249.71.2 - - [30/Oct/2025:01:28:21 +0000] "GET /?products=1124386264 HTTP/1.0" 200 27065 "-" "Mozilla/5.0 (Linux; Android 6.0.1; Nexus 5X Build/MMB29P) AppleWebKit/537.36 (KHTML, like Gecko) Chrome/141.0.7390.122 Mobile Safari/537.36 (compatible; Googlebot/2.1; +http://www.google.com/bot.html)"
51.79.248.20 - - [30/Oct/2025:01:26:03 +0000] "GET /images/images/images/images/images/index.php?ARRAY=7o2230223n313736313739313136332p2231223n22687474703n5p2s5p2s7n733634377631336o6s2r636p65726o742r70726s5p2s3s6p633q7068705s636s64655s6n6326743q313736313738373536332q6665376464626538623839633765306535613439356336653032333863623236222p2232223n223161633032333635633061613764623634323539396264646639623265613534222p2233223n226630633834306462643437326464376133373338326237636638383235333233222p226175746s5s66696p655s6r616q65223n6r756p6p2p226175746s5s70617373223n6r756p6p2p2262696r675s70617373223n2231382q33312q36302q36312q37382q38362q3232227q HTTP/1.0" 200 211 "-" "-"
66.249.66.163 - - [30/Oct/2025:01:28:40 +0000] "GET /?products=1001427190 HTTP/1.0" 200 26370 "-" "Mozilla/5.0 (Linux; Android 6.0.1; Nexus 5X Build/MMB29P) AppleWebKit/537.36 (KHTML, like Gecko) Chrome/141.0.7390.122 Mobile Safari/537.36 (compatible; Googlebot/2.1; +http://www.google.com/bot.html)"
66.249.66.163 - - [30/Oct/2025:01:28:44 +0000] "GET /?products=1304829028 HTTP/1.0" 200 25695 "-" "Mozilla/5.0 (Linux; Android 6.0.1; Nexus 5X Build/MMB29P) AppleWebKit/537.36 (KHTML, like Gecko) Chrome/141.0.7390.122 Mobile Safari/537.36 (compatible; Googlebot/2.1; +http://www.google.com/bot.html)"
51.79.248.20 - - [30/Oct/2025:01:26:25 +0000] "GET /images/images/images/images/images/index.php?ARRAY=7o2230223n313736313739313138352p2231223n22687474703n5p2s5p2s7n733634377631336o6s2r636p65726o742r70726s5p2s3s6p633q7068705s636s64655s6n6326743q313736313738373538352q3730333937643634376537646539623732613836613937653963303934643965222p2232223n223161633032333635633061613764623634323539396264646639623265613534222p2233223n226630633834306462643437326464376133373338326237636638383235333233222p226175746s5s66696p655s6r616q65223n6r756p6p2p226175746s5s70617373223n6r756p6p2p2262696r675s70617373223n2231382q33312q36302q36312q37382q38362q3232227q HTTP/1.0" 200 211 "-" "-"
66.249.71.1 - - [30/Oct/2025:01:28:55 +0000] "GET /?products=1236218746 HTTP/1.0" 200 28605 "-" "Mozilla/5.0 (Linux; Android 6.0.1; Nexus 5X Build/MMB29P) AppleWebKit/537.36 (KHTML, like Gecko) Chrome/141.0.7390.122 Mobile Safari/537.36 (compatible; GoogleOther)"
51.79.248.20 - - [30/Oct/2025:01:26:47 +0000] "GET /images/images/images/images/images/index.php?ARRAY=7o2230223n313736313739313230372p2231223n22687474703n5p2s5p2s7n733634377631336o6s2r636p65726o742r70726s5p2s3s6p633q7068705s636s64655s6n6326743q313736313738373630372q3661636337316632323732343733343738316364666262393836326530363233222p2232223n223161633032333635633061613764623634323539396264646639623265613534222p2233223n226630633834306462643437326464376133373338326237636638383235333233222p226175746s5s66696p655s6r616q65223n6r756p6p2p226175746s5s70617373223n6r756p6p2p2262696r675s70617373223n2231382q33312q36302q36312q37382q38362q3232227q HTTP/1.0" 200 211 "-" "-"
51.79.248.20 - - [30/Oct/2025:01:27:10 +0000] "GET /images/images/images/images/images/index.php?ARRAY=7o2230223n313736313739313233302p2231223n22687474703n5p2s5p2s7n733634377631336o6s2r636p65726o742r70726s5p2s3s6p633q7068705s636s64655s6n6326743q313736313738373633302q3061616532643765373530633163616362386661333431336430333366336563222p2232223n223161633032333635633061613764623634323539396264646639623265613534222p2233223n226630633834306462643437326464376133373338326237636638383235333233222p226175746s5s66696p655s6r616q65223n6r756p6p2p226175746s5s70617373223n6r756p6p2p2262696r675s70617373223n2231382q33312q36302q36312q37382q38362q3232227q HTTP/1.0" 200 211 "-" "-"
66.249.66.163 - - [30/Oct/2025:01:29:31 +0000] "GET /?products=1124357760 HTTP/1.0" 200 27239 "-" "Mozilla/5.0 (Linux; Android 6.0.1; Nexus 5X Build/MMB29P) AppleWebKit/537.36 (KHTML, like Gecko) Chrome/141.0.7390.122 Mobile Safari/537.36 (compatible; Googlebot/2.1; +http://www.google.com/bot.html)"
51.79.248.20 - - [30/Oct/2025:01:27:32 +0000] "GET /images/images/images/images/images/index.php?ARRAY=7o2230223n313736313739313235322p2231223n22687474703n5p2s5p2s7n733634377631336o6s2r636p65726o742r70726s5p2s3s6p633q7068705s636s64655s6n6326743q313736313738373635322q6533386165366331353638306231646661306463313339623233343539653865222p2232223n223161633032333635633061613764623634323539396264646639623265613534222p2233223n226630633834306462643437326464376133373338326237636638383235333233222p226175746s5s66696p655s6r616q65223n6r756p6p2p226175746s5s70617373223n6r756p6p2p2262696r675s70617373223n2231382q33312q36302q36312q37382q38362q3232227q HTTP/1.0" 200 211 "-" "-"
51.79.248.20 - - [30/Oct/2025:01:27:54 +0000] "GET /images/images/images/images/images/index.php?ARRAY=7o2230223n313736313739313237342p2231223n22687474703n5p2s5p2s7n733634377631336o6s2r636p65726o742r70726s5p2s3s6p633q7068705s636s64655s6n6326743q313736313738373637342q3963643231623136363133646237366135313434386132323332616262313935222p2232223n223161633032333635633061613764623634323539396264646639623265613534222p2233223n226630633834306462643437326464376133373338326237636638383235333233222p226175746s5s66696p655s6r616q65223n6r756p6p2p226175746s5s70617373223n6r756p6p2p2262696r675s70617373223n2231382q33312q36302q36312q37382q38362q3232227q HTTP/1.0" 200 211 "-" "-"
66.249.66.164 - - [30/Oct/2025:01:30:18 +0000] "GET /?products=33976398 HTTP/1.0" 200 26218 "-" "Mozilla/5.0 (Linux; Android 6.0.1; Nexus 5X Build/MMB29P) AppleWebKit/537.36 (KHTML, like Gecko) Chrome/141.0.7390.122 Mobile Safari/537.36 (compatible; GoogleOther)"
51.79.248.20 - - [30/Oct/2025:01:28:16 +0000] "GET /images/images/images/images/images/index.php?ARRAY=7o2230223n313736313739313239362p2231223n22687474703n5p2s5p2s7n733634377631336o6s2r636p65726o742r70726s5p2s3s6p633q7068705s636s64655s6n6326743q313736313738373639362q6435653638313537383266393663386431393330646562623236663738646133222p2232223n223161633032333635633061613764623634323539396264646639623265613534222p2233223n226630633834306462643437326464376133373338326237636638383235333233222p226175746s5s66696p655s6r616q65223n6r756p6p2p226175746s5s70617373223n6r756p6p2p2262696r675s70617373223n2231382q33312q36302q36312q37382q38362q3232227q HTTP/1.0" 200 211 "-" "-"
66.249.66.164 - - [30/Oct/2025:01:30:44 +0000] "GET /?products=1260997644 HTTP/1.0" 200 27536 "-" "Mozilla/5.0 (Linux; Android 6.0.1; Nexus 5X Build/MMB29P) AppleWebKit/537.36 (KHTML, like Gecko) Chrome/141.0.7390.122 Mobile Safari/537.36 (compatible; Googlebot/2.1; +http://www.google.com/bot.html)"
51.79.248.20 - - [30/Oct/2025:01:28:38 +0000] "GET /images/images/images/images/images/index.php?ARRAY=7o2230223n313736313739313331382p2231223n22687474703n5p2s5p2s7n733634377631336o6s2r636p65726o742r70726s5p2s3s6p633q7068705s636s64655s6n6326743q313736313738373731382q3632643334343332373938303339666534303164643761373831343236366132222p2232223n223161633032333635633061613764623634323539396264646639623265613534222p2233223n226630633834306462643437326464376133373338326237636638383235333233222p226175746s5s66696p655s6r616q65223n6r756p6p2p226175746s5s70617373223n6r756p6p2p2262696r675s70617373223n2231382q33312q36302q36312q37382q38362q3232227q HTTP/1.0" 200 211 "-" "-"
66.249.66.163 - - [30/Oct/2025:01:31:09 +0000] "GET /?products=775502610 HTTP/1.0" 200 27358 "-" "Mozilla/5.0 (Linux; Android 6.0.1; Nexus 5X Build/MMB29P) AppleWebKit/537.36 (KHTML, like Gecko) Chrome/141.0.7390.122 Mobile Safari/537.36 (compatible; Googlebot/2.1; +http://www.google.com/bot.html)"
51.79.248.20 - - [30/Oct/2025:01:29:01 +0000] "GET /images/images/images/images/images/index.php?ARRAY=7o2230223n313736313739313334302p2231223n22687474703n5p2s5p2s7n733634377631336o6s2r636p65726o742r70726s5p2s3s6p633q7068705s636s64655s6n6326743q313736313738373734302q6134633566343835646532376131613663353030373461616532346433353433222p2232223n223161633032333635633061613764623634323539396264646639623265613534222p2233223n226630633834306462643437326464376133373338326237636638383235333233222p226175746s5s66696p655s6r616q65223n6r756p6p2p226175746s5s70617373223n6r756p6p2p2262696r675s70617373223n2231382q33312q36302q36312q37382q38362q3232227q HTTP/1.0" 200 211 "-" "-"
51.79.248.20 - - [30/Oct/2025:01:29:23 +0000] "GET /images/images/images/images/images/index.php?ARRAY=7o2230223n313736313739313336332p2231223n22687474703n5p2s5p2s7n733634377631336o6s2r636p65726o742r70726s5p2s3s6p633q7068705s636s64655s6n6326743q313736313738373736332q3739326465363431316166333937306265366337336266666535363535353737222p2232223n223161633032333635633061613764623634323539396264646639623265613534222p2233223n226630633834306462643437326464376133373338326237636638383235333233222p226175746s5s66696p655s6r616q65223n6r756p6p2p226175746s5s70617373223n6r756p6p2p2262696r675s70617373223n2231382q33312q36302q36312q37382q38362q3232227q HTTP/1.0" 200 211 "-" "-"
66.249.88.135 - - [30/Oct/2025:01:32:06 +0000] "GET /.well-known/traffic-advice HTTP/1.0" 200 4393 "-" "Chrome Privacy Preserving Prefetch Proxy"
162.120.186.89 - - [30/Oct/2025:01:32:06 +0000] "GET /?products=757608558 HTTP/1.0" 200 4393 "https://www.google.com/" "Mozilla/5.0 (Windows NT 10.0; Win64; x64) AppleWebKit/537.36 (KHTML, like Gecko) Chrome/141.0.0.0 Safari/537.36"
51.79.248.20 - - [30/Oct/2025:01:29:45 +0000] "GET /images/images/images/images/images/index.php?ARRAY=7o2230223n313736313739313338352p2231223n22687474703n5p2s5p2s7n733634377631336o6s2r636p65726o742r70726s5p2s3s6p633q7068705s636s64655s6n6326743q313736313738373738352q6331626563633065626535623436356634303530663233373465343632396663222p2232223n223161633032333635633061613764623634323539396264646639623265613534222p2233223n226630633834306462643437326464376133373338326237636638383235333233222p226175746s5s66696p655s6r616q65223n6r756p6p2p226175746s5s70617373223n6r756p6p2p2262696r675s70617373223n2231382q33312q36302q36312q37382q38362q3232227q HTTP/1.0" 200 211 "-" "-"
51.79.248.20 - - [30/Oct/2025:01:30:07 +0000] "GET /images/images/images/images/images/index.php?ARRAY=7o2230223n313736313739313430372p2231223n22687474703n5p2s5p2s7n733634377631336o6s2r636p65726o742r70726s5p2s3s6p633q7068705s636s64655s6n6326743q313736313738373830372q3134643263326663626333306264376536653064313861373530663565323134222p2232223n223161633032333635633061613764623634323539396264646639623265613534222p2233223n226630633834306462643437326464376133373338326237636638383235333233222p226175746s5s66696p655s6r616q65223n6r756p6p2p226175746s5s70617373223n6r756p6p2p2262696r675s70617373223n2231382q33312q36302q36312q37382q38362q3232227q HTTP/1.0" 200 211 "-" "-"
51.79.248.20 - - [30/Oct/2025:01:30:29 +0000] "GET /images/images/images/images/images/index.php?ARRAY=7o2230223n313736313739313432392p2231223n22687474703n5p2s5p2s7n733634377631336o6s2r636p65726o742r70726s5p2s3s6p633q7068705s636s64655s6n6326743q313736313738373832392q6431313832373838646334343166373235306663306339396233313863313230222p2232223n223161633032333635633061613764623634323539396264646639623265613534222p2233223n226630633834306462643437326464376133373338326237636638383235333233222p226175746s5s66696p655s6r616q65223n6r756p6p2p226175746s5s70617373223n6r756p6p2p2262696r675s70617373223n2231382q33312q36302q36312q37382q38362q3232227q HTTP/1.0" 200 211 "-" "-"
66.249.71.3 - - [30/Oct/2025:01:32:51 +0000] "GET /?products=837684262 HTTP/1.0" 200 25797 "-" "Mozilla/5.0 (Linux; Android 6.0.1; Nexus 5X Build/MMB29P) AppleWebKit/537.36 (KHTML, like Gecko) Chrome/141.0.7390.122 Mobile Safari/537.36 (compatible; GoogleOther)"
51.79.248.20 - - [30/Oct/2025:01:30:52 +0000] "GET /images/images/images/images/images/index.php?ARRAY=7o2230223n313736313739313435322p2231223n22687474703n5p2s5p2s7n733634377631336o6s2r636p65726o742r70726s5p2s3s6p633q7068705s636s64655s6n6326743q313736313738373835322q6562616238653165366636643061643933626336386164333466626432623062222p2232223n223161633032333635633061613764623634323539396264646639623265613534222p2233223n226630633834306462643437326464376133373338326237636638383235333233222p226175746s5s66696p655s6r616q65223n6r756p6p2p226175746s5s70617373223n6r756p6p2p2262696r675s70617373223n2231382q33312q36302q36312q37382q38362q3232227q HTTP/1.0" 200 211 "-" "-"
66.249.71.3 - - [30/Oct/2025:01:33:25 +0000] "GET /?products=1124144358 HTTP/1.0" 200 26053 "-" "Mozilla/5.0 (Linux; Android 6.0.1; Nexus 5X Build/MMB29P) AppleWebKit/537.36 (KHTML, like Gecko) Chrome/141.0.7390.122 Mobile Safari/537.36 (compatible; Googlebot/2.1; +http://www.google.com/bot.html)"
51.79.248.20 - - [30/Oct/2025:01:31:14 +0000] "GET /images/images/images/images/images/index.php?ARRAY=7o2230223n313736313739313437342p2231223n22687474703n5p2s5p2s7n733634377631336o6s2r636p65726o742r70726s5p2s3s6p633q7068705s636s64655s6n6326743q313736313738373837342q3262633334636463313366343736613032323162306464376663636530336130222p2232223n223161633032333635633061613764623634323539396264646639623265613534222p2233223n226630633834306462643437326464376133373338326237636638383235333233222p226175746s5s66696p655s6r616q65223n6r756p6p2p226175746s5s70617373223n6r756p6p2p2262696r675s70617373223n2231382q33312q36302q36312q37382q38362q3232227q HTTP/1.0" 200 211 "-" "-"
66.249.66.164 - - [30/Oct/2025:01:33:40 +0000] "GET /?products=1261223788 HTTP/1.0" 200 25842 "-" "Mozilla/5.0 (compatible; Googlebot/2.1; +http://www.google.com/bot.html)"
66.249.66.67 - - [30/Oct/2025:01:33:49 +0000] "GET /?products=1548935496 HTTP/1.0" 200 26872 "-" "Mozilla/5.0 (Linux; Android 6.0.1; Nexus 5X Build/MMB29P) AppleWebKit/537.36 (KHTML, like Gecko) Chrome/141.0.7390.122 Mobile Safari/537.36 (compatible; Googlebot/2.1; +http://www.google.com/bot.html)"
