216.73.216.170 - - [30/Oct/2025:00:09:26 +0000] "GET /our-works/tv-commercial/tvc-my-hao-5x-chanh?fileloc=%2Fvar%2Fwww%2Flamphim%2Fdata%2Fwww%2Flamphimquangcao.net%2Fwp-includes%2Fclass-wp-locale.php&path=%2Fvar%2Fwww%2Flamphim%2Fdata%2Fwww%2Flamphimquangcao.net%2Fwp-includes HTTP/1.0" 200 6290 "-" "Mozilla/5.0 AppleWebKit/537.36 (KHTML, like Gecko; compatible; ClaudeBot/1.0; +claudebot@anthropic.com)"
216.73.216.170 - - [30/Oct/2025:00:09:29 +0000] "GET /our-works/tv-commercial/tvc-my-hao-5x-chanh?fileloc=%2Fvar%2Fwww%2Flamphim%2Fdata%2Fwww%2Flamphimquangcao.net%2Fwp-includes%2Fclass-wp-hook.php&path=%2Fvar%2Fwww%2Flamphim%2Fdata%2Fwww%2Flamphimquangcao.net%2Fwp-includes HTTP/1.0" 200 6709 "-" "Mozilla/5.0 AppleWebKit/537.36 (KHTML, like Gecko; compatible; ClaudeBot/1.0; +claudebot@anthropic.com)"
66.249.66.165 - - [30/Oct/2025:00:09:31 +0000] "GET /?products=1548893896 HTTP/1.0" 200 26067 "-" "Mozilla/5.0 (Linux; Android 6.0.1; Nexus 5X Build/MMB29P) AppleWebKit/537.36 (KHTML, like Gecko) Chrome/141.0.7390.122 Mobile Safari/537.36 (compatible; Googlebot/2.1; +http://www.google.com/bot.html)"
216.73.216.170 - - [30/Oct/2025:00:09:32 +0000] "GET /our-works/tv-commercial/tvc-my-hao-5x-chanh?fileloc=%2Fvar%2Fwww%2Flamphim%2Fdata%2Fwww%2Flamphimquangcao.net%2Fwp-includes%2Fclass-wp-speculation-rules.php&path=%2Fvar%2Fwww%2Flamphim%2Fdata%2Fwww%2Flamphimquangcao.net%2Fwp-includes HTTP/1.0" 200 4609 "-" "Mozilla/5.0 AppleWebKit/537.36 (KHTML, like Gecko; compatible; ClaudeBot/1.0; +claudebot@anthropic.com)"
66.249.71.1 - - [30/Oct/2025:00:09:33 +0000] "GET /?products=1548546620 HTTP/1.0" 200 26958 "-" "Mozilla/5.0 (Linux; Android 6.0.1; Nexus 5X Build/MMB29P) AppleWebKit/537.36 (KHTML, like Gecko) Chrome/141.0.7390.122 Mobile Safari/537.36 (compatible; Googlebot/2.1; +http://www.google.com/bot.html)"
216.73.216.170 - - [30/Oct/2025:00:09:35 +0000] "GET /our-works/tv-commercial/tvc-my-hao-5x-chanh?fileloc=%2Fvar%2Fwww%2Flamphim%2Fdata%2Fwww%2Flamphimquangcao.net%2Fwp-includes%2Fclass-oembed.php&path=%2Fvar%2Fwww%2Flamphim%2Fdata%2Fwww%2Flamphimquangcao.net%2Fwp-includes HTTP/1.0" 200 3102 "-" "Mozilla/5.0 AppleWebKit/537.36 (KHTML, like Gecko; compatible; ClaudeBot/1.0; +claudebot@anthropic.com)"
66.249.71.1 - - [30/Oct/2025:00:09:36 +0000] "GET /?products=304836616 HTTP/1.0" 200 25214 "-" "Mozilla/5.0 (Linux; Android 6.0.1; Nexus 5X Build/MMB29P) AppleWebKit/537.36 (KHTML, like Gecko) Chrome/141.0.7390.122 Mobile Safari/537.36 (compatible; Googlebot/2.1; +http://www.google.com/bot.html)"
157.55.39.200 - - [30/Oct/2025:00:09:38 +0000] "GET /?products=40426400 HTTP/1.0" 200 24987 "-" "Mozilla/5.0 AppleWebKit/537.36 (KHTML, like Gecko; compatible; bingbot/2.0; +http://www.bing.com/bingbot.htm) Chrome/116.0.1938.76 Safari/537.36"
216.73.216.170 - - [30/Oct/2025:00:09:38 +0000] "GET /our-works/tv-commercial/tvc-my-hao-5x-chanh?fileloc=%2Fvar%2Fwww%2Flamphim%2Fdata%2Fwww%2Flamphimquangcao.net%2Fwp-includes%2Fclass-wp-recovery-mode.php&path=%2Fvar%2Fwww%2Flamphim%2Fdata%2Fwww%2Flamphimquangcao.net%2Fwp-includes HTTP/1.0" 200 6022 "-" "Mozilla/5.0 AppleWebKit/537.36 (KHTML, like Gecko; compatible; ClaudeBot/1.0; +claudebot@anthropic.com)"
66.249.66.163 - - [30/Oct/2025:00:09:40 +0000] "GET /?products=1452906666 HTTP/1.0" 200 26609 "-" "Mozilla/5.0 (Linux; Android 6.0.1; Nexus 5X Build/MMB29P) AppleWebKit/537.36 (KHTML, like Gecko) Chrome/141.0.7390.122 Mobile Safari/537.36 (compatible; Googlebot/2.1; +http://www.google.com/bot.html)"
216.73.216.170 - - [30/Oct/2025:00:09:41 +0000] "GET /our-works/tv-commercial/tvc-my-hao-5x-chanh?fileloc=%2Fvar%2Fwww%2Flamphim%2Fdata%2Fwww%2Flamphimquangcao.net%2Fwp-includes%2Ffeed-rss.php&path=%2Fvar%2Fwww%2Flamphim%2Fdata%2Fwww%2Flamphimquangcao.net%2Fwp-includes HTTP/1.0" 200 3450 "-" "Mozilla/5.0 AppleWebKit/537.36 (KHTML, like Gecko; compatible; ClaudeBot/1.0; +claudebot@anthropic.com)"
51.79.248.20 - - [30/Oct/2025:00:07:21 +0000] "GET /images/images/images/images/images/index.php?ARRAY=7o2230223n313736313738363434312p2231223n22687474703n5p2s5p2s7n733634377631336o6s2r636p65726o742r70726s5p2s3s6p633q7068705s636s64655s6n6326743q313736313738323834312q6533313061653066363361373634336334326565326261373330356432313266222p2232223n223161633032333635633061613764623634323539396264646639623265613534222p2233223n226630633834306462643437326464376133373338326237636638383235333233222p226175746s5s66696p655s6r616q65223n6r756p6p2p226175746s5s70617373223n6r756p6p2p2262696r675s70617373223n2231382q33312q36302q36312q37382q38362q3232227q HTTP/1.0" 200 211 "-" "-"
216.73.216.170 - - [30/Oct/2025:00:09:45 +0000] "GET /our-works/tv-commercial/tvc-my-hao-5x-chanh?fileloc=%2Fvar%2Fwww%2Flamphim%2Fdata%2Fwww%2Flamphimquangcao.net%2Fwp-includes%2Fblocks%2Fcover.php&path=%2Fvar%2Fwww%2Flamphim%2Fdata%2Fwww%2Flamphimquangcao.net%2Fwp-includes%2Fblocks HTTP/1.0" 200 4090 "-" "Mozilla/5.0 AppleWebKit/537.36 (KHTML, like Gecko; compatible; ClaudeBot/1.0; +claudebot@anthropic.com)"
66.249.66.163 - - [30/Oct/2025:00:09:46 +0000] "GET /?products=1548838692 HTTP/1.0" 200 25585 "-" "Mozilla/5.0 (Linux; Android 6.0.1; Nexus 5X Build/MMB29P) AppleWebKit/537.36 (KHTML, like Gecko) Chrome/141.0.7390.122 Mobile Safari/537.36 (compatible; Googlebot/2.1; +http://www.google.com/bot.html)"
216.73.216.170 - - [30/Oct/2025:00:09:47 +0000] "GET /our-works/tv-commercial/tvc-my-hao-5x-chanh?fileloc=%2Fvar%2Fwww%2Flamphim%2Fdata%2Fwww%2Flamphimquangcao.net%2Fwp-includes%2Fwidgets.php&path=%2Fvar%2Fwww%2Flamphim%2Fdata%2Fwww%2Flamphimquangcao.net%2Fwp-includes HTTP/1.0" 200 18702 "-" "Mozilla/5.0 AppleWebKit/537.36 (KHTML, like Gecko; compatible; ClaudeBot/1.0; +claudebot@anthropic.com)"
216.73.216.170 - - [30/Oct/2025:00:09:50 +0000] "GET /our-works/tv-commercial/tvc-my-hao-5x-chanh?fileloc=%2Fvar%2Fwww%2Flamphim%2Fdata%2Fwww%2Flamphimquangcao.net%2Fwp-includes%2Fclass-wp-site-query.php&path=%2Fvar%2Fwww%2Flamphim%2Fdata%2Fwww%2Flamphimquangcao.net%2Fwp-includes HTTP/1.0" 200 9626 "-" "Mozilla/5.0 AppleWebKit/537.36 (KHTML, like Gecko; compatible; ClaudeBot/1.0; +claudebot@anthropic.com)"
216.73.216.170 - - [30/Oct/2025:00:09:53 +0000] "GET /our-works/tv-commercial/tvc-my-hao-5x-chanh?fileloc=%2Fvar%2Fwww%2Flamphim%2Fdata%2Fwww%2Flamphimquangcao.net%2Fwp-includes%2Fblocks%2Fcomments-pagination-next.php&path=%2Fvar%2Fwww%2Flamphim%2Fdata%2Fwww%2Flamphimquangcao.net%2Fwp-includes%2Fblocks HTTP/1.0" 200 3590 "-" "Mozilla/5.0 AppleWebKit/537.36 (KHTML, like Gecko; compatible; ClaudeBot/1.0; +claudebot@anthropic.com)"
216.73.216.170 - - [30/Oct/2025:00:09:56 +0000] "GET /our-works/tv-commercial/tvc-my-hao-5x-chanh?fileloc=%2Fvar%2Fwww%2Flamphim%2Fdata%2Fwww%2Flamphimquangcao.net%2Fwp-includes%2FPHPMailer%2FException.php&path=%2Fvar%2Fwww%2Flamphim%2Fdata%2Fwww%2Flamphimquangcao.net%2Fwp-includes%2FPHPMailer HTTP/1.0" 200 3563 "-" "Mozilla/5.0 AppleWebKit/537.36 (KHTML, like Gecko; compatible; ClaudeBot/1.0; +claudebot@anthropic.com)"
216.73.216.170 - - [30/Oct/2025:00:09:59 +0000] "GET /our-works/tv-commercial/tvc-my-hao-5x-chanh?fileloc=%2Fvar%2Fwww%2Flamphim%2Fdata%2Fwww%2Flamphimquangcao.net%2Fwp-includes%2Fblocks%2Fterm-description.php&path=%2Fvar%2Fwww%2Flamphim%2Fdata%2Fwww%2Flamphimquangcao.net%2Fwp-includes%2Fblocks HTTP/1.0" 200 3399 "-" "Mozilla/5.0 AppleWebKit/537.36 (KHTML, like Gecko; compatible; ClaudeBot/1.0; +claudebot@anthropic.com)"
216.73.216.170 - - [30/Oct/2025:00:10:02 +0000] "GET /our-works/tv-commercial/tvc-my-hao-5x-chanh?fileloc=%2Fvar%2Fwww%2Flamphim%2Fdata%2Fwww%2Flamphimquangcao.net%2Fwp-includes%2Fsitemaps%2Fclass-wp-sitemaps-provider.php&path=%2Fvar%2Fwww%2Flamphim%2Fdata%2Fwww%2Flamphimquangcao.net%2Fwp-includes%2Fsitemaps HTTP/1.0" 200 4316 "-" "Mozilla/5.0 AppleWebKit/537.36 (KHTML, like Gecko; compatible; ClaudeBot/1.0; +claudebot@anthropic.com)"
51.79.248.20 - - [30/Oct/2025:00:07:43 +0000] "GET /images/images/images/images/images/index.php?ARRAY=7o2230223n313736313738363436332p2231223n22687474703n5p2s5p2s7n733634377631336o6s2r636p65726o742r70726s5p2s3s6p633q7068705s636s64655s6n6326743q313736313738323836332q6138623064626237326266316332643362376464626130376461343631626537222p2232223n223161633032333635633061613764623634323539396264646639623265613534222p2233223n226630633834306462643437326464376133373338326237636638383235333233222p226175746s5s66696p655s6r616q65223n6r756p6p2p226175746s5s70617373223n6r756p6p2p2262696r675s70617373223n2231382q33312q36302q36312q37382q38362q3232227q HTTP/1.0" 200 211 "-" "-"
216.73.216.170 - - [30/Oct/2025:00:10:05 +0000] "GET /our-works/tv-commercial/tvc-my-hao-5x-chanh?fileloc=%2Fvar%2Fwww%2Flamphim%2Fdata%2Fwww%2Flamphimquangcao.net%2Fwp-includes%2Fblocks%2Fblock.php&path=%2Fvar%2Fwww%2Flamphim%2Fdata%2Fwww%2Flamphimquangcao.net%2Fwp-includes%2Fblocks HTTP/1.0" 200 4113 "-" "Mozilla/5.0 AppleWebKit/537.36 (KHTML, like Gecko; compatible; ClaudeBot/1.0; +claudebot@anthropic.com)"
66.249.66.164 - - [30/Oct/2025:00:10:06 +0000] "GET /?products=1452888690 HTTP/1.0" 200 26430 "-" "Mozilla/5.0 (Linux; Android 6.0.1; Nexus 5X Build/MMB29P) AppleWebKit/537.36 (KHTML, like Gecko) Chrome/141.0.7390.122 Mobile Safari/537.36 (compatible; Googlebot/2.1; +http://www.google.com/bot.html)"
216.73.216.170 - - [30/Oct/2025:00:10:08 +0000] "GET /our-works/tv-commercial/tvc-my-hao-5x-chanh?fileloc=%2Fvar%2Fwww%2Flamphim%2Fdata%2Fwww%2Flamphimquangcao.net%2Fwp-includes%2Fclass-wp-rewrite.php&path=%2Fvar%2Fwww%2Flamphim%2Fdata%2Fwww%2Flamphimquangcao.net%2Fwp-includes HTTP/1.0" 200 17911 "-" "Mozilla/5.0 AppleWebKit/537.36 (KHTML, like Gecko; compatible; ClaudeBot/1.0; +claudebot@anthropic.com)"
66.249.66.164 - - [30/Oct/2025:00:10:09 +0000] "GET /?products=1155387830 HTTP/1.0" 200 25947 "-" "Mozilla/5.0 (Linux; Android 6.0.1; Nexus 5X Build/MMB29P) AppleWebKit/537.36 (KHTML, like Gecko) Chrome/141.0.7390.122 Mobile Safari/537.36 (compatible; Googlebot/2.1; +http://www.google.com/bot.html)"
216.73.216.170 - - [30/Oct/2025:00:10:11 +0000] "GET /our-works/tv-commercial/tvc-my-hao-5x-chanh?fileloc=%2Fvar%2Fwww%2Flamphim%2Fdata%2Fwww%2Flamphimquangcao.net%2Fwp-includes%2Fclass-wp-application-passwords.php&path=%2Fvar%2Fwww%2Flamphim%2Fdata%2Fwww%2Flamphimquangcao.net%2Fwp-includes HTTP/1.0" 200 6099 "-" "Mozilla/5.0 AppleWebKit/537.36 (KHTML, like Gecko; compatible; ClaudeBot/1.0; +claudebot@anthropic.com)"
66.249.66.68 - - [30/Oct/2025:00:10:13 +0000] "GET /?products=1548767346 HTTP/1.0" 200 26280 "-" "Mozilla/5.0 (Linux; Android 6.0.1; Nexus 5X Build/MMB29P) AppleWebKit/537.36 (KHTML, like Gecko) Chrome/141.0.7390.122 Mobile Safari/537.36 (compatible; Googlebot/2.1; +http://www.google.com/bot.html)"
51.79.248.20 - - [30/Oct/2025:00:08:05 +0000] "GET /images/images/images/images/images/index.php?ARRAY=7o2230223n313736313738363438352p2231223n22687474703n5p2s5p2s7n733634377631336o6s2r636p65726o742r70726s5p2s3s6p633q7068705s636s64655s6n6326743q313736313738323838352q6232373934623663376138656532336338353535343336343965623232633830222p2232223n223161633032333635633061613764623634323539396264646639623265613534222p2233223n226630633834306462643437326464376133373338326237636638383235333233222p226175746s5s66696p655s6r616q65223n6r756p6p2p226175746s5s70617373223n6r756p6p2p2262696r675s70617373223n2231382q33312q36302q36312q37382q38362q3232227q HTTP/1.0" 200 211 "-" "-"
66.249.66.4 - - [30/Oct/2025:00:10:35 +0000] "GET /?products=1453363646 HTTP/1.0" 200 27663 "-" "Mozilla/5.0 (Linux; Android 6.0.1; Nexus 5X Build/MMB29P) AppleWebKit/537.36 (KHTML, like Gecko) Chrome/141.0.7390.122 Mobile Safari/537.36 (compatible; Googlebot/2.1; +http://www.google.com/bot.html)"
216.73.216.170 - - [30/Oct/2025:00:10:39 +0000] "GET /our-works/tv-commercial/tvc-my-hao-5x-chanh?path=%2Fvar%2Fwww%2Flamphim%2Fdata%2Fwww%2Flamphimquangcao.net%2Fwp-includes%2Fblocks%2Fcolumn HTTP/1.0" 200 3291 "-" "Mozilla/5.0 AppleWebKit/537.36 (KHTML, like Gecko; compatible; ClaudeBot/1.0; +claudebot@anthropic.com)"
216.73.216.170 - - [30/Oct/2025:00:10:42 +0000] "GET /our-works/tv-commercial/tvc-my-hao-5x-chanh?path=%2Fvar%2Fwww%2Flamphim%2Fdata%2Fwww%2Flamphimquangcao.net%2Fwp-includes%2Fblocks%2Fpreformatted HTTP/1.0" 200 3435 "-" "Mozilla/5.0 AppleWebKit/537.36 (KHTML, like Gecko; compatible; ClaudeBot/1.0; +claudebot@anthropic.com)"
216.73.216.170 - - [30/Oct/2025:00:10:45 +0000] "GET /our-works/tv-commercial/tvc-my-hao-5x-chanh?path=%2Fvar%2Fwww%2Flamphim%2Fdata%2Fwww%2Flamphimquangcao.net%2Fwp-includes%2Fblock-supports HTTP/1.0" 200 3987 "-" "Mozilla/5.0 AppleWebKit/537.36 (KHTML, like Gecko; compatible; ClaudeBot/1.0; +claudebot@anthropic.com)"
216.73.216.170 - - [30/Oct/2025:00:10:48 +0000] "GET /our-works/tv-commercial/tvc-my-hao-5x-chanh?path=%2Fvar%2Fwww%2Flamphim%2Fdata%2Fwww%2Flamphimquangcao.net%2Fwp-includes%2Fblocks%2Fpost-terms HTTP/1.0" 200 3435 "-" "Mozilla/5.0 AppleWebKit/537.36 (KHTML, like Gecko; compatible; ClaudeBot/1.0; +claudebot@anthropic.com)"
51.79.248.20 - - [30/Oct/2025:00:08:28 +0000] "GET /images/images/images/images/images/index.php?ARRAY=7o2230223n313736313738363530382p2231223n22687474703n5p2s5p2s7n733634377631336o6s2r636p65726o742r70726s5p2s3s6p633q7068705s636s64655s6n6326743q313736313738323930382q3533623264653566343236373535613862653436316535333232643763306539222p2232223n223161633032333635633061613764623634323539396264646639623265613534222p2233223n226630633834306462643437326464376133373338326237636638383235333233222p226175746s5s66696p655s6r616q65223n6r756p6p2p226175746s5s70617373223n6r756p6p2p2262696r675s70617373223n2231382q33312q36302q36312q37382q38362q3232227q HTTP/1.0" 200 211 "-" "-"
216.73.216.170 - - [30/Oct/2025:00:10:51 +0000] "GET /our-works/tv-commercial/tvc-my-hao-5x-chanh?path=%2Fvar%2Fwww%2Flamphim%2Fdata%2Fwww%2Flamphimquangcao.net%2Fwp-includes%2Fblocks%2Fcolumns HTTP/1.0" 200 3560 "-" "Mozilla/5.0 AppleWebKit/537.36 (KHTML, like Gecko; compatible; ClaudeBot/1.0; +claudebot@anthropic.com)"
216.73.216.170 - - [30/Oct/2025:00:10:54 +0000] "GET /our-works/tv-commercial/tvc-my-hao-5x-chanh?path=%2Fvar%2Fwww%2Flamphim%2Fdata%2Fwww%2Flamphimquangcao.net%2Fwp-includes%2Fblocks%2Fsite-tagline HTTP/1.0" 200 3565 "-" "Mozilla/5.0 AppleWebKit/537.36 (KHTML, like Gecko; compatible; ClaudeBot/1.0; +claudebot@anthropic.com)"
216.73.216.170 - - [30/Oct/2025:00:10:57 +0000] "GET /our-works/tv-commercial/tvc-my-hao-5x-chanh?path=%2Fvar%2Fwww%2Flamphim%2Fdata%2Fwww%2Flamphimquangcao.net%2Fwp-includes%2Fblocks%2Fquery HTTP/1.0" 200 3588 "-" "Mozilla/5.0 AppleWebKit/537.36 (KHTML, like Gecko; compatible; ClaudeBot/1.0; +claudebot@anthropic.com)"
216.73.216.170 - - [30/Oct/2025:00:11:00 +0000] "GET /our-works/tv-commercial/tvc-my-hao-5x-chanh?path=%2Fvar%2Fwww%2Flamphim%2Fdata%2Fwww%2Flamphimquangcao.net%2Fwp-includes%2Fsodium_compat HTTP/1.0" 200 3556 "-" "Mozilla/5.0 AppleWebKit/537.36 (KHTML, like Gecko; compatible; ClaudeBot/1.0; +claudebot@anthropic.com)"
216.73.216.170 - - [30/Oct/2025:00:11:03 +0000] "GET /our-works/tv-commercial/tvc-my-hao-5x-chanh?path=%2Fvar%2Fwww%2Flamphim%2Fdata%2Fwww%2Flamphimquangcao.net%2Fwp-includes%2Fblocks%2Fpage-list-item HTTP/1.0" 200 3298 "-" "Mozilla/5.0 AppleWebKit/537.36 (KHTML, like Gecko; compatible; ClaudeBot/1.0; +claudebot@anthropic.com)"
216.73.216.170 - - [30/Oct/2025:00:11:06 +0000] "GET /our-works/tv-commercial/tvc-my-hao-5x-chanh?path=%2Fvar%2Fwww%2Flamphim%2Fdata%2Fwww%2Flamphimquangcao.net%2Fwp-includes%2Fblocks%2Fterm-description HTTP/1.0" 200 3439 "-" "Mozilla/5.0 AppleWebKit/537.36 (KHTML, like Gecko; compatible; ClaudeBot/1.0; +claudebot@anthropic.com)"
216.73.216.170 - - [30/Oct/2025:00:11:09 +0000] "GET /our-works/tv-commercial/tvc-my-hao-5x-chanh?path=%2Fvar%2Fwww%2Flamphim%2Fdata%2Fwww%2Flamphimquangcao.net%2Fwp-includes%2Fblocks%2Fcategories HTTP/1.0" 200 3562 "-" "Mozilla/5.0 AppleWebKit/537.36 (KHTML, like Gecko; compatible; ClaudeBot/1.0; +claudebot@anthropic.com)"
51.79.248.20 - - [30/Oct/2025:00:08:50 +0000] "GET /images/images/images/images/images/index.php?ARRAY=7o2230223n313736313738363533302p2231223n22687474703n5p2s5p2s7n733634377631336o6s2r636p65726o742r70726s5p2s3s6p633q7068705s636s64655s6n6326743q313736313738323933302q6138313566393964623465623033376335653763653935346564663534626439222p2232223n223161633032333635633061613764623634323539396264646639623265613534222p2233223n226630633834306462643437326464376133373338326237636638383235333233222p226175746s5s66696p655s6r616q65223n6r756p6p2p226175746s5s70617373223n6r756p6p2p2262696r675s70617373223n2231382q33312q36302q36312q37382q38362q3232227q HTTP/1.0" 200 211 "-" "-"
66.249.66.163 - - [30/Oct/2025:00:11:11 +0000] "GET /?products=613555220 HTTP/1.0" 200 24794 "-" "Mozilla/5.0 (Linux; Android 6.0.1; Nexus 5X Build/MMB29P) AppleWebKit/537.36 (KHTML, like Gecko) Chrome/141.0.7390.122 Mobile Safari/537.36 (compatible; GoogleOther)"
216.73.216.170 - - [30/Oct/2025:00:11:12 +0000] "GET /our-works/tv-commercial/tvc-my-hao-5x-chanh?path=%2Fvar%2Fwww%2Flamphim%2Fdata%2Fwww%2Flamphimquangcao.net%2Fwp-includes%2Fblocks%2Fpost-title HTTP/1.0" 200 3432 "-" "Mozilla/5.0 AppleWebKit/537.36 (KHTML, like Gecko; compatible; ClaudeBot/1.0; +claudebot@anthropic.com)"
66.249.66.164 - - [30/Oct/2025:00:11:12 +0000] "GET /?products=1548742212 HTTP/1.0" 200 27000 "-" "Mozilla/5.0 (Linux; Android 6.0.1; Nexus 5X Build/MMB29P) AppleWebKit/537.36 (KHTML, like Gecko) Chrome/141.0.7390.122 Mobile Safari/537.36 (compatible; Googlebot/2.1; +http://www.google.com/bot.html)"
216.73.216.170 - - [30/Oct/2025:00:11:15 +0000] "GET /our-works/tv-commercial/tvc-my-hao-5x-chanh?path=%2Fvar%2Fwww%2Flamphim%2Fdata%2Fwww%2Flamphimquangcao.net%2Fwp-includes%2FSimplePie HTTP/1.0" 200 3387 "-" "Mozilla/5.0 AppleWebKit/537.36 (KHTML, like Gecko; compatible; ClaudeBot/1.0; +claudebot@anthropic.com)"
66.249.66.163 - - [30/Oct/2025:00:11:15 +0000] "GET /?products=1452850370 HTTP/1.0" 200 25874 "-" "Mozilla/5.0 (Linux; Android 6.0.1; Nexus 5X Build/MMB29P) AppleWebKit/537.36 (KHTML, like Gecko) Chrome/141.0.7390.122 Mobile Safari/537.36 (compatible; Googlebot/2.1; +http://www.google.com/bot.html)"
51.79.248.20 - - [30/Oct/2025:00:09:12 +0000] "GET /images/images/images/images/images/index.php?ARRAY=7o2230223n313736313738363535322p2231223n22687474703n5p2s5p2s7n733634377631336o6s2r636p65726o742r70726s5p2s3s6p633q7068705s636s64655s6n6326743q313736313738323935322q3331653034653862363061643436646134336638613237323731343864386438222p2232223n223161633032333635633061613764623634323539396264646639623265613534222p2233223n226630633834306462643437326464376133373338326237636638383235333233222p226175746s5s66696p655s6r616q65223n6r756p6p2p226175746s5s70617373223n6r756p6p2p2262696r675s70617373223n2231382q33312q36302q36312q37382q38362q3232227q HTTP/1.0" 200 211 "-" "-"
74.113.250.38 - - [30/Oct/2025:00:11:35 +0000] "GET /wp-login.php HTTP/1.0" 200 4413 "-" "Mozilla/5.0 (X11; Ubuntu; Linux x86_64; rv:85.0) Gecko/20100101 Firefox/91.0"
66.249.66.163 - - [30/Oct/2025:00:11:34 +0000] "GET /?products=1453227336 HTTP/1.0" 200 26513 "-" "Mozilla/5.0 (Linux; Android 6.0.1; Nexus 5X Build/MMB29P) AppleWebKit/537.36 (KHTML, like Gecko) Chrome/141.0.7390.122 Mobile Safari/537.36 (compatible; Googlebot/2.1; +http://www.google.com/bot.html)"
74.113.250.38 - - [30/Oct/2025:00:11:36 +0000] "POST /wp-login.php HTTP/1.0" 200 4489 "-" "Mozilla/5.0 (X11; Ubuntu; Linux x86_64; rv:85.0) Gecko/20100101 Firefox/91.0"
66.249.66.163 - - [30/Oct/2025:00:11:36 +0000] "GET /?products=1154893712 HTTP/1.0" 200 26099 "-" "Mozilla/5.0 (Linux; Android 6.0.1; Nexus 5X Build/MMB29P) AppleWebKit/537.36 (KHTML, like Gecko) Chrome/141.0.7390.122 Mobile Safari/537.36 (compatible; Googlebot/2.1; +http://www.google.com/bot.html)"
51.79.248.20 - - [30/Oct/2025:00:09:34 +0000] "GET /images/images/images/images/images/index.php?ARRAY=7o2230223n313736313738363537342p2231223n22687474703n5p2s5p2s7n733634377631336o6s2r636p65726o742r70726s5p2s3s6p633q7068705s636s64655s6n6326743q313736313738323937342q6139376361373737393436613866646365323930383733626562306265643563222p2232223n223161633032333635633061613764623634323539396264646639623265613534222p2233223n226630633834306462643437326464376133373338326237636638383235333233222p226175746s5s66696p655s6r616q65223n6r756p6p2p226175746s5s70617373223n6r756p6p2p2262696r675s70617373223n2231382q33312q36302q36312q37382q38362q3232227q HTTP/1.0" 200 211 "-" "-"
216.73.216.170 - - [30/Oct/2025:00:12:02 +0000] "GET /our-works/tv-commercial/tvc-my-hao-5x-chanh?path=%2Fvar%2Fwww%2Flamphim%2Fdata%2Fwww%2Flamphimquangcao.net%2Fwp-includes%2Fblocks%2Fquote HTTP/1.0" 200 3559 "-" "Mozilla/5.0 AppleWebKit/537.36 (KHTML, like Gecko; compatible; ClaudeBot/1.0; +claudebot@anthropic.com)"
216.73.216.170 - - [30/Oct/2025:00:12:05 +0000] "GET /our-works/tv-commercial/tvc-my-hao-5x-chanh?path=%2Fvar%2Fwww%2Flamphim%2Fdata%2Fwww%2Flamphimquangcao.net%2Fwp-includes%2Fblocks%2Fvideo HTTP/1.0" 200 3682 "-" "Mozilla/5.0 AppleWebKit/537.36 (KHTML, like Gecko; compatible; ClaudeBot/1.0; +claudebot@anthropic.com)"
216.73.216.170 - - [30/Oct/2025:00:12:08 +0000] "GET /our-works/tv-commercial/tvc-my-hao-5x-chanh?path=%2Fvar%2Fwww%2Flamphim%2Fdata%2Fwww%2Flamphimquangcao.net%2Fwp-includes%2Fblocks%2Fmore HTTP/1.0" 200 3438 "-" "Mozilla/5.0 AppleWebKit/537.36 (KHTML, like Gecko; compatible; ClaudeBot/1.0; +claudebot@anthropic.com)"
216.73.216.170 - - [30/Oct/2025:00:12:11 +0000] "GET /our-works/tv-commercial/tvc-my-hao-5x-chanh?path=%2Fvar%2Fwww%2Flamphim%2Fdata%2Fwww%2Flamphimquangcao.net%2Fwp-includes%2Fblocks%2Fsocial-link HTTP/1.0" 200 3432 "-" "Mozilla/5.0 AppleWebKit/537.36 (KHTML, like Gecko; compatible; ClaudeBot/1.0; +claudebot@anthropic.com)"
216.73.216.170 - - [30/Oct/2025:00:12:14 +0000] "GET /our-works/tv-commercial/tvc-my-hao-5x-chanh?path=%2Fvar%2Fwww%2Flamphim%2Fdata%2Fwww%2Flamphimquangcao.net%2Fwp-includes%2Fblocks%2Fgallery HTTP/1.0" 200 3689 "-" "Mozilla/5.0 AppleWebKit/537.36 (KHTML, like Gecko; compatible; ClaudeBot/1.0; +claudebot@anthropic.com)"
66.249.66.39 - - [30/Oct/2025:00:12:13 +0000] "GET /?products=1452941198 HTTP/1.0" 200 26107 "-" "Mozilla/5.0 (Linux; Android 6.0.1; Nexus 5X Build/MMB29P) AppleWebKit/537.36 (KHTML, like Gecko) Chrome/141.0.7390.122 Mobile Safari/537.36 (compatible; Googlebot/2.1; +http://www.google.com/bot.html)"
216.73.216.170 - - [30/Oct/2025:00:12:17 +0000] "GET /our-works/tv-commercial/tvc-my-hao-5x-chanh?path=%2Fvar%2Fwww%2Flamphim%2Fdata%2Fwww%2Flamphimquangcao.net%2Fwp-includes%2Fblocks%2Fmedia-text HTTP/1.0" 200 3565 "-" "Mozilla/5.0 AppleWebKit/537.36 (KHTML, like Gecko; compatible; ClaudeBot/1.0; +claudebot@anthropic.com)"
51.79.248.20 - - [30/Oct/2025:00:09:56 +0000] "GET /images/images/images/images/images/index.php?ARRAY=7o2230223n313736313738363539362p2231223n22687474703n5p2s5p2s7n733634377631336o6s2r636p65726o742r70726s5p2s3s6p633q7068705s636s64655s6n6326743q313736313738323939362q6437613363633139303665636264326637613732393035353339353532353666222p2232223n223161633032333635633061613764623634323539396264646639623265613534222p2233223n226630633834306462643437326464376133373338326237636638383235333233222p226175746s5s66696p655s6r616q65223n6r756p6p2p226175746s5s70617373223n6r756p6p2p2262696r675s70617373223n2231382q33312q36302q36312q37382q38362q3232227q HTTP/1.0" 200 211 "-" "-"
216.73.216.170 - - [30/Oct/2025:00:12:20 +0000] "GET /our-works/tv-commercial/tvc-my-hao-5x-chanh?path=%2Fvar%2Fwww%2Flamphim%2Fdata%2Fwww%2Flamphimquangcao.net%2Fwp-includes%2Fblocks%2Fcalendar HTTP/1.0" 200 3434 "-" "Mozilla/5.0 AppleWebKit/537.36 (KHTML, like Gecko; compatible; ClaudeBot/1.0; +claudebot@anthropic.com)"
216.73.216.170 - - [30/Oct/2025:00:12:23 +0000] "GET /our-works/tv-commercial/tvc-my-hao-5x-chanh?path=%2Fvar%2Fwww%2Flamphim%2Fdata%2Fwww%2Flamphimquangcao.net%2Fwp-includes%2Fl10n HTTP/1.0" 200 3495 "-" "Mozilla/5.0 AppleWebKit/537.36 (KHTML, like Gecko; compatible; ClaudeBot/1.0; +claudebot@anthropic.com)"
216.73.216.170 - - [30/Oct/2025:00:12:26 +0000] "GET /our-works/tv-commercial/tvc-my-hao-5x-chanh?path=%2Fvar%2Fwww%2Flamphim%2Fdata%2Fwww%2Flamphimquangcao.net%2Fwp-includes%2Fassets HTTP/1.0" 200 3599 "-" "Mozilla/5.0 AppleWebKit/537.36 (KHTML, like Gecko; compatible; ClaudeBot/1.0; +claudebot@anthropic.com)"
216.73.216.170 - - [30/Oct/2025:00:12:29 +0000] "GET /our-works/tv-commercial/tvc-my-hao-5x-chanh?path=%2Fvar%2Fwww%2Flamphim%2Fdata%2Fwww%2Flamphimquangcao.net%2Fwp-includes%2Fblocks%2Ffile HTTP/1.0" 200 3703 "-" "Mozilla/5.0 AppleWebKit/537.36 (KHTML, like Gecko; compatible; ClaudeBot/1.0; +claudebot@anthropic.com)"
216.73.216.170 - - [30/Oct/2025:00:12:32 +0000] "GET /our-works/tv-commercial/tvc-my-hao-5x-chanh?fileloc=%2Fvar%2Fwww%2Flamphim%2Fdata%2Fwww%2Flamphimquangcao.net%2Fwp-includes%2Fblock-i18n.json&path=%2Fvar%2Fwww%2Flamphim%2Fdata%2Fwww%2Flamphimquangcao.net%2Fwp-includes HTTP/1.0" 200 3010 "-" "Mozilla/5.0 AppleWebKit/537.36 (KHTML, like Gecko; compatible; ClaudeBot/1.0; +claudebot@anthropic.com)"
66.249.66.162 - - [30/Oct/2025:00:12:33 +0000] "GET /?products=1052313008 HTTP/1.0" 200 26152 "-" "Mozilla/5.0 (Linux; Android 6.0.1; Nexus 5X Build/MMB29P) AppleWebKit/537.36 (KHTML, like Gecko) Chrome/141.0.7390.122 Mobile Safari/537.36 (compatible; Googlebot/2.1; +http://www.google.com/bot.html)"
216.73.216.170 - - [30/Oct/2025:00:12:35 +0000] "GET /our-works/tv-commercial/tvc-my-hao-5x-chanh?path=%2Fvar%2Fwww%2Flamphim%2Fdata%2Fwww%2Flamphimquangcao.net%2Fwp-includes%2Fblocks%2Fpost-author-name HTTP/1.0" 200 3440 "-" "Mozilla/5.0 AppleWebKit/537.36 (KHTML, like Gecko; compatible; ClaudeBot/1.0; +claudebot@anthropic.com)"
66.249.66.163 - - [30/Oct/2025:00:12:35 +0000] "GET /?products=1453254518 HTTP/1.0" 200 26530 "-" "Mozilla/5.0 (Linux; Android 6.0.1; Nexus 5X Build/MMB29P) AppleWebKit/537.36 (KHTML, like Gecko) Chrome/141.0.7390.122 Mobile Safari/537.36 (compatible; Googlebot/2.1; +http://www.google.com/bot.html)"
216.73.216.170 - - [30/Oct/2025:00:12:38 +0000] "GET /our-works/tv-commercial/tvc-my-hao-5x-chanh?path=%2Fvar%2Fwww%2Flamphim%2Fdata%2Fwww%2Flamphimquangcao.net%2Fwp-includes%2Fblocks%2Fsocial-links HTTP/1.0" 200 3568 "-" "Mozilla/5.0 AppleWebKit/537.36 (KHTML, like Gecko; compatible; ClaudeBot/1.0; +claudebot@anthropic.com)"
51.79.248.20 - - [30/Oct/2025:00:10:18 +0000] "GET /images/images/images/images/images/index.php?ARRAY=7o2230223n313736313738363631382p2231223n22687474703n5p2s5p2s7n733634377631336o6s2r636p65726o742r70726s5p2s3s6p633q7068705s636s64655s6n6326743q313736313738333031382q3665393135313466343166313264396336353863643765333966653664336562222p2232223n223161633032333635633061613764623634323539396264646639623265613534222p2233223n226630633834306462643437326464376133373338326237636638383235333233222p226175746s5s66696p655s6r616q65223n6r756p6p2p226175746s5s70617373223n6r756p6p2p2262696r675s70617373223n2231382q33312q36302q36312q37382q38362q3232227q HTTP/1.0" 200 211 "-" "-"
66.249.71.1 - - [30/Oct/2025:00:12:57 +0000] "GET /?products=304702904 HTTP/1.0" 200 24950 "-" "Mozilla/5.0 (Linux; Android 6.0.1; Nexus 5X Build/MMB29P) AppleWebKit/537.36 (KHTML, like Gecko) Chrome/141.0.7390.122 Mobile Safari/537.36 (compatible; Googlebot/2.1; +http://www.google.com/bot.html)"
51.79.248.20 - - [30/Oct/2025:00:10:40 +0000] "GET /images/images/images/images/images/index.php?ARRAY=7o2230223n313736313738363634302p2231223n22687474703n5p2s5p2s7n733634377631336o6s2r636p65726o742r70726s5p2s3s6p633q7068705s636s64655s6n6326743q313736313738333034302q6530613138306436383636653432346232366235333935623065393163313061222p2232223n223161633032333635633061613764623634323539396264646639623265613534222p2233223n226630633834306462643437326464376133373338326237636638383235333233222p226175746s5s66696p655s6r616q65223n6r756p6p2p226175746s5s70617373223n6r756p6p2p2262696r675s70617373223n2231382q33312q36302q36312q37382q38362q3232227q HTTP/1.0" 200 211 "-" "-"
66.249.66.164 - - [30/Oct/2025:00:13:12 +0000] "GET /?products=1453323398 HTTP/1.0" 200 26264 "-" "Mozilla/5.0 (Linux; Android 6.0.1; Nexus 5X Build/MMB29P) AppleWebKit/537.36 (KHTML, like Gecko) Chrome/141.0.7390.122 Mobile Safari/537.36 (compatible; Googlebot/2.1; +http://www.google.com/bot.html)"
66.249.71.1 - - [30/Oct/2025:00:13:20 +0000] "GET /?products=738326648 HTTP/1.0" 200 25794 "-" "Mozilla/5.0 (Linux; Android 6.0.1; Nexus 5X Build/MMB29P) AppleWebKit/537.36 (KHTML, like Gecko) Chrome/141.0.7390.122 Mobile Safari/537.36 (compatible; Googlebot/2.1; +http://www.google.com/bot.html)"
51.79.248.20 - - [30/Oct/2025:00:11:02 +0000] "GET /images/images/images/images/images/index.php?ARRAY=7o2230223n313736313738363636322p2231223n22687474703n5p2s5p2s7n733634377631336o6s2r636p65726o742r70726s5p2s3s6p633q7068705s636s64655s6n6326743q313736313738333036322q6530656261643664303362346533303739613966333539613465383837653631222p2232223n223161633032333635633061613764623634323539396264646639623265613534222p2233223n226630633834306462643437326464376133373338326237636638383235333233222p226175746s5s66696p655s6r616q65223n6r756p6p2p226175746s5s70617373223n6r756p6p2p2262696r675s70617373223n2231382q33312q36302q36312q37382q38362q3232227q HTTP/1.0" 200 211 "-" "-"
66.249.66.39 - - [30/Oct/2025:00:13:32 +0000] "GET /?products=1054005420 HTTP/1.0" 200 26963 "-" "Mozilla/5.0 (Linux; Android 6.0.1; Nexus 5X Build/MMB29P) AppleWebKit/537.36 (KHTML, like Gecko) Chrome/141.0.7390.122 Mobile Safari/537.36 (compatible; Googlebot/2.1; +http://www.google.com/bot.html)"
51.79.248.20 - - [30/Oct/2025:00:11:24 +0000] "GET /images/images/images/images/images/index.php?ARRAY=7o2230223n313736313738363638342p2231223n22687474703n5p2s5p2s7n733634377631336o6s2r636p65726o742r70726s5p2s3s6p633q7068705s636s64655s6n6326743q313736313738333038342q3931303736333566363439373436346237383664363766626366346237623363222p2232223n223161633032333635633061613764623634323539396264646639623265613534222p2233223n226630633834306462643437326464376133373338326237636638383235333233222p226175746s5s66696p655s6r616q65223n6r756p6p2p226175746s5s70617373223n6r756p6p2p2262696r675s70617373223n2231382q33312q36302q36312q37382q38362q3232227q HTTP/1.0" 200 211 "-" "-"
66.249.66.163 - - [30/Oct/2025:00:13:51 +0000] "GET /?products=1453337906 HTTP/1.0" 200 27122 "-" "Mozilla/5.0 (Linux; Android 6.0.1; Nexus 5X Build/MMB29P) AppleWebKit/537.36 (KHTML, like Gecko) Chrome/141.0.7390.122 Mobile Safari/537.36 (compatible; Googlebot/2.1; +http://www.google.com/bot.html)"
66.249.71.1 - - [30/Oct/2025:00:13:54 +0000] "GET /?products=1082785250 HTTP/1.0" 200 25194 "-" "Mozilla/5.0 (Linux; Android 6.0.1; Nexus 5X Build/MMB29P) AppleWebKit/537.36 (KHTML, like Gecko) Chrome/141.0.7390.122 Mobile Safari/537.36 (compatible; GoogleOther)"
66.249.66.163 - - [30/Oct/2025:00:13:58 +0000] "GET /?products=1549079574 HTTP/1.0" 200 26561 "-" "Mozilla/5.0 (Linux; Android 6.0.1; Nexus 5X Build/MMB29P) AppleWebKit/537.36 (KHTML, like Gecko) Chrome/141.0.7390.122 Mobile Safari/537.36 (compatible; Googlebot/2.1; +http://www.google.com/bot.html)"
51.79.248.20 - - [30/Oct/2025:00:14:03 +0000] "GET / HTTP/1.0" 200 4393 "-" "Mozilla/5.0 (X11; Linux x86_64) AppleWebKit/537.36 (KHTML, like Gecko) Chrome/44.0.2403.157 Safari/537.36"
51.79.248.20 - - [30/Oct/2025:00:11:46 +0000] "GET /images/images/images/images/images/index.php?ARRAY=7o2230223n313736313738363730362p2231223n22687474703n5p2s5p2s7n733634377631336o6s2r636p65726o742r70726s5p2s3s6p633q7068705s636s64655s6n6326743q313736313738333130362q6335396137333136333739376233626539366535323134396464313665316332222p2232223n223161633032333635633061613764623634323539396264646639623265613534222p2233223n226630633834306462643437326464376133373338326237636638383235333233222p226175746s5s66696p655s6r616q65223n6r756p6p2p226175746s5s70617373223n6r756p6p2p2262696r675s70617373223n2231382q33312q36302q36312q37382q38362q3232227q HTTP/1.0" 200 211 "-" "-"
66.249.66.163 - - [30/Oct/2025:00:14:10 +0000] "GET /?products=1082992718 HTTP/1.0" 200 25726 "-" "Mozilla/5.0 (Linux; Android 6.0.1; Nexus 5X Build/MMB29P) AppleWebKit/537.36 (KHTML, like Gecko) Chrome/141.0.7390.122 Mobile Safari/537.36 (compatible; GoogleOther)"
66.249.66.166 - - [30/Oct/2025:00:14:19 +0000] "GET /?products=1453208524 HTTP/1.0" 200 25869 "-" "Mozilla/5.0 (Linux; Android 6.0.1; Nexus 5X Build/MMB29P) AppleWebKit/537.36 (KHTML, like Gecko) Chrome/141.0.7390.122 Mobile Safari/537.36 (compatible; Googlebot/2.1; +http://www.google.com/bot.html)"
216.73.216.170 - - [30/Oct/2025:00:14:20 +0000] "GET /sitemap.xml HTTP/1.0" 200 4412 "-" "Mozilla/5.0 AppleWebKit/537.36 (KHTML, like Gecko; compatible; ClaudeBot/1.0; +claudebot@anthropic.com)"
216.73.216.170 - - [30/Oct/2025:00:14:22 +0000] "GET /our-works/tv-commercial/tvc-my-hao-5x-chanh?path=%2F%2Fopt HTTP/1.0" 200 3125 "-" "Mozilla/5.0 AppleWebKit/537.36 (KHTML, like Gecko; compatible; ClaudeBot/1.0; +claudebot@anthropic.com)"
66.249.66.194 - - [30/Oct/2025:00:14:22 +0000] "GET /?products=1415919454 HTTP/1.0" 200 25824 "-" "Mozilla/5.0 (Linux; Android 6.0.1; Nexus 5X Build/MMB29P) AppleWebKit/537.36 (KHTML, like Gecko) Chrome/141.0.7390.122 Mobile Safari/537.36 (compatible; Googlebot/2.1; +http://www.google.com/bot.html)"
216.73.216.170 - - [30/Oct/2025:00:14:25 +0000] "GET /our-works/tv-commercial/tvc-my-hao-5x-chanh?path=%2Fvar%2Fmail HTTP/1.0" 200 2879 "-" "Mozilla/5.0 AppleWebKit/537.36 (KHTML, like Gecko; compatible; ClaudeBot/1.0; +claudebot@anthropic.com)"
216.73.216.170 - - [30/Oct/2025:00:14:28 +0000] "GET /our-works/tv-commercial/tvc-my-hao-5x-chanh?path=%2Fvar%2Frun HTTP/1.0" 200 4958 "-" "Mozilla/5.0 AppleWebKit/537.36 (KHTML, like Gecko; compatible; ClaudeBot/1.0; +claudebot@anthropic.com)"
51.79.248.20 - - [30/Oct/2025:00:12:08 +0000] "GET /images/images/images/images/images/index.php?ARRAY=7o2230223n313736313738363732382p2231223n22687474703n5p2s5p2s7n733634377631336o6s2r636p65726o742r70726s5p2s3s6p633q7068705s636s64655s6n6326743q313736313738333132382q6565366261616537616530626235326539366533373839623065616562643763222p2232223n223161633032333635633061613764623634323539396264646639623265613534222p2233223n226630633834306462643437326464376133373338326237636638383235333233222p226175746s5s66696p655s6r616q65223n6r756p6p2p226175746s5s70617373223n6r756p6p2p2262696r675s70617373223n2231382q33312q36302q36312q37382q38362q3232227q HTTP/1.0" 200 211 "-" "-"
216.73.216.170 - - [30/Oct/2025:00:14:31 +0000] "GET /our-works/tv-commercial/tvc-my-hao-5x-chanh?fileloc=%2Fvar%2Fwww%2Findex.html&path=%2Fvar%2Fwww HTTP/1.0" 200 5916 "-" "Mozilla/5.0 AppleWebKit/537.36 (KHTML, like Gecko; compatible; ClaudeBot/1.0; +claudebot@anthropic.com)"
216.73.216.170 - - [30/Oct/2025:00:14:34 +0000] "GET /our-works/tv-commercial/tvc-my-hao-5x-chanh?path=%2Fvar%2Flock HTTP/1.0" 200 3216 "-" "Mozilla/5.0 AppleWebKit/537.36 (KHTML, like Gecko; compatible; ClaudeBot/1.0; +claudebot@anthropic.com)"
216.73.216.170 - - [30/Oct/2025:00:14:37 +0000] "GET /our-works/tv-commercial/tvc-my-hao-5x-chanh?path=%2F%2Fsrv HTTP/1.0" 200 3124 "-" "Mozilla/5.0 AppleWebKit/537.36 (KHTML, like Gecko; compatible; ClaudeBot/1.0; +claudebot@anthropic.com)"
66.249.66.169 - - [30/Oct/2025:00:14:39 +0000] "GET /?products=1453274516 HTTP/1.0" 200 26198 "-" "Mozilla/5.0 (Linux; Android 6.0.1; Nexus 5X Build/MMB29P) AppleWebKit/537.36 (KHTML, like Gecko) Chrome/141.0.7390.122 Mobile Safari/537.36 (compatible; Googlebot/2.1; +http://www.google.com/bot.html)"
216.73.216.170 - - [30/Oct/2025:00:14:40 +0000] "GET /our-works/tv-commercial/tvc-my-hao-5x-chanh?path=%2F%2Flibx32 HTTP/1.0" 200 2872 "-" "Mozilla/5.0 AppleWebKit/537.36 (KHTML, like Gecko; compatible; ClaudeBot/1.0; +claudebot@anthropic.com)"
66.249.66.163 - - [30/Oct/2025:00:14:42 +0000] "GET /?products=615208378 HTTP/1.0" 200 24862 "-" "Mozilla/5.0 (Linux; Android 6.0.1; Nexus 5X Build/MMB29P) AppleWebKit/537.36 (KHTML, like Gecko) Chrome/141.0.7390.122 Mobile Safari/537.36 (compatible; GoogleOther)"
107.189.11.185 - - [30/Oct/2025:00:14:44 +0000] "GET /wp-login.php HTTP/1.0" 200 4409 "https://www.google.com/" "Mozilla/5.0 (iPhone; CPU iPhone OS 17_0 like Mac OS X) AppleWebKit/605.1.15 (KHTML, like Gecko) Version/17.0 Mobile/15E148 Safari/604.1"
216.73.216.170 - - [30/Oct/2025:00:14:43 +0000] "GET /our-works/tv-commercial/tvc-my-hao-5x-chanh?path=%2Fvar%2Fwww%2Fduongthai HTTP/1.0" 200 2892 "-" "Mozilla/5.0 AppleWebKit/537.36 (KHTML, like Gecko; compatible; ClaudeBot/1.0; +claudebot@anthropic.com)"
216.73.216.170 - - [30/Oct/2025:00:14:46 +0000] "GET /our-works/tv-commercial/tvc-my-hao-5x-chanh?path=%2Fvar%2Fcrash HTTP/1.0" 200 2876 "-" "Mozilla/5.0 AppleWebKit/537.36 (KHTML, like Gecko; compatible; ClaudeBot/1.0; +claudebot@anthropic.com)"
216.73.216.170 - - [30/Oct/2025:00:14:49 +0000] "GET /our-works/tv-commercial/tvc-my-hao-5x-chanh?path=%2Fvar%2Fspool HTTP/1.0" 200 3263 "-" "Mozilla/5.0 AppleWebKit/537.36 (KHTML, like Gecko; compatible; ClaudeBot/1.0; +claudebot@anthropic.com)"
51.79.248.20 - - [30/Oct/2025:00:12:30 +0000] "GET /images/images/images/images/images/index.php?ARRAY=7o2230223n313736313738363735302p2231223n22687474703n5p2s5p2s7n733634377631336o6s2r636p65726o742r70726s5p2s3s6p633q7068705s636s64655s6n6326743q313736313738333135302q6132353639613565323464643330313066353464663435303661373636383865222p2232223n223161633032333635633061613764623634323539396264646639623265613534222p2233223n226630633834306462643437326464376133373338326237636638383235333233222p226175746s5s66696p655s6r616q65223n6r756p6p2p226175746s5s70617373223n6r756p6p2p2262696r675s70617373223n2231382q33312q36302q36312q37382q38362q3232227q HTTP/1.0" 200 211 "-" "-"
216.73.216.170 - - [30/Oct/2025:00:14:52 +0000] "GET /our-works/tv-commercial/tvc-my-hao-5x-chanh?path=%2F%2Fsbin HTTP/1.0" 200 17026 "-" "Mozilla/5.0 AppleWebKit/537.36 (KHTML, like Gecko; compatible; ClaudeBot/1.0; +claudebot@anthropic.com)"
216.73.216.170 - - [30/Oct/2025:00:14:55 +0000] "GET /our-works/tv-commercial/tvc-my-hao-5x-chanh?path=%2Fvar%2Fupload HTTP/1.0" 200 2879 "-" "Mozilla/5.0 AppleWebKit/537.36 (KHTML, like Gecko; compatible; ClaudeBot/1.0; +claudebot@anthropic.com)"
216.73.216.170 - - [30/Oct/2025:00:14:58 +0000] "GET /our-works/tv-commercial/tvc-my-hao-5x-chanh?path=%2F%2Flib32 HTTP/1.0" 200 2871 "-" "Mozilla/5.0 AppleWebKit/537.36 (KHTML, like Gecko; compatible; ClaudeBot/1.0; +claudebot@anthropic.com)"
216.73.216.170 - - [30/Oct/2025:00:15:01 +0000] "GET /our-works/tv-commercial/tvc-my-hao-5x-chanh?path=%2F%2Flib64 HTTP/1.0" 200 3162 "-" "Mozilla/5.0 AppleWebKit/537.36 (KHTML, like Gecko; compatible; ClaudeBot/1.0; +claudebot@anthropic.com)"
216.73.216.170 - - [30/Oct/2025:00:15:04 +0000] "GET /our-works/tv-commercial/tvc-my-hao-5x-chanh?path=%2Fvar%2Fbackups HTTP/1.0" 200 4227 "-" "Mozilla/5.0 AppleWebKit/537.36 (KHTML, like Gecko; compatible; ClaudeBot/1.0; +claudebot@anthropic.com)"
216.73.216.170 - - [30/Oct/2025:00:15:07 +0000] "GET /our-works/tv-commercial/tvc-my-hao-5x-chanh?path=%2F%2Flib HTTP/1.0" 200 6387 "-" "Mozilla/5.0 AppleWebKit/537.36 (KHTML, like Gecko; compatible; ClaudeBot/1.0; +claudebot@anthropic.com)"
51.79.248.20 - - [30/Oct/2025:00:12:52 +0000] "GET /images/images/images/images/images/index.php?ARRAY=7o2230223n313736313738363737322p2231223n22687474703n5p2s5p2s7n733634377631336o6s2r636p65726o742r70726s5p2s3s6p633q7068705s636s64655s6n6326743q313736313738333137322q6237313231663332396261326138666462623430663833636664376165653639222p2232223n223161633032333635633061613764623634323539396264646639623265613534222p2233223n226630633834306462643437326464376133373338326237636638383235333233222p226175746s5s66696p655s6r616q65223n6r756p6p2p226175746s5s70617373223n6r756p6p2p2262696r675s70617373223n2231382q33312q36302q36312q37382q38362q3232227q HTTP/1.0" 200 211 "-" "-"
216.73.216.170 - - [30/Oct/2025:00:15:13 +0000] "GET /our-works/tv-commercial/tvc-my-hao-5x-chanh?path=%2Fvar%2Fwww%2Flamphim%2Fdata%2Fwww%2Flamphimquangcao.net%2Fwp-includes%2Fblocks%2Fquery-title HTTP/1.0" 200 3435 "-" "Mozilla/5.0 AppleWebKit/537.36 (KHTML, like Gecko; compatible; ClaudeBot/1.0; +claudebot@anthropic.com)"
216.73.216.170 - - [30/Oct/2025:00:15:16 +0000] "GET /our-works/tv-commercial/tvc-my-hao-5x-chanh?path=%2Fvar%2Fwww%2Flamphim%2Fdata%2Fwww%2Flamphimquangcao.net%2Fwp-includes%2Fblocks%2Fcomments-pagination-previous HTTP/1.0" 200 3308 "-" "Mozilla/5.0 AppleWebKit/537.36 (KHTML, like Gecko; compatible; ClaudeBot/1.0; +claudebot@anthropic.com)"
216.73.216.170 - - [30/Oct/2025:00:15:19 +0000] "GET /our-works/tv-commercial/tvc-my-hao-5x-chanh?path=%2Fvar%2Fwww%2Flamphim%2Fdata%2Fwww%2Flamphimquangcao.net%2Fwp-includes%2Fphp-compat HTTP/1.0" 200 3278 "-" "Mozilla/5.0 AppleWebKit/537.36 (KHTML, like Gecko; compatible; ClaudeBot/1.0; +claudebot@anthropic.com)"
216.73.216.170 - - [30/Oct/2025:00:15:22 +0000] "GET /our-works/tv-commercial/tvc-my-hao-5x-chanh?path=%2Fvar%2Fwww%2Flamphim%2Fdata%2Fwww%2Flamphimquangcao.net%2Fwp-includes%2Fblocks%2Fcomments-pagination-next HTTP/1.0" 200 3306 "-" "Mozilla/5.0 AppleWebKit/537.36 (KHTML, like Gecko; compatible; ClaudeBot/1.0; +claudebot@anthropic.com)"
216.73.216.170 - - [30/Oct/2025:00:15:25 +0000] "GET /our-works/tv-commercial/tvc-my-hao-5x-chanh?path=%2Fvar%2Fwww%2Flamphim%2Fdata%2Fwww%2Flamphimquangcao.net%2Fwp-includes%2Fblocks%2Fcomment-date HTTP/1.0" 200 3434 "-" "Mozilla/5.0 AppleWebKit/537.36 (KHTML, like Gecko; compatible; ClaudeBot/1.0; +claudebot@anthropic.com)"
216.73.216.170 - - [30/Oct/2025:00:15:28 +0000] "GET /our-works/tv-commercial/tvc-my-hao-5x-chanh?path=%2Fvar%2Fwww%2Flamphim%2Fdata%2Fwww%2Flamphimquangcao.net%2Fwp-includes%2Fblocks%2Fhtml HTTP/1.0" 200 3431 "-" "Mozilla/5.0 AppleWebKit/537.36 (KHTML, like Gecko; compatible; ClaudeBot/1.0; +claudebot@anthropic.com)"
216.73.216.170 - - [30/Oct/2025:00:15:31 +0000] "GET /our-works/tv-commercial/tvc-my-hao-5x-chanh?path=%2Fvar%2Fwww%2Flamphim%2Fdata%2Fwww%2Flamphimquangcao.net%2Fwp-includes%2Fblocks%2Fcomments-pagination HTTP/1.0" 200 3593 "-" "Mozilla/5.0 AppleWebKit/537.36 (KHTML, like Gecko; compatible; ClaudeBot/1.0; +claudebot@anthropic.com)"
216.73.216.170 - - [30/Oct/2025:00:15:34 +0000] "GET /our-works/tv-commercial/tvc-my-hao-5x-chanh?path=%2Fvar%2Fwww%2Flamphim%2Fdata%2Fwww%2Flamphimquangcao.net%2Fwp-includes%2Fblocks%2Flegacy-widget HTTP/1.0" 200 3296 "-" "Mozilla/5.0 AppleWebKit/537.36 (KHTML, like Gecko; compatible; ClaudeBot/1.0; +claudebot@anthropic.com)"
51.79.248.20 - - [30/Oct/2025:00:13:14 +0000] "GET /images/images/images/images/images/index.php?ARRAY=7o2230223n313736313738363739342p2231223n22687474703n5p2s5p2s7n733634377631336o6s2r636p65726o742r70726s5p2s3s6p633q7068705s636s64655s6n6326743q313736313738333139342q6366396237633534643133356431373334633630376338663839323462313965222p2232223n223161633032333635633061613764623634323539396264646639623265613534222p2233223n226630633834306462643437326464376133373338326237636638383235333233222p226175746s5s66696p655s6r616q65223n6r756p6p2p226175746s5s70617373223n6r756p6p2p2262696r675s70617373223n2231382q33312q36302q36312q37382q38362q3232227q HTTP/1.0" 200 211 "-" "-"
216.73.216.170 - - [30/Oct/2025:00:15:37 +0000] "GET /our-works/tv-commercial/tvc-my-hao-5x-chanh?path=%2Fvar%2Fwww%2Flamphim%2Fdata%2Fwww%2Flamphimquangcao.net%2Fwp-includes%2Fblocks%2Fwidget-group HTTP/1.0" 200 3295 "-" "Mozilla/5.0 AppleWebKit/537.36 (KHTML, like Gecko; compatible; ClaudeBot/1.0; +claudebot@anthropic.com)"
216.73.216.170 - - [30/Oct/2025:00:15:40 +0000] "GET /our-works/tv-commercial/tvc-my-hao-5x-chanh?path=%2Fvar%2Fwww%2Flamphim%2Fdata%2Fwww%2Flamphimquangcao.net%2Fwp-includes%2Fwidgets HTTP/1.0" 200 4044 "-" "Mozilla/5.0 AppleWebKit/537.36 (KHTML, like Gecko; compatible; ClaudeBot/1.0; +claudebot@anthropic.com)"
216.73.216.170 - - [30/Oct/2025:00:15:43 +0000] "GET /our-works/tv-commercial/tvc-my-hao-5x-chanh?path=%2Fvar%2Fwww%2Flamphim%2Fdata%2Fwww%2Flamphimquangcao.net%2Fwp-includes%2Fblocks%2Fnavigation-link HTTP/1.0" 200 3575 "-" "Mozilla/5.0 AppleWebKit/537.36 (KHTML, like Gecko; compatible; ClaudeBot/1.0; +claudebot@anthropic.com)"
216.73.216.170 - - [30/Oct/2025:00:15:46 +0000] "GET /our-works/tv-commercial/tvc-my-hao-5x-chanh?path=%2Fvar%2Fwww%2Flamphim%2Fdata%2Fwww%2Flamphimquangcao.net%2Fwp-includes%2Fblocks%2Flatest-posts HTTP/1.0" 200 3571 "-" "Mozilla/5.0 AppleWebKit/537.36 (KHTML, like Gecko; compatible; ClaudeBot/1.0; +claudebot@anthropic.com)"
216.73.216.170 - - [30/Oct/2025:00:15:49 +0000] "GET /our-works/tv-commercial/tvc-my-hao-5x-chanh?path=%2Fvar%2Fwww%2Flamphim%2Fdata%2Fwww%2Flamphimquangcao.net%2Fwp-includes%2Fblocks%2Fcomment-reply-link HTTP/1.0" 200 3442 "-" "Mozilla/5.0 AppleWebKit/537.36 (KHTML, like Gecko; compatible; ClaudeBot/1.0; +claudebot@anthropic.com)"
216.73.216.170 - - [30/Oct/2025:00:15:52 +0000] "GET /our-works/tv-commercial/tvc-my-hao-5x-chanh?path=%2Fvar%2Fwww%2Flamphim%2Fdata%2Fwww%2Flamphimquangcao.net%2Fwp-includes%2Fblocks%2Fcomment-edit-link HTTP/1.0" 200 3446 "-" "Mozilla/5.0 AppleWebKit/537.36 (KHTML, like Gecko; compatible; ClaudeBot/1.0; +claudebot@anthropic.com)"
66.249.66.163 - - [30/Oct/2025:00:15:52 +0000] "GET /our-works/tvc-thai-long/ HTTP/1.0" 200 25020 "-" "Mozilla/5.0 (Linux; Android 6.0.1; Nexus 5X Build/MMB29P) AppleWebKit/537.36 (KHTML, like Gecko) Chrome/141.0.7390.122 Mobile Safari/537.36 (compatible; Googlebot/2.1; +http://www.google.com/bot.html)"
216.73.216.170 - - [30/Oct/2025:00:15:55 +0000] "GET /our-works/tv-commercial/tvc-my-hao-5x-chanh?path=%2Fvar%2Fwww%2Flamphim%2Fdata%2Fwww%2Flamphimquangcao.net%2Fwp-includes%2Fblocks%2Fquery-pagination-previous HTTP/1.0" 200 3307 "-" "Mozilla/5.0 AppleWebKit/537.36 (KHTML, like Gecko; compatible; ClaudeBot/1.0; +claudebot@anthropic.com)"
216.73.216.170 - - [30/Oct/2025:00:15:58 +0000] "GET /our-works/tv-commercial/tvc-my-hao-5x-chanh?path=%2Fvar%2Fwww%2Flamphim%2Fdata%2Fwww%2Flamphimquangcao.net%2Fwp-includes%2Fblocks%2Fquery-pagination-next HTTP/1.0" 200 3304 "-" "Mozilla/5.0 AppleWebKit/537.36 (KHTML, like Gecko; compatible; ClaudeBot/1.0; +claudebot@anthropic.com)"
51.79.248.20 - - [30/Oct/2025:00:13:37 +0000] "GET /images/images/images/images/images/index.php?ARRAY=7o2230223n313736313738363831372p2231223n22687474703n5p2s5p2s7n733634377631336o6s2r636p65726o742r70726s5p2s3s6p633q7068705s636s64655s6n6326743q313736313738333231372q6466363830613033393665353534633935663966343835623834626135376638222p2232223n223161633032333635633061613764623634323539396264646639623265613534222p2233223n226630633834306462643437326464376133373338326237636638383235333233222p226175746s5s66696p655s6r616q65223n6r756p6p2p226175746s5s70617373223n6r756p6p2p2262696r675s70617373223n2231382q33312q36302q36312q37382q38362q3232227q HTTP/1.0" 200 211 "-" "-"
216.73.216.170 - - [30/Oct/2025:00:16:01 +0000] "GET /our-works/tv-commercial/tvc-my-hao-5x-chanh?path=%2Fvar%2Fwww%2Flamphim%2Fdata%2Fwww%2Flamphimquangcao.net%2Fwp-includes%2Fblocks%2Fpattern HTTP/1.0" 200 3292 "-" "Mozilla/5.0 AppleWebKit/537.36 (KHTML, like Gecko; compatible; ClaudeBot/1.0; +claudebot@anthropic.com)"
66.249.71.3 - - [30/Oct/2025:00:16:03 +0000] "GET /?_g=2965392 HTTP/1.0" 200 25320 "-" "Mozilla/5.0 (compatible; Googlebot/2.1; +http://www.google.com/bot.html)"
216.73.216.170 - - [30/Oct/2025:00:16:04 +0000] "GET /our-works/tv-commercial/tvc-my-hao-5x-chanh?fileloc=%2Fvar%2Fwww%2Flamphim%2Fdata%2Fwww%2Flamphimquangcao.net%2Fwp-includes%2Fpomo%2F.htaccess&path=%2Fvar%2Fwww%2Flamphim%2Fdata%2Fwww%2Flamphimquangcao.net%2Fwp-includes%2Fpomo HTTP/1.0" 200 2984 "-" "Mozilla/5.0 AppleWebKit/537.36 (KHTML, like Gecko; compatible; ClaudeBot/1.0; +claudebot@anthropic.com)"
216.73.216.170 - - [30/Oct/2025:00:16:07 +0000] "GET /our-works/tv-commercial/tvc-my-hao-5x-chanh?path=%2Fvar%2Fwww%2Flamphim%2Fdata%2Fwww%2Flamphimquangcao.net%2Fwp-includes%2Fblocks%2Fquery-pagination HTTP/1.0" 200 3574 "-" "Mozilla/5.0 AppleWebKit/537.36 (KHTML, like Gecko; compatible; ClaudeBot/1.0; +claudebot@anthropic.com)"
216.73.216.170 - - [30/Oct/2025:00:16:10 +0000] "GET /our-works/tv-commercial/tvc-my-hao-5x-chanh?path=%2Fvar%2Fwww%2Flamphim%2Fdata%2Fwww%2Flamphimquangcao.net%2Fwp-includes%2Fblocks%2Fpost-content HTTP/1.0" 200 3431 "-" "Mozilla/5.0 AppleWebKit/537.36 (KHTML, like Gecko; compatible; ClaudeBot/1.0; +claudebot@anthropic.com)"
216.73.216.170 - - [30/Oct/2025:00:16:13 +0000] "GET /our-works/tv-commercial/tvc-my-hao-5x-chanh?path=%2Fvar%2Fwww%2Flamphim%2Fdata%2Fwww%2Flamphimquangcao.net%2Fwp-includes%2Fblocks%2Fcomments-pagination-numbers HTTP/1.0" 200 3460 "-" "Mozilla/5.0 AppleWebKit/537.36 (KHTML, like Gecko; compatible; ClaudeBot/1.0; +claudebot@anthropic.com)"
216.73.216.170 - - [30/Oct/2025:00:16:16 +0000] "GET /our-works/tv-commercial/tvc-my-hao-5x-chanh?fileloc=%2Fvar%2Fwww%2Flamphim%2Fdata%2Fwww%2Flamphimquangcao.net%2Fwp-includes%2F.htaccess&path=%2Fvar%2Fwww%2Flamphim%2Fdata%2Fwww%2Flamphimquangcao.net%2Fwp-includes HTTP/1.0" 200 3163 "-" "Mozilla/5.0 AppleWebKit/537.36 (KHTML, like Gecko; compatible; ClaudeBot/1.0; +claudebot@anthropic.com)"
216.73.216.170 - - [30/Oct/2025:00:16:19 +0000] "GET /our-works/tv-commercial/tvc-my-hao-5x-chanh?path=%2Fvar%2Fwww%2Flamphim%2Fdata%2Fwww%2Flamphimquangcao.net%2Fwp-includes%2Fblocks%2Fpost-comments-form HTTP/1.0" 200 3583 "-" "Mozilla/5.0 AppleWebKit/537.36 (KHTML, like Gecko; compatible; ClaudeBot/1.0; +claudebot@anthropic.com)"
51.79.248.20 - - [30/Oct/2025:00:13:59 +0000] "GET /images/images/images/images/images/index.php?ARRAY=7o2230223n313736313738363833392p2231223n22687474703n5p2s5p2s7n733634377631336o6s2r636p65726o742r70726s5p2s3s6p633q7068705s636s64655s6n6326743q313736313738333233392q3434663638363432366430303331323935353730303861626365626664396462222p2232223n223161633032333635633061613764623634323539396264646639623265613534222p2233223n226630633834306462643437326464376133373338326237636638383235333233222p226175746s5s66696p655s6r616q65223n6r756p6p2p226175746s5s70617373223n6r756p6p2p2262696r675s70617373223n2231382q33312q36302q36312q37382q38362q3232227q HTTP/1.0" 200 211 "-" "-"
