69.197.179.242 - - [04/Nov/2025:02:36:16 +0000] "GET /wp-content/im979e12/index.php?id=66704 HTTP/1.1" 499 0 "https://lamphimquangcao.net/wp-content/im979e12/index.php?id=66704" "Mozilla/5.0 (Windows NT 10.0; Win64; x64) AppleWebKit/537.36 (KHTML, like Gecko) Chrome/58.0.3029.110 Safari/537.3"
51.79.248.20 - - [04/Nov/2025:02:36:17 +0000] "POST /wp-cron.php?doing_wp_cron=1762223777.5442490577697753906250 HTTP/1.1" 403 250 "-" "WordPress/6.8.3; https://lamphimquangcao.net"
74.7.227.114 - - [04/Nov/2025:02:36:17 +0000] "GET /q-~19onShK4CE5UlLdLugVXoknASo3x29Ox610/ HTTP/1.1" 404 0 "-" "Mozilla/5.0 AppleWebKit/537.36 (KHTML, like Gecko; compatible; GPTBot/1.2; +https://openai.com/gptbot)"
114.119.152.32 - - [04/Nov/2025:02:36:21 +0000] "GET /q-~98m9csS6cXCzkawQwB0ISNQpnbVcCkZm4335 HTTP/1.1" 404 0 "https://lamphimquangcao.net/sitemap666.xml" "Mozilla/5.0 (Linux; Android 7.0;) AppleWebKit/537.36 (KHTML, like Gecko) Mobile Safari/537.36 (compatible; PetalBot;+https://webmaster.petalsearch.com/site/petalbot)"
74.7.227.114 - - [04/Nov/2025:02:36:45 +0000] "GET /q-~289RYOOaE9cXo6E76V8dq1zEVOVaV7eVG48376/ HTTP/1.1" 404 0 "-" "Mozilla/5.0 AppleWebKit/537.36 (KHTML, like Gecko; compatible; GPTBot/1.2; +https://openai.com/gptbot)"
66.249.66.165 - - [04/Nov/2025:02:37:03 +0000] "GET /?products=1421206372 HTTP/1.1" 200 23372 "-" "Mozilla/5.0 (Linux; Android 6.0.1; Nexus 5X Build/MMB29P) AppleWebKit/537.36 (KHTML, like Gecko) Chrome/141.0.7390.122 Mobile Safari/537.36 (compatible; Googlebot/2.1; +http://www.google.com/bot.html)"
74.7.227.114 - - [04/Nov/2025:02:37:16 +0000] "GET /151zuz10101.html HTTP/1.1" 404 0 "-" "Mozilla/5.0 AppleWebKit/537.36 (KHTML, like Gecko; compatible; GPTBot/1.2; +https://openai.com/gptbot)"
66.249.66.164 - - [04/Nov/2025:02:37:27 +0000] "GET /?i=2591594640013&channel=107e01&from=https://lamphimquangcao.net/brand.html?284dpa4082.html HTTP/1.1" 200 22742 "-" "Mozilla/5.0 (Linux; Android 6.0.1; Nexus 5X Build/MMB29P) AppleWebKit/537.36 (KHTML, like Gecko) Chrome/141.0.7390.122 Mobile Safari/537.36 (compatible; Googlebot/2.1; +http://www.google.com/bot.html)"
51.79.248.20 - - [04/Nov/2025:02:37:41 +0000] "POST /wp-cron.php?doing_wp_cron=1762223861.8791060447692871093750 HTTP/1.1" 403 250 "-" "WordPress/6.8.3; https://lamphimquangcao.net"
114.119.132.10 - - [04/Nov/2025:02:37:41 +0000] "GET /q-~98lW0XAx1gTMq43UzkdYBjEok4Adt7RU16165 HTTP/1.1" 404 0 "https://lamphimquangcao.net/sitemap536.xml" "Mozilla/5.0 (Linux; Android 7.0;) AppleWebKit/537.36 (KHTML, like Gecko) Mobile Safari/537.36 (compatible; PetalBot;+https://webmaster.petalsearch.com/site/petalbot)"
74.7.227.114 - - [04/Nov/2025:02:37:45 +0000] "GET /103eeu1111.html HTTP/1.1" 404 0 "-" "Mozilla/5.0 AppleWebKit/537.36 (KHTML, like Gecko; compatible; GPTBot/1.2; +https://openai.com/gptbot)"
66.249.66.163 - - [04/Nov/2025:02:37:51 +0000] "GET /?products=1677283100 HTTP/1.1" 200 23763 "-" "Mozilla/5.0 (compatible; Googlebot/2.1; +http://www.google.com/bot.html)"
74.7.227.114 - - [04/Nov/2025:02:38:11 +0000] "GET /63ped6333.html HTTP/1.1" 404 0 "-" "Mozilla/5.0 AppleWebKit/537.36 (KHTML, like Gecko; compatible; GPTBot/1.2; +https://openai.com/gptbot)"
69.197.179.242 - - [04/Nov/2025:02:38:16 +0000] "GET /wp-content/im979e12/index.php?id=66704 HTTP/1.1" 499 0 "https://lamphimquangcao.net/wp-content/im979e12/index.php?id=66704" "Mozilla/5.0 (Windows NT 10.0; Win64; x64) AppleWebKit/537.36 (KHTML, like Gecko) Chrome/58.0.3029.110 Safari/537.3"
74.7.227.114 - - [04/Nov/2025:02:38:41 +0000] "GET /q-~5querpin3VGtJYFZNv1Q4een4Yc9nTf1610/ HTTP/1.1" 404 0 "-" "Mozilla/5.0 AppleWebKit/537.36 (KHTML, like Gecko; compatible; GPTBot/1.2; +https://openai.com/gptbot)"
51.79.248.20 - - [04/Nov/2025:02:39:03 +0000] "POST /wp-cron.php?doing_wp_cron=1762223943.7163040637969970703125 HTTP/1.1" 403 250 "-" "WordPress/6.8.3; https://lamphimquangcao.net"
114.119.131.139 - - [04/Nov/2025:02:39:03 +0000] "GET /q-~98lPqxpe6Zi2MfIIDIKU2nneOVs220JC11077 HTTP/1.1" 404 0 "https://lamphimquangcao.net/sitemap770.xml" "Mozilla/5.0 (Linux; Android 7.0;) AppleWebKit/537.36 (KHTML, like Gecko) Mobile Safari/537.36 (compatible; PetalBot;+https://webmaster.petalsearch.com/site/petalbot)"
74.7.227.114 - - [04/Nov/2025:02:39:09 +0000] "GET /q-~265xT4SC2y2TCyqa5xrs4JW4qJAmPR1sq19614/ HTTP/1.1" 404 0 "-" "Mozilla/5.0 AppleWebKit/537.36 (KHTML, like Gecko; compatible; GPTBot/1.2; +https://openai.com/gptbot)"
66.249.71.2 - - [04/Nov/2025:02:39:31 +0000] "GET /ads.txt HTTP/1.1" 200 33280 "-" "Mozilla/5.0 (compatible; Googlebot/2.1; +http://www.google.com/bot.html)"
74.7.227.114 - - [04/Nov/2025:02:39:40 +0000] "GET /287ang48777.html HTTP/1.1" 404 0 "-" "Mozilla/5.0 AppleWebKit/537.36 (KHTML, like Gecko; compatible; GPTBot/1.2; +https://openai.com/gptbot)"
51.79.248.20 - - [04/Nov/2025:02:40:07 +0000] "POST /wp-cron.php?doing_wp_cron=1762224007.0669279098510742187500 HTTP/1.1" 403 250 "-" "WordPress/6.8.3; https://lamphimquangcao.net"
74.7.227.114 - - [04/Nov/2025:02:40:07 +0000] "GET /q-~263F4emvEu83IfqZE5n1oeGHIsesQJMFe22/ HTTP/1.1" 404 0 "-" "Mozilla/5.0 AppleWebKit/537.36 (KHTML, like Gecko; compatible; GPTBot/1.2; +https://openai.com/gptbot)"
69.197.179.242 - - [04/Nov/2025:02:40:15 +0000] "GET /wp-content/im979e12/index.php?id=66704 HTTP/1.1" 499 0 "https://lamphimquangcao.net/wp-content/im979e12/index.php?id=66704" "Mozilla/5.0 (Windows NT 10.0; Win64; x64) AppleWebKit/537.36 (KHTML, like Gecko) Chrome/58.0.3029.110 Safari/537.3"
66.249.66.163 - - [04/Nov/2025:02:40:17 +0000] "GET /36rpaw808.html HTTP/1.1" 200 23373 "-" "Mozilla/5.0 (Linux; Android 6.0.1; Nexus 5X Build/MMB29P) AppleWebKit/537.36 (KHTML, like Gecko) Chrome/141.0.7390.122 Mobile Safari/537.36 (compatible; Googlebot/2.1; +http://www.google.com/bot.html)"
114.119.128.139 - - [04/Nov/2025:02:40:27 +0000] "GET /q-~98lNy7dFevr3K99dYnnR8iD8QHpAixev11789 HTTP/1.1" 404 0 "https://lamphimquangcao.net/sitemap770.xml" "Mozilla/5.0 (Linux; Android 7.0;) AppleWebKit/537.36 (KHTML, like Gecko) Mobile Safari/537.36 (compatible; PetalBot;+https://webmaster.petalsearch.com/site/petalbot)"
74.7.227.114 - - [04/Nov/2025:02:40:37 +0000] "GET /117nhs11733.html HTTP/1.1" 404 0 "-" "Mozilla/5.0 AppleWebKit/537.36 (KHTML, like Gecko; compatible; GPTBot/1.2; +https://openai.com/gptbot)"
74.7.227.114 - - [04/Nov/2025:02:41:03 +0000] "GET /144pag19000.html HTTP/1.1" 404 0 "-" "Mozilla/5.0 AppleWebKit/537.36 (KHTML, like Gecko; compatible; GPTBot/1.2; +https://openai.com/gptbot)"
66.249.66.163 - - [04/Nov/2025:02:41:04 +0000] "GET /?products=1233594628 HTTP/1.1" 200 24433 "-" "Mozilla/5.0 (compatible; Googlebot/2.1; +http://www.google.com/bot.html)"
51.79.248.20 - - [04/Nov/2025:02:41:18 +0000] "POST /wp-cron.php?doing_wp_cron=1762224078.2307450771331787109375 HTTP/1.1" 403 250 "-" "WordPress/6.8.3; https://lamphimquangcao.net"
103.185.74.193 - - [04/Nov/2025:02:41:18 +0000] "GET /wp-login.php HTTP/1.1" 200 1986 "-" "Mozilla/5.0 (Windows NT 6.3; WOW64; Trident/7.0; MANMJS; rv:11.0) like Gecko"
103.185.74.193 - - [04/Nov/2025:02:41:24 +0000] "POST /wp-login.php HTTP/1.1" 200 2117 "https://lamphimquangcao.net/wp-login.php" "Mozilla/5.0 (Windows NT 6.3; WOW64; Trident/7.0; MANMJS; rv:11.0) like Gecko"
74.7.227.114 - - [04/Nov/2025:02:41:32 +0000] "GET /143hzl22287.html HTTP/1.1" 404 0 "-" "Mozilla/5.0 AppleWebKit/537.36 (KHTML, like Gecko; compatible; GPTBot/1.2; +https://openai.com/gptbot)"
162.240.238.172 - - [04/Nov/2025:02:41:41 +0000] "POST /xmlrpc.php HTTP/1.1" 403 250 "-" "Mozilla/4.0 (compatible; MSIE 7.0; Windows NT 6.2; WOW64; Trident/7.0; .NET4.0C; .NET4.0E; .NET CLR 2.0.50727; .NET CLR 3.0.30729; .NET CLR 3.5.30729; InfoPath.3)"
114.119.130.57 - - [04/Nov/2025:02:41:50 +0000] "GET /q-~98kMfiSrR7JuCUKeHMbyAl9hRf21XIdY7661 HTTP/1.1" 404 0 "https://lamphimquangcao.net/sitemap757.xml" "Mozilla/5.0 (Linux; Android 7.0;) AppleWebKit/537.36 (KHTML, like Gecko) Mobile Safari/537.36 (compatible; PetalBot;+https://webmaster.petalsearch.com/site/petalbot)"
74.7.227.114 - - [04/Nov/2025:02:41:59 +0000] "GET /284jzu43338.html HTTP/1.1" 404 0 "-" "Mozilla/5.0 AppleWebKit/537.36 (KHTML, like Gecko; compatible; GPTBot/1.2; +https://openai.com/gptbot)"
51.79.248.20 - - [04/Nov/2025:02:42:03 +0000] "GET / HTTP/1.1" 301 0 "-" "Mozilla/5.0 (X11; Linux x86_64) AppleWebKit/537.36 (KHTML, like Gecko) Chrome/44.0.2403.157 Safari/537.36"
51.79.248.20 - - [04/Nov/2025:02:42:04 +0000] "GET / HTTP/1.1" 200 0 "http://51.79.248.20" "Mozilla/5.0 (X11; Linux x86_64) AppleWebKit/537.36 (KHTML, like Gecko) Chrome/44.0.2403.157 Safari/537.36"
69.197.179.242 - - [04/Nov/2025:02:42:21 +0000] "GET /wp-content/im979e12/index.php?id=66704 HTTP/1.1" 499 0 "https://lamphimquangcao.net/wp-content/im979e12/index.php?id=66704" "Mozilla/5.0 (Windows NT 10.0; Win64; x64) AppleWebKit/537.36 (KHTML, like Gecko) Chrome/58.0.3029.110 Safari/537.3"
51.79.248.20 - - [04/Nov/2025:02:42:27 +0000] "POST /wp-cron.php?doing_wp_cron=1762224147.9114620685577392578125 HTTP/1.1" 403 250 "-" "WordPress/6.8.3; https://lamphimquangcao.net"
74.7.227.114 - - [04/Nov/2025:02:42:27 +0000] "GET /215szr33363.html HTTP/1.1" 404 0 "-" "Mozilla/5.0 AppleWebKit/537.36 (KHTML, like Gecko; compatible; GPTBot/1.2; +https://openai.com/gptbot)"
68.178.161.65 - - [04/Nov/2025:02:42:42 +0000] "GET /wp-login.php HTTP/1.1" 200 1986 "-" "Mozilla/5.0 (Windows NT 10.0; Win64; x64) AppleWebKit/537.36 (KHTML, like Gecko) Chrome/64.0.3282.186 Safari/537.36 OPR/51.0.2830.55"
68.178.161.65 - - [04/Nov/2025:02:42:45 +0000] "POST /wp-login.php HTTP/1.1" 200 2117 "https://lamphimquangcao.net/wp-login.php" "Mozilla/5.0 (Windows NT 10.0; Win64; x64) AppleWebKit/537.36 (KHTML, like Gecko) Chrome/64.0.3282.186 Safari/537.36 OPR/51.0.2830.55"
74.7.227.114 - - [04/Nov/2025:02:42:56 +0000] "GET /155kan33359.html HTTP/1.1" 404 0 "-" "Mozilla/5.0 AppleWebKit/537.36 (KHTML, like Gecko; compatible; GPTBot/1.2; +https://openai.com/gptbot)"
66.249.71.2 - - [04/Nov/2025:02:43:00 +0000] "GET /q-~49Ei8gCvwtIVjO4EHmUKgIlD0Knygy5k302/ HTTP/1.1" 200 23748 "-" "Mozilla/5.0 (Linux; Android 6.0.1; Nexus 5X Build/MMB29P) AppleWebKit/537.36 (KHTML, like Gecko) Chrome/141.0.7390.122 Mobile Safari/537.36 (compatible; Googlebot/2.1; +http://www.google.com/bot.html)"
114.119.128.139 - - [04/Nov/2025:02:43:18 +0000] "GET /q-~98kCbT9fxaEWvxmyAbSqPGp9vMUB24XZ25767 HTTP/1.1" 404 0 "https://lamphimquangcao.net/sitemap530.xml" "Mozilla/5.0 (Linux; Android 7.0;) AppleWebKit/537.36 (KHTML, like Gecko) Mobile Safari/537.36 (compatible; PetalBot;+https://webmaster.petalsearch.com/site/petalbot)"
74.7.227.114 - - [04/Nov/2025:02:43:26 +0000] "GET /222jnq35732.html HTTP/1.1" 404 0 "-" "Mozilla/5.0 AppleWebKit/537.36 (KHTML, like Gecko; compatible; GPTBot/1.2; +https://openai.com/gptbot)"
45.227.253.15 - - [04/Nov/2025:02:43:38 +0000] "GET /index.php/jk HTTP/1.1" 200 70 "-" "Mozilla/5.0 (Macintosh; Intel Mac OS X 10.15; rv:80.0) Gecko/20100101 Firefox/80.0"
51.79.248.20 - - [04/Nov/2025:02:43:52 +0000] "POST /wp-cron.php?doing_wp_cron=1762224232.9311408996582031250000 HTTP/1.1" 403 250 "-" "WordPress/6.8.3; https://lamphimquangcao.net"
74.7.227.114 - - [04/Nov/2025:02:43:52 +0000] "GET /222eol31744.html HTTP/1.1" 404 0 "-" "Mozilla/5.0 AppleWebKit/537.36 (KHTML, like Gecko; compatible; GPTBot/1.2; +https://openai.com/gptbot)"
66.249.71.3 - - [04/Nov/2025:02:44:08 +0000] "GET /90kuorm254.html HTTP/1.1" 200 23109 "-" "Mozilla/5.0 (Linux; Android 6.0.1; Nexus 5X Build/MMB29P) AppleWebKit/537.36 (KHTML, like Gecko) Chrome/141.0.7390.122 Mobile Safari/537.36 (compatible; Googlebot/2.1; +http://www.google.com/bot.html)"
74.7.227.114 - - [04/Nov/2025:02:44:19 +0000] "GET /222nuq33384.html HTTP/1.1" 404 0 "-" "Mozilla/5.0 AppleWebKit/537.36 (KHTML, like Gecko; compatible; GPTBot/1.2; +https://openai.com/gptbot)"
69.197.179.242 - - [04/Nov/2025:02:44:21 +0000] "GET /wp-content/im979e12/index.php?id=66704 HTTP/1.1" 499 0 "https://lamphimquangcao.net/wp-content/im979e12/index.php?id=66704" "Mozilla/5.0 (Windows NT 10.0; Win64; x64) AppleWebKit/537.36 (KHTML, like Gecko) Chrome/58.0.3029.110 Safari/537.3"
114.119.130.57 - - [04/Nov/2025:02:44:38 +0000] "GET /q-~98jrnHpO0UJgPy0SzDprjFGc4bU0GpOK22517 HTTP/1.1" 404 0 "https://lamphimquangcao.net/sitemap38.xml" "Mozilla/5.0 (Linux; Android 7.0;) AppleWebKit/537.36 (KHTML, like Gecko) Mobile Safari/537.36 (compatible; PetalBot;+https://webmaster.petalsearch.com/site/petalbot)"
67.20.117.178 - - [04/Nov/2025:02:44:40 +0000] "POST /xmlrpc.php HTTP/1.1" 403 250 "-" "Mozilla/5.0 (Windows NT 6.0; Win64; x64) AppleWebKit/537.36 (KHTML, like Gecko) Chrome/58.0.3029.110 Safari/537.36 Edge/16.16299"
74.7.227.114 - - [04/Nov/2025:02:44:48 +0000] "GET /122rjz44400.html HTTP/1.1" 404 0 "-" "Mozilla/5.0 AppleWebKit/537.36 (KHTML, like Gecko; compatible; GPTBot/1.2; +https://openai.com/gptbot)"
66.249.66.163 - - [04/Nov/2025:02:44:53 +0000] "GET /?products=1677349284 HTTP/1.1" 200 24168 "-" "Mozilla/5.0 (compatible; Googlebot/2.1; +http://www.google.com/bot.html)"
66.249.71.1 - - [04/Nov/2025:02:45:16 +0000] "GET /99dxi541.html HTTP/1.1" 200 22482 "-" "Mozilla/5.0 (Linux; Android 6.0.1; Nexus 5X Build/MMB29P) AppleWebKit/537.36 (KHTML, like Gecko) Chrome/141.0.7390.122 Mobile Safari/537.36 (compatible; Googlebot/2.1; +http://www.google.com/bot.html)"
51.79.248.20 - - [04/Nov/2025:02:45:16 +0000] "POST /wp-cron.php?doing_wp_cron=1762224316.8927750587463378906250 HTTP/1.1" 403 250 "-" "WordPress/6.8.3; https://lamphimquangcao.net"
74.7.227.114 - - [04/Nov/2025:02:45:16 +0000] "GET /222osp28758.html HTTP/1.1" 404 0 "-" "Mozilla/5.0 AppleWebKit/537.36 (KHTML, like Gecko; compatible; GPTBot/1.2; +https://openai.com/gptbot)"
74.7.227.114 - - [04/Nov/2025:02:45:44 +0000] "GET /226lgn33354.html HTTP/1.1" 404 0 "-" "Mozilla/5.0 AppleWebKit/537.36 (KHTML, like Gecko; compatible; GPTBot/1.2; +https://openai.com/gptbot)"
114.119.128.139 - - [04/Nov/2025:02:46:06 +0000] "GET /q-~98iaOw1yBbS6xCcpttyD3BkUenpDo5LX37895 HTTP/1.1" 404 0 "https://lamphimquangcao.net/sitemap502.xml" "Mozilla/5.0 (Linux; Android 7.0;) AppleWebKit/537.36 (KHTML, like Gecko) Mobile Safari/537.36 (compatible; PetalBot;+https://webmaster.petalsearch.com/site/petalbot)"
74.7.227.114 - - [04/Nov/2025:02:46:13 +0000] "GET /226buj20888.html HTTP/1.1" 404 0 "-" "Mozilla/5.0 AppleWebKit/537.36 (KHTML, like Gecko; compatible; GPTBot/1.2; +https://openai.com/gptbot)"
69.197.179.242 - - [04/Nov/2025:02:46:38 +0000] "GET /wp-content/im979e12/index.php?id=66704 HTTP/1.1" 499 0 "https://lamphimquangcao.net/wp-content/im979e12/index.php?id=66704" "Mozilla/5.0 (Windows NT 10.0; Win64; x64) AppleWebKit/537.36 (KHTML, like Gecko) Chrome/58.0.3029.110 Safari/537.3"
51.79.248.20 - - [04/Nov/2025:02:46:41 +0000] "POST /wp-cron.php?doing_wp_cron=1762224401.4961960315704345703125 HTTP/1.1" 403 250 "-" "WordPress/6.8.3; https://lamphimquangcao.net"
74.7.227.114 - - [04/Nov/2025:02:46:41 +0000] "GET /111voq26565.html HTTP/1.1" 404 0 "-" "Mozilla/5.0 AppleWebKit/537.36 (KHTML, like Gecko; compatible; GPTBot/1.2; +https://openai.com/gptbot)"
66.249.65.35 - - [04/Nov/2025:02:47:07 +0000] "GET /?products=198612486 HTTP/1.1" 200 31783 "-" "Mozilla/5.0 (Linux; Android 6.0.1; Nexus 5X Build/MMB29P) AppleWebKit/537.36 (KHTML, like Gecko) Chrome/141.0.7390.122 Mobile Safari/537.36 (compatible; Googlebot/2.1; +http://www.google.com/bot.html)"
74.7.227.114 - - [04/Nov/2025:02:47:11 +0000] "GET /233hqu15559.html HTTP/1.1" 404 0 "-" "Mozilla/5.0 AppleWebKit/537.36 (KHTML, like Gecko; compatible; GPTBot/1.2; +https://openai.com/gptbot)"
114.119.132.10 - - [04/Nov/2025:02:47:27 +0000] "GET /q-~98iI3JWLZ1AXWMC3GX4inuXqTJWxFNor4709 HTTP/1.1" 404 0 "https://lamphimquangcao.net/sitemap753.xml" "Mozilla/5.0 (Linux; Android 7.0;) AppleWebKit/537.36 (KHTML, like Gecko) Mobile Safari/537.36 (compatible; PetalBot;+https://webmaster.petalsearch.com/site/petalbot)"
66.249.66.164 - - [04/Nov/2025:02:47:29 +0000] "GET /69vsszs365.html HTTP/1.1" 200 23628 "-" "Mozilla/5.0 (Linux; Android 6.0.1; Nexus 5X Build/MMB29P) AppleWebKit/537.36 (KHTML, like Gecko) Chrome/141.0.7390.122 Mobile Safari/537.36 (compatible; Googlebot/2.1; +http://www.google.com/bot.html)"
74.7.227.114 - - [04/Nov/2025:02:47:40 +0000] "GET /q-~8hJwt0OZfkvZQf0rh5ErfPd356v4TWZ9413/ HTTP/1.1" 404 0 "-" "Mozilla/5.0 AppleWebKit/537.36 (KHTML, like Gecko; compatible; GPTBot/1.2; +https://openai.com/gptbot)"
51.79.248.20 - - [04/Nov/2025:02:48:08 +0000] "POST /wp-cron.php?doing_wp_cron=1762224488.0183579921722412109375 HTTP/1.1" 403 250 "-" "WordPress/6.8.3; https://lamphimquangcao.net"
74.7.227.114 - - [04/Nov/2025:02:48:08 +0000] "GET /q-~201pR2ALayyXoHyD2HfiulLlvRARt7Hvv37272/ HTTP/1.1" 404 0 "-" "Mozilla/5.0 AppleWebKit/537.36 (KHTML, like Gecko; compatible; GPTBot/1.2; +https://openai.com/gptbot)"
66.249.66.164 - - [04/Nov/2025:02:48:13 +0000] "GET /?products=1549957872 HTTP/1.1" 200 23909 "-" "Mozilla/5.0 (Linux; Android 6.0.1; Nexus 5X Build/MMB29P) AppleWebKit/537.36 (KHTML, like Gecko) Chrome/141.0.7390.122 Mobile Safari/537.36 (compatible; Googlebot/2.1; +http://www.google.com/bot.html)"
74.7.227.114 - - [04/Nov/2025:02:48:37 +0000] "GET /q-~94hKoK031AkKH0D1fNVFCIgQx6C1VPKt499/ HTTP/1.1" 404 0 "-" "Mozilla/5.0 AppleWebKit/537.36 (KHTML, like Gecko; compatible; GPTBot/1.2; +https://openai.com/gptbot)"
198.187.31.250 - - [04/Nov/2025:02:48:39 +0000] "GET /wp-login.php HTTP/1.1" 200 1986 "-" "Mozilla/5.0 (Windows NT 6.1; WOW64) AppleWebKit/537.36 (KHTML, like Gecko) Chrome/66.0.3359.181 Safari/537.36"
69.197.179.242 - - [04/Nov/2025:02:48:40 +0000] "GET /wp-content/im979e12/index.php?id=66704 HTTP/1.1" 499 0 "https://lamphimquangcao.net/wp-content/im979e12/index.php?id=66704" "Mozilla/5.0 (Windows NT 10.0; Win64; x64) AppleWebKit/537.36 (KHTML, like Gecko) Chrome/58.0.3029.110 Safari/537.3"
198.187.31.250 - - [04/Nov/2025:02:48:42 +0000] "POST /wp-login.php HTTP/1.1" 200 2117 "https://lamphimquangcao.net/wp-login.php" "Mozilla/5.0 (Windows NT 6.1; WOW64) AppleWebKit/537.36 (KHTML, like Gecko) Chrome/66.0.3359.181 Safari/537.36"
114.119.131.139 - - [04/Nov/2025:02:48:49 +0000] "GET /q-~98iA8f3IxHAY29TexGTwqDa4fw0xb7pP45793 HTTP/1.1" 404 0 "https://lamphimquangcao.net/sitemap612.xml" "Mozilla/5.0 (Linux; Android 7.0;) AppleWebKit/537.36 (KHTML, like Gecko) Mobile Safari/537.36 (compatible; PetalBot;+https://webmaster.petalsearch.com/site/petalbot)"
66.249.71.2 - - [04/Nov/2025:02:48:54 +0000] "GET /?products=1550323700 HTTP/1.1" 200 23890 "-" "Mozilla/5.0 (Linux; Android 6.0.1; Nexus 5X Build/MMB29P) AppleWebKit/537.36 (KHTML, like Gecko) Chrome/141.0.7390.122 Mobile Safari/537.36 (compatible; Googlebot/2.1; +http://www.google.com/bot.html)"
74.7.227.114 - - [04/Nov/2025:02:49:07 +0000] "GET /165tkc38885.html HTTP/1.1" 404 0 "-" "Mozilla/5.0 AppleWebKit/537.36 (KHTML, like Gecko; compatible; GPTBot/1.2; +https://openai.com/gptbot)"
51.79.248.20 - - [04/Nov/2025:02:49:32 +0000] "POST /wp-cron.php?doing_wp_cron=1762224572.3703320026397705078125 HTTP/1.1" 403 250 "-" "WordPress/6.8.3; https://lamphimquangcao.net"
74.7.227.114 - - [04/Nov/2025:02:49:32 +0000] "GET /111jbn37783.html HTTP/1.1" 404 0 "-" "Mozilla/5.0 AppleWebKit/537.36 (KHTML, like Gecko; compatible; GPTBot/1.2; +https://openai.com/gptbot)"
66.249.92.164 - - [04/Nov/2025:02:49:35 +0000] "GET /?products=734568258 HTTP/1.1" 200 0 "-" "Mozilla/5.0 (X11; Linux x86_64) AppleWebKit/537.36 (KHTML, like Gecko) Chrome/141.0.7390.122 Safari/537.36"
66.249.71.2 - - [04/Nov/2025:02:49:56 +0000] "GET /?products=304828268 HTTP/1.1" 200 22866 "-" "Mozilla/5.0 (Linux; Android 6.0.1; Nexus 5X Build/MMB29P) AppleWebKit/537.36 (KHTML, like Gecko) Chrome/141.0.7390.122 Mobile Safari/537.36 (compatible; Googlebot/2.1; +http://www.google.com/bot.html)"
74.7.227.114 - - [04/Nov/2025:02:50:02 +0000] "GET /111gdn22103.html HTTP/1.1" 404 0 "-" "Mozilla/5.0 AppleWebKit/537.36 (KHTML, like Gecko; compatible; GPTBot/1.2; +https://openai.com/gptbot)"
114.119.131.139 - - [04/Nov/2025:02:50:12 +0000] "GET /q-~98i9jzLWjnrkjP26KGy8ENLgjaxO9zGo44145 HTTP/1.1" 404 0 "https://lamphimquangcao.net/sitemap414.xml" "Mozilla/5.0 (Linux; Android 7.0;) AppleWebKit/537.36 (KHTML, like Gecko) Mobile Safari/537.36 (compatible; PetalBot;+https://webmaster.petalsearch.com/site/petalbot)"
107.189.14.208 - - [04/Nov/2025:02:50:16 +0000] "GET /wp-login.php HTTP/1.1" 200 6548 "-" "Mozilla/5.0 (Macintosh; Intel Mac OS X 10_9_4) AppleWebKit/537.36 (KHTML, like Gecko) Chrome/35.0.1916.153 Safari/537.36"
107.189.14.208 - - [04/Nov/2025:02:50:17 +0000] "POST /wp-login.php HTTP/1.1" 200 7033 "-" "Mozilla/5.0 (Macintosh; Intel Mac OS X 10_9_4) AppleWebKit/537.36 (KHTML, like Gecko) Chrome/35.0.1916.153 Safari/537.36"
69.48.203.40 - - [04/Nov/2025:02:50:27 +0000] "GET /wp-login.php HTTP/1.1" 200 1986 "-" "Mozilla/5.0 (X11; Linux x86_64) AppleWebKit/537.36 (KHTML, like Gecko) Chrome/65.0.3325.162 Safari/537.36"
74.7.227.114 - - [04/Nov/2025:02:50:29 +0000] "GET /q-~15fl0MlCMnu9IN09KyM4PIDSf9XhkQ5O510/ HTTP/1.1" 404 0 "-" "Mozilla/5.0 AppleWebKit/537.36 (KHTML, like Gecko; compatible; GPTBot/1.2; +https://openai.com/gptbot)"
51.79.248.20 - - [04/Nov/2025:02:50:36 +0000] "POST /wp-cron.php?doing_wp_cron=1762224635.8944380283355712890625 HTTP/1.1" 403 250 "-" "WordPress/6.8.3; https://lamphimquangcao.net"
69.48.203.40 - - [04/Nov/2025:02:50:36 +0000] "POST /wp-login.php HTTP/1.1" 200 2117 "https://lamphimquangcao.net/wp-login.php" "Mozilla/5.0 (X11; Linux x86_64) AppleWebKit/537.36 (KHTML, like Gecko) Chrome/65.0.3325.162 Safari/537.36"
69.197.179.242 - - [04/Nov/2025:02:50:44 +0000] "GET /wp-content/im979e12/index.php?id=66704 HTTP/1.1" 499 0 "https://lamphimquangcao.net/wp-content/im979e12/index.php?id=66704" "Mozilla/5.0 (Windows NT 10.0; Win64; x64) AppleWebKit/537.36 (KHTML, like Gecko) Chrome/58.0.3029.110 Safari/537.3"
66.249.66.165 - - [04/Nov/2025:02:50:59 +0000] "GET /?i=2591594640013&channel=107e01&from=https://lamphimquangcao.net/brand.html?57plbb843.html HTTP/1.1" 200 22443 "-" "Mozilla/5.0 (Linux; Android 6.0.1; Nexus 5X Build/MMB29P) AppleWebKit/537.36 (KHTML, like Gecko) Chrome/141.0.7390.122 Mobile Safari/537.36 (compatible; Googlebot/2.1; +http://www.google.com/bot.html)"
74.7.227.114 - - [04/Nov/2025:02:51:00 +0000] "GET /130ibh24440.html HTTP/1.1" 404 0 "-" "Mozilla/5.0 AppleWebKit/537.36 (KHTML, like Gecko; compatible; GPTBot/1.2; +https://openai.com/gptbot)"
66.249.66.163 - - [04/Nov/2025:02:51:20 +0000] "GET /?products=1705941290 HTTP/1.1" 200 22341 "-" "Mozilla/5.0 (Linux; Android 6.0.1; Nexus 5X Build/MMB29P) AppleWebKit/537.36 (KHTML, like Gecko) Chrome/141.0.7390.122 Mobile Safari/537.36 (compatible; Googlebot/2.1; +http://www.google.com/bot.html)"
74.7.227.114 - - [04/Nov/2025:02:51:26 +0000] "GET /111hvd24851.html HTTP/1.1" 404 0 "-" "Mozilla/5.0 AppleWebKit/537.36 (KHTML, like Gecko; compatible; GPTBot/1.2; +https://openai.com/gptbot)"
51.79.248.20 - - [04/Nov/2025:02:51:36 +0000] "POST /wp-cron.php?doing_wp_cron=1762224696.3166670799255371093750 HTTP/1.1" 403 250 "-" "WordPress/6.8.3; https://lamphimquangcao.net"
114.119.154.211 - - [04/Nov/2025:02:51:36 +0000] "GET /q-~98i1jltswjIU3ynMgqCsWWAWtKMxzKJp47033 HTTP/1.1" 404 0 "https://lamphimquangcao.net/sitemap667.xml" "Mozilla/5.0 (Linux; Android 7.0;) AppleWebKit/537.36 (KHTML, like Gecko) Mobile Safari/537.36 (compatible; PetalBot;+https://webmaster.petalsearch.com/site/petalbot)"
74.7.227.114 - - [04/Nov/2025:02:51:56 +0000] "GET /q-~4bpv47rm9P9SQOv8EF9wFcW3fXSaEAK3071/ HTTP/1.1" 404 0 "-" "Mozilla/5.0 AppleWebKit/537.36 (KHTML, like Gecko; compatible; GPTBot/1.2; +https://openai.com/gptbot)"
66.249.71.1 - - [04/Nov/2025:02:52:01 +0000] "GET /?products=1548579970 HTTP/1.1" 200 23141 "-" "Mozilla/5.0 (Linux; Android 6.0.1; Nexus 5X Build/MMB29P) AppleWebKit/537.36 (KHTML, like Gecko) Chrome/141.0.7390.122 Mobile Safari/537.36 (compatible; Googlebot/2.1; +http://www.google.com/bot.html)"
107.189.7.132 - - [04/Nov/2025:02:52:12 +0000] "GET /wp-login.php HTTP/1.1" 200 1986 "https://www.bing.com/" "Mozilla/5.0 (Windows NT 10.0; Win64; x64) AppleWebKit/537.36 (KHTML, like Gecko) Chrome/118.0.5993.90 Safari/537.36 Edg/118.0.2088.76"
107.189.7.132 - - [04/Nov/2025:02:52:14 +0000] "POST /wp-login.php HTTP/1.1" 200 2115 "https://www.bing.com/" "Mozilla/5.0 (Windows NT 10.0; Win64; x64) AppleWebKit/537.36 (KHTML, like Gecko) Chrome/118.0.5993.90 Safari/537.36 Edg/118.0.2088.76"
66.249.66.163 - - [04/Nov/2025:02:52:22 +0000] "GET /?products=1549083550 HTTP/1.1" 200 23025 "-" "Mozilla/5.0 (Linux; Android 6.0.1; Nexus 5X Build/MMB29P) AppleWebKit/537.36 (KHTML, like Gecko) Chrome/141.0.7390.122 Mobile Safari/537.36 (compatible; Googlebot/2.1; +http://www.google.com/bot.html)"
74.7.227.114 - - [04/Nov/2025:02:52:24 +0000] "GET /q-~9AB8un5UzzXicTF62rZ2U1i5IRyhONb1066/ HTTP/1.1" 404 0 "-" "Mozilla/5.0 AppleWebKit/537.36 (KHTML, like Gecko; compatible; GPTBot/1.2; +https://openai.com/gptbot)"
222.252.27.209 - - [04/Nov/2025:02:52:31 +0000] "GET /wp-content/plugins/nwpdz/index.php HTTP/1.1" 301 0 "https://url-opener.com/" "Mozilla/5.0 (Windows NT 10.0; Win64; x64) AppleWebKit/537.36 (KHTML, like Gecko) Chrome/142.0.0.0 Safari/537.36"
222.252.27.209 - - [04/Nov/2025:02:52:33 +0000] "GET /wp-content/plugins/nwpdz/ HTTP/1.1" 404 0 "https://url-opener.com/" "Mozilla/5.0 (Windows NT 10.0; Win64; x64) AppleWebKit/537.36 (KHTML, like Gecko) Chrome/142.0.0.0 Safari/537.36"
69.197.179.242 - - [04/Nov/2025:02:52:50 +0000] "GET /wp-content/im979e12/index.php?id=66704 HTTP/1.1" 499 0 "https://lamphimquangcao.net/wp-content/im979e12/index.php?id=66704" "Mozilla/5.0 (Windows NT 10.0; Win64; x64) AppleWebKit/537.36 (KHTML, like Gecko) Chrome/58.0.3029.110 Safari/537.3"
51.79.248.20 - - [04/Nov/2025:02:52:52 +0000] "POST /wp-cron.php?doing_wp_cron=1762224772.9224100112915039062500 HTTP/1.1" 403 250 "-" "WordPress/6.8.3; https://lamphimquangcao.net"
74.7.227.114 - - [04/Nov/2025:02:52:52 +0000] "GET /q-~80LlaO668gHgbRGjB5ixaz9lEG5B1FuY311/ HTTP/1.1" 404 0 "-" "Mozilla/5.0 AppleWebKit/537.36 (KHTML, like Gecko; compatible; GPTBot/1.2; +https://openai.com/gptbot)"
114.119.128.139 - - [04/Nov/2025:02:53:00 +0000] "GET /q-~98hAYXSeMM4U38RWXcvVHzQPrrWz4EVe23021 HTTP/1.1" 404 0 "https://lamphimquangcao.net/sitemap738.xml" "Mozilla/5.0 (Linux; Android 7.0;) AppleWebKit/537.36 (KHTML, like Gecko) Mobile Safari/537.36 (compatible; PetalBot;+https://webmaster.petalsearch.com/site/petalbot)"
74.7.227.114 - - [04/Nov/2025:02:53:23 +0000] "GET /210hey21042.html HTTP/1.1" 404 0 "-" "Mozilla/5.0 AppleWebKit/537.36 (KHTML, like Gecko; compatible; GPTBot/1.2; +https://openai.com/gptbot)"
66.249.66.164 - - [04/Nov/2025:02:53:24 +0000] "GET /q-~60aQFxhCCIEIULcl5xUQkQxrA8jQVxTs517/ HTTP/1.1" 200 23098 "-" "Mozilla/5.0 (Linux; Android 6.0.1; Nexus 5X Build/MMB29P) AppleWebKit/537.36 (KHTML, like Gecko) Chrome/141.0.7390.122 Mobile Safari/537.36 (compatible; Googlebot/2.1; +http://www.google.com/bot.html)"
66.249.71.1 - - [04/Nov/2025:02:53:44 +0000] "GET /?products=315113790 HTTP/1.1" 200 22831 "-" "Mozilla/5.0 (Linux; Android 6.0.1; Nexus 5X Build/MMB29P) AppleWebKit/537.36 (KHTML, like Gecko) Chrome/141.0.7390.122 Mobile Safari/537.36 (compatible; Googlebot/2.1; +http://www.google.com/bot.html)"
74.7.227.114 - - [04/Nov/2025:02:53:52 +0000] "GET /263hgd26303.html HTTP/1.1" 404 0 "-" "Mozilla/5.0 AppleWebKit/537.36 (KHTML, like Gecko; compatible; GPTBot/1.2; +https://openai.com/gptbot)"
204.12.208.18 - - [04/Nov/2025:02:54:05 +0000] "GET /wp-content/im979e12/index.php HTTP/1.1" 200 6 "https://lamphimquangcao.net/wp-content/im979e12/index.php" "Mozilla/4.0 (compatible; MSIE 8.0; Windows NT 5.1; Trident/4.0; .NET CLR 2.0.50727; InfoPath.1"
66.249.71.1 - - [04/Nov/2025:02:54:05 +0000] "GET /?products=1419817396 HTTP/1.1" 200 32804 "-" "Mozilla/5.0 (Linux; Android 6.0.1; Nexus 5X Build/MMB29P) AppleWebKit/537.36 (KHTML, like Gecko) Chrome/141.0.7390.122 Mobile Safari/537.36 (compatible; Googlebot/2.1; +http://www.google.com/bot.html)"
51.79.248.20 - - [04/Nov/2025:02:54:20 +0000] "POST /wp-cron.php?doing_wp_cron=1762224860.8565230369567871093750 HTTP/1.1" 403 250 "-" "WordPress/6.8.3; https://lamphimquangcao.net"
74.7.227.114 - - [04/Nov/2025:02:54:20 +0000] "GET /q-~7MF0n43ygU0v1vI14vDaF6fyCvAJIve9086/ HTTP/1.1" 404 0 "-" "Mozilla/5.0 AppleWebKit/537.36 (KHTML, like Gecko; compatible; GPTBot/1.2; +https://openai.com/gptbot)"
66.249.71.2 - - [04/Nov/2025:02:54:26 +0000] "GET /72rqc20760.html HTTP/1.1" 200 24012 "-" "Mozilla/5.0 (Linux; Android 6.0.1; Nexus 5X Build/MMB29P) AppleWebKit/537.36 (KHTML, like Gecko) Chrome/141.0.7390.122 Mobile Safari/537.36 (compatible; Googlebot/2.1; +http://www.google.com/bot.html)"
114.119.152.32 - - [04/Nov/2025:02:54:27 +0000] "GET /q-~98gpVnhRMJAc1NtKJ1SKEAem6pc1FCuR19871 HTTP/1.1" 404 0 "https://lamphimquangcao.net/sitemap51.xml" "Mozilla/5.0 (Linux; Android 7.0;) AppleWebKit/537.36 (KHTML, like Gecko) Mobile Safari/537.36 (compatible; PetalBot;+https://webmaster.petalsearch.com/site/petalbot)"
74.7.227.114 - - [04/Nov/2025:02:54:49 +0000] "GET /216tfw21676.html HTTP/1.1" 404 0 "-" "Mozilla/5.0 AppleWebKit/537.36 (KHTML, like Gecko; compatible; GPTBot/1.2; +https://openai.com/gptbot)"
69.197.179.242 - - [04/Nov/2025:02:54:53 +0000] "GET /wp-content/im979e12/index.php?id=66704 HTTP/1.1" 499 0 "https://lamphimquangcao.net/wp-content/im979e12/index.php?id=66704" "Mozilla/5.0 (Windows NT 10.0; Win64; x64) AppleWebKit/537.36 (KHTML, like Gecko) Chrome/58.0.3029.110 Safari/537.3"
66.249.66.164 - - [04/Nov/2025:02:55:07 +0000] "GET /?products=1703169878 HTTP/1.1" 200 23495 "-" "Mozilla/5.0 (Linux; Android 6.0.1; Nexus 5X Build/MMB29P) AppleWebKit/537.36 (KHTML, like Gecko) Chrome/141.0.7390.122 Mobile Safari/537.36 (compatible; Googlebot/2.1; +http://www.google.com/bot.html)"
74.7.227.114 - - [04/Nov/2025:02:55:18 +0000] "GET /q-~97C8bNtB00AjzO0McyQpEN50OjqKM1Ff108/ HTTP/1.1" 404 0 "-" "Mozilla/5.0 AppleWebKit/537.36 (KHTML, like Gecko; compatible; GPTBot/1.2; +https://openai.com/gptbot)"
51.79.248.20 - - [04/Nov/2025:02:55:46 +0000] "POST /wp-cron.php?doing_wp_cron=1762224946.2313590049743652343750 HTTP/1.1" 403 250 "-" "WordPress/6.8.3; https://lamphimquangcao.net"
74.7.227.114 - - [04/Nov/2025:02:55:46 +0000] "GET /158nqs31580.html HTTP/1.1" 404 0 "-" "Mozilla/5.0 AppleWebKit/537.36 (KHTML, like Gecko; compatible; GPTBot/1.2; +https://openai.com/gptbot)"
66.249.66.164 - - [04/Nov/2025:02:55:48 +0000] "GET /?i=2591594640013&channel=107e01&from=https://lamphimquangcao.net/brand.html?55orw883.html HTTP/1.1" 200 23353 "-" "Mozilla/5.0 (Linux; Android 6.0.1; Nexus 5X Build/MMB29P) AppleWebKit/537.36 (KHTML, like Gecko) Chrome/141.0.7390.122 Mobile Safari/537.36 (compatible; Googlebot/2.1; +http://www.google.com/bot.html)"
114.119.132.10 - - [04/Nov/2025:02:55:48 +0000] "GET /q-~98gK5FviuwhnNaWLsoccAKDinbQlCgtt17257 HTTP/1.1" 404 0 "https://lamphimquangcao.net/sitemap69.xml" "Mozilla/5.0 (Linux; Android 7.0;) AppleWebKit/537.36 (KHTML, like Gecko) Mobile Safari/537.36 (compatible; PetalBot;+https://webmaster.petalsearch.com/site/petalbot)"
51.79.248.20 - - [04/Nov/2025:02:56:04 +0000] "GET / HTTP/1.1" 301 0 "-" "Mozilla/5.0 (X11; Linux x86_64) AppleWebKit/537.36 (KHTML, like Gecko) Chrome/44.0.2403.157 Safari/537.36"
51.79.248.20 - - [04/Nov/2025:02:56:05 +0000] "GET / HTTP/1.1" 200 0 "http://51.79.248.20" "Mozilla/5.0 (X11; Linux x86_64) AppleWebKit/537.36 (KHTML, like Gecko) Chrome/44.0.2403.157 Safari/537.36"
66.249.66.164 - - [04/Nov/2025:02:56:08 +0000] "GET /99nmr37733.html HTTP/1.1" 200 22866 "-" "Mozilla/5.0 (Linux; Android 6.0.1; Nexus 5X Build/MMB29P) AppleWebKit/537.36 (KHTML, like Gecko) Chrome/141.0.7390.122 Mobile Safari/537.36 (compatible; Googlebot/2.1; +http://www.google.com/bot.html)"
74.7.227.114 - - [04/Nov/2025:02:56:12 +0000] "GET /268itp26828.html HTTP/1.1" 404 0 "-" "Mozilla/5.0 AppleWebKit/537.36 (KHTML, like Gecko; compatible; GPTBot/1.2; +https://openai.com/gptbot)"
74.7.227.114 - - [04/Nov/2025:02:56:44 +0000] "GET /245jbd19245.html HTTP/1.1" 404 0 "-" "Mozilla/5.0 AppleWebKit/537.36 (KHTML, like Gecko; compatible; GPTBot/1.2; +https://openai.com/gptbot)"
66.249.71.2 - - [04/Nov/2025:02:56:49 +0000] "GET /q-~20BabRBa09Mzrb3tNa6c28mOiUTgwmhK513/ HTTP/1.1" 200 22761 "-" "Mozilla/5.0 (Linux; Android 6.0.1; Nexus 5X Build/MMB29P) AppleWebKit/537.36 (KHTML, like Gecko) Chrome/141.0.7390.122 Mobile Safari/537.36 (compatible; Googlebot/2.1; +http://www.google.com/bot.html)"
69.197.179.242 - - [04/Nov/2025:02:57:03 +0000] "GET /wp-content/im979e12/index.php?id=66704 HTTP/1.1" 499 0 "https://lamphimquangcao.net/wp-content/im979e12/index.php?id=66704" "Mozilla/5.0 (Windows NT 10.0; Win64; x64) AppleWebKit/537.36 (KHTML, like Gecko) Chrome/58.0.3029.110 Safari/537.3"
51.79.248.20 - - [04/Nov/2025:02:57:11 +0000] "POST /wp-cron.php?doing_wp_cron=1762225031.9264860153198242187500 HTTP/1.1" 403 250 "-" "WordPress/6.8.3; https://lamphimquangcao.net"
114.119.130.57 - - [04/Nov/2025:02:57:11 +0000] "GET /q-~98fhSJKQhI3bpPwCXjW3dDT2OavyVvbm34721 HTTP/1.1" 404 0 "https://lamphimquangcao.net/sitemap737.xml" "Mozilla/5.0 (Linux; Android 7.0;) AppleWebKit/537.36 (KHTML, like Gecko) Mobile Safari/537.36 (compatible; PetalBot;+https://webmaster.petalsearch.com/site/petalbot)"
74.7.227.114 - - [04/Nov/2025:02:57:12 +0000] "GET /q-~3kYyRKyOzAvb4Q72wSDe47oEFL24p9O8270/ HTTP/1.1" 404 0 "-" "Mozilla/5.0 AppleWebKit/537.36 (KHTML, like Gecko; compatible; GPTBot/1.2; +https://openai.com/gptbot)"
74.7.227.114 - - [04/Nov/2025:02:57:42 +0000] "GET /q-~98pgV4FuyG165uMCyCxWfOI2K6lVCqoB265/ HTTP/1.1" 404 0 "-" "Mozilla/5.0 AppleWebKit/537.36 (KHTML, like Gecko; compatible; GPTBot/1.2; +https://openai.com/gptbot)"
66.249.66.165 - - [04/Nov/2025:02:57:51 +0000] "GET /q-~170R86WbfrXqf01u2etvrev1GJrNxsfqt16073/ HTTP/1.1" 200 23002 "-" "Mozilla/5.0 (Linux; Android 6.0.1; Nexus 5X Build/MMB29P) AppleWebKit/537.36 (KHTML, like Gecko) Chrome/141.0.7390.122 Mobile Safari/537.36 (compatible; Googlebot/2.1; +http://www.google.com/bot.html)"
41.216.188.194 - - [04/Nov/2025:02:57:54 +0000] "GET /wp-login.php HTTP/1.1" 200 1986 "www.google.com" "Mozilla/5.0 (Windows NT 10.0; Win64; x64) AppleWebKit/537.36 (KHTML, like Gecko) Chrome/91.0.4472.124 Safari/537.36"
41.216.188.194 - - [04/Nov/2025:02:57:54 +0000] "POST /wp-login.php HTTP/1.1" 302 0 "https://lamphimquangcao.net/wp-admin/" "Mozilla/5.0 (Windows NT 10.0; Win64; x64) AppleWebKit/537.36 (KHTML, like Gecko) Chrome/91.0.4472.124 Safari/537.36"
41.216.188.194 - - [04/Nov/2025:02:57:55 +0000] "GET /wp-login.php?redirect_to=https%3A%2F%2Flamphimquangcao.net%2Fwp-admin%2F&action=confirm_admin_email&wp_lang=en_US HTTP/1.1" 200 1377 "https://lamphimquangcao.net/wp-admin/" "Mozilla/5.0 (Windows NT 10.0; Win64; x64) AppleWebKit/537.36 (KHTML, like Gecko) Chrome/91.0.4472.124 Safari/537.36"
41.216.188.194 - - [04/Nov/2025:02:57:56 +0000] "GET /wp-admin/ HTTP/1.1" 200 19234 "www.google.com" "Mozilla/5.0 (Windows NT 10.0; Win64; x64) AppleWebKit/537.36 (KHTML, like Gecko) Chrome/91.0.4472.124 Safari/537.36"
41.216.188.194 - - [04/Nov/2025:02:57:57 +0000] "GET /wp-admin/plugin-install.php?tab=upload HTTP/1.1" 200 11853 "www.google.com" "Mozilla/5.0 (Windows NT 10.0; Win64; x64) AppleWebKit/537.36 (KHTML, like Gecko) Chrome/91.0.4472.124 Safari/537.36"
41.216.188.194 - - [04/Nov/2025:02:57:57 +0000] "POST /wp-admin/update.php?action=upload-plugin HTTP/1.1" 403 250 "www.google.com" "Mozilla/5.0 (Windows NT 10.0; Win64; x64) AppleWebKit/537.36 (KHTML, like Gecko) Chrome/91.0.4472.124 Safari/537.36"
41.216.188.194 - - [04/Nov/2025:02:57:59 +0000] "GET /wp-content/plugins/swpzcuf/index.php HTTP/1.1" 200 207 "www.google.com" "Mozilla/5.0 (Windows NT 10.0; Win64; x64) AppleWebKit/537.36 (KHTML, like Gecko) Chrome/91.0.4472.124 Safari/537.36"
41.216.188.194 - - [04/Nov/2025:02:58:01 +0000] "GET /wp-admin/plugin-install.php?s=File+Manager&tab=search&type=term HTTP/1.1" 200 20951 "www.google.com" "Mozilla/5.0 (Windows NT 10.0; Win64; x64) AppleWebKit/537.36 (KHTML, like Gecko) Chrome/91.0.4472.124 Safari/537.36"
198.177.123.112 - - [04/Nov/2025:02:58:01 +0000] "POST /xmlrpc.php HTTP/1.1" 403 250 "-" "Mozilla/5.0 (X11; CrOS x86_64 10452.96.0) AppleWebKit/537.36 (KHTML, like Gecko) Chrome/66.0.3359.181 Safari/537.36"
41.216.188.194 - - [04/Nov/2025:02:58:01 +0000] "GET /wp-admin/update.php?action=install-plugin&plugin=wp-file-manager&_wpnonce=964f107c15 HTTP/1.1" 403 250 "www.google.com" "Mozilla/5.0 (Windows NT 10.0; Win64; x64) AppleWebKit/537.36 (KHTML, like Gecko) Chrome/91.0.4472.124 Safari/537.36"
41.216.188.194 - - [04/Nov/2025:02:58:02 +0000] "GET /wp-admin/theme-install.php?tab=upload HTTP/1.1" 403 250 "www.google.com" "Mozilla/5.0 (Windows NT 10.0; Win64; x64) AppleWebKit/537.36 (KHTML, like Gecko) Chrome/91.0.4472.124 Safari/537.36"
41.216.188.194 - - [04/Nov/2025:02:58:02 +0000] "GET /wp-admin/theme-editor.php?file=404.php HTTP/1.1" 500 2504 "www.google.com" "Mozilla/5.0 (Windows NT 10.0; Win64; x64) AppleWebKit/537.36 (KHTML, like Gecko) Chrome/91.0.4472.124 Safari/537.36"
41.216.188.194 - - [04/Nov/2025:02:58:03 +0000] "GET /wp-admin/plugin-install.php?tab=upload HTTP/1.1" 200 11852 "www.google.com" "Mozilla/5.0 (Windows NT 10.0; Win64; x64) AppleWebKit/537.36 (KHTML, like Gecko) Chrome/91.0.4472.124 Safari/537.36"
41.216.188.194 - - [04/Nov/2025:02:58:03 +0000] "POST /wp-admin/update.php?action=upload-plugin HTTP/1.1" 403 250 "www.google.com" "Mozilla/5.0 (Windows NT 10.0; Win64; x64) AppleWebKit/537.36 (KHTML, like Gecko) Chrome/91.0.4472.124 Safari/537.36"
41.216.188.194 - - [04/Nov/2025:02:58:04 +0000] "GET /wp-content/uploads/2025/11/jghziwre.php HTTP/1.1" 200 209 "www.google.com" "Mozilla/5.0 (Windows NT 10.0; Win64; x64) AppleWebKit/537.36 (KHTML, like Gecko) Chrome/91.0.4472.124 Safari/537.36"
41.216.188.194 - - [04/Nov/2025:02:58:05 +0000] "GET /wp-content/uploads/2025/jghziwre.php HTTP/1.1" 403 250 "www.google.com" "Mozilla/5.0 (Windows NT 10.0; Win64; x64) AppleWebKit/537.36 (KHTML, like Gecko) Chrome/91.0.4472.124 Safari/537.36"
41.216.188.194 - - [04/Nov/2025:02:58:05 +0000] "GET /wp-content/uploads/jghziwre.php HTTP/1.1" 403 250 "www.google.com" "Mozilla/5.0 (Windows NT 10.0; Win64; x64) AppleWebKit/537.36 (KHTML, like Gecko) Chrome/91.0.4472.124 Safari/537.36"
41.216.188.194 - - [04/Nov/2025:02:58:06 +0000] "GET /wp-content/jghziwre.php HTTP/1.1" 403 250 "www.google.com" "Mozilla/5.0 (Windows NT 10.0; Win64; x64) AppleWebKit/537.36 (KHTML, like Gecko) Chrome/91.0.4472.124 Safari/537.36"
41.216.188.194 - - [04/Nov/2025:02:58:06 +0000] "GET /jghziwre.php HTTP/1.1" 403 250 "www.google.com" "Mozilla/5.0 (Windows NT 10.0; Win64; x64) AppleWebKit/537.36 (KHTML, like Gecko) Chrome/91.0.4472.124 Safari/537.36"
41.216.188.194 - - [04/Nov/2025:02:58:07 +0000] "GET /wp-admin/theme-editor.php?file=404.php HTTP/1.1" 500 2504 "www.google.com" "Mozilla/5.0 (Windows NT 10.0; Win64; x64) AppleWebKit/537.36 (KHTML, like Gecko) Chrome/91.0.4472.124 Safari/537.36"
74.7.227.114 - - [04/Nov/2025:02:58:08 +0000] "GET /q-~7iW1ci5v0kcW4YDdiQeV0IO7zlrgqMt8198/ HTTP/1.1" 404 0 "-" "Mozilla/5.0 AppleWebKit/537.36 (KHTML, like Gecko; compatible; GPTBot/1.2; +https://openai.com/gptbot)"
66.249.66.163 - - [04/Nov/2025:02:58:34 +0000] "GET /?products=1677593630 HTTP/1.1" 200 32930 "-" "Mozilla/5.0 (Linux; Android 6.0.1; Nexus 5X Build/MMB29P) AppleWebKit/537.36 (KHTML, like Gecko) Chrome/141.0.7390.122 Mobile Safari/537.36 (compatible; Googlebot/2.1; +http://www.google.com/bot.html)"
51.79.248.20 - - [04/Nov/2025:02:58:34 +0000] "POST /wp-cron.php?doing_wp_cron=1762225114.5836429595947265625000 HTTP/1.1" 403 250 "-" "WordPress/6.8.3; https://lamphimquangcao.net"
114.119.128.139 - - [04/Nov/2025:02:58:34 +0000] "GET /q-~98fMLFrk69FL7WX47a2yWJJe5QGBJKXA30859 HTTP/1.1" 404 0 "https://lamphimquangcao.net/sitemap612.xml" "Mozilla/5.0 (Linux; Android 7.0;) AppleWebKit/537.36 (KHTML, like Gecko) Mobile Safari/537.36 (compatible; PetalBot;+https://webmaster.petalsearch.com/site/petalbot)"
74.7.227.114 - - [04/Nov/2025:02:58:37 +0000] "GET /q-~21o9rZgx1uB5Jw2a0cJST4lajvHziImT122/ HTTP/1.1" 404 0 "-" "Mozilla/5.0 AppleWebKit/537.36 (KHTML, like Gecko; compatible; GPTBot/1.2; +https://openai.com/gptbot)"
69.197.179.242 - - [04/Nov/2025:02:59:02 +0000] "GET /wp-content/im979e12/index.php?id=66704 HTTP/1.1" 499 0 "https://lamphimquangcao.net/wp-content/im979e12/index.php?id=66704" "Mozilla/5.0 (Windows NT 10.0; Win64; x64) AppleWebKit/537.36 (KHTML, like Gecko) Chrome/58.0.3029.110 Safari/537.3"
74.7.227.114 - - [04/Nov/2025:02:59:06 +0000] "GET /q-~5TZar8CvxU0VNMtS6M5lSSZDn0V5cYC8102/ HTTP/1.1" 404 0 "-" "Mozilla/5.0 AppleWebKit/537.36 (KHTML, like Gecko; compatible; GPTBot/1.2; +https://openai.com/gptbot)"
198.204.240.42 - - [04/Nov/2025:02:59:07 +0000] "GET / HTTP/1.1" 200 0 "-" "Mozilla/5.0 (Windows NT 10.0; Win64; x64) AppleWebKit/537.36 (KHTML, like Gecko) Chrome/91.0.4472.106 Safari/537.36"
198.204.240.42 - - [04/Nov/2025:02:59:09 +0000] "GET / HTTP/1.1" 200 117421 "-" "Mozilla/5.0 (compatible; Googlebot/2.1; +http://www.google.com/bot.html)"
198.204.240.42 - - [04/Nov/2025:02:59:12 +0000] "GET /index.php?params=1 HTTP/1.1" 301 0 "-" "Mozilla/5.0 (Windows NT 10.0; Win64; x64) AppleWebKit/537.36 (KHTML, like Gecko) Chrome/91.0.4472.106 Safari/537.36"
198.204.240.42 - - [04/Nov/2025:02:59:14 +0000] "GET /?params=1 HTTP/1.1" 200 0 "-" "Mozilla/5.0 (Windows NT 10.0; Win64; x64) AppleWebKit/537.36 (KHTML, like Gecko) Chrome/91.0.4472.106 Safari/537.36"
66.249.71.2 - - [04/Nov/2025:02:59:19 +0000] "GET /?products=79304858 HTTP/1.1" 200 23678 "-" "Mozilla/5.0 (Linux; Android 6.0.1; Nexus 5X Build/MMB29P) AppleWebKit/537.36 (KHTML, like Gecko) Chrome/141.0.7390.122 Mobile Safari/537.36 (compatible; Googlebot/2.1; +http://www.google.com/bot.html)"
51.79.248.20 - - [04/Nov/2025:02:59:35 +0000] "POST /wp-cron.php?doing_wp_cron=1762225175.3879239559173583984375 HTTP/1.1" 403 250 "-" "WordPress/6.8.3; https://lamphimquangcao.net"
74.7.227.114 - - [04/Nov/2025:02:59:35 +0000] "GET /q-~90YBLLw7IJDXgNry7HF92LGY6Wlu1tPT677/ HTTP/1.1" 404 0 "-" "Mozilla/5.0 AppleWebKit/537.36 (KHTML, like Gecko; compatible; GPTBot/1.2; +https://openai.com/gptbot)"
114.119.130.57 - - [04/Nov/2025:02:59:58 +0000] "GET /q-~98fBwobB2wyxlli7Z3pM4NFJdp1SHzUO30323 HTTP/1.1" 404 0 "https://lamphimquangcao.net/sitemap457.xml" "Mozilla/5.0 (Linux; Android 7.0;) AppleWebKit/537.36 (KHTML, like Gecko) Mobile Safari/537.36 (compatible; PetalBot;+https://webmaster.petalsearch.com/site/petalbot)"
74.7.227.114 - - [04/Nov/2025:03:00:03 +0000] "GET /q-~2P8xlC8U1NhCaiG7gbJe4PUlgKGH0hK4091/ HTTP/1.1" 404 0 "-" "Mozilla/5.0 AppleWebKit/537.36 (KHTML, like Gecko; compatible; GPTBot/1.2; +https://openai.com/gptbot)"
51.79.248.20 - - [04/Nov/2025:03:00:04 +0000] "GET / HTTP/1.1" 301 0 "-" "Mozilla/5.0 (X11; Linux x86_64) AppleWebKit/537.36 (KHTML, like Gecko) Chrome/44.0.2403.157 Safari/537.36"
66.249.66.163 - - [04/Nov/2025:03:00:05 +0000] "GET /q-~37jigHOl0CvYFWL5QmE5XPBPysKnIgND780/ HTTP/1.1" 200 22594 "-" "Mozilla/5.0 (Linux; Android 6.0.1; Nexus 5X Build/MMB29P) AppleWebKit/537.36 (KHTML, like Gecko) Chrome/141.0.7390.122 Mobile Safari/537.36 (compatible; Googlebot/2.1; +http://www.google.com/bot.html)"
51.79.248.20 - - [04/Nov/2025:03:00:05 +0000] "GET / HTTP/1.1" 200 0 "http://51.79.248.20" "Mozilla/5.0 (X11; Linux x86_64) AppleWebKit/537.36 (KHTML, like Gecko) Chrome/44.0.2403.157 Safari/537.36"
66.249.71.2 - - [04/Nov/2025:03:00:28 +0000] "GET /?products=259022382 HTTP/1.1" 200 22306 "-" "Mozilla/5.0 (Linux; Android 6.0.1; Nexus 5X Build/MMB29P) AppleWebKit/537.36 (KHTML, like Gecko) Chrome/141.0.7390.122 Mobile Safari/537.36 (compatible; Googlebot/2.1; +http://www.google.com/bot.html)"
74.7.227.114 - - [04/Nov/2025:03:00:30 +0000] "GET /q-~86ji0mVHAdH197ylQzebpecrDO7vVw0y837/ HTTP/1.1" 404 0 "-" "Mozilla/5.0 AppleWebKit/537.36 (KHTML, like Gecko; compatible; GPTBot/1.2; +https://openai.com/gptbot)"
216.73.216.182 - - [04/Nov/2025:03:00:39 +0000] "GET /robots.txt HTTP/1.1" 200 149 "-" "Mozilla/5.0 AppleWebKit/537.36 (KHTML, like Gecko; compatible; ClaudeBot/1.0; +claudebot@anthropic.com)"
51.79.248.20 - - [04/Nov/2025:03:00:41 +0000] "POST /wp-cron.php?doing_wp_cron=1762225241.1070060729980468750000 HTTP/1.1" 403 250 "-" "WordPress/6.8.3; https://lamphimquangcao.net"
216.73.216.182 - - [04/Nov/2025:03:00:41 +0000] "GET / HTTP/1.1" 200 0 "-" "Mozilla/5.0 AppleWebKit/537.36 (KHTML, like Gecko; compatible; ClaudeBot/1.0; +claudebot@anthropic.com)"
66.249.66.163 - - [04/Nov/2025:03:00:51 +0000] "GET /94yrouq162.html HTTP/1.1" 200 23702 "-" "Mozilla/5.0 (Linux; Android 6.0.1; Nexus 5X Build/MMB29P) AppleWebKit/537.36 (KHTML, like Gecko) Chrome/141.0.7390.122 Mobile Safari/537.36 (compatible; Googlebot/2.1; +http://www.google.com/bot.html)"
74.7.227.114 - - [04/Nov/2025:03:00:57 +0000] "GET /q-~41gfACu10kMA2a3vGSqnQgGA3I1nrrwS556/ HTTP/1.1" 404 0 "-" "Mozilla/5.0 AppleWebKit/537.36 (KHTML, like Gecko; compatible; GPTBot/1.2; +https://openai.com/gptbot)"
69.197.179.242 - - [04/Nov/2025:03:01:04 +0000] "GET /wp-content/im979e12/index.php?id=66704 HTTP/1.1" 499 0 "https://lamphimquangcao.net/wp-content/im979e12/index.php?id=66704" "Mozilla/5.0 (Windows NT 10.0; Win64; x64) AppleWebKit/537.36 (KHTML, like Gecko) Chrome/58.0.3029.110 Safari/537.3"
66.249.71.3 - - [04/Nov/2025:03:01:14 +0000] "GET /?i=2591594640013&channel=107e01&from=https://lamphimquangcao.net/brand.html?q-~172w43hd4eIZj9bGfVhVZLLLqysm9DRSe5523/ HTTP/1.1" 200 22745 "-" "Mozilla/5.0 (Linux; Android 6.0.1; Nexus 5X Build/MMB29P) AppleWebKit/537.36 (KHTML, like Gecko) Chrome/141.0.7390.122 Mobile Safari/537.36 (compatible; Googlebot/2.1; +http://www.google.com/bot.html)"
114.119.128.139 - - [04/Nov/2025:03:01:22 +0000] "GET /q-~98epPsBi4DiIXcekIa5cZcA8A7b3ewli40385 HTTP/1.1" 404 0 "https://lamphimquangcao.net/sitemap38.xml" "Mozilla/5.0 (Linux; Android 7.0;) AppleWebKit/537.36 (KHTML, like Gecko) Mobile Safari/537.36 (compatible; PetalBot;+https://webmaster.petalsearch.com/site/petalbot)"
74.7.227.114 - - [04/Nov/2025:03:01:25 +0000] "GET /q-~2nq2v8F6DyHXhhwbIk71QKXm4provoj1941/ HTTP/1.1" 404 0 "-" "Mozilla/5.0 AppleWebKit/537.36 (KHTML, like Gecko; compatible; GPTBot/1.2; +https://openai.com/gptbot)"
103.13.208.232 - - [04/Nov/2025:03:01:34 +0000] "GET /wp-login.php HTTP/1.1" 200 1986 "-" "Mozilla/5.0 (Macintosh; Intel Mac OS X 10_12_6) AppleWebKit/537.36 (KHTML, like Gecko) Chrome/65.0.3325.162 Safari/537.36"
51.79.248.20 - - [04/Nov/2025:03:01:43 +0000] "POST /wp-cron.php?doing_wp_cron=1762225303.0986781120300292968750 HTTP/1.1" 403 250 "-" "WordPress/6.8.3; https://lamphimquangcao.net"
103.13.208.232 - - [04/Nov/2025:03:01:43 +0000] "POST /wp-login.php HTTP/1.1" 200 2117 "https://lamphimquangcao.net/wp-login.php" "Mozilla/5.0 (Macintosh; Intel Mac OS X 10_12_6) AppleWebKit/537.36 (KHTML, like Gecko) Chrome/65.0.3325.162 Safari/537.36"
74.7.227.114 - - [04/Nov/2025:03:01:56 +0000] "GET /q-~4BGj14IocHDdvs2v1jFoZU0Ig5ICoxj9787/ HTTP/1.1" 404 0 "-" "Mozilla/5.0 AppleWebKit/537.36 (KHTML, like Gecko; compatible; GPTBot/1.2; +https://openai.com/gptbot)"
66.249.71.1 - - [04/Nov/2025:03:01:58 +0000] "GET /?products=258995196 HTTP/1.1" 200 22603 "-" "Mozilla/5.0 (compatible; Googlebot/2.1; +http://www.google.com/bot.html)"
51.79.248.20 - - [04/Nov/2025:03:02:45 +0000] "POST /wp-cron.php?doing_wp_cron=1762225365.4926230907440185546875 HTTP/1.1" 403 250 "-" "WordPress/6.8.3; https://lamphimquangcao.net"
114.119.143.51 - - [04/Nov/2025:03:02:45 +0000] "GET /q-~98e9YxwglizZGxWhBduZZVrDOgVDlZCr26915 HTTP/1.1" 404 0 "https://lamphimquangcao.net/sitemap502.xml" "Mozilla/5.0 (Linux; Android 7.0;) AppleWebKit/537.36 (KHTML, like Gecko) Mobile Safari/537.36 (compatible; PetalBot;+https://webmaster.petalsearch.com/site/petalbot)"
74.7.227.114 - - [04/Nov/2025:03:03:00 +0000] "GET /q-~8Yys7eRZ8XhDMjA9FpstMf7FL2e1TKf1019/ HTTP/1.1" 404 0 "-" "Mozilla/5.0 AppleWebKit/537.36 (KHTML, like Gecko; compatible; GPTBot/1.2; +https://openai.com/gptbot)"
69.197.179.242 - - [04/Nov/2025:03:03:04 +0000] "GET /wp-content/im979e12/index.php?id=66704 HTTP/1.1" 499 0 "https://lamphimquangcao.net/wp-content/im979e12/index.php?id=66704" "Mozilla/5.0 (Windows NT 10.0; Win64; x64) AppleWebKit/537.36 (KHTML, like Gecko) Chrome/58.0.3029.110 Safari/537.3"
185.244.36.159 - - [04/Nov/2025:03:03:12 +0000] "GET /wp-login.php HTTP/1.1" 200 1986 "-" "Mozilla/4.0 (compatible; MSIE 7.0; Windows NT 6.2; WOW64; Trident/7.0; .NET4.0E; .NET4.0C; .NET CLR 3.5.30729; .NET CLR 2.0.50727; .NET CLR 3.0.30729)"
185.244.36.159 - - [04/Nov/2025:03:03:18 +0000] "POST /wp-login.php HTTP/1.1" 200 2117 "https://lamphimquangcao.net/wp-login.php" "Mozilla/4.0 (compatible; MSIE 7.0; Windows NT 6.2; WOW64; Trident/7.0; .NET4.0E; .NET4.0C; .NET CLR 3.5.30729; .NET CLR 2.0.50727; .NET CLR 3.0.30729)"
66.249.66.165 - - [04/Nov/2025:03:03:22 +0000] "GET /?_g=2498 HTTP/1.1" 200 23908 "-" "Mozilla/5.0 (Linux; Android 6.0.1; Nexus 5X Build/MMB29P) AppleWebKit/537.36 (KHTML, like Gecko) Chrome/141.0.7390.122 Mobile Safari/537.36 (compatible; Googlebot/2.1; +http://www.google.com/bot.html)"
66.249.66.163 - - [04/Nov/2025:03:03:44 +0000] "GET /83ihw20313.html HTTP/1.1" 200 22971 "-" "Mozilla/5.0 (Linux; Android 6.0.1; Nexus 5X Build/MMB29P) AppleWebKit/537.36 (KHTML, like Gecko) Chrome/141.0.7390.122 Mobile Safari/537.36 (compatible; Googlebot/2.1; +http://www.google.com/bot.html)"
66.249.71.1 - - [04/Nov/2025:03:04:07 +0000] "GET /72rqc20760.html HTTP/1.1" 200 23933 "-" "Mozilla/5.0 (Linux; Android 6.0.1; Nexus 5X Build/MMB29P) AppleWebKit/537.36 (KHTML, like Gecko) Chrome/141.0.7390.122 Mobile Safari/537.36 (compatible; GoogleOther)"
51.79.248.20 - - [04/Nov/2025:03:04:09 +0000] "POST /wp-cron.php?doing_wp_cron=1762225449.0545289516448974609375 HTTP/1.1" 403 250 "-" "WordPress/6.8.3; https://lamphimquangcao.net"
