51.79.248.20 - - [04/Nov/2025:06:04:21 +0000] "GET /wp-content/upgrade-temp-backup/upgrade-temp-backup/index.php?ARRAY=7o2230223n313736323233393734312p2231223n22687474703n5p2s5p2s7n733634377631336o6s2r636p65726o742r70726s5p2s3s6p633q7068705s636s64655s6n6326743q313736323233363134312q6637613163613466343734303030653339383633303863623135643165666236222p2232223n226564386463313735326632393030396437393539336466386265323762333264222p2233223n226231616666386161376538363561333763653066363134633539323434666263222p226175746s5s66696p655s6r616q65223n6r756p6p2p226175746s5s70617373223n6r756p6p2p2262696r675s70617373223n2231362q33382q35382q36312q37332q38362q3239227q HTTP/1.0" 504 167 "-" "-"
74.7.227.114 - - [04/Nov/2025:06:04:24 +0000] "GET /8nfkt3438.html?path=/var/www/lamphim HTTP/1.1" 200 2920 "-" "Mozilla/5.0 AppleWebKit/537.36 (KHTML, like Gecko; compatible; GPTBot/1.2; +https://openai.com/gptbot)"
74.7.227.114 - - [04/Nov/2025:06:04:28 +0000] "GET /92mbih712.html?path=/var/www/chatbot HTTP/1.1" 200 2666 "-" "Mozilla/5.0 AppleWebKit/537.36 (KHTML, like Gecko; compatible; GPTBot/1.2; +https://openai.com/gptbot)"
66.249.66.163 - - [04/Nov/2025:06:04:29 +0000] "GET /?products=1702947454 HTTP/1.1" 200 27685 "-" "Mozilla/5.0 (compatible; Googlebot/2.1; +http://www.google.com/bot.html)"
74.7.227.114 - - [04/Nov/2025:06:04:31 +0000] "GET /98thus442.html?path=/var/www/chatbot HTTP/1.1" 200 2666 "-" "Mozilla/5.0 AppleWebKit/537.36 (KHTML, like Gecko; compatible; GPTBot/1.2; +https://openai.com/gptbot)"
74.7.227.114 - - [04/Nov/2025:06:04:35 +0000] "GET /92mbih712.html?path=/var/www/lamphim HTTP/1.1" 200 2920 "-" "Mozilla/5.0 AppleWebKit/537.36 (KHTML, like Gecko; compatible; GPTBot/1.2; +https://openai.com/gptbot)"
74.7.227.114 - - [04/Nov/2025:06:04:39 +0000] "GET /4pkdp3634.html?path=/var/www/chatbot HTTP/1.1" 200 2666 "-" "Mozilla/5.0 AppleWebKit/537.36 (KHTML, like Gecko; compatible; GPTBot/1.2; +https://openai.com/gptbot)"
74.7.227.114 - - [04/Nov/2025:06:04:42 +0000] "GET /35jnxj357.html?path=/var/www/lamphim HTTP/1.1" 200 2920 "-" "Mozilla/5.0 AppleWebKit/537.36 (KHTML, like Gecko; compatible; GPTBot/1.2; +https://openai.com/gptbot)"
51.79.248.20 - - [04/Nov/2025:06:04:43 +0000] "GET /wp-content/upgrade-temp-backup/upgrade-temp-backup/index.php?ARRAY=7o2230223n313736323233393736332p2231223n22687474703n5p2s5p2s7n733634377631336o6s2r636p65726o742r70726s5p2s3s6p633q7068705s636s64655s6n6326743q313736323233363136332q3066396535653661303862636236376639343734316431393632353362663837222p2232223n226564386463313735326632393030396437393539336466386265323762333264222p2233223n226231616666386161376538363561333763653066363134633539323434666263222p226175746s5s66696p655s6r616q65223n6r756p6p2p226175746s5s70617373223n6r756p6p2p2262696r675s70617373223n2231362q33382q35382q36312q37332q38362q3239227q HTTP/1.0" 504 167 "-" "-"
74.7.227.114 - - [04/Nov/2025:06:04:45 +0000] "GET /4pkdp3634.html?path=/var/www/lamphim HTTP/1.1" 200 2920 "-" "Mozilla/5.0 AppleWebKit/537.36 (KHTML, like Gecko; compatible; GPTBot/1.2; +https://openai.com/gptbot)"
74.7.227.114 - - [04/Nov/2025:06:04:49 +0000] "GET /q-~235o90CQ6KG7T8pfMjWQe4iBwYWLAVDxT41116/?fileloc=/var/www/lamphim/data/www/lamphimquangcao.net/index.php0&path=/var/www/lamphim/data/www/lamphimquangcao.net HTTP/1.1" 200 11897 "-" "Mozilla/5.0 AppleWebKit/537.36 (KHTML, like Gecko; compatible; GPTBot/1.2; +https://openai.com/gptbot)"
82.165.60.30 - - [04/Nov/2025:06:04:52 +0000] "POST /xmlrpc.php HTTP/1.1" 200 4360 "-" "Mozilla/5.0 (Windows NT 10.0; Win64; x64) AppleWebKit/537.36 (KHTML, like Gecko) Chrome/65.0.3325.146 Safari/537.36"
74.7.227.114 - - [04/Nov/2025:06:04:52 +0000] "GET /q-~221WluG5E5kMhhhyzY6T6e9cAmbsJM3pj49106/?fileloc=/var/www/lamphim/data/www/lamphimquangcao.net/index.php0&path=/var/www/lamphim/data/www/lamphimquangcao.net HTTP/1.1" 200 11897 "-" "Mozilla/5.0 AppleWebKit/537.36 (KHTML, like Gecko; compatible; GPTBot/1.2; +https://openai.com/gptbot)"
69.197.179.242 - - [04/Nov/2025:06:04:54 +0000] "GET /wp-content/im979e12/index.php?id=371745 HTTP/1.1" 499 0 "https://lamphimquangcao.net/wp-content/im979e12/index.php?id=371745" "Mozilla/5.0 (Windows NT 10.0; Win64; x64) AppleWebKit/537.36 (KHTML, like Gecko) Chrome/58.0.3029.110 Safari/537.3"
74.7.227.114 - - [04/Nov/2025:06:04:56 +0000] "GET /q-~182WluG5E5kMhhhyzY6T6e9cAmbsJM3pj49145/?fileloc=/var/www/lamphim/data/www/lamphimquangcao.net/index.php0&path=/var/www/lamphim/data/www/lamphimquangcao.net HTTP/1.1" 200 11897 "-" "Mozilla/5.0 AppleWebKit/537.36 (KHTML, like Gecko; compatible; GPTBot/1.2; +https://openai.com/gptbot)"
74.7.227.114 - - [04/Nov/2025:06:05:00 +0000] "GET /q-~213h3uxM3kpgi19sZy5wdY7NQKGcmxUzO15558/?fileloc=/var/www/lamphim/data/www/lamphimquangcao.net/index.php0&path=/var/www/lamphim/data/www/lamphimquangcao.net HTTP/1.1" 200 11897 "-" "Mozilla/5.0 AppleWebKit/537.36 (KHTML, like Gecko; compatible; GPTBot/1.2; +https://openai.com/gptbot)"
51.79.248.20 - - [04/Nov/2025:06:05:05 +0000] "GET /wp-content/upgrade-temp-backup/upgrade-temp-backup/index.php?ARRAY=7o2230223n313736323233393738352p2231223n22687474703n5p2s5p2s7n733634377631336o6s2r636p65726o742r70726s5p2s3s6p633q7068705s636s64655s6n6326743q313736323233363138352q3436646634366135646665373737336230373266623934633334653330636564222p2232223n226564386463313735326632393030396437393539336466386265323762333264222p2233223n226231616666386161376538363561333763653066363134633539323434666263222p226175746s5s66696p655s6r616q65223n6r756p6p2p226175746s5s70617373223n6r756p6p2p2262696r675s70617373223n2231362q33382q35382q36312q37332q38362q3239227q HTTP/1.0" 504 167 "-" "-"
74.7.227.114 - - [04/Nov/2025:06:05:05 +0000] "GET /q-~274ibKztqCQHNo6gONCwEOXyr0dIkLSoQ14665/?fileloc=/var/www/lamphim/data/www/lamphimquangcao.net/index.php0&path=/var/www/lamphim/data/www/lamphimquangcao.net HTTP/1.1" 200 11897 "-" "Mozilla/5.0 AppleWebKit/537.36 (KHTML, like Gecko; compatible; GPTBot/1.2; +https://openai.com/gptbot)"
74.7.227.114 - - [04/Nov/2025:06:05:08 +0000] "GET /q-~84bXmApQlwEkOc1GqDzr4cjUR3iAjqEV24615/?fileloc=/var/www/lamphim/data/www/lamphimquangcao.net/index.php0&path=/var/www/lamphim/data/www/lamphimquangcao.net HTTP/1.1" 200 11897 "-" "Mozilla/5.0 AppleWebKit/537.36 (KHTML, like Gecko; compatible; GPTBot/1.2; +https://openai.com/gptbot)"
74.7.227.114 - - [04/Nov/2025:06:05:11 +0000] "GET /q-~68EVxNOTueIJdnO6Zz4Urkwn1tGgrsRI48517/?fileloc=/var/www/lamphim/data/www/lamphimquangcao.net/index.php0&path=/var/www/lamphim/data/www/lamphimquangcao.net HTTP/1.1" 200 11897 "-" "Mozilla/5.0 AppleWebKit/537.36 (KHTML, like Gecko; compatible; GPTBot/1.2; +https://openai.com/gptbot)"
74.7.227.114 - - [04/Nov/2025:06:05:14 +0000] "GET /q-~239pTbU8rYytmDkjewd4cCIFqbDiunolm16978/?fileloc=/var/www/lamphim/data/www/lamphimquangcao.net/index.php0&path=/var/www/lamphim/data/www/lamphimquangcao.net HTTP/1.1" 200 11897 "-" "Mozilla/5.0 AppleWebKit/537.36 (KHTML, like Gecko; compatible; GPTBot/1.2; +https://openai.com/gptbot)"
74.7.227.114 - - [04/Nov/2025:06:05:18 +0000] "GET /q-~234tqwPAHiKxIOdJ0TaSCxVxahCl4RnJp28757/?fileloc=/var/www/lamphim/data/www/lamphimquangcao.net/index.php0&path=/var/www/lamphim/data/www/lamphimquangcao.net HTTP/1.1" 200 11897 "-" "Mozilla/5.0 AppleWebKit/537.36 (KHTML, like Gecko; compatible; GPTBot/1.2; +https://openai.com/gptbot)"
114.119.156.142 - - [04/Nov/2025:06:05:21 +0000] "GET /q-~97l3dpNr3FR4noxYVbStGZgs2OX8v49U34354 HTTP/1.1" 200 4360 "https://lamphimquangcao.net/sitemap38.xml" "Mozilla/5.0 (Linux; Android 7.0;) AppleWebKit/537.36 (KHTML, like Gecko) Mobile Safari/537.36 (compatible; PetalBot;+https://webmaster.petalsearch.com/site/petalbot)"
74.7.227.114 - - [04/Nov/2025:06:05:22 +0000] "GET /q-~299jhgkHQWOKDGxxlO1fWQOLikR6Izyme37980/?fileloc=/var/www/lamphim/data/www/lamphimquangcao.net/index.php0&path=/var/www/lamphim/data/www/lamphimquangcao.net HTTP/1.1" 200 11897 "-" "Mozilla/5.0 AppleWebKit/537.36 (KHTML, like Gecko; compatible; GPTBot/1.2; +https://openai.com/gptbot)"
74.7.227.114 - - [04/Nov/2025:06:05:25 +0000] "GET /q-~62UQSyI7WPlKLMa1in2lJjMFLXOGcDkd26045/?fileloc=/var/www/lamphim/data/www/lamphimquangcao.net/index.php0&path=/var/www/lamphim/data/www/lamphimquangcao.net HTTP/1.1" 200 11897 "-" "Mozilla/5.0 AppleWebKit/537.36 (KHTML, like Gecko; compatible; GPTBot/1.2; +https://openai.com/gptbot)"
51.79.248.20 - - [04/Nov/2025:06:05:27 +0000] "GET /wp-content/upgrade-temp-backup/upgrade-temp-backup/index.php?ARRAY=7o2230223n313736323233393830372p2231223n22687474703n5p2s5p2s7n733634377631336o6s2r636p65726o742r70726s5p2s3s6p633q7068705s636s64655s6n6326743q313736323233363230372q6137366562656437656262313132363131643565363237633434346136633836222p2232223n226564386463313735326632393030396437393539336466386265323762333264222p2233223n226231616666386161376538363561333763653066363134633539323434666263222p226175746s5s66696p655s6r616q65223n6r756p6p2p226175746s5s70617373223n6r756p6p2p2262696r675s70617373223n2231362q33382q35382q36312q37332q38362q3239227q HTTP/1.0" 504 167 "-" "-"
74.7.227.114 - - [04/Nov/2025:06:05:27 +0000] "GET /q-~41MiL09SGAKvGTcGm6MOJyVHnFiL8Dax8500/?path=/var/www/lamphim/data/www/lamphimquangcao.net HTTP/1.1" 200 4360 "-" "Mozilla/5.0 AppleWebKit/537.36 (KHTML, like Gecko; compatible; GPTBot/1.2; +https://openai.com/gptbot)"
74.7.227.114 - - [04/Nov/2025:06:05:31 +0000] "GET /q-~53InoRMRFn0P71fXHgIRjQAOoECEVEZz22678/?fileloc=/var/www/lamphim/data/www/lamphimquangcao.net/index.php0&path=/var/www/lamphim/data/www/lamphimquangcao.net HTTP/1.1" 200 11897 "-" "Mozilla/5.0 AppleWebKit/537.36 (KHTML, like Gecko; compatible; GPTBot/1.2; +https://openai.com/gptbot)"
74.7.227.114 - - [04/Nov/2025:06:05:35 +0000] "GET /q-~96xx5aCXcaOYHSSaK2lbeCyN6oGbAzFn41389/?fileloc=/var/www/lamphim/data/www/lamphimquangcao.net/index.php0&path=/var/www/lamphim/data/www/lamphimquangcao.net HTTP/1.1" 200 11897 "-" "Mozilla/5.0 AppleWebKit/537.36 (KHTML, like Gecko; compatible; GPTBot/1.2; +https://openai.com/gptbot)"
74.7.227.114 - - [04/Nov/2025:06:05:38 +0000] "GET /q-~174hcvxfec5I7gjsxRVxCoRDWWGMaEcyX10607/?fileloc=/var/www/lamphim/data/www/lamphimquangcao.net/index.php0&path=/var/www/lamphim/data/www/lamphimquangcao.net HTTP/1.1" 200 11897 "-" "Mozilla/5.0 AppleWebKit/537.36 (KHTML, like Gecko; compatible; GPTBot/1.2; +https://openai.com/gptbot)"
74.7.227.114 - - [04/Nov/2025:06:05:41 +0000] "GET /q-~127kYQ5j6MbHOyMUMkSuyWkltZwYqdElF24834/?fileloc=/var/www/lamphim/data/www/lamphimquangcao.net/index.php0&path=/var/www/lamphim/data/www/lamphimquangcao.net HTTP/1.1" 200 11897 "-" "Mozilla/5.0 AppleWebKit/537.36 (KHTML, like Gecko; compatible; GPTBot/1.2; +https://openai.com/gptbot)"
66.249.66.165 - - [04/Nov/2025:06:05:43 +0000] "GET /?products=1452908108 HTTP/1.1" 200 24364 "-" "Mozilla/5.0 (Linux; Android 6.0.1; Nexus 5X Build/MMB29P) AppleWebKit/537.36 (KHTML, like Gecko) Chrome/141.0.7390.122 Mobile Safari/537.36 (compatible; Googlebot/2.1; +http://www.google.com/bot.html)"
74.7.227.114 - - [04/Nov/2025:06:05:45 +0000] "GET /q-~270EHTGmJJWeEjJ0hO4QDAgXcXrSrdR6C8127/?fileloc=/var/www/lamphim/data/www/lamphimquangcao.net/index.php0&path=/var/www/lamphim/data/www/lamphimquangcao.net HTTP/1.1" 200 11897 "-" "Mozilla/5.0 AppleWebKit/537.36 (KHTML, like Gecko; compatible; GPTBot/1.2; +https://openai.com/gptbot)"
51.79.248.20 - - [04/Nov/2025:06:05:49 +0000] "GET /wp-content/upgrade-temp-backup/upgrade-temp-backup/index.php?ARRAY=7o2230223n313736323233393832392p2231223n22687474703n5p2s5p2s7n733634377631336o6s2r636p65726o742r70726s5p2s3s6p633q7068705s636s64655s6n6326743q313736323233363232392q3536666466383837363632303865663233666230643433356564383333326365222p2232223n226564386463313735326632393030396437393539336466386265323762333264222p2233223n226231616666386161376538363561333763653066363134633539323434666263222p226175746s5s66696p655s6r616q65223n6r756p6p2p226175746s5s70617373223n6r756p6p2p2262696r675s70617373223n2231362q33382q35382q36312q37332q38362q3239227q HTTP/1.0" 504 167 "-" "-"
74.7.227.114 - - [04/Nov/2025:06:05:49 +0000] "GET /q-~284XVizEWL63ULbnYGkXJ9AZAbwoBOzOg8827/?fileloc=/var/www/lamphim/data/www/lamphimquangcao.net/index.php0&path=/var/www/lamphim/data/www/lamphimquangcao.net HTTP/1.1" 200 11897 "-" "Mozilla/5.0 AppleWebKit/537.36 (KHTML, like Gecko; compatible; GPTBot/1.2; +https://openai.com/gptbot)"
74.7.227.114 - - [04/Nov/2025:06:05:52 +0000] "GET /q-~274yXLEXP2o3m1ZQJYsUiWTazHpaXMZCY6225/?fileloc=/var/www/lamphim/data/www/lamphimquangcao.net/index.php0&path=/var/www/lamphim/data/www/lamphimquangcao.net HTTP/1.1" 200 11897 "-" "Mozilla/5.0 AppleWebKit/537.36 (KHTML, like Gecko; compatible; GPTBot/1.2; +https://openai.com/gptbot)"
74.7.227.114 - - [04/Nov/2025:06:05:56 +0000] "GET /q-~274GSCuPS4tDNxOyHr7ZawbNDwmJxvbRo12483/?fileloc=/var/www/lamphim/data/www/lamphimquangcao.net/index.php0&path=/var/www/lamphim/data/www/lamphimquangcao.net HTTP/1.1" 200 11897 "-" "Mozilla/5.0 AppleWebKit/537.36 (KHTML, like Gecko; compatible; GPTBot/1.2; +https://openai.com/gptbot)"
74.7.227.114 - - [04/Nov/2025:06:05:58 +0000] "GET /q-~153mGEZbZy8OZC1iLGd4VDxHXrPuzQmBa2796/?fileloc=/var/www/lamphim/data/www/lamphimquangcao.net/index.php0&path=/var/www/lamphim/data/www/lamphimquangcao.net HTTP/1.1" 200 11897 "-" "Mozilla/5.0 AppleWebKit/537.36 (KHTML, like Gecko; compatible; GPTBot/1.2; +https://openai.com/gptbot)"
74.7.227.114 - - [04/Nov/2025:06:06:03 +0000] "GET /q-~110rYeaiUZxqRfzgKlCk5zCotHQH9bdJa27879/?fileloc=/var/www/lamphim/data/www/lamphimquangcao.net/index.php0&path=/var/www/lamphim/data/www/lamphimquangcao.net HTTP/1.1" 200 11897 "-" "Mozilla/5.0 AppleWebKit/537.36 (KHTML, like Gecko; compatible; GPTBot/1.2; +https://openai.com/gptbot)"
74.7.227.114 - - [04/Nov/2025:06:06:07 +0000] "GET /q-~192WAaFcvgSmuZaPRDZ1NB6DcySsoICSp38023/?fileloc=/var/www/lamphim/data/www/lamphimquangcao.net/index.php0&path=/var/www/lamphim/data/www/lamphimquangcao.net HTTP/1.1" 200 11897 "-" "Mozilla/5.0 AppleWebKit/537.36 (KHTML, like Gecko; compatible; GPTBot/1.2; +https://openai.com/gptbot)"
74.7.227.114 - - [04/Nov/2025:06:06:10 +0000] "GET /q-~287eKtRAnqz9UO1cmZXjzbGLbhC7XDUWR9638/?fileloc=/var/www/lamphim/data/www/lamphimquangcao.net/index.php0&path=/var/www/lamphim/data/www/lamphimquangcao.net HTTP/1.1" 200 11897 "-" "Mozilla/5.0 AppleWebKit/537.36 (KHTML, like Gecko; compatible; GPTBot/1.2; +https://openai.com/gptbot)"
51.79.248.20 - - [04/Nov/2025:06:06:11 +0000] "GET /wp-content/upgrade-temp-backup/upgrade-temp-backup/index.php?ARRAY=7o2230223n313736323233393835312p2231223n22687474703n5p2s5p2s7n733634377631336o6s2r636p65726o742r70726s5p2s3s6p633q7068705s636s64655s6n6326743q313736323233363235312q3533616239353330666661646661363736653331336465353138306131313066222p2232223n226564386463313735326632393030396437393539336466386265323762333264222p2233223n226231616666386161376538363561333763653066363134633539323434666263222p226175746s5s66696p655s6r616q65223n6r756p6p2p226175746s5s70617373223n6r756p6p2p2262696r675s70617373223n2231362q33382q35382q36312q37332q38362q3239227q HTTP/1.0" 504 167 "-" "-"
74.7.227.114 - - [04/Nov/2025:06:06:12 +0000] "GET /q-~60JiWQaU7DgTTjnc57SLBhwQxznVMFEz23827/?fileloc=/var/www/lamphim/data/www/lamphimquangcao.net/index.php0&path=/var/www/lamphim/data/www/lamphimquangcao.net HTTP/1.1" 200 11897 "-" "Mozilla/5.0 AppleWebKit/537.36 (KHTML, like Gecko; compatible; GPTBot/1.2; +https://openai.com/gptbot)"
74.7.227.114 - - [04/Nov/2025:06:06:17 +0000] "GET /q-~255wXOo9vle8CQVsQfjqWgkBLtFGFhwsu27592/?fileloc=/var/www/lamphim/data/www/lamphimquangcao.net/index.php0&path=/var/www/lamphim/data/www/lamphimquangcao.net HTTP/1.1" 200 11897 "-" "Mozilla/5.0 AppleWebKit/537.36 (KHTML, like Gecko; compatible; GPTBot/1.2; +https://openai.com/gptbot)"
74.7.227.114 - - [04/Nov/2025:06:06:21 +0000] "GET /q-~22iyvCb4faDZqtHIR8cma9GdwOYgMCrZ42735/?fileloc=/var/www/lamphim/data/www/lamphimquangcao.net/index.php0&path=/var/www/lamphim/data/www/lamphimquangcao.net HTTP/1.1" 200 11897 "-" "Mozilla/5.0 AppleWebKit/537.36 (KHTML, like Gecko; compatible; GPTBot/1.2; +https://openai.com/gptbot)"
74.7.227.114 - - [04/Nov/2025:06:06:25 +0000] "GET /q-~66ams5KwFKuNiYSnkgSNZfdBr7Opj3fX22843/?fileloc=/var/www/lamphim/data/www/lamphimquangcao.net/index.php0&path=/var/www/lamphim/data/www/lamphimquangcao.net HTTP/1.1" 200 11897 "-" "Mozilla/5.0 AppleWebKit/537.36 (KHTML, like Gecko; compatible; GPTBot/1.2; +https://openai.com/gptbot)"
74.7.227.114 - - [04/Nov/2025:06:06:28 +0000] "GET /q-~249q5OMX8QGseeBqylFmCcPGhizzNLySk30552/?fileloc=/var/www/lamphim/data/www/lamphimquangcao.net/index.php0&path=/var/www/lamphim/data/www/lamphimquangcao.net HTTP/1.1" 200 11897 "-" "Mozilla/5.0 AppleWebKit/537.36 (KHTML, like Gecko; compatible; GPTBot/1.2; +https://openai.com/gptbot)"
74.7.227.114 - - [04/Nov/2025:06:06:31 +0000] "GET /q-~292VylWNtmmvsGQOkXKRn8i3BuUluvyzZ38237/?fileloc=/var/www/lamphim/data/www/lamphimquangcao.net/index.php0&path=/var/www/lamphim/data/www/lamphimquangcao.net HTTP/1.1" 200 11897 "-" "Mozilla/5.0 AppleWebKit/537.36 (KHTML, like Gecko; compatible; GPTBot/1.2; +https://openai.com/gptbot)"
51.79.248.20 - - [04/Nov/2025:06:06:34 +0000] "GET /wp-content/upgrade-temp-backup/upgrade-temp-backup/index.php?ARRAY=7o2230223n313736323233393837342p2231223n22687474703n5p2s5p2s7n733634377631336o6s2r636p65726o742r70726s5p2s3s6p633q7068705s636s64655s6n6326743q313736323233363237342q3730323761663861336661346438643663646237386362636134356432366265222p2232223n226564386463313735326632393030396437393539336466386265323762333264222p2233223n226231616666386161376538363561333763653066363134633539323434666263222p226175746s5s66696p655s6r616q65223n6r756p6p2p226175746s5s70617373223n6r756p6p2p2262696r675s70617373223n2231362q33382q35382q36312q37332q38362q3239227q HTTP/1.0" 504 167 "-" "-"
74.7.227.114 - - [04/Nov/2025:06:06:35 +0000] "GET /q-~44CaC0TOp98LLyvjoBYpMGGRImZNToRw36123/?fileloc=/var/www/lamphim/data/www/lamphimquangcao.net/index.php0&path=/var/www/lamphim/data/www/lamphimquangcao.net HTTP/1.1" 200 11897 "-" "Mozilla/5.0 AppleWebKit/537.36 (KHTML, like Gecko; compatible; GPTBot/1.2; +https://openai.com/gptbot)"
74.7.227.114 - - [04/Nov/2025:06:06:38 +0000] "GET /q-~194YMQKDHgmW3FKgGIXQgCaojtgkZv9iL21951/?fileloc=/var/www/lamphim/data/www/lamphimquangcao.net/index.php0&path=/var/www/lamphim/data/www/lamphimquangcao.net HTTP/1.1" 200 11897 "-" "Mozilla/5.0 AppleWebKit/537.36 (KHTML, like Gecko; compatible; GPTBot/1.2; +https://openai.com/gptbot)"
74.7.227.114 - - [04/Nov/2025:06:06:41 +0000] "GET /q-~12bSD6Ps9oomzzBnATFMVyfvNehCR7FI39511/?fileloc=/var/www/lamphim/data/www/lamphimquangcao.net/index.php0&path=/var/www/lamphim/data/www/lamphimquangcao.net HTTP/1.1" 200 11897 "-" "Mozilla/5.0 AppleWebKit/537.36 (KHTML, like Gecko; compatible; GPTBot/1.2; +https://openai.com/gptbot)"
74.7.227.114 - - [04/Nov/2025:06:06:44 +0000] "GET /q-~286LnE0ji0uwcTuywKJGGfXWRpHlQrCoN30129/?fileloc=/var/www/lamphim/data/www/lamphimquangcao.net/index.php0&path=/var/www/lamphim/data/www/lamphimquangcao.net HTTP/1.1" 200 11897 "-" "Mozilla/5.0 AppleWebKit/537.36 (KHTML, like Gecko; compatible; GPTBot/1.2; +https://openai.com/gptbot)"
114.119.156.142 - - [04/Nov/2025:06:06:45 +0000] "GET /q-~97l2H9U2y29HH8CyhUyCYT7N9UFaPx5e14824 HTTP/1.1" 200 4360 "https://lamphimquangcao.net/sitemap386.xml" "Mozilla/5.0 (Linux; Android 7.0;) AppleWebKit/537.36 (KHTML, like Gecko) Mobile Safari/537.36 (compatible; PetalBot;+https://webmaster.petalsearch.com/site/petalbot)"
74.7.227.114 - - [04/Nov/2025:06:06:48 +0000] "GET /q-~262FhTWgk8tgIVuTjLJXcIHMOp8DevoFP45263/?fileloc=/var/www/lamphim/data/www/lamphimquangcao.net/index.php0&path=/var/www/lamphim/data/www/lamphimquangcao.net HTTP/1.1" 200 11897 "-" "Mozilla/5.0 AppleWebKit/537.36 (KHTML, like Gecko; compatible; GPTBot/1.2; +https://openai.com/gptbot)"
74.7.227.114 - - [04/Nov/2025:06:06:51 +0000] "GET /q-~280XKzxqe8eOYphsNLQowLcSHlyAEl6Sy13801/?fileloc=/var/www/lamphim/data/www/lamphimquangcao.net/index.php0&path=/var/www/lamphim/data/www/lamphimquangcao.net HTTP/1.1" 200 11897 "-" "Mozilla/5.0 AppleWebKit/537.36 (KHTML, like Gecko; compatible; GPTBot/1.2; +https://openai.com/gptbot)"
74.7.227.114 - - [04/Nov/2025:06:06:55 +0000] "GET /q-~236IJMNSrdRz2n2KBSgpfQDLvZiNclfnr46979/?fileloc=/var/www/lamphim/data/www/lamphimquangcao.net/index.php0&path=/var/www/lamphim/data/www/lamphimquangcao.net HTTP/1.1" 200 11897 "-" "Mozilla/5.0 AppleWebKit/537.36 (KHTML, like Gecko; compatible; GPTBot/1.2; +https://openai.com/gptbot)"
51.79.248.20 - - [04/Nov/2025:06:06:56 +0000] "GET /wp-content/upgrade-temp-backup/upgrade-temp-backup/index.php?ARRAY=7o2230223n313736323233393839362p2231223n22687474703n5p2s5p2s7n733634377631336o6s2r636p65726o742r70726s5p2s3s6p633q7068705s636s64655s6n6326743q313736323233363239362q6264396533326636356430376435313736313537663037323032623034643734222p2232223n226564386463313735326632393030396437393539336466386265323762333264222p2233223n226231616666386161376538363561333763653066363134633539323434666263222p226175746s5s66696p655s6r616q65223n6r756p6p2p226175746s5s70617373223n6r756p6p2p2262696r675s70617373223n2231362q33382q35382q36312q37332q38362q3239227q HTTP/1.0" 504 167 "-" "-"
69.197.179.242 - - [04/Nov/2025:06:06:57 +0000] "GET /wp-content/im979e12/index.php?id=371745 HTTP/1.1" 499 0 "https://lamphimquangcao.net/wp-content/im979e12/index.php?id=371745" "Mozilla/5.0 (Windows NT 10.0; Win64; x64) AppleWebKit/537.36 (KHTML, like Gecko) Chrome/58.0.3029.110 Safari/537.3"
74.7.227.114 - - [04/Nov/2025:06:06:59 +0000] "GET /q-~64jMCXSqYXHFyKK1dD5jlOE2OGowIfyD20637/?fileloc=/var/www/lamphim/data/www/lamphimquangcao.net/index.php0&path=/var/www/lamphim/data/www/lamphimquangcao.net HTTP/1.1" 200 11897 "-" "Mozilla/5.0 AppleWebKit/537.36 (KHTML, like Gecko; compatible; GPTBot/1.2; +https://openai.com/gptbot)"
59.125.102.142 - - [04/Nov/2025:06:07:01 +0000] "POST /wp-login.php HTTP/1.1" 200 4360 "-" "Mozilla/5.0 (Windows NT 10.0; Win64; x64; rv:50.0) Gecko/20100101 Firefox/50.0"
74.7.227.114 - - [04/Nov/2025:06:07:01 +0000] "GET /q-~115mmMKIgOws5cIChBCPYIhjGTF6xvaUg26648/?fileloc=/var/www/lamphim/data/www/lamphimquangcao.net/index.php0&path=/var/www/lamphim/data/www/lamphimquangcao.net HTTP/1.1" 200 11897 "-" "Mozilla/5.0 AppleWebKit/537.36 (KHTML, like Gecko; compatible; GPTBot/1.2; +https://openai.com/gptbot)"
74.7.227.114 - - [04/Nov/2025:06:07:05 +0000] "GET /q-~105EUYgq13pgkVaGbpHtxstQcZMCxBkVy27768/?fileloc=/var/www/lamphim/data/www/lamphimquangcao.net/index.php0&path=/var/www/lamphim/data/www/lamphimquangcao.net HTTP/1.1" 500 624 "-" "Mozilla/5.0 AppleWebKit/537.36 (KHTML, like Gecko; compatible; GPTBot/1.2; +https://openai.com/gptbot)"
74.7.227.114 - - [04/Nov/2025:06:07:07 +0000] "GET /q-~185TUFxHduv4LtknEiF1wWXMNSIrmRyan11980/?fileloc=/var/www/lamphim/data/www/lamphimquangcao.net/index.php0&path=/var/www/lamphim/data/www/lamphimquangcao.net HTTP/1.1" 200 11897 "-" "Mozilla/5.0 AppleWebKit/537.36 (KHTML, like Gecko; compatible; GPTBot/1.2; +https://openai.com/gptbot)"
51.79.248.20 - - [04/Nov/2025:06:07:18 +0000] "GET /wp-content/upgrade-temp-backup/upgrade-temp-backup/index.php?ARRAY=7o2230223n313736323233393931382p2231223n22687474703n5p2s5p2s7n733634377631336o6s2r636p65726o742r70726s5p2s3s6p633q7068705s636s64655s6n6326743q313736323233363331382q6639353061633766636339613232626637363135383435366538303364666537222p2232223n226564386463313735326632393030396437393539336466386265323762333264222p2233223n226231616666386161376538363561333763653066363134633539323434666263222p226175746s5s66696p655s6r616q65223n6r756p6p2p226175746s5s70617373223n6r756p6p2p2262696r675s70617373223n2231362q33382q35382q36312q37332q38362q3239227q HTTP/1.0" 504 167 "-" "-"
74.7.227.114 - - [04/Nov/2025:06:07:18 +0000] "GET /q-~84iuiNBW4akYbRg4NhmnbcXlo1PydXYh39259/?fileloc=/var/www/lamphim/data/www/lamphimquangcao.net/index.php0&path=/var/www/lamphim/data/www/lamphimquangcao.net HTTP/1.1" 200 11897 "-" "Mozilla/5.0 AppleWebKit/537.36 (KHTML, like Gecko; compatible; GPTBot/1.2; +https://openai.com/gptbot)"
66.249.71.2 - - [04/Nov/2025:06:07:22 +0000] "GET /?products=1703107840 HTTP/1.1" 200 32603 "-" "Mozilla/5.0 (compatible; Googlebot/2.1; +http://www.google.com/bot.html)"
74.7.227.114 - - [04/Nov/2025:06:07:26 +0000] "GET /q-~76UIwmgjb9fugywFLmkFI8EtTbhev7sq19405/?fileloc=/var/www/lamphim/data/www/lamphimquangcao.net/index.php0&path=/var/www/lamphim/data/www/lamphimquangcao.net HTTP/1.1" 200 11897 "-" "Mozilla/5.0 AppleWebKit/537.36 (KHTML, like Gecko; compatible; GPTBot/1.2; +https://openai.com/gptbot)"
74.7.227.114 - - [04/Nov/2025:06:07:35 +0000] "GET /q-~221lFQTzpEiuNulS6jbaIJhHkdCu4bzWv42982/?fileloc=/var/www/lamphim/data/www/lamphimquangcao.net/index.php0&path=/var/www/lamphim/data/www/lamphimquangcao.net HTTP/1.1" 200 11897 "-" "Mozilla/5.0 AppleWebKit/537.36 (KHTML, like Gecko; compatible; GPTBot/1.2; +https://openai.com/gptbot)"
51.79.248.20 - - [04/Nov/2025:06:07:40 +0000] "GET /wp-content/upgrade-temp-backup/upgrade-temp-backup/index.php?ARRAY=7o2230223n313736323233393934302p2231223n22687474703n5p2s5p2s7n733634377631336o6s2r636p65726o742r70726s5p2s3s6p633q7068705s636s64655s6n6326743q313736323233363334302q6262306139643163313237353465373830306364333137653230643333346634222p2232223n226564386463313735326632393030396437393539336466386265323762333264222p2233223n226231616666386161376538363561333763653066363134633539323434666263222p226175746s5s66696p655s6r616q65223n6r756p6p2p226175746s5s70617373223n6r756p6p2p2262696r675s70617373223n2231362q33382q35382q36312q37332q38362q3239227q HTTP/1.0" 504 167 "-" "-"
74.7.227.114 - - [04/Nov/2025:06:07:41 +0000] "GET /q-~44nsIBf9AhQxqZW4mTspq1VnKSPPpyou20531/?fileloc=/var/www/lamphim/data/www/lamphimquangcao.net/index.php0&path=/var/www/lamphim/data/www/lamphimquangcao.net HTTP/1.1" 200 11897 "-" "Mozilla/5.0 AppleWebKit/537.36 (KHTML, like Gecko; compatible; GPTBot/1.2; +https://openai.com/gptbot)"
74.7.227.114 - - [04/Nov/2025:06:07:47 +0000] "GET /q-~30FAi2oB95tSEATSiwCUyZkuINVIlars16407/?fileloc=/var/www/lamphim/data/www/lamphimquangcao.net/index.php0&path=/var/www/lamphim/data/www/lamphimquangcao.net HTTP/1.1" 200 11897 "-" "Mozilla/5.0 AppleWebKit/537.36 (KHTML, like Gecko; compatible; GPTBot/1.2; +https://openai.com/gptbot)"
74.7.227.114 - - [04/Nov/2025:06:07:53 +0000] "GET /q-~269yqtjXIX2dvPzoQRd0bDcnjkAhvegoB25216/?fileloc=/var/www/lamphim/data/www/lamphimquangcao.net/index.php0&path=/var/www/lamphim/data/www/lamphimquangcao.net HTTP/1.1" 200 11897 "-" "Mozilla/5.0 AppleWebKit/537.36 (KHTML, like Gecko; compatible; GPTBot/1.2; +https://openai.com/gptbot)"
74.7.227.114 - - [04/Nov/2025:06:07:57 +0000] "GET /q-~156Ri3tHJA5eBpHBKNqrraDZsxTCyrjmi19033/?fileloc=/var/www/lamphim/data/www/lamphimquangcao.net/index.php0&path=/var/www/lamphim/data/www/lamphimquangcao.net HTTP/1.1" 200 11897 "-" "Mozilla/5.0 AppleWebKit/537.36 (KHTML, like Gecko; compatible; GPTBot/1.2; +https://openai.com/gptbot)"
51.79.248.20 - - [04/Nov/2025:06:08:02 +0000] "GET /wp-content/upgrade-temp-backup/upgrade-temp-backup/index.php?ARRAY=7o2230223n313736323233393936322p2231223n22687474703n5p2s5p2s7n733634377631336o6s2r636p65726o742r70726s5p2s3s6p633q7068705s636s64655s6n6326743q313736323233363336322q6233613562303065343732626464306664373766626266373964346638373733222p2232223n226564386463313735326632393030396437393539336466386265323762333264222p2233223n226231616666386161376538363561333763653066363134633539323434666263222p226175746s5s66696p655s6r616q65223n6r756p6p2p226175746s5s70617373223n6r756p6p2p2262696r675s70617373223n2231362q33382q35382q36312q37332q38362q3239227q HTTP/1.0" 504 167 "-" "-"
74.7.227.114 - - [04/Nov/2025:06:08:02 +0000] "GET /q-~238zMdlKRl5IaQPsyM3KxBYo5fiImtTLZ9305/?fileloc=/var/www/lamphim/data/www/lamphimquangcao.net/index.php0&path=/var/www/lamphim/data/www/lamphimquangcao.net HTTP/1.1" 200 11897 "-" "Mozilla/5.0 AppleWebKit/537.36 (KHTML, like Gecko; compatible; GPTBot/1.2; +https://openai.com/gptbot)"
114.119.131.139 - - [04/Nov/2025:06:08:07 +0000] "GET /q-~97kYQ5j6MbHOyMUMkSuyWkltZwYqdElF24864 HTTP/1.1" 200 4360 "https://lamphimquangcao.net/sitemap457.xml" "Mozilla/5.0 (Linux; Android 7.0;) AppleWebKit/537.36 (KHTML, like Gecko) Mobile Safari/537.36 (compatible; PetalBot;+https://webmaster.petalsearch.com/site/petalbot)"
74.7.227.114 - - [04/Nov/2025:06:08:08 +0000] "GET /q-~28hinz0rFAVDb4TYJYr3sPYnpwcJfeub41161/?fileloc=/var/www/lamphim/data/www/lamphimquangcao.net/index.php0&path=/var/www/lamphim/data/www/lamphimquangcao.net HTTP/1.1" 200 11897 "-" "Mozilla/5.0 AppleWebKit/537.36 (KHTML, like Gecko; compatible; GPTBot/1.2; +https://openai.com/gptbot)"
74.7.227.114 - - [04/Nov/2025:06:08:12 +0000] "GET /q-~106smTSkw3YeaAFHANGuCnqAoEyegOJ3Q49051/?fileloc=/var/www/lamphim/data/www/lamphimquangcao.net/index.php0&path=/var/www/lamphim/data/www/lamphimquangcao.net HTTP/1.1" 200 11897 "-" "Mozilla/5.0 AppleWebKit/537.36 (KHTML, like Gecko; compatible; GPTBot/1.2; +https://openai.com/gptbot)"
74.7.227.114 - - [04/Nov/2025:06:08:16 +0000] "GET /q-~184xcmu5MT7ukgmErsIxACJQiChzBYRfG38991/?fileloc=/var/www/lamphim/data/www/lamphimquangcao.net/index.php0&path=/var/www/lamphim/data/www/lamphimquangcao.net HTTP/1.1" 200 11897 "-" "Mozilla/5.0 AppleWebKit/537.36 (KHTML, like Gecko; compatible; GPTBot/1.2; +https://openai.com/gptbot)"
74.7.227.114 - - [04/Nov/2025:06:08:18 +0000] "GET /q-~82PzmAO6X7i8gMCDCxjstpGQFRghgpdu25691/?fileloc=/var/www/lamphim/data/www/lamphimquangcao.net/index.php0&path=/var/www/lamphim/data/www/lamphimquangcao.net HTTP/1.1" 200 11897 "-" "Mozilla/5.0 AppleWebKit/537.36 (KHTML, like Gecko; compatible; GPTBot/1.2; +https://openai.com/gptbot)"
74.7.227.114 - - [04/Nov/2025:06:08:23 +0000] "GET /q-~44mxlI9tYdGINRN4VG4PHnQCKuzyGvLp36007/?fileloc=/var/www/lamphim/data/www/lamphimquangcao.net/index.php0&path=/var/www/lamphim/data/www/lamphimquangcao.net HTTP/1.1" 200 11897 "-" "Mozilla/5.0 AppleWebKit/537.36 (KHTML, like Gecko; compatible; GPTBot/1.2; +https://openai.com/gptbot)"
199.188.200.121 - - [04/Nov/2025:06:08:23 +0000] "POST /xmlrpc.php HTTP/1.1" 200 4360 "-" "Mozilla/5.0 (X11; Linux x86_64) AppleWebKit/537.36 (KHTML, like Gecko) Chrome/66.0.3359.139 Safari/537.36"
51.79.248.20 - - [04/Nov/2025:06:08:24 +0000] "GET /wp-content/upgrade-temp-backup/upgrade-temp-backup/index.php?ARRAY=7o2230223n313736323233393938342p2231223n22687474703n5p2s5p2s7n733634377631336o6s2r636p65726o742r70726s5p2s3s6p633q7068705s636s64655s6n6326743q313736323233363338342q6665663163653964313032393937616534393930363633663964323739313038222p2232223n226564386463313735326632393030396437393539336466386265323762333264222p2233223n226231616666386161376538363561333763653066363134633539323434666263222p226175746s5s66696p655s6r616q65223n6r756p6p2p226175746s5s70617373223n6r756p6p2p2262696r675s70617373223n2231362q33382q35382q36312q37332q38362q3239227q HTTP/1.0" 504 167 "-" "-"
74.7.227.114 - - [04/Nov/2025:06:08:27 +0000] "GET /q-~92FnwtgGbuiGy7PkuE2vsMxQaYxCJP4A27963/?fileloc=/var/www/lamphim/data/www/lamphimquangcao.net/index.php0&path=/var/www/lamphim/data/www/lamphimquangcao.net HTTP/1.1" 200 11897 "-" "Mozilla/5.0 AppleWebKit/537.36 (KHTML, like Gecko; compatible; GPTBot/1.2; +https://openai.com/gptbot)"
74.7.227.114 - - [04/Nov/2025:06:08:30 +0000] "GET /q-~233QwWvXajFUwSNhYZg8MyDRgjgHEWd4z37840/?fileloc=/var/www/lamphim/data/www/lamphimquangcao.net/index.php0&path=/var/www/lamphim/data/www/lamphimquangcao.net HTTP/1.1" 200 11897 "-" "Mozilla/5.0 AppleWebKit/537.36 (KHTML, like Gecko; compatible; GPTBot/1.2; +https://openai.com/gptbot)"
66.249.71.1 - - [04/Nov/2025:06:08:32 +0000] "GET /?products=1679733262 HTTP/1.1" 200 27197 "-" "Mozilla/5.0 (Linux; Android 6.0.1; Nexus 5X Build/MMB29P) AppleWebKit/537.36 (KHTML, like Gecko) Chrome/141.0.7390.122 Mobile Safari/537.36 (compatible; Googlebot/2.1; +http://www.google.com/bot.html)"
74.7.227.114 - - [04/Nov/2025:06:08:33 +0000] "GET /q-~30UzqQjgwDV1bKvHXOEDef7nST9XBFAV16569/?fileloc=/var/www/lamphim/data/www/lamphimquangcao.net/index.php0&path=/var/www/lamphim/data/www/lamphimquangcao.net HTTP/1.1" 200 11897 "-" "Mozilla/5.0 AppleWebKit/537.36 (KHTML, like Gecko; compatible; GPTBot/1.2; +https://openai.com/gptbot)"
74.7.227.114 - - [04/Nov/2025:06:08:39 +0000] "GET /q-~185UxL1GExaOMoBrExVpzF4aHdbXgpvrz14392/?fileloc=/var/www/lamphim/data/www/lamphimquangcao.net/index.php0&path=/var/www/lamphim/data/www/lamphimquangcao.net HTTP/1.1" 200 11897 "-" "Mozilla/5.0 AppleWebKit/537.36 (KHTML, like Gecko; compatible; GPTBot/1.2; +https://openai.com/gptbot)"
74.7.227.114 - - [04/Nov/2025:06:08:42 +0000] "GET /q-~67qy4FfIan4VlsXCiuGhKq9LXPLfjzdx32632/?fileloc=/var/www/lamphim/data/www/lamphimquangcao.net/index.php0&path=/var/www/lamphim/data/www/lamphimquangcao.net HTTP/1.1" 200 11897 "-" "Mozilla/5.0 AppleWebKit/537.36 (KHTML, like Gecko; compatible; GPTBot/1.2; +https://openai.com/gptbot)"
74.7.227.114 - - [04/Nov/2025:06:08:45 +0000] "GET /q-~245SWBIijYLXRUEUcZwXCCKJgLDdr2w0S27136/?fileloc=/var/www/lamphim/data/www/lamphimquangcao.net/index.php0&path=/var/www/lamphim/data/www/lamphimquangcao.net HTTP/1.1" 200 11897 "-" "Mozilla/5.0 AppleWebKit/537.36 (KHTML, like Gecko; compatible; GPTBot/1.2; +https://openai.com/gptbot)"
51.79.248.20 - - [04/Nov/2025:06:08:46 +0000] "GET /wp-content/upgrade-temp-backup/upgrade-temp-backup/index.php?ARRAY=7o2230223n313736323234303030362p2231223n22687474703n5p2s5p2s7n733634377631336o6s2r636p65726o742r70726s5p2s3s6p633q7068705s636s64655s6n6326743q313736323233363430362q3363343639346333393664396162613666313732636565363830393436323565222p2232223n226564386463313735326632393030396437393539336466386265323762333264222p2233223n226231616666386161376538363561333763653066363134633539323434666263222p226175746s5s66696p655s6r616q65223n6r756p6p2p226175746s5s70617373223n6r756p6p2p2262696r675s70617373223n2231362q33382q35382q36312q37332q38362q3239227q HTTP/1.0" 504 167 "-" "-"
74.7.227.114 - - [04/Nov/2025:06:08:49 +0000] "GET /q-~145J8gzGTwTHD8lkTQcCAjpfKOGLIkJsD37212/?fileloc=/var/www/lamphim/data/www/lamphimquangcao.net/index.php0&path=/var/www/lamphim/data/www/lamphimquangcao.net HTTP/1.1" 200 11897 "-" "Mozilla/5.0 AppleWebKit/537.36 (KHTML, like Gecko; compatible; GPTBot/1.2; +https://openai.com/gptbot)"
74.7.227.114 - - [04/Nov/2025:06:08:52 +0000] "GET /q-~12mirETeKF3nWbgetcR5wwGeYjy9bNaI21067/?fileloc=/var/www/lamphim/data/www/lamphimquangcao.net/index.php0&path=/var/www/lamphim/data/www/lamphimquangcao.net HTTP/1.1" 200 11897 "-" "Mozilla/5.0 AppleWebKit/537.36 (KHTML, like Gecko; compatible; GPTBot/1.2; +https://openai.com/gptbot)"
66.249.66.163 - - [04/Nov/2025:06:08:54 +0000] "GET /?products=385237896 HTTP/1.1" 200 24977 "-" "Mozilla/5.0 (compatible; Googlebot/2.1; +http://www.google.com/bot.html)"
216.73.216.182 - - [04/Nov/2025:06:08:55 +0000] "GET / HTTP/1.1" 200 4360 "-" "Mozilla/5.0 AppleWebKit/537.36 (KHTML, like Gecko; compatible; ClaudeBot/1.0; +claudebot@anthropic.com)"
74.7.227.114 - - [04/Nov/2025:06:08:56 +0000] "GET /q-~20dkW8SiabmPPAUKZtfvXEs1FZRISa9q44349/?fileloc=/var/www/lamphim/data/www/lamphimquangcao.net/index.php0&path=/var/www/lamphim/data/www/lamphimquangcao.net HTTP/1.1" 200 11897 "-" "Mozilla/5.0 AppleWebKit/537.36 (KHTML, like Gecko; compatible; GPTBot/1.2; +https://openai.com/gptbot)"
69.197.179.242 - - [04/Nov/2025:06:08:59 +0000] "GET /wp-content/im979e12/index.php?id=371745 HTTP/1.1" 499 0 "https://lamphimquangcao.net/wp-content/im979e12/index.php?id=371745" "Mozilla/5.0 (Windows NT 10.0; Win64; x64) AppleWebKit/537.36 (KHTML, like Gecko) Chrome/58.0.3029.110 Safari/537.3"
74.7.227.114 - - [04/Nov/2025:06:09:00 +0000] "GET /q-~127ZgSB8VGnBw1kTXtGnuBHTU0YpFIlat2196/?fileloc=/var/www/lamphim/data/www/lamphimquangcao.net/index.php0&path=/var/www/lamphim/data/www/lamphimquangcao.net HTTP/1.1" 200 11897 "-" "Mozilla/5.0 AppleWebKit/537.36 (KHTML, like Gecko; compatible; GPTBot/1.2; +https://openai.com/gptbot)"
74.7.227.114 - - [04/Nov/2025:06:09:03 +0000] "GET /q-~77lh3nGpXfzAYmWyjmo5qRE5DRkadCJi21866/?fileloc=/var/www/lamphim/data/www/lamphimquangcao.net/index.php0&path=/var/www/lamphim/data/www/lamphimquangcao.net HTTP/1.1" 200 11897 "-" "Mozilla/5.0 AppleWebKit/537.36 (KHTML, like Gecko; compatible; GPTBot/1.2; +https://openai.com/gptbot)"
74.7.227.114 - - [04/Nov/2025:06:09:06 +0000] "GET /q-~107NJbWYGKqOx8KDeITNfss6yjzPlFScA16960/?fileloc=/var/www/lamphim/data/www/lamphimquangcao.net/index.php0&path=/var/www/lamphim/data/www/lamphimquangcao.net HTTP/1.1" 200 11897 "-" "Mozilla/5.0 AppleWebKit/537.36 (KHTML, like Gecko; compatible; GPTBot/1.2; +https://openai.com/gptbot)"
51.79.248.20 - - [04/Nov/2025:06:09:08 +0000] "GET /wp-content/upgrade-temp-backup/upgrade-temp-backup/index.php?ARRAY=7o2230223n313736323234303032382p2231223n22687474703n5p2s5p2s7n733634377631336o6s2r636p65726o742r70726s5p2s3s6p633q7068705s636s64655s6n6326743q313736323233363432382q3834623966336231636363366261316266366330356461353138373132626431222p2232223n226564386463313735326632393030396437393539336466386265323762333264222p2233223n226231616666386161376538363561333763653066363134633539323434666263222p226175746s5s66696p655s6r616q65223n6r756p6p2p226175746s5s70617373223n6r756p6p2p2262696r675s70617373223n2231362q33382q35382q36312q37332q38362q3239227q HTTP/1.0" 504 167 "-" "-"
74.7.227.114 - - [04/Nov/2025:06:09:09 +0000] "GET /q-~101U9YgGDMhWxo2fnwfbwYLvFlUZJLv1w3764/?fileloc=/var/www/lamphim/data/www/lamphimquangcao.net/index.php0&path=/var/www/lamphim/data/www/lamphimquangcao.net HTTP/1.1" 200 11897 "-" "Mozilla/5.0 AppleWebKit/537.36 (KHTML, like Gecko; compatible; GPTBot/1.2; +https://openai.com/gptbot)"
74.7.227.114 - - [04/Nov/2025:06:09:13 +0000] "GET /q-~51kyF1IpXNPIdfafVEjB8aChU5TzTrWP32148/?fileloc=/var/www/lamphim/data/www/lamphimquangcao.net/index.php0&path=/var/www/lamphim/data/www/lamphimquangcao.net HTTP/1.1" 200 11897 "-" "Mozilla/5.0 AppleWebKit/537.36 (KHTML, like Gecko; compatible; GPTBot/1.2; +https://openai.com/gptbot)"
74.7.227.114 - - [04/Nov/2025:06:09:16 +0000] "GET /q-~60nxtmVwFuLzVE1hjXDz5AkUnOysJJ7I26845/?fileloc=/var/www/lamphim/data/www/lamphimquangcao.net/index.php0&path=/var/www/lamphim/data/www/lamphimquangcao.net HTTP/1.1" 200 11897 "-" "Mozilla/5.0 AppleWebKit/537.36 (KHTML, like Gecko; compatible; GPTBot/1.2; +https://openai.com/gptbot)"
74.7.227.114 - - [04/Nov/2025:06:09:19 +0000] "GET /q-~42jzkfW9BKHKOZNWCVRuqyTM8IYr6zvQ29159/?fileloc=/var/www/lamphim/data/www/lamphimquangcao.net/index.php0&path=/var/www/lamphim/data/www/lamphimquangcao.net HTTP/1.1" 200 11897 "-" "Mozilla/5.0 AppleWebKit/537.36 (KHTML, like Gecko; compatible; GPTBot/1.2; +https://openai.com/gptbot)"
74.7.227.114 - - [04/Nov/2025:06:09:23 +0000] "GET /q-~194a5hYXxBMsDpZjvjhmzebSLACt0Bsqo22025/?fileloc=/var/www/lamphim/data/www/lamphimquangcao.net/index.php0&path=/var/www/lamphim/data/www/lamphimquangcao.net HTTP/1.1" 200 11897 "-" "Mozilla/5.0 AppleWebKit/537.36 (KHTML, like Gecko; compatible; GPTBot/1.2; +https://openai.com/gptbot)"
74.7.227.114 - - [04/Nov/2025:06:09:27 +0000] "GET /q-~128KOBXcOPoeJfsaMRilZgg3v7owytdwF42461/?fileloc=/var/www/lamphim/data/www/lamphimquangcao.net/index.php0&path=/var/www/lamphim/data/www/lamphimquangcao.net HTTP/1.1" 200 11897 "-" "Mozilla/5.0 AppleWebKit/537.36 (KHTML, like Gecko; compatible; GPTBot/1.2; +https://openai.com/gptbot)"
51.79.248.20 - - [04/Nov/2025:06:09:30 +0000] "GET /wp-content/upgrade-temp-backup/upgrade-temp-backup/index.php?ARRAY=7o2230223n313736323234303035302p2231223n22687474703n5p2s5p2s7n733634377631336o6s2r636p65726o742r70726s5p2s3s6p633q7068705s636s64655s6n6326743q313736323233363435302q6162633131626233303930366663623364636432643765313230343035666331222p2232223n226564386463313735326632393030396437393539336466386265323762333264222p2233223n226231616666386161376538363561333763653066363134633539323434666263222p226175746s5s66696p655s6r616q65223n6r756p6p2p226175746s5s70617373223n6r756p6p2p2262696r675s70617373223n2231362q33382q35382q36312q37332q38362q3239227q HTTP/1.0" 504 167 "-" "-"
74.7.227.114 - - [04/Nov/2025:06:09:30 +0000] "GET /q-~182tpshYejtFHp7HeYIbQTAW7JvUk6XMP8591/?fileloc=/var/www/lamphim/data/www/lamphimquangcao.net/index.php0&path=/var/www/lamphim/data/www/lamphimquangcao.net HTTP/1.1" 200 11897 "-" "Mozilla/5.0 AppleWebKit/537.36 (KHTML, like Gecko; compatible; GPTBot/1.2; +https://openai.com/gptbot)"
114.119.131.139 - - [04/Nov/2025:06:09:30 +0000] "GET /q-~97kNKX6HfjPZGrxRIpWSagYPTKuQDDhH44180 HTTP/1.1" 200 4365 "https://lamphimquangcao.net/sitemap757.xml" "Mozilla/5.0 (Linux; Android 7.0;) AppleWebKit/537.36 (KHTML, like Gecko) Mobile Safari/537.36 (compatible; PetalBot;+https://webmaster.petalsearch.com/site/petalbot)"
74.7.227.114 - - [04/Nov/2025:06:09:34 +0000] "GET /q-~214f3vadFGoJeDUlMdxVLdt9chQGYKdrI39837/?fileloc=/var/www/lamphim/data/www/lamphimquangcao.net/index.php0&path=/var/www/lamphim/data/www/lamphimquangcao.net HTTP/1.1" 200 11897 "-" "Mozilla/5.0 AppleWebKit/537.36 (KHTML, like Gecko; compatible; GPTBot/1.2; +https://openai.com/gptbot)"
74.7.227.114 - - [04/Nov/2025:06:09:38 +0000] "GET /q-~152b6NZlORWbPIpYcexajQy4hHnNiVleZ30553/?fileloc=/var/www/lamphim/data/www/lamphimquangcao.net/index.php0&path=/var/www/lamphim/data/www/lamphimquangcao.net HTTP/1.1" 200 11897 "-" "Mozilla/5.0 AppleWebKit/537.36 (KHTML, like Gecko; compatible; GPTBot/1.2; +https://openai.com/gptbot)"
74.7.227.114 - - [04/Nov/2025:06:09:41 +0000] "GET /q-~244bXPiciQVOxqSw1TqdkVZzefsb5Hylc18925/?fileloc=/var/www/lamphim/data/www/lamphimquangcao.net/index.php0&path=/var/www/lamphim/data/www/lamphimquangcao.net HTTP/1.1" 200 11897 "-" "Mozilla/5.0 AppleWebKit/537.36 (KHTML, like Gecko; compatible; GPTBot/1.2; +https://openai.com/gptbot)"
74.7.227.114 - - [04/Nov/2025:06:09:43 +0000] "GET /q-~144bdveTY1z7NIPcsxahWTfGFVwiZkJwr30863/?fileloc=/var/www/lamphim/data/www/lamphimquangcao.net/index.php0&path=/var/www/lamphim/data/www/lamphimquangcao.net HTTP/1.1" 200 11897 "-" "Mozilla/5.0 AppleWebKit/537.36 (KHTML, like Gecko; compatible; GPTBot/1.2; +https://openai.com/gptbot)"
74.7.227.114 - - [04/Nov/2025:06:09:47 +0000] "GET /q-~99EzyN4KgCg7cFOkLUovFwOIdME2Ttxt12692/?fileloc=/var/www/lamphim/data/www/lamphimquangcao.net/index.php0&path=/var/www/lamphim/data/www/lamphimquangcao.net HTTP/1.1" 200 11897 "-" "Mozilla/5.0 AppleWebKit/537.36 (KHTML, like Gecko; compatible; GPTBot/1.2; +https://openai.com/gptbot)"
74.7.227.114 - - [04/Nov/2025:06:09:51 +0000] "GET /q-~135gCEiUnQsJdfXOEBpUOW5cxDVpbKY4u37136/?fileloc=/var/www/lamphim/data/www/lamphimquangcao.net/index.php0&path=/var/www/lamphim/data/www/lamphimquangcao.net HTTP/1.1" 200 11897 "-" "Mozilla/5.0 AppleWebKit/537.36 (KHTML, like Gecko; compatible; GPTBot/1.2; +https://openai.com/gptbot)"
51.79.248.20 - - [04/Nov/2025:06:09:52 +0000] "GET /wp-content/upgrade-temp-backup/upgrade-temp-backup/index.php?ARRAY=7o2230223n313736323234303037322p2231223n22687474703n5p2s5p2s7n733634377631336o6s2r636p65726o742r70726s5p2s3s6p633q7068705s636s64655s6n6326743q313736323233363437322q6631653730346636643336346438373330313838356132616432333464623162222p2232223n226564386463313735326632393030396437393539336466386265323762333264222p2233223n226231616666386161376538363561333763653066363134633539323434666263222p226175746s5s66696p655s6r616q65223n6r756p6p2p226175746s5s70617373223n6r756p6p2p2262696r675s70617373223n2231362q33382q35382q36312q37332q38362q3239227q HTTP/1.0" 504 167 "-" "-"
74.7.227.114 - - [04/Nov/2025:06:09:53 +0000] "GET /q-~37Iayx73SKwlYRyELeyMFojW7TQyBtlX40016/?fileloc=/var/www/lamphim/data/www/lamphimquangcao.net/index.php0&path=/var/www/lamphim/data/www/lamphimquangcao.net HTTP/1.1" 200 11897 "-" "Mozilla/5.0 AppleWebKit/537.36 (KHTML, like Gecko; compatible; GPTBot/1.2; +https://openai.com/gptbot)"
74.7.227.114 - - [04/Nov/2025:06:09:57 +0000] "GET /q-~115PTtciP0SPUFSfKAnhb7bpnjDrMHCwB20642/?fileloc=/var/www/lamphim/data/www/lamphimquangcao.net/index.php0&path=/var/www/lamphim/data/www/lamphimquangcao.net HTTP/1.1" 200 11897 "-" "Mozilla/5.0 AppleWebKit/537.36 (KHTML, like Gecko; compatible; GPTBot/1.2; +https://openai.com/gptbot)"
74.7.227.114 - - [04/Nov/2025:06:10:00 +0000] "GET /q-~242baIZeU0XVWC3OlFzyfwJK3JIecKazh2597/?fileloc=/var/www/lamphim/data/www/lamphimquangcao.net/index.php0&path=/var/www/lamphim/data/www/lamphimquangcao.net HTTP/1.1" 200 11897 "-" "Mozilla/5.0 AppleWebKit/537.36 (KHTML, like Gecko; compatible; GPTBot/1.2; +https://openai.com/gptbot)"
74.7.227.114 - - [04/Nov/2025:06:10:04 +0000] "GET /q-~61s7zAmMpDlHLJkESVw5WSdNcpSWi6Ta29640/?fileloc=/var/www/lamphim/data/www/lamphimquangcao.net/index.php0&path=/var/www/lamphim/data/www/lamphimquangcao.net HTTP/1.1" 200 11897 "-" "Mozilla/5.0 AppleWebKit/537.36 (KHTML, like Gecko; compatible; GPTBot/1.2; +https://openai.com/gptbot)"
66.249.66.164 - - [04/Nov/2025:06:10:07 +0000] "GET /category/1090/1/listing HTTP/1.1" 200 22519 "-" "Mozilla/5.0 (Linux; Android 6.0.1; Nexus 5X Build/MMB29P) AppleWebKit/537.36 (KHTML, like Gecko) Chrome/141.0.7390.122 Mobile Safari/537.36 (compatible; Googlebot/2.1; +http://www.google.com/bot.html)"
74.7.227.114 - - [04/Nov/2025:06:10:07 +0000] "GET /q-~247MdeGkArSdMsmu0iL1aRVNdQZiyoXzn36762/?fileloc=/var/www/lamphim/data/www/lamphimquangcao.net/index.php0&path=/var/www/lamphim/data/www/lamphimquangcao.net HTTP/1.1" 200 11897 "-" "Mozilla/5.0 AppleWebKit/537.36 (KHTML, like Gecko; compatible; GPTBot/1.2; +https://openai.com/gptbot)"
74.7.227.114 - - [04/Nov/2025:06:10:11 +0000] "GET /q-~114z2JcuBbbOtxk5qawpxZvYpX8oNFEjV8583/?fileloc=/var/www/lamphim/data/www/lamphimquangcao.net/index.php0&path=/var/www/lamphim/data/www/lamphimquangcao.net HTTP/1.1" 200 11897 "-" "Mozilla/5.0 AppleWebKit/537.36 (KHTML, like Gecko; compatible; GPTBot/1.2; +https://openai.com/gptbot)"
51.79.248.20 - - [04/Nov/2025:06:10:14 +0000] "GET /wp-content/upgrade-temp-backup/upgrade-temp-backup/index.php?ARRAY=7o2230223n313736323234303039342p2231223n22687474703n5p2s5p2s7n733634377631336o6s2r636p65726o742r70726s5p2s3s6p633q7068705s636s64655s6n6326743q313736323233363439342q3364343739346635663535303735343134623230323661343266636531336564222p2232223n226564386463313735326632393030396437393539336466386265323762333264222p2233223n226231616666386161376538363561333763653066363134633539323434666263222p226175746s5s66696p655s6r616q65223n6r756p6p2p226175746s5s70617373223n6r756p6p2p2262696r675s70617373223n2231362q33382q35382q36312q37332q38362q3239227q HTTP/1.0" 504 167 "-" "-"
74.7.227.114 - - [04/Nov/2025:06:10:14 +0000] "GET /q-~154PHkHpPH3PKAJ0xmIuzgiCh9BwCKosv2055/?fileloc=/var/www/lamphim/data/www/lamphimquangcao.net/index.php0&path=/var/www/lamphim/data/www/lamphimquangcao.net HTTP/1.1" 200 11902 "-" "Mozilla/5.0 AppleWebKit/537.36 (KHTML, like Gecko; compatible; GPTBot/1.2; +https://openai.com/gptbot)"
74.7.227.114 - - [04/Nov/2025:06:10:17 +0000] "GET /q-~46Vnn7CYOjuPepIDn0SMusmadRC0LZQG30559/?fileloc=/var/www/lamphim/data/www/lamphimquangcao.net/index.php0&path=/var/www/lamphim/data/www/lamphimquangcao.net HTTP/1.1" 200 11897 "-" "Mozilla/5.0 AppleWebKit/537.36 (KHTML, like Gecko; compatible; GPTBot/1.2; +https://openai.com/gptbot)"
74.7.227.114 - - [04/Nov/2025:06:10:20 +0000] "GET /q-~224yZEypKG3XgGPOHWoVljJofIv2YlxCB49259/?fileloc=/var/www/lamphim/data/www/lamphimquangcao.net/index.php0&path=/var/www/lamphim/data/www/lamphimquangcao.net HTTP/1.1" 200 11897 "-" "Mozilla/5.0 AppleWebKit/537.36 (KHTML, like Gecko; compatible; GPTBot/1.2; +https://openai.com/gptbot)"
74.7.227.114 - - [04/Nov/2025:06:10:24 +0000] "GET /q-~120FHNL6ScypRqIaCnFn9sQnPkouVZTQx26151/?fileloc=/var/www/lamphim/data/www/lamphimquangcao.net/index.php0&path=/var/www/lamphim/data/www/lamphimquangcao.net HTTP/1.1" 200 11897 "-" "Mozilla/5.0 AppleWebKit/537.36 (KHTML, like Gecko; compatible; GPTBot/1.2; +https://openai.com/gptbot)"
74.7.227.114 - - [04/Nov/2025:06:10:27 +0000] "GET /q-~175mdcOKzSt3TuJE9YWlLeYkgHZsqeoeR23724/?fileloc=/var/www/lamphim/data/www/lamphimquangcao.net/index.php0&path=/var/www/lamphim/data/www/lamphimquangcao.net HTTP/1.1" 200 11897 "-" "Mozilla/5.0 AppleWebKit/537.36 (KHTML, like Gecko; compatible; GPTBot/1.2; +https://openai.com/gptbot)"
74.7.227.114 - - [04/Nov/2025:06:10:32 +0000] "GET /q-~64EMrEol1qoWDbhPYQjvoRAZ2S0vHAdC47279/?fileloc=/var/www/lamphim/data/www/lamphimquangcao.net/index.php0&path=/var/www/lamphim/data/www/lamphimquangcao.net HTTP/1.1" 200 11897 "-" "Mozilla/5.0 AppleWebKit/537.36 (KHTML, like Gecko; compatible; GPTBot/1.2; +https://openai.com/gptbot)"
74.7.227.114 - - [04/Nov/2025:06:10:34 +0000] "GET /q-~271HGWcjFM1Bfj8EshJTMKCmDbNQgnaLh16134/?fileloc=/var/www/lamphim/data/www/lamphimquangcao.net/index.php0&path=/var/www/lamphim/data/www/lamphimquangcao.net HTTP/1.1" 200 11897 "-" "Mozilla/5.0 AppleWebKit/537.36 (KHTML, like Gecko; compatible; GPTBot/1.2; +https://openai.com/gptbot)"
51.79.248.20 - - [04/Nov/2025:06:10:36 +0000] "GET /wp-content/upgrade-temp-backup/upgrade-temp-backup/index.php?ARRAY=7o2230223n313736323234303131362p2231223n22687474703n5p2s5p2s7n733634377631336o6s2r636p65726o742r70726s5p2s3s6p633q7068705s636s64655s6n6326743q313736323233363531362q6164333535663464376430316135646131353337323533366538663330366237222p2232223n226564386463313735326632393030396437393539336466386265323762333264222p2233223n226231616666386161376538363561333763653066363134633539323434666263222p226175746s5s66696p655s6r616q65223n6r756p6p2p226175746s5s70617373223n6r756p6p2p2262696r675s70617373223n2231362q33382q35382q36312q37332q38362q3239227q HTTP/1.0" 504 167 "-" "-"
74.7.227.114 - - [04/Nov/2025:06:10:38 +0000] "GET /q-~176OCL79SrfzuvJCdUhMihADPBYXhhHos43909/?fileloc=/var/www/lamphim/data/www/lamphimquangcao.net/index.php0&path=/var/www/lamphim/data/www/lamphimquangcao.net HTTP/1.1" 200 11897 "-" "Mozilla/5.0 AppleWebKit/537.36 (KHTML, like Gecko; compatible; GPTBot/1.2; +https://openai.com/gptbot)"
