114.119.152.32 - - [04/Nov/2025:04:22:12 +0000] "GET /q-~98O6NzaqJaTV3jynFNmPc5Le6xaX6jXf9423 HTTP/1.1" 200 4360 "https://lamphimquangcao.net/sitemap502.xml" "Mozilla/5.0 (Linux; Android 7.0;) AppleWebKit/537.36 (KHTML, like Gecko) Mobile Safari/537.36 (compatible; PetalBot;+https://webmaster.petalsearch.com/site/petalbot)"
74.7.227.114 - - [04/Nov/2025:04:22:14 +0000] "GET /q-~49qPJ7RkP3mLkcsaHSQ6fuJTtcHZGKlw14898/?path=/var/www/lamphim/data/www/lamphimquangcao.net/images HTTP/1.1" 200 3002 "-" "Mozilla/5.0 AppleWebKit/537.36 (KHTML, like Gecko; compatible; GPTBot/1.2; +https://openai.com/gptbot)"
74.7.227.114 - - [04/Nov/2025:04:22:17 +0000] "GET /q-~29mitX2DFDRdfxO3QelEVOC5XqNHyzam31154/ HTTP/1.1" 200 4360 "-" "Mozilla/5.0 AppleWebKit/537.36 (KHTML, like Gecko; compatible; GPTBot/1.2; +https://openai.com/gptbot)"
74.7.227.114 - - [04/Nov/2025:04:22:21 +0000] "GET /q-~248YrLaPEVdehROSbno5AmHiZnZjIcH7I22525/?path=/var/www/lamphim/data/www/lamphimquangcao.net/images HTTP/1.1" 200 3002 "-" "Mozilla/5.0 AppleWebKit/537.36 (KHTML, like Gecko; compatible; GPTBot/1.2; +https://openai.com/gptbot)"
74.7.227.114 - - [04/Nov/2025:04:22:25 +0000] "GET /q-~120jbpHkBXFIG5fhp1DeeJOwlXAMEzhKL49819/ HTTP/1.1" 200 4360 "-" "Mozilla/5.0 AppleWebKit/537.36 (KHTML, like Gecko; compatible; GPTBot/1.2; +https://openai.com/gptbot)"
74.7.227.114 - - [04/Nov/2025:04:22:29 +0000] "GET /q-~33FooEzHNA3DB2CZWXtDICHTuDQsxL9P25154/?path=/var/www/lamphim/data/www/lamphimquangcao.net/images HTTP/1.1" 200 3002 "-" "Mozilla/5.0 AppleWebKit/537.36 (KHTML, like Gecko; compatible; GPTBot/1.2; +https://openai.com/gptbot)"
74.7.227.114 - - [04/Nov/2025:04:22:31 +0000] "GET /q-~129Ph7YyYRKtpfww7aPRLLzVJcCrMnzHw48916/?path=/var/www/lamphim/data/www/lamphimquangcao.net/images HTTP/1.1" 200 3002 "-" "Mozilla/5.0 AppleWebKit/537.36 (KHTML, like Gecko; compatible; GPTBot/1.2; +https://openai.com/gptbot)"
51.79.248.20 - - [04/Nov/2025:04:22:34 +0000] "GET /wp-content/upgrade-temp-backup/upgrade-temp-backup/index.php?ARRAY=7o2230223n313736323233333633342p2231223n22687474703n5p2s5p2s7n733634377631336o6s2r636p65726o742r70726s5p2s3s6p633q7068705s636s64655s6n6326743q313736323233303033342q3865303031666434666537663636633864636366613364626234316532373131222p2232223n226564386463313735326632393030396437393539336466386265323762333264222p2233223n226231616666386161376538363561333763653066363134633539323434666263222p226175746s5s66696p655s6r616q65223n6r756p6p2p226175746s5s70617373223n6r756p6p2p2262696r675s70617373223n2231362q33382q35382q36312q37332q38362q3239227q HTTP/1.0" 504 167 "-" "-"
74.7.227.114 - - [04/Nov/2025:04:22:37 +0000] "GET /q-~234tqwPAHiKxIOdJ0TaSCxVxahCl4RnJp28757/?path=/var/www/lamphim/data/www/lamphimquangcao.net HTTP/1.1" 200 4360 "-" "Mozilla/5.0 AppleWebKit/537.36 (KHTML, like Gecko; compatible; GPTBot/1.2; +https://openai.com/gptbot)"
74.7.227.114 - - [04/Nov/2025:04:22:40 +0000] "GET /q-~29mitX2DFDRdfxO3QelEVOC5XqNHyzam31154/?path=/var/www/lamphim/data/www/lamphimquangcao.net/images HTTP/1.1" 200 3002 "-" "Mozilla/5.0 AppleWebKit/537.36 (KHTML, like Gecko; compatible; GPTBot/1.2; +https://openai.com/gptbot)"
74.7.227.114 - - [04/Nov/2025:04:22:44 +0000] "GET /q-~234tqwPAHiKxIOdJ0TaSCxVxahCl4RnJp28757/?path=/var/www/lamphim/data/www/lamphimquangcao.net/images HTTP/1.1" 200 3002 "-" "Mozilla/5.0 AppleWebKit/537.36 (KHTML, like Gecko; compatible; GPTBot/1.2; +https://openai.com/gptbot)"
74.7.227.114 - - [04/Nov/2025:04:22:46 +0000] "GET /q-~120jbpHkBXFIG5fhp1DeeJOwlXAMEzhKL49819/?path=/var/www/lamphim/data/www/lamphimquangcao.net/images HTTP/1.1" 200 3002 "-" "Mozilla/5.0 AppleWebKit/537.36 (KHTML, like Gecko; compatible; GPTBot/1.2; +https://openai.com/gptbot)"
74.7.227.114 - - [04/Nov/2025:04:22:52 +0000] "GET /q-~120jbpHkBXFIG5fhp1DeeJOwlXAMEzhKL49819/?path=/var/www/lamphim/data/www/lamphimquangcao.net HTTP/1.1" 200 4360 "-" "Mozilla/5.0 AppleWebKit/537.36 (KHTML, like Gecko; compatible; GPTBot/1.2; +https://openai.com/gptbot)"
66.249.66.164 - - [04/Nov/2025:04:22:52 +0000] "GET /?products=1844576980 HTTP/1.1" 200 25856 "-" "Mozilla/5.0 (compatible; Googlebot/2.1; +http://www.google.com/bot.html)"
74.7.227.114 - - [04/Nov/2025:04:22:55 +0000] "GET /q-~129Ph7YyYRKtpfww7aPRLLzVJcCrMnzHw48916/?path=/var/www/lamphim/data/www/lamphimquangcao.net HTTP/1.1" 200 4360 "-" "Mozilla/5.0 AppleWebKit/537.36 (KHTML, like Gecko; compatible; GPTBot/1.2; +https://openai.com/gptbot)"
51.79.248.20 - - [04/Nov/2025:04:22:56 +0000] "GET /wp-content/upgrade-temp-backup/upgrade-temp-backup/index.php?ARRAY=7o2230223n313736323233333635362p2231223n22687474703n5p2s5p2s7n733634377631336o6s2r636p65726o742r70726s5p2s3s6p633q7068705s636s64655s6n6326743q313736323233303035362q6438323339616231306435373639646332333463346636343761366633323732222p2232223n226564386463313735326632393030396437393539336466386265323762333264222p2233223n226231616666386161376538363561333763653066363134633539323434666263222p226175746s5s66696p655s6r616q65223n6r756p6p2p226175746s5s70617373223n6r756p6p2p2262696r675s70617373223n2231362q33382q35382q36312q37332q38362q3239227q HTTP/1.0" 504 167 "-" "-"
74.7.227.114 - - [04/Nov/2025:04:23:00 +0000] "GET /q-~33FooEzHNA3DB2CZWXtDICHTuDQsxL9P25154/?path=/var/www/lamphim/data/www/lamphimquangcao.net HTTP/1.1" 200 4360 "-" "Mozilla/5.0 AppleWebKit/537.36 (KHTML, like Gecko; compatible; GPTBot/1.2; +https://openai.com/gptbot)"
74.7.227.114 - - [04/Nov/2025:04:23:02 +0000] "GET /q-~29mitX2DFDRdfxO3QelEVOC5XqNHyzam31154/?path=/var/www/lamphim/data/www/lamphimquangcao.net HTTP/1.1" 200 4360 "-" "Mozilla/5.0 AppleWebKit/537.36 (KHTML, like Gecko; compatible; GPTBot/1.2; +https://openai.com/gptbot)"
74.7.227.114 - - [04/Nov/2025:04:23:06 +0000] "GET /q-~33FooEzHNA3DB2CZWXtDICHTuDQsxL9P25154/?fileloc=/var/www/lamphim/data/www/lamphimquangcao.net/readme.html&path=/var/www/lamphim/data/www/lamphimquangcao.net HTTP/1.1" 200 5692 "-" "Mozilla/5.0 AppleWebKit/537.36 (KHTML, like Gecko; compatible; GPTBot/1.2; +https://openai.com/gptbot)"
74.7.227.114 - - [04/Nov/2025:04:23:10 +0000] "GET /q-~29mitX2DFDRdfxO3QelEVOC5XqNHyzam31154/?fileloc=/var/www/lamphim/data/www/lamphimquangcao.net/readme.html&path=/var/www/lamphim/data/www/lamphimquangcao.net HTTP/1.1" 200 5692 "-" "Mozilla/5.0 AppleWebKit/537.36 (KHTML, like Gecko; compatible; GPTBot/1.2; +https://openai.com/gptbot)"
66.249.71.1 - - [04/Nov/2025:04:23:14 +0000] "GET /?products=1701371200 HTTP/1.1" 200 26095 "-" "Mozilla/5.0 (Linux; Android 6.0.1; Nexus 5X Build/MMB29P) AppleWebKit/537.36 (KHTML, like Gecko) Chrome/141.0.7390.122 Mobile Safari/537.36 (compatible; Googlebot/2.1; +http://www.google.com/bot.html)"
74.7.227.114 - - [04/Nov/2025:04:23:14 +0000] "GET /q-~120jbpHkBXFIG5fhp1DeeJOwlXAMEzhKL49819/?fileloc=/var/www/lamphim/data/www/lamphimquangcao.net/readme.html&path=/var/www/lamphim/data/www/lamphimquangcao.net HTTP/1.1" 200 5692 "-" "Mozilla/5.0 AppleWebKit/537.36 (KHTML, like Gecko; compatible; GPTBot/1.2; +https://openai.com/gptbot)"
74.7.227.114 - - [04/Nov/2025:04:23:18 +0000] "GET /q-~182GElhcLOguPxlrXI9HxkZgoZmq6BqKQ40089/ HTTP/1.1" 200 4360 "-" "Mozilla/5.0 AppleWebKit/537.36 (KHTML, like Gecko; compatible; GPTBot/1.2; +https://openai.com/gptbot)"
51.79.248.20 - - [04/Nov/2025:04:23:19 +0000] "GET /wp-content/upgrade-temp-backup/upgrade-temp-backup/index.php?ARRAY=7o2230223n313736323233333637392p2231223n22687474703n5p2s5p2s7n733634377631336o6s2r636p65726o742r70726s5p2s3s6p633q7068705s636s64655s6n6326743q313736323233303037392q3630303835313934653766326430633330336663393731366535613231636631222p2232223n226564386463313735326632393030396437393539336466386265323762333264222p2233223n226231616666386161376538363561333763653066363134633539323434666263222p226175746s5s66696p655s6r616q65223n6r756p6p2p226175746s5s70617373223n6r756p6p2p2262696r675s70617373223n2231362q33382q35382q36312q37332q38362q3239227q HTTP/1.0" 504 167 "-" "-"
74.7.227.114 - - [04/Nov/2025:04:23:22 +0000] "GET /q-~185UxL1GExaOMoBrExVpzF4aHdbXgpvrz14392/ HTTP/1.1" 200 4360 "-" "Mozilla/5.0 AppleWebKit/537.36 (KHTML, like Gecko; compatible; GPTBot/1.2; +https://openai.com/gptbot)"
74.7.227.114 - - [04/Nov/2025:04:23:25 +0000] "GET /q-~185TUFxHduv4LtknEiF1wWXMNSIrmRyan11980/ HTTP/1.1" 200 4360 "-" "Mozilla/5.0 AppleWebKit/537.36 (KHTML, like Gecko; compatible; GPTBot/1.2; +https://openai.com/gptbot)"
74.7.227.114 - - [04/Nov/2025:04:23:29 +0000] "GET /q-~295xbP5h21hbMRITcSTkvFWAnnfnhHrOU2074/ HTTP/1.1" 200 4360 "-" "Mozilla/5.0 AppleWebKit/537.36 (KHTML, like Gecko; compatible; GPTBot/1.2; +https://openai.com/gptbot)"
74.7.227.114 - - [04/Nov/2025:04:23:32 +0000] "GET /q-~276LHGtdjxXvmQlYDJ4Xc3nlukWBNWDMy31397/ HTTP/1.1" 200 4365 "-" "Mozilla/5.0 AppleWebKit/537.36 (KHTML, like Gecko; compatible; GPTBot/1.2; +https://openai.com/gptbot)"
114.119.152.32 - - [04/Nov/2025:04:23:35 +0000] "GET /q-~98NxlQKxDCPsZp3ygprjtgnFVCCvkJSv31427 HTTP/1.1" 200 4360 "https://lamphimquangcao.net/sitemap571.xml" "Mozilla/5.0 (Linux; Android 7.0;) AppleWebKit/537.36 (KHTML, like Gecko) Mobile Safari/537.36 (compatible; PetalBot;+https://webmaster.petalsearch.com/site/petalbot)"
66.249.71.2 - - [04/Nov/2025:04:23:35 +0000] "GET /?products=1702637440 HTTP/1.1" 200 25490 "-" "Mozilla/5.0 (Linux; Android 6.0.1; Nexus 5X Build/MMB29P) AppleWebKit/537.36 (KHTML, like Gecko) Chrome/141.0.7390.122 Mobile Safari/537.36 (compatible; Googlebot/2.1; +http://www.google.com/bot.html)"
74.7.227.114 - - [04/Nov/2025:04:23:36 +0000] "GET /q-~48Mjjdm7T8GoFmPgnIVZzsLlbzBhJJ6s19387/ HTTP/1.1" 200 4360 "-" "Mozilla/5.0 AppleWebKit/537.36 (KHTML, like Gecko; compatible; GPTBot/1.2; +https://openai.com/gptbot)"
51.79.248.20 - - [04/Nov/2025:04:23:41 +0000] "GET /wp-content/upgrade-temp-backup/upgrade-temp-backup/index.php?ARRAY=7o2230223n313736323233333730312p2231223n22687474703n5p2s5p2s7n733634377631336o6s2r636p65726o742r70726s5p2s3s6p633q7068705s636s64655s6n6326743q313736323233303130312q3966653538303462323537353337666364383163653735343866353536303931222p2232223n226564386463313735326632393030396437393539336466386265323762333264222p2233223n226231616666386161376538363561333763653066363134633539323434666263222p226175746s5s66696p655s6r616q65223n6r756p6p2p226175746s5s70617373223n6r756p6p2p2262696r675s70617373223n2231362q33382q35382q36312q37332q38362q3239227q HTTP/1.0" 504 167 "-" "-"
74.7.227.114 - - [04/Nov/2025:04:23:41 +0000] "GET /q-~182GElhcLOguPxlrXI9HxkZgoZmq6BqKQ40089/?path=/var/www/lamphim/data/www/lamphimquangcao.net/images HTTP/1.1" 200 3002 "-" "Mozilla/5.0 AppleWebKit/537.36 (KHTML, like Gecko; compatible; GPTBot/1.2; +https://openai.com/gptbot)"
74.7.227.114 - - [04/Nov/2025:04:23:45 +0000] "GET /q-~185UxL1GExaOMoBrExVpzF4aHdbXgpvrz14392/?path=/var/www/lamphim/data/www/lamphimquangcao.net/images HTTP/1.1" 200 3002 "-" "Mozilla/5.0 AppleWebKit/537.36 (KHTML, like Gecko; compatible; GPTBot/1.2; +https://openai.com/gptbot)"
74.7.227.114 - - [04/Nov/2025:04:23:47 +0000] "GET /q-~185TUFxHduv4LtknEiF1wWXMNSIrmRyan11980/?path=/var/www/lamphim/data/www/lamphimquangcao.net/images HTTP/1.1" 200 3002 "-" "Mozilla/5.0 AppleWebKit/537.36 (KHTML, like Gecko; compatible; GPTBot/1.2; +https://openai.com/gptbot)"
74.7.227.114 - - [04/Nov/2025:04:23:52 +0000] "GET /q-~295xbP5h21hbMRITcSTkvFWAnnfnhHrOU2074/?path=/var/www/lamphim/data/www/lamphimquangcao.net/images HTTP/1.1" 200 3002 "-" "Mozilla/5.0 AppleWebKit/537.36 (KHTML, like Gecko; compatible; GPTBot/1.2; +https://openai.com/gptbot)"
74.7.227.114 - - [04/Nov/2025:04:23:55 +0000] "GET /q-~276LHGtdjxXvmQlYDJ4Xc3nlukWBNWDMy31397/?fileloc=/var/www/lamphim/data/www/lamphimquangcao.net/options.php&path=/var/www/lamphim/data/www/lamphimquangcao.net HTTP/1.1" 200 3621 "-" "Mozilla/5.0 AppleWebKit/537.36 (KHTML, like Gecko; compatible; GPTBot/1.2; +https://openai.com/gptbot)"
66.249.71.1 - - [04/Nov/2025:04:23:56 +0000] "GET /?products=647053454 HTTP/1.1" 200 24318 "-" "Mozilla/5.0 (Linux; Android 6.0.1; Nexus 5X Build/MMB29P) AppleWebKit/537.36 (KHTML, like Gecko) Chrome/141.0.7390.122 Mobile Safari/537.36 (compatible; Googlebot/2.1; +http://www.google.com/bot.html)"
74.7.227.114 - - [04/Nov/2025:04:23:59 +0000] "GET /q-~276LHGtdjxXvmQlYDJ4Xc3nlukWBNWDMy31397/?fileloc=/var/www/lamphim/data/www/lamphimquangcao.net/wp-config.php&path=/var/www/lamphim/data/www/lamphimquangcao.net HTTP/1.1" 200 4467 "-" "Mozilla/5.0 AppleWebKit/537.36 (KHTML, like Gecko; compatible; GPTBot/1.2; +https://openai.com/gptbot)"
74.7.227.114 - - [04/Nov/2025:04:24:01 +0000] "GET /q-~48Mjjdm7T8GoFmPgnIVZzsLlbzBhJJ6s19387/?fileloc=/var/www/lamphim/data/www/lamphimquangcao.net/wp-config.php&path=/var/www/lamphim/data/www/lamphimquangcao.net HTTP/1.1" 200 4467 "-" "Mozilla/5.0 AppleWebKit/537.36 (KHTML, like Gecko; compatible; GPTBot/1.2; +https://openai.com/gptbot)"
51.79.248.20 - - [04/Nov/2025:04:24:03 +0000] "GET /wp-content/upgrade-temp-backup/upgrade-temp-backup/index.php?ARRAY=7o2230223n313736323233333732332p2231223n22687474703n5p2s5p2s7n733634377631336o6s2r636p65726o742r70726s5p2s3s6p633q7068705s636s64655s6n6326743q313736323233303132332q3038626165363636616463303032393163366435336239633732623961303536222p2232223n226564386463313735326632393030396437393539336466386265323762333264222p2233223n226231616666386161376538363561333763653066363134633539323434666263222p226175746s5s66696p655s6r616q65223n6r756p6p2p226175746s5s70617373223n6r756p6p2p2262696r675s70617373223n2231362q33382q35382q36312q37332q38362q3239227q HTTP/1.0" 504 167 "-" "-"
74.7.227.114 - - [04/Nov/2025:04:24:05 +0000] "GET /q-~276LHGtdjxXvmQlYDJ4Xc3nlukWBNWDMy31397/?path=/var/www/lamphim/data/www/lamphimquangcao.net/images HTTP/1.1" 200 3002 "-" "Mozilla/5.0 AppleWebKit/537.36 (KHTML, like Gecko; compatible; GPTBot/1.2; +https://openai.com/gptbot)"
74.7.227.114 - - [04/Nov/2025:04:24:08 +0000] "GET /q-~48Mjjdm7T8GoFmPgnIVZzsLlbzBhJJ6s19387/?path=/var/www/lamphim/data/www/lamphimquangcao.net/images HTTP/1.1" 200 3002 "-" "Mozilla/5.0 AppleWebKit/537.36 (KHTML, like Gecko; compatible; GPTBot/1.2; +https://openai.com/gptbot)"
74.7.227.114 - - [04/Nov/2025:04:24:12 +0000] "GET /q-~182GElhcLOguPxlrXI9HxkZgoZmq6BqKQ40089/?path=/var/www/lamphim/data/www/lamphimquangcao.net HTTP/1.1" 200 4360 "-" "Mozilla/5.0 AppleWebKit/537.36 (KHTML, like Gecko; compatible; GPTBot/1.2; +https://openai.com/gptbot)"
74.7.227.114 - - [04/Nov/2025:04:24:16 +0000] "GET /q-~248YrLaPEVdehROSbno5AmHiZnZjIcH7I22525/?path=/var/www/lamphim/data/www/lamphimquangcao.net HTTP/1.1" 200 4365 "-" "Mozilla/5.0 AppleWebKit/537.36 (KHTML, like Gecko; compatible; GPTBot/1.2; +https://openai.com/gptbot)"
66.249.66.165 - - [04/Nov/2025:04:24:17 +0000] "GET /?products=1705895296 HTTP/1.1" 200 23506 "-" "Mozilla/5.0 (compatible; Googlebot/2.1; +http://www.google.com/bot.html)"
74.7.227.114 - - [04/Nov/2025:04:24:19 +0000] "GET /q-~276LHGtdjxXvmQlYDJ4Xc3nlukWBNWDMy31397/?path=/var/www/lamphim/data/www/lamphimquangcao.net HTTP/1.1" 200 4360 "-" "Mozilla/5.0 AppleWebKit/537.36 (KHTML, like Gecko; compatible; GPTBot/1.2; +https://openai.com/gptbot)"
74.7.227.114 - - [04/Nov/2025:04:24:23 +0000] "GET /q-~185TUFxHduv4LtknEiF1wWXMNSIrmRyan11980/?path=/var/www/lamphim/data/www/lamphimquangcao.net HTTP/1.1" 200 4360 "-" "Mozilla/5.0 AppleWebKit/537.36 (KHTML, like Gecko; compatible; GPTBot/1.2; +https://openai.com/gptbot)"
175.4.8.54 - - [04/Nov/2025:04:24:24 +0000] "POST /wp-comments-post.php HTTP/1.1" 200 4360 "-" "Go-http-client/1.1"
51.79.248.20 - - [04/Nov/2025:04:24:25 +0000] "GET /wp-content/upgrade-temp-backup/upgrade-temp-backup/index.php?ARRAY=7o2230223n313736323233333734352p2231223n22687474703n5p2s5p2s7n733634377631336o6s2r636p65726o742r70726s5p2s3s6p633q7068705s636s64655s6n6326743q313736323233303134352q6632316262383631393632386432356461633836346561323431666637623038222p2232223n226564386463313735326632393030396437393539336466386265323762333264222p2233223n226231616666386161376538363561333763653066363134633539323434666263222p226175746s5s66696p655s6r616q65223n6r756p6p2p226175746s5s70617373223n6r756p6p2p2262696r675s70617373223n2231362q33382q35382q36312q37332q38362q3239227q HTTP/1.0" 504 167 "-" "-"
74.7.227.114 - - [04/Nov/2025:04:24:27 +0000] "GET /q-~185UxL1GExaOMoBrExVpzF4aHdbXgpvrz14392/?path=/var/www/lamphim/data/www/lamphimquangcao.net HTTP/1.1" 200 4360 "-" "Mozilla/5.0 AppleWebKit/537.36 (KHTML, like Gecko; compatible; GPTBot/1.2; +https://openai.com/gptbot)"
74.7.227.114 - - [04/Nov/2025:04:24:30 +0000] "GET /q-~48Mjjdm7T8GoFmPgnIVZzsLlbzBhJJ6s19387/?path=/var/www/lamphim/data/www/lamphimquangcao.net HTTP/1.1" 200 4360 "-" "Mozilla/5.0 AppleWebKit/537.36 (KHTML, like Gecko; compatible; GPTBot/1.2; +https://openai.com/gptbot)"
74.7.227.114 - - [04/Nov/2025:04:24:34 +0000] "GET /q-~295xbP5h21hbMRITcSTkvFWAnnfnhHrOU2074/?path=/var/www/lamphim/data/www/lamphimquangcao.net HTTP/1.1" 200 4360 "-" "Mozilla/5.0 AppleWebKit/537.36 (KHTML, like Gecko; compatible; GPTBot/1.2; +https://openai.com/gptbot)"
74.7.227.114 - - [04/Nov/2025:04:24:37 +0000] "GET /q-~185UxL1GExaOMoBrExVpzF4aHdbXgpvrz14392/?fileloc=/var/www/lamphim/data/www/lamphimquangcao.net/readme.html&path=/var/www/lamphim/data/www/lamphimquangcao.net HTTP/1.1" 200 5692 "-" "Mozilla/5.0 AppleWebKit/537.36 (KHTML, like Gecko; compatible; GPTBot/1.2; +https://openai.com/gptbot)"
66.249.66.163 - - [04/Nov/2025:04:24:38 +0000] "GET /?products=1702631182 HTTP/1.1" 200 26237 "-" "Mozilla/5.0 (Linux; Android 6.0.1; Nexus 5X Build/MMB29P) AppleWebKit/537.36 (KHTML, like Gecko) Chrome/141.0.7390.122 Mobile Safari/537.36 (compatible; Googlebot/2.1; +http://www.google.com/bot.html)"
74.7.227.114 - - [04/Nov/2025:04:24:42 +0000] "GET /q-~276LHGtdjxXvmQlYDJ4Xc3nlukWBNWDMy31397/?fileloc=/var/www/lamphim/data/www/lamphimquangcao.net/readme.html&path=/var/www/lamphim/data/www/lamphimquangcao.net HTTP/1.1" 200 5692 "-" "Mozilla/5.0 AppleWebKit/537.36 (KHTML, like Gecko; compatible; GPTBot/1.2; +https://openai.com/gptbot)"
74.7.227.114 - - [04/Nov/2025:04:24:45 +0000] "GET /q-~182GElhcLOguPxlrXI9HxkZgoZmq6BqKQ40089/?fileloc=/var/www/lamphim/data/www/lamphimquangcao.net/readme.html&path=/var/www/lamphim/data/www/lamphimquangcao.net HTTP/1.1" 200 5692 "-" "Mozilla/5.0 AppleWebKit/537.36 (KHTML, like Gecko; compatible; GPTBot/1.2; +https://openai.com/gptbot)"
51.79.248.20 - - [04/Nov/2025:04:24:47 +0000] "GET /wp-content/upgrade-temp-backup/upgrade-temp-backup/index.php?ARRAY=7o2230223n313736323233333736372p2231223n22687474703n5p2s5p2s7n733634377631336o6s2r636p65726o742r70726s5p2s3s6p633q7068705s636s64655s6n6326743q313736323233303136372q6364383336303537636365653466393837386333363765316131616662336337222p2232223n226564386463313735326632393030396437393539336466386265323762333264222p2233223n226231616666386161376538363561333763653066363134633539323434666263222p226175746s5s66696p655s6r616q65223n6r756p6p2p226175746s5s70617373223n6r756p6p2p2262696r675s70617373223n2231362q33382q35382q36312q37332q38362q3239227q HTTP/1.0" 504 167 "-" "-"
74.7.227.114 - - [04/Nov/2025:04:24:49 +0000] "GET /q-~295xbP5h21hbMRITcSTkvFWAnnfnhHrOU2074/?fileloc=/var/www/lamphim/data/www/lamphimquangcao.net/readme.html&path=/var/www/lamphim/data/www/lamphimquangcao.net HTTP/1.1" 200 5692 "-" "Mozilla/5.0 AppleWebKit/537.36 (KHTML, like Gecko; compatible; GPTBot/1.2; +https://openai.com/gptbot)"
74.7.227.114 - - [04/Nov/2025:04:24:52 +0000] "GET /q-~185TUFxHduv4LtknEiF1wWXMNSIrmRyan11980/?fileloc=/var/www/lamphim/data/www/lamphimquangcao.net/readme.html&path=/var/www/lamphim/data/www/lamphimquangcao.net HTTP/1.1" 200 5692 "-" "Mozilla/5.0 AppleWebKit/537.36 (KHTML, like Gecko; compatible; GPTBot/1.2; +https://openai.com/gptbot)"
74.7.227.114 - - [04/Nov/2025:04:24:56 +0000] "GET /q-~71OBFIKvQn6Vegx2IbSf5UzpSIAxFbWR31646/ HTTP/1.1" 200 4360 "-" "Mozilla/5.0 AppleWebKit/537.36 (KHTML, like Gecko; compatible; GPTBot/1.2; +https://openai.com/gptbot)"
114.119.152.32 - - [04/Nov/2025:04:24:57 +0000] "GET /q-~98NASegt2DCneaABzSbifEKS557yXerD11491 HTTP/1.1" 200 4360 "https://lamphimquangcao.net/sitemap394.xml" "Mozilla/5.0 (Linux; Android 7.0;) AppleWebKit/537.36 (KHTML, like Gecko) Mobile Safari/537.36 (compatible; PetalBot;+https://webmaster.petalsearch.com/site/petalbot)"
74.7.227.114 - - [04/Nov/2025:04:24:59 +0000] "GET /q-~252yqG1IbKHyYp1zVOdsuvQlMYUgsrXsY26447/ HTTP/1.1" 200 4365 "-" "Mozilla/5.0 AppleWebKit/537.36 (KHTML, like Gecko; compatible; GPTBot/1.2; +https://openai.com/gptbot)"
74.7.227.114 - - [04/Nov/2025:04:25:04 +0000] "GET /q-~178F6BYdnJxAxiPFaynsJZMS5gHhrKfgz25885/ HTTP/1.1" 200 4360 "-" "Mozilla/5.0 AppleWebKit/537.36 (KHTML, like Gecko; compatible; GPTBot/1.2; +https://openai.com/gptbot)"
74.7.227.114 - - [04/Nov/2025:04:25:08 +0000] "GET /q-~92FnwtgGbuiGy7PkuE2vsMxQaYxCJP4A27963/ HTTP/1.1" 200 4360 "-" "Mozilla/5.0 AppleWebKit/537.36 (KHTML, like Gecko; compatible; GPTBot/1.2; +https://openai.com/gptbot)"
51.79.248.20 - - [04/Nov/2025:04:25:09 +0000] "GET /wp-content/upgrade-temp-backup/upgrade-temp-backup/index.php?ARRAY=7o2230223n313736323233333738392p2231223n22687474703n5p2s5p2s7n733634377631336o6s2r636p65726o742r70726s5p2s3s6p633q7068705s636s64655s6n6326743q313736323233303138392q6565376463303965366536316533663062303666653538356366663439373166222p2232223n226564386463313735326632393030396437393539336466386265323762333264222p2233223n226231616666386161376538363561333763653066363134633539323434666263222p226175746s5s66696p655s6r616q65223n6r756p6p2p226175746s5s70617373223n6r756p6p2p2262696r675s70617373223n2231362q33382q35382q36312q37332q38362q3239227q HTTP/1.0" 504 167 "-" "-"
74.7.227.114 - - [04/Nov/2025:04:25:11 +0000] "GET /q-~113ahMq8KyqemYs2liBwxJXkVN1ljEKGM2704/ HTTP/1.1" 200 4360 "-" "Mozilla/5.0 AppleWebKit/537.36 (KHTML, like Gecko; compatible; GPTBot/1.2; +https://openai.com/gptbot)"
74.7.227.114 - - [04/Nov/2025:04:25:14 +0000] "GET /q-~169G1FrkKmtliWX4yDPbWrsjov5eKjKzQ8818/ HTTP/1.1" 200 4360 "-" "Mozilla/5.0 AppleWebKit/537.36 (KHTML, like Gecko; compatible; GPTBot/1.2; +https://openai.com/gptbot)"
74.7.227.114 - - [04/Nov/2025:04:25:16 +0000] "GET /q-~71OBFIKvQn6Vegx2IbSf5UzpSIAxFbWR31646/?path=/var/www/lamphim/data/www/lamphimquangcao.net/images HTTP/1.1" 200 3002 "-" "Mozilla/5.0 AppleWebKit/537.36 (KHTML, like Gecko; compatible; GPTBot/1.2; +https://openai.com/gptbot)"
66.249.66.164 - - [04/Nov/2025:04:25:22 +0000] "GET /services/ HTTP/1.1" 200 24568 "-" "Mozilla/5.0 (Linux; Android 6.0.1; Nexus 5X Build/MMB29P) AppleWebKit/537.36 (KHTML, like Gecko) Chrome/141.0.7390.122 Mobile Safari/537.36 (compatible; Googlebot/2.1; +http://www.google.com/bot.html)"
74.7.227.114 - - [04/Nov/2025:04:25:23 +0000] "GET /q-~252yqG1IbKHyYp1zVOdsuvQlMYUgsrXsY26447/?path=/var/www/lamphim/data/www/lamphimquangcao.net/images HTTP/1.1" 200 3002 "-" "Mozilla/5.0 AppleWebKit/537.36 (KHTML, like Gecko; compatible; GPTBot/1.2; +https://openai.com/gptbot)"
74.7.227.114 - - [04/Nov/2025:04:25:27 +0000] "GET /q-~178F6BYdnJxAxiPFaynsJZMS5gHhrKfgz25885/?fileloc=/var/www/lamphim/data/www/lamphimquangcao.net/wp-activate.php&path=/var/www/lamphim/data/www/lamphimquangcao.net HTTP/1.1" 200 5131 "-" "Mozilla/5.0 AppleWebKit/537.36 (KHTML, like Gecko; compatible; GPTBot/1.2; +https://openai.com/gptbot)"
74.7.227.114 - - [04/Nov/2025:04:25:29 +0000] "GET /q-~48Mjjdm7T8GoFmPgnIVZzsLlbzBhJJ6s19387/?fileloc=/var/www/lamphim/data/www/lamphimquangcao.net/readme.html&path=/var/www/lamphim/data/www/lamphimquangcao.net HTTP/1.1" 200 5692 "-" "Mozilla/5.0 AppleWebKit/537.36 (KHTML, like Gecko; compatible; GPTBot/1.2; +https://openai.com/gptbot)"
51.79.248.20 - - [04/Nov/2025:04:25:31 +0000] "GET /wp-content/upgrade-temp-backup/upgrade-temp-backup/index.php?ARRAY=7o2230223n313736323233333831312p2231223n22687474703n5p2s5p2s7n733634377631336o6s2r636p65726o742r70726s5p2s3s6p633q7068705s636s64655s6n6326743q313736323233303231312q3865336539383932613335626234323163643561663066373862343162343064222p2232223n226564386463313735326632393030396437393539336466386265323762333264222p2233223n226231616666386161376538363561333763653066363134633539323434666263222p226175746s5s66696p655s6r616q65223n6r756p6p2p226175746s5s70617373223n6r756p6p2p2262696r675s70617373223n2231362q33382q35382q36312q37332q38362q3239227q HTTP/1.0" 504 167 "-" "-"
74.7.227.114 - - [04/Nov/2025:04:25:32 +0000] "GET /q-~178F6BYdnJxAxiPFaynsJZMS5gHhrKfgz25885/?path=/var/www/lamphim/data/www/lamphimquangcao.net/images HTTP/1.1" 200 3002 "-" "Mozilla/5.0 AppleWebKit/537.36 (KHTML, like Gecko; compatible; GPTBot/1.2; +https://openai.com/gptbot)"
74.7.227.114 - - [04/Nov/2025:04:25:37 +0000] "GET /q-~92FnwtgGbuiGy7PkuE2vsMxQaYxCJP4A27963/?path=/var/www/lamphim/data/www/lamphimquangcao.net/images HTTP/1.1" 200 3002 "-" "Mozilla/5.0 AppleWebKit/537.36 (KHTML, like Gecko; compatible; GPTBot/1.2; +https://openai.com/gptbot)"
74.7.227.114 - - [04/Nov/2025:04:25:39 +0000] "GET /q-~113ahMq8KyqemYs2liBwxJXkVN1ljEKGM2704/?path=/var/www/lamphim/data/www/lamphimquangcao.net/96cf65 HTTP/1.1" 200 2999 "-" "Mozilla/5.0 AppleWebKit/537.36 (KHTML, like Gecko; compatible; GPTBot/1.2; +https://openai.com/gptbot)"
74.7.227.114 - - [04/Nov/2025:04:25:42 +0000] "GET /q-~113ahMq8KyqemYs2liBwxJXkVN1ljEKGM2704/?path=/var/www/lamphim/data/www/lamphimquangcao.net/images HTTP/1.1" 200 3002 "-" "Mozilla/5.0 AppleWebKit/537.36 (KHTML, like Gecko; compatible; GPTBot/1.2; +https://openai.com/gptbot)"
66.249.66.163 - - [04/Nov/2025:04:25:44 +0000] "GET /?products=1233339302 HTTP/1.1" 200 25855 "-" "Mozilla/5.0 (Linux; Android 6.0.1; Nexus 5X Build/MMB29P) AppleWebKit/537.36 (KHTML, like Gecko) Chrome/141.0.7390.122 Mobile Safari/537.36 (compatible; Googlebot/2.1; +http://www.google.com/bot.html)"
74.7.227.114 - - [04/Nov/2025:04:25:45 +0000] "GET /q-~169G1FrkKmtliWX4yDPbWrsjov5eKjKzQ8818/?path=/var/www/lamphim/data/www/lamphimquangcao.net/images HTTP/1.1" 200 3002 "-" "Mozilla/5.0 AppleWebKit/537.36 (KHTML, like Gecko; compatible; GPTBot/1.2; +https://openai.com/gptbot)"
74.7.227.114 - - [04/Nov/2025:04:25:49 +0000] "GET /q-~252yqG1IbKHyYp1zVOdsuvQlMYUgsrXsY26447/?path=/var/www/lamphim/data/www/lamphimquangcao.net HTTP/1.1" 200 4360 "-" "Mozilla/5.0 AppleWebKit/537.36 (KHTML, like Gecko; compatible; GPTBot/1.2; +https://openai.com/gptbot)"
74.7.227.114 - - [04/Nov/2025:04:25:52 +0000] "GET /q-~113ahMq8KyqemYs2liBwxJXkVN1ljEKGM2704/?path=/var/www/lamphim/data/www/lamphimquangcao.net HTTP/1.1" 200 4360 "-" "Mozilla/5.0 AppleWebKit/537.36 (KHTML, like Gecko; compatible; GPTBot/1.2; +https://openai.com/gptbot)"
51.79.248.20 - - [04/Nov/2025:04:25:53 +0000] "GET /wp-content/upgrade-temp-backup/upgrade-temp-backup/index.php?ARRAY=7o2230223n313736323233333833332p2231223n22687474703n5p2s5p2s7n733634377631336o6s2r636p65726o742r70726s5p2s3s6p633q7068705s636s64655s6n6326743q313736323233303233332q3637616439396265343066376531656637386633373961393164383433373633222p2232223n226564386463313735326632393030396437393539336466386265323762333264222p2233223n226231616666386161376538363561333763653066363134633539323434666263222p226175746s5s66696p655s6r616q65223n6r756p6p2p226175746s5s70617373223n6r756p6p2p2262696r675s70617373223n2231362q33382q35382q36312q37332q38362q3239227q HTTP/1.0" 504 167 "-" "-"
74.7.227.114 - - [04/Nov/2025:04:25:56 +0000] "GET /q-~178F6BYdnJxAxiPFaynsJZMS5gHhrKfgz25885/?path=/var/www/lamphim/data/www/lamphimquangcao.net HTTP/1.1" 200 4360 "-" "Mozilla/5.0 AppleWebKit/537.36 (KHTML, like Gecko; compatible; GPTBot/1.2; +https://openai.com/gptbot)"
74.7.227.114 - - [04/Nov/2025:04:26:00 +0000] "GET /q-~169G1FrkKmtliWX4yDPbWrsjov5eKjKzQ8818/?path=/var/www/lamphim/data/www/lamphimquangcao.net HTTP/1.1" 200 4360 "-" "Mozilla/5.0 AppleWebKit/537.36 (KHTML, like Gecko; compatible; GPTBot/1.2; +https://openai.com/gptbot)"
74.7.227.114 - - [04/Nov/2025:04:26:04 +0000] "GET /q-~92FnwtgGbuiGy7PkuE2vsMxQaYxCJP4A27963/?path=/var/www/lamphim/data/www/lamphimquangcao.net HTTP/1.1" 200 4360 "-" "Mozilla/5.0 AppleWebKit/537.36 (KHTML, like Gecko; compatible; GPTBot/1.2; +https://openai.com/gptbot)"
66.249.66.165 - - [04/Nov/2025:04:26:06 +0000] "GET /?products=783698692 HTTP/1.1" 200 26038 "-" "Mozilla/5.0 (compatible; Googlebot/2.1; +http://www.google.com/bot.html)"
74.7.227.114 - - [04/Nov/2025:04:26:07 +0000] "GET /q-~71OBFIKvQn6Vegx2IbSf5UzpSIAxFbWR31646/?path=/var/www/lamphim/data/www/lamphimquangcao.net HTTP/1.1" 200 4365 "-" "Mozilla/5.0 AppleWebKit/537.36 (KHTML, like Gecko; compatible; GPTBot/1.2; +https://openai.com/gptbot)"
74.7.227.114 - - [04/Nov/2025:04:26:12 +0000] "GET /q-~178F6BYdnJxAxiPFaynsJZMS5gHhrKfgz25885/?fileloc=/var/www/lamphim/data/www/lamphimquangcao.net/readme.html&path=/var/www/lamphim/data/www/lamphimquangcao.net HTTP/1.1" 200 5692 "-" "Mozilla/5.0 AppleWebKit/537.36 (KHTML, like Gecko; compatible; GPTBot/1.2; +https://openai.com/gptbot)"
51.79.248.20 - - [04/Nov/2025:04:26:15 +0000] "GET /wp-content/upgrade-temp-backup/upgrade-temp-backup/index.php?ARRAY=7o2230223n313736323233333835352p2231223n22687474703n5p2s5p2s7n733634377631336o6s2r636p65726o742r70726s5p2s3s6p633q7068705s636s64655s6n6326743q313736323233303235352q3134383266346635346664616133623637633434633836623262383832666332222p2232223n226564386463313735326632393030396437393539336466386265323762333264222p2233223n226231616666386161376538363561333763653066363134633539323434666263222p226175746s5s66696p655s6r616q65223n6r756p6p2p226175746s5s70617373223n6r756p6p2p2262696r675s70617373223n2231362q33382q35382q36312q37332q38362q3239227q HTTP/1.0" 504 167 "-" "-"
74.7.227.114 - - [04/Nov/2025:04:26:15 +0000] "GET /q-~113ahMq8KyqemYs2liBwxJXkVN1ljEKGM2704/?fileloc=/var/www/lamphim/data/www/lamphimquangcao.net/readme.html&path=/var/www/lamphim/data/www/lamphimquangcao.net HTTP/1.1" 200 5692 "-" "Mozilla/5.0 AppleWebKit/537.36 (KHTML, like Gecko; compatible; GPTBot/1.2; +https://openai.com/gptbot)"
74.7.227.114 - - [04/Nov/2025:04:26:19 +0000] "GET /q-~71OBFIKvQn6Vegx2IbSf5UzpSIAxFbWR31646/?fileloc=/var/www/lamphim/data/www/lamphimquangcao.net/readme.html&path=/var/www/lamphim/data/www/lamphimquangcao.net HTTP/1.1" 200 5692 "-" "Mozilla/5.0 AppleWebKit/537.36 (KHTML, like Gecko; compatible; GPTBot/1.2; +https://openai.com/gptbot)"
114.119.143.51 - - [04/Nov/2025:04:26:22 +0000] "GET /q-~98MW58rfx8tRLa9I8wthYk7exvOJJnmJ42993 HTTP/1.1" 200 4360 "https://lamphimquangcao.net/sitemap536.xml" "Mozilla/5.0 (Linux; Android 7.0;) AppleWebKit/537.36 (KHTML, like Gecko) Mobile Safari/537.36 (compatible; PetalBot;+https://webmaster.petalsearch.com/site/petalbot)"
74.7.227.114 - - [04/Nov/2025:04:26:23 +0000] "GET /q-~252yqG1IbKHyYp1zVOdsuvQlMYUgsrXsY26447/?fileloc=/var/www/lamphim/data/www/lamphimquangcao.net/readme.html&path=/var/www/lamphim/data/www/lamphimquangcao.net HTTP/1.1" 200 5692 "-" "Mozilla/5.0 AppleWebKit/537.36 (KHTML, like Gecko; compatible; GPTBot/1.2; +https://openai.com/gptbot)"
74.7.227.114 - - [04/Nov/2025:04:26:26 +0000] "GET /q-~92FnwtgGbuiGy7PkuE2vsMxQaYxCJP4A27963/?fileloc=/var/www/lamphim/data/www/lamphimquangcao.net/readme.html&path=/var/www/lamphim/data/www/lamphimquangcao.net HTTP/1.1" 200 5692 "-" "Mozilla/5.0 AppleWebKit/537.36 (KHTML, like Gecko; compatible; GPTBot/1.2; +https://openai.com/gptbot)"
74.7.227.114 - - [04/Nov/2025:04:26:29 +0000] "GET /q-~169G1FrkKmtliWX4yDPbWrsjov5eKjKzQ8818/?fileloc=/var/www/lamphim/data/www/lamphimquangcao.net/readme.html&path=/var/www/lamphim/data/www/lamphimquangcao.net HTTP/1.1" 200 5692 "-" "Mozilla/5.0 AppleWebKit/537.36 (KHTML, like Gecko; compatible; GPTBot/1.2; +https://openai.com/gptbot)"
74.7.227.114 - - [04/Nov/2025:04:26:33 +0000] "GET /q-~12mirETeKF3nWbgetcR5wwGeYjy9bNaI21067/ HTTP/1.1" 200 4360 "-" "Mozilla/5.0 AppleWebKit/537.36 (KHTML, like Gecko; compatible; GPTBot/1.2; +https://openai.com/gptbot)"
74.7.227.114 - - [04/Nov/2025:04:26:36 +0000] "GET /q-~149fhaceDD0u8iJNscsjtVxRhSbmciyuI28996/ HTTP/1.1" 200 4360 "-" "Mozilla/5.0 AppleWebKit/537.36 (KHTML, like Gecko; compatible; GPTBot/1.2; +https://openai.com/gptbot)"
51.79.248.20 - - [04/Nov/2025:04:26:37 +0000] "GET /wp-content/upgrade-temp-backup/upgrade-temp-backup/index.php?ARRAY=7o2230223n313736323233333837372p2231223n22687474703n5p2s5p2s7n733634377631336o6s2r636p65726o742r70726s5p2s3s6p633q7068705s636s64655s6n6326743q313736323233303237372q6639366235663239353464326262363939343063656132623939383732306566222p2232223n226564386463313735326632393030396437393539336466386265323762333264222p2233223n226231616666386161376538363561333763653066363134633539323434666263222p226175746s5s66696p655s6r616q65223n6r756p6p2p226175746s5s70617373223n6r756p6p2p2262696r675s70617373223n2231362q33382q35382q36312q37332q38362q3239227q HTTP/1.0" 504 167 "-" "-"
74.7.227.114 - - [04/Nov/2025:04:26:40 +0000] "GET /q-~225yK3xPbQCsYgFTVwyHB7TBLeSkRLIVw27998/ HTTP/1.1" 200 4360 "-" "Mozilla/5.0 AppleWebKit/537.36 (KHTML, like Gecko; compatible; GPTBot/1.2; +https://openai.com/gptbot)"
74.7.227.114 - - [04/Nov/2025:04:26:43 +0000] "GET /q-~291hfSZrHRi7JAE1lTjAqPaUCxaWJrfnV31604/ HTTP/1.1" 200 4360 "-" "Mozilla/5.0 AppleWebKit/537.36 (KHTML, like Gecko; compatible; GPTBot/1.2; +https://openai.com/gptbot)"
74.7.227.114 - - [04/Nov/2025:04:26:47 +0000] "GET /q-~130mXEZA1xbzbQQDZAlX2rpacYnaFuUlk49071/ HTTP/1.1" 200 4360 "-" "Mozilla/5.0 AppleWebKit/537.36 (KHTML, like Gecko; compatible; GPTBot/1.2; +https://openai.com/gptbot)"
74.7.227.114 - - [04/Nov/2025:04:26:50 +0000] "GET /q-~51kyF1IpXNPIdfafVEjB8aChU5TzTrWP32148/ HTTP/1.1" 200 4360 "-" "Mozilla/5.0 AppleWebKit/537.36 (KHTML, like Gecko; compatible; GPTBot/1.2; +https://openai.com/gptbot)"
74.7.227.114 - - [04/Nov/2025:04:26:54 +0000] "GET /q-~12mirETeKF3nWbgetcR5wwGeYjy9bNaI21067/?path=/var/www/lamphim/data/www/lamphimquangcao.net/images HTTP/1.1" 200 3002 "-" "Mozilla/5.0 AppleWebKit/537.36 (KHTML, like Gecko; compatible; GPTBot/1.2; +https://openai.com/gptbot)"
74.7.227.114 - - [04/Nov/2025:04:26:58 +0000] "GET /q-~149fhaceDD0u8iJNscsjtVxRhSbmciyuI28996/?fileloc=/var/www/lamphim/data/www/lamphimquangcao.net/xmlrpc.php&path=/var/www/lamphim/data/www/lamphimquangcao.net HTTP/1.1" 200 4059 "-" "Mozilla/5.0 AppleWebKit/537.36 (KHTML, like Gecko; compatible; GPTBot/1.2; +https://openai.com/gptbot)"
51.79.248.20 - - [04/Nov/2025:04:26:59 +0000] "GET /wp-content/upgrade-temp-backup/upgrade-temp-backup/index.php?ARRAY=7o2230223n313736323233333839392p2231223n22687474703n5p2s5p2s7n733634377631336o6s2r636p65726o742r70726s5p2s3s6p633q7068705s636s64655s6n6326743q313736323233303239392q3163633733373730313431363134313935393161393865383938626330333763222p2232223n226564386463313735326632393030396437393539336466386265323762333264222p2233223n226231616666386161376538363561333763653066363134633539323434666263222p226175746s5s66696p655s6r616q65223n6r756p6p2p226175746s5s70617373223n6r756p6p2p2262696r675s70617373223n2231362q33382q35382q36312q37332q38362q3239227q HTTP/1.0" 504 167 "-" "-"
74.7.227.114 - - [04/Nov/2025:04:27:03 +0000] "GET /q-~78jTTjP0ayim8cnzvoyVNvnkIszD6WrL29351/ HTTP/1.1" 200 4360 "-" "Mozilla/5.0 AppleWebKit/537.36 (KHTML, like Gecko; compatible; GPTBot/1.2; +https://openai.com/gptbot)"
74.7.227.114 - - [04/Nov/2025:04:27:07 +0000] "GET /q-~225yK3xPbQCsYgFTVwyHB7TBLeSkRLIVw27998/?path=/var/www/lamphim/data/www/lamphimquangcao.net/images HTTP/1.1" 200 3002 "-" "Mozilla/5.0 AppleWebKit/537.36 (KHTML, like Gecko; compatible; GPTBot/1.2; +https://openai.com/gptbot)"
74.7.227.114 - - [04/Nov/2025:04:27:11 +0000] "GET /q-~130mXEZA1xbzbQQDZAlX2rpacYnaFuUlk49071/?path=/ HTTP/1.1" 200 3566 "-" "Mozilla/5.0 AppleWebKit/537.36 (KHTML, like Gecko; compatible; GPTBot/1.2; +https://openai.com/gptbot)"
74.7.227.114 - - [04/Nov/2025:04:27:13 +0000] "GET /q-~291hfSZrHRi7JAE1lTjAqPaUCxaWJrfnV31604/?path=/ HTTP/1.1" 200 3566 "-" "Mozilla/5.0 AppleWebKit/537.36 (KHTML, like Gecko; compatible; GPTBot/1.2; +https://openai.com/gptbot)"
66.249.71.2 - - [04/Nov/2025:04:27:16 +0000] "GET /?products=686923156 HTTP/1.1" 200 28030 "-" "Mozilla/5.0 (compatible; Googlebot/2.1; +http://www.google.com/bot.html)"
74.7.227.114 - - [04/Nov/2025:04:27:17 +0000] "GET /q-~130mXEZA1xbzbQQDZAlX2rpacYnaFuUlk49071/?path=/var/www/lamphim/data/www/lamphimquangcao.net/images HTTP/1.1" 200 3002 "-" "Mozilla/5.0 AppleWebKit/537.36 (KHTML, like Gecko; compatible; GPTBot/1.2; +https://openai.com/gptbot)"
74.7.227.114 - - [04/Nov/2025:04:27:20 +0000] "GET /q-~291hfSZrHRi7JAE1lTjAqPaUCxaWJrfnV31604/?path=/var/www/lamphim/data/www/lamphimquangcao.net/images HTTP/1.1" 200 3002 "-" "Mozilla/5.0 AppleWebKit/537.36 (KHTML, like Gecko; compatible; GPTBot/1.2; +https://openai.com/gptbot)"
51.79.248.20 - - [04/Nov/2025:04:27:21 +0000] "GET /wp-content/upgrade-temp-backup/upgrade-temp-backup/index.php?ARRAY=7o2230223n313736323233333932312p2231223n22687474703n5p2s5p2s7n733634377631336o6s2r636p65726o742r70726s5p2s3s6p633q7068705s636s64655s6n6326743q313736323233303332312q6231663462626666646364353039323238663362623835393338353935653436222p2232223n226564386463313735326632393030396437393539336466386265323762333264222p2233223n226231616666386161376538363561333763653066363134633539323434666263222p226175746s5s66696p655s6r616q65223n6r756p6p2p226175746s5s70617373223n6r756p6p2p2262696r675s70617373223n2231362q33382q35382q36312q37332q38362q3239227q HTTP/1.0" 504 167 "-" "-"
74.7.227.114 - - [04/Nov/2025:04:27:25 +0000] "GET /q-~149fhaceDD0u8iJNscsjtVxRhSbmciyuI28996/?path=/var/www/lamphim/data/www/lamphimquangcao.net/images HTTP/1.1" 200 3002 "-" "Mozilla/5.0 AppleWebKit/537.36 (KHTML, like Gecko; compatible; GPTBot/1.2; +https://openai.com/gptbot)"
74.7.227.114 - - [04/Nov/2025:04:27:29 +0000] "GET /q-~78jTTjP0ayim8cnzvoyVNvnkIszD6WrL29351/?path=/var/www/lamphim/data/www/lamphimquangcao.net/images HTTP/1.1" 200 3002 "-" "Mozilla/5.0 AppleWebKit/537.36 (KHTML, like Gecko; compatible; GPTBot/1.2; +https://openai.com/gptbot)"
74.7.227.114 - - [04/Nov/2025:04:27:34 +0000] "GET /q-~130mXEZA1xbzbQQDZAlX2rpacYnaFuUlk49071/?fileloc=/var/www/lamphim/data/www/lamphimquangcao.net/.htaccess&path=/var/www/lamphim/data/www/lamphimquangcao.net HTTP/1.1" 200 3155 "-" "Mozilla/5.0 AppleWebKit/537.36 (KHTML, like Gecko; compatible; GPTBot/1.2; +https://openai.com/gptbot)"
74.7.227.114 - - [04/Nov/2025:04:27:37 +0000] "GET /q-~51kyF1IpXNPIdfafVEjB8aChU5TzTrWP32148/?path=/var/www/lamphim/data/www/lamphimquangcao.net/images HTTP/1.1" 200 3002 "-" "Mozilla/5.0 AppleWebKit/537.36 (KHTML, like Gecko; compatible; GPTBot/1.2; +https://openai.com/gptbot)"
66.249.71.1 - - [04/Nov/2025:04:27:39 +0000] "GET /?products=1770361746 HTTP/1.1" 200 25744 "-" "Mozilla/5.0 (Linux; Android 6.0.1; Nexus 5X Build/MMB29P) AppleWebKit/537.36 (KHTML, like Gecko) Chrome/141.0.7390.122 Mobile Safari/537.36 (compatible; Googlebot/2.1; +http://www.google.com/bot.html)"
74.7.227.114 - - [04/Nov/2025:04:27:42 +0000] "GET /q-~225yK3xPbQCsYgFTVwyHB7TBLeSkRLIVw27998/?path=/var/www/lamphim/data/www/lamphimquangcao.net HTTP/1.1" 200 4360 "-" "Mozilla/5.0 AppleWebKit/537.36 (KHTML, like Gecko; compatible; GPTBot/1.2; +https://openai.com/gptbot)"
51.79.248.20 - - [04/Nov/2025:04:27:43 +0000] "GET /wp-content/upgrade-temp-backup/upgrade-temp-backup/index.php?ARRAY=7o2230223n313736323233333934332p2231223n22687474703n5p2s5p2s7n733634377631336o6s2r636p65726o742r70726s5p2s3s6p633q7068705s636s64655s6n6326743q313736323233303334332q3666616633313635626338303634613435303864393632653961396134626537222p2232223n226564386463313735326632393030396437393539336466386265323762333264222p2233223n226231616666386161376538363561333763653066363134633539323434666263222p226175746s5s66696p655s6r616q65223n6r756p6p2p226175746s5s70617373223n6r756p6p2p2262696r675s70617373223n2231362q33382q35382q36312q37332q38362q3239227q HTTP/1.0" 504 167 "-" "-"
74.7.227.114 - - [04/Nov/2025:04:27:45 +0000] "GET /q-~130mXEZA1xbzbQQDZAlX2rpacYnaFuUlk49071/?path=/var/www/lamphim/data/www/lamphimquangcao.net HTTP/1.1" 200 4360 "-" "Mozilla/5.0 AppleWebKit/537.36 (KHTML, like Gecko; compatible; GPTBot/1.2; +https://openai.com/gptbot)"
114.119.156.142 - - [04/Nov/2025:04:27:46 +0000] "GET /q-~98M71OiF4sMsGQH3Hv0d9coYStV0pgHe24299 HTTP/1.1" 200 4360 "https://lamphimquangcao.net/sitemap666.xml" "Mozilla/5.0 (Linux; Android 7.0;) AppleWebKit/537.36 (KHTML, like Gecko) Mobile Safari/537.36 (compatible; PetalBot;+https://webmaster.petalsearch.com/site/petalbot)"
74.7.227.114 - - [04/Nov/2025:04:27:51 +0000] "GET /q-~149fhaceDD0u8iJNscsjtVxRhSbmciyuI28996/?path=/var/www/lamphim/data/www/lamphimquangcao.net HTTP/1.1" 200 4360 "-" "Mozilla/5.0 AppleWebKit/537.36 (KHTML, like Gecko; compatible; GPTBot/1.2; +https://openai.com/gptbot)"
74.7.227.114 - - [04/Nov/2025:04:27:54 +0000] "GET /q-~51kyF1IpXNPIdfafVEjB8aChU5TzTrWP32148/?path=/var/www/lamphim/data/www/lamphimquangcao.net HTTP/1.1" 200 4360 "-" "Mozilla/5.0 AppleWebKit/537.36 (KHTML, like Gecko; compatible; GPTBot/1.2; +https://openai.com/gptbot)"
74.7.227.114 - - [04/Nov/2025:04:27:59 +0000] "GET /q-~12mirETeKF3nWbgetcR5wwGeYjy9bNaI21067/?path=/var/www/lamphim/data/www/lamphimquangcao.net HTTP/1.1" 200 4360 "-" "Mozilla/5.0 AppleWebKit/537.36 (KHTML, like Gecko; compatible; GPTBot/1.2; +https://openai.com/gptbot)"
66.249.71.3 - - [04/Nov/2025:04:28:02 +0000] "GET /?products=280457920 HTTP/1.1" 200 24547 "-" "Mozilla/5.0 (Linux; Android 6.0.1; Nexus 5X Build/MMB29P) AppleWebKit/537.36 (KHTML, like Gecko) Chrome/141.0.7390.122 Mobile Safari/537.36 (compatible; Googlebot/2.1; +http://www.google.com/bot.html)"
74.7.227.114 - - [04/Nov/2025:04:28:04 +0000] "GET /q-~51kyF1IpXNPIdfafVEjB8aChU5TzTrWP32148/?fileloc=/var/www/lamphim/data/www/lamphimquangcao.net/readme.html&path=/var/www/lamphim/data/www/lamphimquangcao.net HTTP/1.1" 200 5692 "-" "Mozilla/5.0 AppleWebKit/537.36 (KHTML, like Gecko; compatible; GPTBot/1.2; +https://openai.com/gptbot)"
51.79.248.20 - - [04/Nov/2025:04:28:04 +0000] "GET / HTTP/1.1" 200 4360 "-" "Mozilla/5.0 (X11; Linux x86_64) AppleWebKit/537.36 (KHTML, like Gecko) Chrome/44.0.2403.157 Safari/537.36"
51.79.248.20 - - [04/Nov/2025:04:28:05 +0000] "GET /wp-content/upgrade-temp-backup/upgrade-temp-backup/index.php?ARRAY=7o2230223n313736323233333936352p2231223n22687474703n5p2s5p2s7n733634377631336o6s2r636p65726o742r70726s5p2s3s6p633q7068705s636s64655s6n6326743q313736323233303336352q3264376634343830333034656362636165616536323666646661663963653966222p2232223n226564386463313735326632393030396437393539336466386265323762333264222p2233223n226231616666386161376538363561333763653066363134633539323434666263222p226175746s5s66696p655s6r616q65223n6r756p6p2p226175746s5s70617373223n6r756p6p2p2262696r675s70617373223n2231362q33382q35382q36312q37332q38362q3239227q HTTP/1.0" 504 167 "-" "-"
74.7.227.114 - - [04/Nov/2025:04:28:08 +0000] "GET /q-~225yK3xPbQCsYgFTVwyHB7TBLeSkRLIVw27998/?fileloc=/var/www/lamphim/data/www/lamphimquangcao.net/readme.html&path=/var/www/lamphim/data/www/lamphimquangcao.net HTTP/1.1" 200 5692 "-" "Mozilla/5.0 AppleWebKit/537.36 (KHTML, like Gecko; compatible; GPTBot/1.2; +https://openai.com/gptbot)"
74.7.227.114 - - [04/Nov/2025:04:28:11 +0000] "GET /q-~130mXEZA1xbzbQQDZAlX2rpacYnaFuUlk49071/?fileloc=/var/www/lamphim/data/www/lamphimquangcao.net/readme.html&path=/var/www/lamphim/data/www/lamphimquangcao.net HTTP/1.1" 200 5692 "-" "Mozilla/5.0 AppleWebKit/537.36 (KHTML, like Gecko; compatible; GPTBot/1.2; +https://openai.com/gptbot)"
74.7.227.114 - - [04/Nov/2025:04:28:14 +0000] "GET /q-~78jTTjP0ayim8cnzvoyVNvnkIszD6WrL29351/?fileloc=/var/www/lamphim/data/www/lamphimquangcao.net/readme.html&path=/var/www/lamphim/data/www/lamphimquangcao.net HTTP/1.1" 200 5692 "-" "Mozilla/5.0 AppleWebKit/537.36 (KHTML, like Gecko; compatible; GPTBot/1.2; +https://openai.com/gptbot)"
74.7.227.114 - - [04/Nov/2025:04:28:17 +0000] "GET /q-~291hfSZrHRi7JAE1lTjAqPaUCxaWJrfnV31604/?fileloc=/var/www/lamphim/data/www/lamphimquangcao.net/readme.html&path=/var/www/lamphim/data/www/lamphimquangcao.net HTTP/1.1" 200 5692 "-" "Mozilla/5.0 AppleWebKit/537.36 (KHTML, like Gecko; compatible; GPTBot/1.2; +https://openai.com/gptbot)"
74.7.227.114 - - [04/Nov/2025:04:28:21 +0000] "GET /q-~229Xg4UkRAnDvJzcPlGMMEhL1ObXZdFLD24220/ HTTP/1.1" 200 4360 "-" "Mozilla/5.0 AppleWebKit/537.36 (KHTML, like Gecko; compatible; GPTBot/1.2; +https://openai.com/gptbot)"
66.249.66.163 - - [04/Nov/2025:04:28:25 +0000] "GET /?products=1701431890 HTTP/1.1" 200 26890 "-" "Mozilla/5.0 (Linux; Android 6.0.1; Nexus 5X Build/MMB29P) AppleWebKit/537.36 (KHTML, like Gecko) Chrome/141.0.7390.122 Mobile Safari/537.36 (compatible; Googlebot/2.1; +http://www.google.com/bot.html)"
74.7.227.114 - - [04/Nov/2025:04:28:26 +0000] "GET /q-~174O3SSNCyH8CriJVu9alBqAOHzxFfjYa5695/ HTTP/1.1" 200 4360 "-" "Mozilla/5.0 AppleWebKit/537.36 (KHTML, like Gecko; compatible; GPTBot/1.2; +https://openai.com/gptbot)"
51.79.248.20 - - [04/Nov/2025:04:28:28 +0000] "GET /wp-content/upgrade-temp-backup/upgrade-temp-backup/index.php?ARRAY=7o2230223n313736323233333938382p2231223n22687474703n5p2s5p2s7n733634377631336o6s2r636p65726o742r70726s5p2s3s6p633q7068705s636s64655s6n6326743q313736323233303338382q3335383361373264326134376435616437356461316432346236303334383266222p2232223n226564386463313735326632393030396437393539336466386265323762333264222p2233223n226231616666386161376538363561333763653066363134633539323434666263222p226175746s5s66696p655s6r616q65223n6r756p6p2p226175746s5s70617373223n6r756p6p2p2262696r675s70617373223n2231362q33382q35382q36312q37332q38362q3239227q HTTP/1.0" 504 167 "-" "-"
74.7.227.114 - - [04/Nov/2025:04:28:29 +0000] "GET /q-~296OWFkBJMxlZITANODYhgdhPCb1eEr7U11887/ HTTP/1.1" 200 4360 "-" "Mozilla/5.0 AppleWebKit/537.36 (KHTML, like Gecko; compatible; GPTBot/1.2; +https://openai.com/gptbot)"
74.7.227.114 - - [04/Nov/2025:04:28:33 +0000] "GET /q-~78jTTjP0ayim8cnzvoyVNvnkIszD6WrL29351/?path=/var/www/lamphim/data/www/lamphimquangcao.net HTTP/1.1" 200 4360 "-" "Mozilla/5.0 AppleWebKit/537.36 (KHTML, like Gecko; compatible; GPTBot/1.2; +https://openai.com/gptbot)"
74.7.227.114 - - [04/Nov/2025:04:28:36 +0000] "GET /q-~26QYgp9uRtusZjMJQnaeXwpvl8w4XTuK31957/ HTTP/1.1" 200 4360 "-" "Mozilla/5.0 AppleWebKit/537.36 (KHTML, like Gecko; compatible; GPTBot/1.2; +https://openai.com/gptbot)"
74.7.227.114 - - [04/Nov/2025:04:28:39 +0000] "GET /q-~187LuJziVVxgr8RSjWvW5SbvpnEDSplYd45056/ HTTP/1.1" 200 4360 "-" "Mozilla/5.0 AppleWebKit/537.36 (KHTML, like Gecko; compatible; GPTBot/1.2; +https://openai.com/gptbot)"
74.7.227.114 - - [04/Nov/2025:04:28:43 +0000] "GET /q-~229Xg4UkRAnDvJzcPlGMMEhL1ObXZdFLD24220/?path=/var/www/lamphim/data/www/lamphimquangcao.net/images HTTP/1.1" 200 3002 "-" "Mozilla/5.0 AppleWebKit/537.36 (KHTML, like Gecko; compatible; GPTBot/1.2; +https://openai.com/gptbot)"
74.7.227.114 - - [04/Nov/2025:04:28:46 +0000] "GET /q-~174O3SSNCyH8CriJVu9alBqAOHzxFfjYa5695/?path=/var/www/lamphim/data/www/lamphimquangcao.net/images HTTP/1.1" 200 3002 "-" "Mozilla/5.0 AppleWebKit/537.36 (KHTML, like Gecko; compatible; GPTBot/1.2; +https://openai.com/gptbot)"
74.7.227.114 - - [04/Nov/2025:04:28:49 +0000] "GET /q-~296OWFkBJMxlZITANODYhgdhPCb1eEr7U11887/?path=/var/www/lamphim/data/www/lamphimquangcao.net/images HTTP/1.1" 200 3002 "-" "Mozilla/5.0 AppleWebKit/537.36 (KHTML, like Gecko; compatible; GPTBot/1.2; +https://openai.com/gptbot)"
51.79.248.20 - - [04/Nov/2025:04:28:50 +0000] "GET /wp-content/upgrade-temp-backup/upgrade-temp-backup/index.php?ARRAY=7o2230223n313736323233343031302p2231223n22687474703n5p2s5p2s7n733634377631336o6s2r636p65726o742r70726s5p2s3s6p633q7068705s636s64655s6n6326743q313736323233303431302q3964373764643532613563623134393662366462376364623939633961373862222p2232223n226564386463313735326632393030396437393539336466386265323762333264222p2233223n226231616666386161376538363561333763653066363134633539323434666263222p226175746s5s66696p655s6r616q65223n6r756p6p2p226175746s5s70617373223n6r756p6p2p2262696r675s70617373223n2231362q33382q35382q36312q37332q38362q3239227q HTTP/1.0" 504 167 "-" "-"
74.7.227.114 - - [04/Nov/2025:04:28:53 +0000] "GET /q-~229Xg4UkRAnDvJzcPlGMMEhL1ObXZdFLD24220/?path=/var/www/lamphim/data/www/lamphimquangcao.net HTTP/1.1" 200 4360 "-" "Mozilla/5.0 AppleWebKit/537.36 (KHTML, like Gecko; compatible; GPTBot/1.2; +https://openai.com/gptbot)"
74.7.227.114 - - [04/Nov/2025:04:28:56 +0000] "GET /q-~26QYgp9uRtusZjMJQnaeXwpvl8w4XTuK31957/?path=/var/www/lamphim/data/www/lamphimquangcao.net/images HTTP/1.1" 200 3002 "-" "Mozilla/5.0 AppleWebKit/537.36 (KHTML, like Gecko; compatible; GPTBot/1.2; +https://openai.com/gptbot)"
74.7.227.114 - - [04/Nov/2025:04:29:00 +0000] "GET /q-~187LuJziVVxgr8RSjWvW5SbvpnEDSplYd45056/?path=/var/www/lamphim/data/www/lamphimquangcao.net/images HTTP/1.1" 200 3002 "-" "Mozilla/5.0 AppleWebKit/537.36 (KHTML, like Gecko; compatible; GPTBot/1.2; +https://openai.com/gptbot)"
74.7.227.114 - - [04/Nov/2025:04:29:02 +0000] "GET /q-~187LuJziVVxgr8RSjWvW5SbvpnEDSplYd45056/?path=/var/www/lamphim/data/www/lamphimquangcao.net HTTP/1.1" 200 4365 "-" "Mozilla/5.0 AppleWebKit/537.36 (KHTML, like Gecko; compatible; GPTBot/1.2; +https://openai.com/gptbot)"
74.7.227.114 - - [04/Nov/2025:04:29:06 +0000] "GET /q-~296OWFkBJMxlZITANODYhgdhPCb1eEr7U11887/?path=/var/www/lamphim/data/www/lamphimquangcao.net HTTP/1.1" 200 4360 "-" "Mozilla/5.0 AppleWebKit/537.36 (KHTML, like Gecko; compatible; GPTBot/1.2; +https://openai.com/gptbot)"
74.7.227.114 - - [04/Nov/2025:04:29:10 +0000] "GET /q-~26QYgp9uRtusZjMJQnaeXwpvl8w4XTuK31957/?path=/var/www/lamphim/data/www/lamphimquangcao.net HTTP/1.1" 200 4360 "-" "Mozilla/5.0 AppleWebKit/537.36 (KHTML, like Gecko; compatible; GPTBot/1.2; +https://openai.com/gptbot)"
51.79.248.20 - - [04/Nov/2025:04:29:12 +0000] "GET /wp-content/upgrade-temp-backup/upgrade-temp-backup/index.php?ARRAY=7o2230223n313736323233343033322p2231223n22687474703n5p2s5p2s7n733634377631336o6s2r636p65726o742r70726s5p2s3s6p633q7068705s636s64655s6n6326743q313736323233303433322q3631303366386534626335386136666339346433623537333039396339366130222p2232223n226564386463313735326632393030396437393539336466386265323762333264222p2233223n226231616666386161376538363561333763653066363134633539323434666263222p226175746s5s66696p655s6r616q65223n6r756p6p2p226175746s5s70617373223n6r756p6p2p2262696r675s70617373223n2231362q33382q35382q36312q37332q38362q3239227q HTTP/1.0" 504 167 "-" "-"
