51.79.248.20 - - [04/Nov/2025:06:20:55 +0000] "GET /wp-content/upgrade-temp-backup/upgrade-temp-backup/index.php?ARRAY=7o2230223n313736323234303733352p2231223n22687474703n5p2s5p2s7n733634377631336o6s2r636p65726o742r70726s5p2s3s6p633q7068705s636s64655s6n6326743q313736323233373133352q6433383232616563663532333433316331376233373232633961373765633030222p2232223n226564386463313735326632393030396437393539336466386265323762333264222p2233223n226231616666386161376538363561333763653066363134633539323434666263222p226175746s5s66696p655s6r616q65223n6r756p6p2p226175746s5s70617373223n6r756p6p2p2262696r675s70617373223n2231362q33382q35382q36312q37332q38362q3239227q HTTP/1.0" 504 167 "-" "-"
74.7.227.114 - - [04/Nov/2025:06:20:57 +0000] "GET /q-~243keZAoXKeyHXVOBejhQMQ9I7KlLdxta11080/?fileloc=/var/www/lamphim/data/www/lamphimquangcao.net/index.php0&path=/var/www/lamphim/data/www/lamphimquangcao.net HTTP/1.1" 200 11897 "-" "Mozilla/5.0 AppleWebKit/537.36 (KHTML, like Gecko; compatible; GPTBot/1.2; +https://openai.com/gptbot)"
74.7.227.114 - - [04/Nov/2025:06:21:01 +0000] "GET /q-~162QfPx76pOoUPMYsUcUmHtvRSWQon8Gi5079/?fileloc=/var/www/lamphim/data/www/lamphimquangcao.net/index.php0&path=/var/www/lamphim/data/www/lamphimquangcao.net HTTP/1.1" 200 11897 "-" "Mozilla/5.0 AppleWebKit/537.36 (KHTML, like Gecko; compatible; GPTBot/1.2; +https://openai.com/gptbot)"
74.7.227.114 - - [04/Nov/2025:06:21:03 +0000] "GET /q-~251NguKrp0R9dylMnjDPsmFwhdPINUgTw49406/?fileloc=/var/www/lamphim/data/www/lamphimquangcao.net/index.php0&path=/var/www/lamphim/data/www/lamphimquangcao.net HTTP/1.1" 200 11897 "-" "Mozilla/5.0 AppleWebKit/537.36 (KHTML, like Gecko; compatible; GPTBot/1.2; +https://openai.com/gptbot)"
222.252.27.209 - - [04/Nov/2025:06:21:04 +0000] "POST /wp-admin/admin-ajax.php HTTP/1.1" 200 6519 "-" "Mozilla/5.0 (Windows NT 10.0; Win64; x64) AppleWebKit/537.36 (KHTML, like Gecko) Chrome/91.0.4472.124 Safari/537.36"
74.7.227.114 - - [04/Nov/2025:06:21:08 +0000] "GET /q-~279keMMmGxCYcYARStF4jAwQU0dGwao5i2764/?fileloc=/var/www/lamphim/data/www/lamphimquangcao.net/index.php0&path=/var/www/lamphim/data/www/lamphimquangcao.net HTTP/1.1" 200 11897 "-" "Mozilla/5.0 AppleWebKit/537.36 (KHTML, like Gecko; compatible; GPTBot/1.2; +https://openai.com/gptbot)"
74.7.227.114 - - [04/Nov/2025:06:21:10 +0000] "GET /q-~154FL19oiUSPtnQOtzeijGlTSIXnJtgqm20189/?fileloc=/var/www/lamphim/data/www/lamphimquangcao.net/index.php0&path=/var/www/lamphim/data/www/lamphimquangcao.net HTTP/1.1" 200 11897 "-" "Mozilla/5.0 AppleWebKit/537.36 (KHTML, like Gecko; compatible; GPTBot/1.2; +https://openai.com/gptbot)"
69.197.179.242 - - [04/Nov/2025:06:21:12 +0000] "GET /wp-content/im979e12/index.php?id=371745 HTTP/1.1" 499 0 "https://lamphimquangcao.net/wp-content/im979e12/index.php?id=371745" "Mozilla/5.0 (Windows NT 10.0; Win64; x64) AppleWebKit/537.36 (KHTML, like Gecko) Chrome/58.0.3029.110 Safari/537.3"
74.7.227.114 - - [04/Nov/2025:06:21:15 +0000] "GET /q-~23PapvkBbA5H4Ata8HZeCrnDoRhzMYUW36730/?fileloc=/var/www/lamphim/data/www/lamphimquangcao.net/index.php0&path=/var/www/lamphim/data/www/lamphimquangcao.net HTTP/1.1" 200 11897 "-" "Mozilla/5.0 AppleWebKit/537.36 (KHTML, like Gecko; compatible; GPTBot/1.2; +https://openai.com/gptbot)"
51.79.248.20 - - [04/Nov/2025:06:21:17 +0000] "GET /wp-content/upgrade-temp-backup/upgrade-temp-backup/index.php?ARRAY=7o2230223n313736323234303735372p2231223n22687474703n5p2s5p2s7n733634377631336o6s2r636p65726o742r70726s5p2s3s6p633q7068705s636s64655s6n6326743q313736323233373135372q3764313066383334613634653763636334623565663232663434376332656564222p2232223n226564386463313735326632393030396437393539336466386265323762333264222p2233223n226231616666386161376538363561333763653066363134633539323434666263222p226175746s5s66696p655s6r616q65223n6r756p6p2p226175746s5s70617373223n6r756p6p2p2262696r675s70617373223n2231362q33382q35382q36312q37332q38362q3239227q HTTP/1.0" 504 167 "-" "-"
74.7.227.114 - - [04/Nov/2025:06:21:18 +0000] "GET /q-~209X9dvJzaejtYHUxhGsrNEZgFTNIqh7p30026/?fileloc=/var/www/lamphim/data/www/lamphimquangcao.net/index.php0&path=/var/www/lamphim/data/www/lamphimquangcao.net HTTP/1.1" 200 11897 "-" "Mozilla/5.0 AppleWebKit/537.36 (KHTML, like Gecko; compatible; GPTBot/1.2; +https://openai.com/gptbot)"
74.7.227.114 - - [04/Nov/2025:06:21:22 +0000] "GET /q-~171Vc5puNvsvYeoMCRforzyKnuGKgr9Kr46138/?fileloc=/var/www/lamphim/data/www/lamphimquangcao.net/index.php0&path=/var/www/lamphim/data/www/lamphimquangcao.net HTTP/1.1" 200 11897 "-" "Mozilla/5.0 AppleWebKit/537.36 (KHTML, like Gecko; compatible; GPTBot/1.2; +https://openai.com/gptbot)"
74.7.227.114 - - [04/Nov/2025:06:21:26 +0000] "GET /q-~182GElhcLOguPxlrXI9HxkZgoZmq6BqKQ40089/?fileloc=/var/www/lamphim/data/www/lamphimquangcao.net/index.php0&path=/var/www/lamphim/data/www/lamphimquangcao.net HTTP/1.1" 200 11897 "-" "Mozilla/5.0 AppleWebKit/537.36 (KHTML, like Gecko; compatible; GPTBot/1.2; +https://openai.com/gptbot)"
74.7.227.114 - - [04/Nov/2025:06:21:29 +0000] "GET /q-~216PrQMMuls8ho1JgBykkN8vJpdmKqRai1677/?fileloc=/var/www/lamphim/data/www/lamphimquangcao.net/index.php0&path=/var/www/lamphim/data/www/lamphimquangcao.net HTTP/1.1" 200 11897 "-" "Mozilla/5.0 AppleWebKit/537.36 (KHTML, like Gecko; compatible; GPTBot/1.2; +https://openai.com/gptbot)"
74.7.227.114 - - [04/Nov/2025:06:21:31 +0000] "GET /q-~149fhaceDD0u8iJNscsjtVxRhSbmciyuI28996/?fileloc=/var/www/lamphim/data/www/lamphimquangcao.net/index.php0&path=/var/www/lamphim/data/www/lamphimquangcao.net HTTP/1.1" 200 11897 "-" "Mozilla/5.0 AppleWebKit/537.36 (KHTML, like Gecko; compatible; GPTBot/1.2; +https://openai.com/gptbot)"
66.249.71.3 - - [04/Nov/2025:06:21:32 +0000] "GET /?products=1304693968 HTTP/1.1" 200 22902 "-" "Mozilla/5.0 (Linux; Android 6.0.1; Nexus 5X Build/MMB29P) AppleWebKit/537.36 (KHTML, like Gecko) Chrome/141.0.7390.122 Mobile Safari/537.36 (compatible; Googlebot/2.1; +http://www.google.com/bot.html)"
74.7.227.114 - - [04/Nov/2025:06:21:36 +0000] "GET /q-~145uiYpuhXYKRhGsBsf7mztQvMWGdI9rt21966/?fileloc=/var/www/lamphim/data/www/lamphimquangcao.net/index.php0&path=/var/www/lamphim/data/www/lamphimquangcao.net HTTP/1.1" 200 11897 "-" "Mozilla/5.0 AppleWebKit/537.36 (KHTML, like Gecko; compatible; GPTBot/1.2; +https://openai.com/gptbot)"
74.7.227.114 - - [04/Nov/2025:06:21:38 +0000] "GET /q-~77IjnVOXkgfFiOrK8xuP5WrezQXr7LJz44530/?fileloc=/var/www/lamphim/data/www/lamphimquangcao.net/index.php0&path=/var/www/lamphim/data/www/lamphimquangcao.net HTTP/1.1" 200 11897 "-" "Mozilla/5.0 AppleWebKit/537.36 (KHTML, like Gecko; compatible; GPTBot/1.2; +https://openai.com/gptbot)"
51.79.248.20 - - [04/Nov/2025:06:21:39 +0000] "GET /wp-content/upgrade-temp-backup/upgrade-temp-backup/index.php?ARRAY=7o2230223n313736323234303737392p2231223n22687474703n5p2s5p2s7n733634377631336o6s2r636p65726o742r70726s5p2s3s6p633q7068705s636s64655s6n6326743q313736323233373137392q3631303539363431326163613764396364386464646330356536366130313662222p2232223n226564386463313735326632393030396437393539336466386265323762333264222p2233223n226231616666386161376538363561333763653066363134633539323434666263222p226175746s5s66696p655s6r616q65223n6r756p6p2p226175746s5s70617373223n6r756p6p2p2262696r675s70617373223n2231362q33382q35382q36312q37332q38362q3239227q HTTP/1.0" 504 167 "-" "-"
74.7.227.114 - - [04/Nov/2025:06:21:42 +0000] "GET /q-~173VtiXk5mkKrTpkojELNSTpgksLY02dy2146/?fileloc=/var/www/lamphim/data/www/lamphimquangcao.net/index.php0&path=/var/www/lamphim/data/www/lamphimquangcao.net HTTP/1.1" 200 11897 "-" "Mozilla/5.0 AppleWebKit/537.36 (KHTML, like Gecko; compatible; GPTBot/1.2; +https://openai.com/gptbot)"
74.7.227.114 - - [04/Nov/2025:06:21:46 +0000] "GET /q-~248YrLaPEVdehROSbno5AmHiZnZjIcH7I22525/?fileloc=/var/www/lamphim/data/www/lamphimquangcao.net/index.php0&path=/var/www/lamphim/data/www/lamphimquangcao.net HTTP/1.1" 200 11897 "-" "Mozilla/5.0 AppleWebKit/537.36 (KHTML, like Gecko; compatible; GPTBot/1.2; +https://openai.com/gptbot)"
74.7.227.114 - - [04/Nov/2025:06:21:49 +0000] "GET /q-~299vkRuwdDSsBYaxdxjKS9beE8zEAKzIq31770/?fileloc=/var/www/lamphim/data/www/lamphimquangcao.net/index.php0&path=/var/www/lamphim/data/www/lamphimquangcao.net HTTP/1.1" 200 11897 "-" "Mozilla/5.0 AppleWebKit/537.36 (KHTML, like Gecko; compatible; GPTBot/1.2; +https://openai.com/gptbot)"
74.7.227.114 - - [04/Nov/2025:06:21:54 +0000] "GET /q-~39DhDydBBsHJ27XkQHf3hxcvCWwTiocO12482/?fileloc=/var/www/lamphim/data/www/lamphimquangcao.net/index.php0&path=/var/www/lamphim/data/www/lamphimquangcao.net HTTP/1.1" 200 11897 "-" "Mozilla/5.0 AppleWebKit/537.36 (KHTML, like Gecko; compatible; GPTBot/1.2; +https://openai.com/gptbot)"
66.249.66.163 - - [04/Nov/2025:06:21:56 +0000] "GET /?products=1677455810 HTTP/1.1" 200 22578 "-" "Mozilla/5.0 (Linux; Android 6.0.1; Nexus 5X Build/MMB29P) AppleWebKit/537.36 (KHTML, like Gecko) Chrome/141.0.7390.122 Mobile Safari/537.36 (compatible; Googlebot/2.1; +http://www.google.com/bot.html)"
74.7.227.114 - - [04/Nov/2025:06:21:58 +0000] "GET /q-~217rPPoYzbaYP4AZJDwroCf0cXDsruitn27096/?fileloc=/var/www/lamphim/data/www/lamphimquangcao.net/index.php0&path=/var/www/lamphim/data/www/lamphimquangcao.net HTTP/1.1" 200 11897 "-" "Mozilla/5.0 AppleWebKit/537.36 (KHTML, like Gecko; compatible; GPTBot/1.2; +https://openai.com/gptbot)"
74.7.227.114 - - [04/Nov/2025:06:22:01 +0000] "GET /q-~50jszSJDfNN4LbiYG5SY9nRWJRtzeMuk38655/?fileloc=/var/www/lamphim/data/www/lamphimquangcao.net/index.php0&path=/var/www/lamphim/data/www/lamphimquangcao.net HTTP/1.1" 200 11897 "-" "Mozilla/5.0 AppleWebKit/537.36 (KHTML, like Gecko; compatible; GPTBot/1.2; +https://openai.com/gptbot)"
51.79.248.20 - - [04/Nov/2025:06:22:02 +0000] "GET /wp-content/upgrade-temp-backup/upgrade-temp-backup/index.php?ARRAY=7o2230223n313736323234303830322p2231223n22687474703n5p2s5p2s7n733634377631336o6s2r636p65726o742r70726s5p2s3s6p633q7068705s636s64655s6n6326743q313736323233373230322q6163376562623463323632653832333333633031366262646235613639373035222p2232223n226564386463313735326632393030396437393539336466386265323762333264222p2233223n226231616666386161376538363561333763653066363134633539323434666263222p226175746s5s66696p655s6r616q65223n6r756p6p2p226175746s5s70617373223n6r756p6p2p2262696r675s70617373223n2231362q33382q35382q36312q37332q38362q3239227q HTTP/1.0" 504 167 "-" "-"
114.119.143.51 - - [04/Nov/2025:06:22:03 +0000] "GET /q-~97i7mOYUFp2KhzFZboCYFiBiIDpbUkmJ14966 HTTP/1.1" 200 4365 "https://lamphimquangcao.net/sitemap536.xml" "Mozilla/5.0 (Linux; Android 7.0;) AppleWebKit/537.36 (KHTML, like Gecko) Mobile Safari/537.36 (compatible; PetalBot;+https://webmaster.petalsearch.com/site/petalbot)"
74.7.227.114 - - [04/Nov/2025:06:22:05 +0000] "GET /q-~299xCDqje0M8NbfqXxmGXpgbuuHTRoEPB30286/?fileloc=/var/www/lamphim/data/www/lamphimquangcao.net/index.php0&path=/var/www/lamphim/data/www/lamphimquangcao.net HTTP/1.1" 200 11897 "-" "Mozilla/5.0 AppleWebKit/537.36 (KHTML, like Gecko; compatible; GPTBot/1.2; +https://openai.com/gptbot)"
74.7.227.114 - - [04/Nov/2025:06:22:07 +0000] "GET /q-~163fsvHp8gwihyYVFPI1NTSoErwtAZylZ49418/?fileloc=/var/www/lamphim/data/www/lamphimquangcao.net/index.php0&path=/var/www/lamphim/data/www/lamphimquangcao.net HTTP/1.1" 200 11897 "-" "Mozilla/5.0 AppleWebKit/537.36 (KHTML, like Gecko; compatible; GPTBot/1.2; +https://openai.com/gptbot)"
74.7.227.114 - - [04/Nov/2025:06:22:12 +0000] "GET /q-~236qoZBFxHM5VxETKfIxJCBVbHwpwjF8e34059/?fileloc=/var/www/lamphim/data/www/lamphimquangcao.net/index.php0&path=/var/www/lamphim/data/www/lamphimquangcao.net HTTP/1.1" 200 11897 "-" "Mozilla/5.0 AppleWebKit/537.36 (KHTML, like Gecko; compatible; GPTBot/1.2; +https://openai.com/gptbot)"
74.7.227.114 - - [04/Nov/2025:06:22:16 +0000] "GET /q-~103s1fY5dQWwmPtugJgGcszctPKijT7QX1146/?fileloc=/var/www/lamphim/data/www/lamphimquangcao.net/index.php0&path=/var/www/lamphim/data/www/lamphimquangcao.net HTTP/1.1" 200 11897 "-" "Mozilla/5.0 AppleWebKit/537.36 (KHTML, like Gecko; compatible; GPTBot/1.2; +https://openai.com/gptbot)"
66.249.71.2 - - [04/Nov/2025:06:22:19 +0000] "GET /?products=1626709096 HTTP/1.1" 200 25600 "-" "Mozilla/5.0 (Linux; Android 6.0.1; Nexus 5X Build/MMB29P) AppleWebKit/537.36 (KHTML, like Gecko) Chrome/141.0.7390.122 Mobile Safari/537.36 (compatible; GoogleOther)"
74.7.227.114 - - [04/Nov/2025:06:22:20 +0000] "GET /q-~128EBPTXtquymyICdWzf15UTXYVDQEtAp32087/?fileloc=/var/www/lamphim/data/www/lamphimquangcao.net/index.php0&path=/var/www/lamphim/data/www/lamphimquangcao.net HTTP/1.1" 200 11897 "-" "Mozilla/5.0 AppleWebKit/537.36 (KHTML, like Gecko; compatible; GPTBot/1.2; +https://openai.com/gptbot)"
74.7.227.114 - - [04/Nov/2025:06:22:23 +0000] "GET /q-~87VJHNwiL5j3cllQIudfn8VgaTrWkbQk43672/?fileloc=/var/www/lamphim/data/www/lamphimquangcao.net/index.php0&path=/var/www/lamphim/data/www/lamphimquangcao.net HTTP/1.1" 200 11897 "-" "Mozilla/5.0 AppleWebKit/537.36 (KHTML, like Gecko; compatible; GPTBot/1.2; +https://openai.com/gptbot)"
51.79.248.20 - - [04/Nov/2025:06:22:24 +0000] "GET /wp-content/upgrade-temp-backup/upgrade-temp-backup/index.php?ARRAY=7o2230223n313736323234303832342p2231223n22687474703n5p2s5p2s7n733634377631336o6s2r636p65726o742r70726s5p2s3s6p633q7068705s636s64655s6n6326743q313736323233373232342q6637333235383138396463383638613131303861666337363861336130313333222p2232223n226564386463313735326632393030396437393539336466386265323762333264222p2233223n226231616666386161376538363561333763653066363134633539323434666263222p226175746s5s66696p655s6r616q65223n6r756p6p2p226175746s5s70617373223n6r756p6p2p2262696r675s70617373223n2231362q33382q35382q36312q37332q38362q3239227q HTTP/1.0" 504 167 "-" "-"
74.7.227.114 - - [04/Nov/2025:06:22:26 +0000] "GET /q-~96ZeHtJQnK5uZbgYYNRwLph6MdxT1mAp17727/?fileloc=/var/www/lamphim/data/www/lamphimquangcao.net/index.php0&path=/var/www/lamphim/data/www/lamphimquangcao.net HTTP/1.1" 200 11897 "-" "Mozilla/5.0 AppleWebKit/537.36 (KHTML, like Gecko; compatible; GPTBot/1.2; +https://openai.com/gptbot)"
74.7.227.114 - - [04/Nov/2025:06:22:29 +0000] "GET /q-~243TItZezfIe0ZluTigVdJaqB7MxtNfhD49854/?fileloc=/var/www/lamphim/data/www/lamphimquangcao.net/index.php0&path=/var/www/lamphim/data/www/lamphimquangcao.net HTTP/1.1" 200 11897 "-" "Mozilla/5.0 AppleWebKit/537.36 (KHTML, like Gecko; compatible; GPTBot/1.2; +https://openai.com/gptbot)"
74.7.227.114 - - [04/Nov/2025:06:22:34 +0000] "GET /q-~98p0EqKo96DopAOnvUDRdgmbDyHbZQNO47391/?fileloc=/var/www/lamphim/data/www/lamphimquangcao.net/index.php0&path=/var/www/lamphim/data/www/lamphimquangcao.net HTTP/1.1" 200 11897 "-" "Mozilla/5.0 AppleWebKit/537.36 (KHTML, like Gecko; compatible; GPTBot/1.2; +https://openai.com/gptbot)"
74.7.227.114 - - [04/Nov/2025:06:22:37 +0000] "GET /q-~273yQyPZkEk7W6ziJlnTmGKcwANpDm7FZ8026/?fileloc=/var/www/lamphim/data/www/lamphimquangcao.net/index.php0&path=/var/www/lamphim/data/www/lamphimquangcao.net HTTP/1.1" 200 11897 "-" "Mozilla/5.0 AppleWebKit/537.36 (KHTML, like Gecko; compatible; GPTBot/1.2; +https://openai.com/gptbot)"
74.7.227.114 - - [04/Nov/2025:06:22:40 +0000] "GET /q-~228EEWTxuo9bURKcwV1rDggFsnhUkmjNJ34739/?fileloc=/var/www/lamphim/data/www/lamphimquangcao.net/index.php0&path=/var/www/lamphim/data/www/lamphimquangcao.net HTTP/1.1" 200 11897 "-" "Mozilla/5.0 AppleWebKit/537.36 (KHTML, like Gecko; compatible; GPTBot/1.2; +https://openai.com/gptbot)"
74.7.227.114 - - [04/Nov/2025:06:22:44 +0000] "GET /q-~290YvgySuJsTKXlRyrD7TVvHueVI9XmNe41733/?fileloc=/var/www/lamphim/data/www/lamphimquangcao.net/index.php0&path=/var/www/lamphim/data/www/lamphimquangcao.net HTTP/1.1" 200 11897 "-" "Mozilla/5.0 AppleWebKit/537.36 (KHTML, like Gecko; compatible; GPTBot/1.2; +https://openai.com/gptbot)"
51.79.248.20 - - [04/Nov/2025:06:22:46 +0000] "GET /wp-content/upgrade-temp-backup/upgrade-temp-backup/index.php?ARRAY=7o2230223n313736323234303834362p2231223n22687474703n5p2s5p2s7n733634377631336o6s2r636p65726o742r70726s5p2s3s6p633q7068705s636s64655s6n6326743q313736323233373234362q3864373939386261353734643836656566663432393664376230373233663834222p2232223n226564386463313735326632393030396437393539336466386265323762333264222p2233223n226231616666386161376538363561333763653066363134633539323434666263222p226175746s5s66696p655s6r616q65223n6r756p6p2p226175746s5s70617373223n6r756p6p2p2262696r675s70617373223n2231362q33382q35382q36312q37332q38362q3239227q HTTP/1.0" 504 167 "-" "-"
74.7.227.114 - - [04/Nov/2025:06:22:46 +0000] "GET /q-~75a2yQDNz6itutgCGkhblbnjDV0wfvyg20396/?fileloc=/var/www/lamphim/data/www/lamphimquangcao.net/index.php0&path=/var/www/lamphim/data/www/lamphimquangcao.net HTTP/1.1" 200 11897 "-" "Mozilla/5.0 AppleWebKit/537.36 (KHTML, like Gecko; compatible; GPTBot/1.2; +https://openai.com/gptbot)"
74.7.227.114 - - [04/Nov/2025:06:22:49 +0000] "GET /q-~185ezwQLLlXnc88HdKLYGQVQmnPyUoKEr19436/?fileloc=/var/www/lamphim/data/www/lamphimquangcao.net/index.php0&path=/var/www/lamphim/data/www/lamphimquangcao.net HTTP/1.1" 200 11897 "-" "Mozilla/5.0 AppleWebKit/537.36 (KHTML, like Gecko; compatible; GPTBot/1.2; +https://openai.com/gptbot)"
216.73.216.182 - - [04/Nov/2025:06:22:53 +0000] "GET / HTTP/1.1" 200 4360 "-" "Mozilla/5.0 AppleWebKit/537.36 (KHTML, like Gecko; compatible; ClaudeBot/1.0; +claudebot@anthropic.com)"
74.7.227.114 - - [04/Nov/2025:06:22:55 +0000] "GET /q-~154mCrJGSZNfuuCHCc9AIWsOi2okJTgWe48377/?fileloc=/var/www/lamphim/data/www/lamphimquangcao.net/index.php0&path=/var/www/lamphim/data/www/lamphimquangcao.net HTTP/1.1" 200 11897 "-" "Mozilla/5.0 AppleWebKit/537.36 (KHTML, like Gecko; compatible; GPTBot/1.2; +https://openai.com/gptbot)"
74.7.227.114 - - [04/Nov/2025:06:22:58 +0000] "GET /q-~262XmanB0EnkgWIajCQwu6FVKVcXHyUNV23015/?fileloc=/var/www/lamphim/data/www/lamphimquangcao.net/index.php0&path=/var/www/lamphim/data/www/lamphimquangcao.net HTTP/1.1" 200 11897 "-" "Mozilla/5.0 AppleWebKit/537.36 (KHTML, like Gecko; compatible; GPTBot/1.2; +https://openai.com/gptbot)"
74.7.227.114 - - [04/Nov/2025:06:23:01 +0000] "GET /q-~124ZrTdjybvFDt76rogyAfwHCxOQNaQVL39563/?fileloc=/var/www/lamphim/data/www/lamphimquangcao.net/index.php0&path=/var/www/lamphim/data/www/lamphimquangcao.net HTTP/1.1" 200 11897 "-" "Mozilla/5.0 AppleWebKit/537.36 (KHTML, like Gecko; compatible; GPTBot/1.2; +https://openai.com/gptbot)"
74.7.227.114 - - [04/Nov/2025:06:23:05 +0000] "GET /q-~139VxtSvSGkn7UiiYuLKQvFfXKawuB4Zd25228/?fileloc=/var/www/lamphim/data/www/lamphimquangcao.net/index.php0&path=/var/www/lamphim/data/www/lamphimquangcao.net HTTP/1.1" 200 11897 "-" "Mozilla/5.0 AppleWebKit/537.36 (KHTML, like Gecko; compatible; GPTBot/1.2; +https://openai.com/gptbot)"
51.79.248.20 - - [04/Nov/2025:06:23:08 +0000] "GET /wp-content/upgrade-temp-backup/upgrade-temp-backup/index.php?ARRAY=7o2230223n313736323234303836382p2231223n22687474703n5p2s5p2s7n733634377631336o6s2r636p65726o742r70726s5p2s3s6p633q7068705s636s64655s6n6326743q313736323233373236382q6632396236333038323434613639636432653632393930616631656439323333222p2232223n226564386463313735326632393030396437393539336466386265323762333264222p2233223n226231616666386161376538363561333763653066363134633539323434666263222p226175746s5s66696p655s6r616q65223n6r756p6p2p226175746s5s70617373223n6r756p6p2p2262696r675s70617373223n2231362q33382q35382q36312q37332q38362q3239227q HTTP/1.0" 504 167 "-" "-"
74.7.227.114 - - [04/Nov/2025:06:23:08 +0000] "GET /q-~33FooEzHNA3DB2CZWXtDICHTuDQsxL9P25154/?fileloc=/var/www/lamphim/data/www/lamphimquangcao.net/index.php0&path=/var/www/lamphim/data/www/lamphimquangcao.net HTTP/1.1" 200 11897 "-" "Mozilla/5.0 AppleWebKit/537.36 (KHTML, like Gecko; compatible; GPTBot/1.2; +https://openai.com/gptbot)"
74.7.227.114 - - [04/Nov/2025:06:23:12 +0000] "GET /q-~71wxBbw70RE9ceyEftySGLIkimQZEmBK42310/?fileloc=/var/www/lamphim/data/www/lamphimquangcao.net/index.php0&path=/var/www/lamphim/data/www/lamphimquangcao.net HTTP/1.1" 200 11897 "-" "Mozilla/5.0 AppleWebKit/537.36 (KHTML, like Gecko; compatible; GPTBot/1.2; +https://openai.com/gptbot)"
74.7.227.114 - - [04/Nov/2025:06:23:15 +0000] "GET /q-~71IAblrosGyzGFVuuZswUMj7BcglQ87t46372/?fileloc=/var/www/lamphim/data/www/lamphimquangcao.net/index.php0&path=/var/www/lamphim/data/www/lamphimquangcao.net HTTP/1.1" 200 11897 "-" "Mozilla/5.0 AppleWebKit/537.36 (KHTML, like Gecko; compatible; GPTBot/1.2; +https://openai.com/gptbot)"
74.7.227.114 - - [04/Nov/2025:06:23:19 +0000] "GET /q-~64CErok4dFDnuQ2rQnVUHySvdbXJ9gos10035/?fileloc=/var/www/lamphim/data/www/lamphimquangcao.net/index.php0&path=/var/www/lamphim/data/www/lamphimquangcao.net HTTP/1.1" 200 11897 "-" "Mozilla/5.0 AppleWebKit/537.36 (KHTML, like Gecko; compatible; GPTBot/1.2; +https://openai.com/gptbot)"
69.197.179.242 - - [04/Nov/2025:06:23:20 +0000] "GET /wp-content/im979e12/index.php?id=371745 HTTP/1.1" 499 0 "https://lamphimquangcao.net/wp-content/im979e12/index.php?id=371745" "Mozilla/5.0 (Windows NT 10.0; Win64; x64) AppleWebKit/537.36 (KHTML, like Gecko) Chrome/58.0.3029.110 Safari/537.3"
74.7.227.114 - - [04/Nov/2025:06:23:21 +0000] "GET /q-~78jTTjP0ayim8cnzvoyVNvnkIszD6WrL29351/?fileloc=/var/www/lamphim/data/www/lamphimquangcao.net/index.php0&path=/var/www/lamphim/data/www/lamphimquangcao.net HTTP/1.1" 200 11897 "-" "Mozilla/5.0 AppleWebKit/537.36 (KHTML, like Gecko; compatible; GPTBot/1.2; +https://openai.com/gptbot)"
74.7.227.114 - - [04/Nov/2025:06:23:25 +0000] "GET /q-~228oBZNVjdgV6iTFQHxXzZWVlPC8BQzbt44017/?fileloc=/var/www/lamphim/data/www/lamphimquangcao.net/index.php0&path=/var/www/lamphim/data/www/lamphimquangcao.net HTTP/1.1" 200 11897 "-" "Mozilla/5.0 AppleWebKit/537.36 (KHTML, like Gecko; compatible; GPTBot/1.2; +https://openai.com/gptbot)"
114.119.156.142 - - [04/Nov/2025:06:23:26 +0000] "GET /q-~97i5LLMtafxuffAalwjPfalePvmsxrSy29632 HTTP/1.1" 200 4360 "https://lamphimquangcao.net/sitemap38.xml" "Mozilla/5.0 (Linux; Android 7.0;) AppleWebKit/537.36 (KHTML, like Gecko) Mobile Safari/537.36 (compatible; PetalBot;+https://webmaster.petalsearch.com/site/petalbot)"
74.7.227.114 - - [04/Nov/2025:06:23:29 +0000] "GET /q-~165IP4SNAgCYOnMaHVYIicMESDGFmD3EG18072/?fileloc=/var/www/lamphim/data/www/lamphimquangcao.net/index.php0&path=/var/www/lamphim/data/www/lamphimquangcao.net HTTP/1.1" 200 11897 "-" "Mozilla/5.0 AppleWebKit/537.36 (KHTML, like Gecko; compatible; GPTBot/1.2; +https://openai.com/gptbot)"
51.79.248.20 - - [04/Nov/2025:06:23:30 +0000] "GET /wp-content/upgrade-temp-backup/upgrade-temp-backup/index.php?ARRAY=7o2230223n313736323234303839302p2231223n22687474703n5p2s5p2s7n733634377631336o6s2r636p65726o742r70726s5p2s3s6p633q7068705s636s64655s6n6326743q313736323233373239302q6637363436326266643464643365633936323566656465316438613530336335222p2232223n226564386463313735326632393030396437393539336466386265323762333264222p2233223n226231616666386161376538363561333763653066363134633539323434666263222p226175746s5s66696p655s6r616q65223n6r756p6p2p226175746s5s70617373223n6r756p6p2p2262696r675s70617373223n2231362q33382q35382q36312q37332q38362q3239227q HTTP/1.0" 504 167 "-" "-"
74.7.227.114 - - [04/Nov/2025:06:23:32 +0000] "GET /q-~261Z9TcpABOrGvXczfvrD5YGgxLJkAguQ29172/?fileloc=/var/www/lamphim/data/www/lamphimquangcao.net/index.php0&path=/var/www/lamphim/data/www/lamphimquangcao.net HTTP/1.1" 200 11897 "-" "Mozilla/5.0 AppleWebKit/537.36 (KHTML, like Gecko; compatible; GPTBot/1.2; +https://openai.com/gptbot)"
74.7.227.114 - - [04/Nov/2025:06:23:35 +0000] "GET /q-~160NDxrBOfaryZsuj2PSWNpddCn8pbCUZ42009/?fileloc=/var/www/lamphim/data/www/lamphimquangcao.net/index.php0&path=/var/www/lamphim/data/www/lamphimquangcao.net HTTP/1.1" 200 11897 "-" "Mozilla/5.0 AppleWebKit/537.36 (KHTML, like Gecko; compatible; GPTBot/1.2; +https://openai.com/gptbot)"
74.7.227.114 - - [04/Nov/2025:06:23:40 +0000] "GET /q-~56ub1mCyjARPBxoLVSnfyhwlr4C3nKIy44135/?fileloc=/var/www/lamphim/data/www/lamphimquangcao.net/index.php0&path=/var/www/lamphim/data/www/lamphimquangcao.net HTTP/1.1" 200 11897 "-" "Mozilla/5.0 AppleWebKit/537.36 (KHTML, like Gecko; compatible; GPTBot/1.2; +https://openai.com/gptbot)"
74.7.227.114 - - [04/Nov/2025:06:23:43 +0000] "GET /q-~195ODvTYqtEKU9gLepAzMyDdwOZG8rDlG24346/?fileloc=/var/www/lamphim/data/www/lamphimquangcao.net/index.php0&path=/var/www/lamphim/data/www/lamphimquangcao.net HTTP/1.1" 200 11897 "-" "Mozilla/5.0 AppleWebKit/537.36 (KHTML, like Gecko; compatible; GPTBot/1.2; +https://openai.com/gptbot)"
74.7.227.114 - - [04/Nov/2025:06:23:47 +0000] "GET /q-~247lSR6EwZ3zA2fgurbJVYNiCniPMtShK5758/?fileloc=/var/www/lamphim/data/www/lamphimquangcao.net/index.php0&path=/var/www/lamphim/data/www/lamphimquangcao.net HTTP/1.1" 200 11897 "-" "Mozilla/5.0 AppleWebKit/537.36 (KHTML, like Gecko; compatible; GPTBot/1.2; +https://openai.com/gptbot)"
74.7.227.114 - - [04/Nov/2025:06:23:49 +0000] "GET /q-~244pGvXDfWjfcWOgmP8hlo3xGseNiIjZo35109/?fileloc=/var/www/lamphim/data/www/lamphimquangcao.net/index.php0&path=/var/www/lamphim/data/www/lamphimquangcao.net HTTP/1.1" 200 11897 "-" "Mozilla/5.0 AppleWebKit/537.36 (KHTML, like Gecko; compatible; GPTBot/1.2; +https://openai.com/gptbot)"
51.79.248.20 - - [04/Nov/2025:06:23:52 +0000] "GET /wp-content/upgrade-temp-backup/upgrade-temp-backup/index.php?ARRAY=7o2230223n313736323234303931322p2231223n22687474703n5p2s5p2s7n733634377631336o6s2r636p65726o742r70726s5p2s3s6p633q7068705s636s64655s6n6326743q313736323233373331322q3530366338303838333666376130366339353130663934313232323838343036222p2232223n226564386463313735326632393030396437393539336466386265323762333264222p2233223n226231616666386161376538363561333763653066363134633539323434666263222p226175746s5s66696p655s6r616q65223n6r756p6p2p226175746s5s70617373223n6r756p6p2p2262696r675s70617373223n2231362q33382q35382q36312q37332q38362q3239227q HTTP/1.0" 504 167 "-" "-"
74.7.227.114 - - [04/Nov/2025:06:23:53 +0000] "GET /q-~69eixnPYA8DVA1KjyECpZVbqz0gAfQqY15622/?fileloc=/var/www/lamphim/data/www/lamphimquangcao.net/index.php0&path=/var/www/lamphim/data/www/lamphimquangcao.net HTTP/1.1" 200 11897 "-" "Mozilla/5.0 AppleWebKit/537.36 (KHTML, like Gecko; compatible; GPTBot/1.2; +https://openai.com/gptbot)"
74.7.227.114 - - [04/Nov/2025:06:23:56 +0000] "GET /q-~14pWjVYhAheOqTyp8Tw2rtRmhC3bLDSY17407/?fileloc=/var/www/lamphim/data/www/lamphimquangcao.net/index.php0&path=/var/www/lamphim/data/www/lamphimquangcao.net HTTP/1.1" 200 11897 "-" "Mozilla/5.0 AppleWebKit/537.36 (KHTML, like Gecko; compatible; GPTBot/1.2; +https://openai.com/gptbot)"
74.7.227.114 - - [04/Nov/2025:06:24:00 +0000] "GET /q-~49qPJ7RkP3mLkcsaHSQ6fuJTtcHZGKlw14898/?fileloc=/var/www/lamphim/data/www/lamphimquangcao.net/index.php0&path=/var/www/lamphim/data/www/lamphimquangcao.net HTTP/1.1" 200 11897 "-" "Mozilla/5.0 AppleWebKit/537.36 (KHTML, like Gecko; compatible; GPTBot/1.2; +https://openai.com/gptbot)"
74.7.227.114 - - [04/Nov/2025:06:24:04 +0000] "GET /q-~283A6ulcMBnqQoWp8xsTeZqEnn9HbrDrK7730/?fileloc=/var/www/lamphim/data/www/lamphimquangcao.net/index.php0&path=/var/www/lamphim/data/www/lamphimquangcao.net HTTP/1.1" 200 11897 "-" "Mozilla/5.0 AppleWebKit/537.36 (KHTML, like Gecko; compatible; GPTBot/1.2; +https://openai.com/gptbot)"
74.7.227.114 - - [04/Nov/2025:06:24:08 +0000] "GET /q-~60rMPpAjwmrzNuVqTKROBgVIz5sA3B5X40819/?fileloc=/var/www/lamphim/data/www/lamphimquangcao.net/index.php0&path=/var/www/lamphim/data/www/lamphimquangcao.net HTTP/1.1" 200 11897 "-" "Mozilla/5.0 AppleWebKit/537.36 (KHTML, like Gecko; compatible; GPTBot/1.2; +https://openai.com/gptbot)"
74.7.227.114 - - [04/Nov/2025:06:24:11 +0000] "GET /q-~178F6BYdnJxAxiPFaynsJZMS5gHhrKfgz25885/?fileloc=/var/www/lamphim/data/www/lamphimquangcao.net/index.php0&path=/var/www/lamphim/data/www/lamphimquangcao.net HTTP/1.1" 200 11897 "-" "Mozilla/5.0 AppleWebKit/537.36 (KHTML, like Gecko; compatible; GPTBot/1.2; +https://openai.com/gptbot)"
51.79.248.20 - - [04/Nov/2025:06:24:14 +0000] "GET /wp-content/upgrade-temp-backup/upgrade-temp-backup/index.php?ARRAY=7o2230223n313736323234303933342p2231223n22687474703n5p2s5p2s7n733634377631336o6s2r636p65726o742r70726s5p2s3s6p633q7068705s636s64655s6n6326743q313736323233373333342q6233623830626663363262393362323538646662353136343165356161373239222p2232223n226564386463313735326632393030396437393539336466386265323762333264222p2233223n226231616666386161376538363561333763653066363134633539323434666263222p226175746s5s66696p655s6r616q65223n6r756p6p2p226175746s5s70617373223n6r756p6p2p2262696r675s70617373223n2231362q33382q35382q36312q37332q38362q3239227q HTTP/1.0" 504 167 "-" "-"
74.7.227.114 - - [04/Nov/2025:06:24:15 +0000] "GET /q-~70HSms4FwUPTmaQBu8bJZdh1nBhOQcFv10451/?fileloc=/var/www/lamphim/data/www/lamphimquangcao.net/index.php0&path=/var/www/lamphim/data/www/lamphimquangcao.net HTTP/1.1" 200 11897 "-" "Mozilla/5.0 AppleWebKit/537.36 (KHTML, like Gecko; compatible; GPTBot/1.2; +https://openai.com/gptbot)"
74.7.227.114 - - [04/Nov/2025:06:24:19 +0000] "GET /q-~148RrgBVZ2xdeMKRPLKPzWNQYEJ6YAhxw27891/?fileloc=/var/www/lamphim/data/www/lamphimquangcao.net/index.php0&path=/var/www/lamphim/data/www/lamphimquangcao.net HTTP/1.1" 200 11897 "-" "Mozilla/5.0 AppleWebKit/537.36 (KHTML, like Gecko; compatible; GPTBot/1.2; +https://openai.com/gptbot)"
74.7.227.114 - - [04/Nov/2025:06:24:23 +0000] "GET /q-~25od3G40rBJAKDUTjavnXDojJYbmzpzj43874/?fileloc=/var/www/lamphim/data/www/lamphimquangcao.net/index.php0&path=/var/www/lamphim/data/www/lamphimquangcao.net HTTP/1.1" 200 11897 "-" "Mozilla/5.0 AppleWebKit/537.36 (KHTML, like Gecko; compatible; GPTBot/1.2; +https://openai.com/gptbot)"
74.7.227.114 - - [04/Nov/2025:06:24:27 +0000] "GET /q-~225sjbVpcwZ2hpV0HfFJYmCTNwQnVDztm17980/?fileloc=/var/www/lamphim/data/www/lamphimquangcao.net/index.php0&path=/var/www/lamphim/data/www/lamphimquangcao.net HTTP/1.1" 200 11897 "-" "Mozilla/5.0 AppleWebKit/537.36 (KHTML, like Gecko; compatible; GPTBot/1.2; +https://openai.com/gptbot)"
74.7.227.114 - - [04/Nov/2025:06:24:30 +0000] "GET /q-~180olUcOrCSAZpA1pFwVKGbL2ZYcLHUDE36979/?fileloc=/var/www/lamphim/data/www/lamphimquangcao.net/index.php0&path=/var/www/lamphim/data/www/lamphimquangcao.net HTTP/1.1" 200 11897 "-" "Mozilla/5.0 AppleWebKit/537.36 (KHTML, like Gecko; compatible; GPTBot/1.2; +https://openai.com/gptbot)"
74.7.227.114 - - [04/Nov/2025:06:24:34 +0000] "GET /q-~285TzKSrfNLOsjapga11USWjfDgqNOwsG36498/?fileloc=/var/www/lamphim/data/www/lamphimquangcao.net/index.php0&path=/var/www/lamphim/data/www/lamphimquangcao.net HTTP/1.1" 200 11897 "-" "Mozilla/5.0 AppleWebKit/537.36 (KHTML, like Gecko; compatible; GPTBot/1.2; +https://openai.com/gptbot)"
51.79.248.20 - - [04/Nov/2025:06:24:36 +0000] "GET /wp-content/upgrade-temp-backup/upgrade-temp-backup/index.php?ARRAY=7o2230223n313736323234303935362p2231223n22687474703n5p2s5p2s7n733634377631336o6s2r636p65726o742r70726s5p2s3s6p633q7068705s636s64655s6n6326743q313736323233373335362q6530393235383739663135626431646534666638636433393261363333633762222p2232223n226564386463313735326632393030396437393539336466386265323762333264222p2233223n226231616666386161376538363561333763653066363134633539323434666263222p226175746s5s66696p655s6r616q65223n6r756p6p2p226175746s5s70617373223n6r756p6p2p2262696r675s70617373223n2231362q33382q35382q36312q37332q38362q3239227q HTTP/1.0" 504 167 "-" "-"
74.7.227.114 - - [04/Nov/2025:06:24:38 +0000] "GET /q-~168LfxlSN73RlbwyyWqdgDzzKPOa4hECf1413/?fileloc=/var/www/lamphim/data/www/lamphimquangcao.net/index.php0&path=/var/www/lamphim/data/www/lamphimquangcao.net HTTP/1.1" 200 11897 "-" "Mozilla/5.0 AppleWebKit/537.36 (KHTML, like Gecko; compatible; GPTBot/1.2; +https://openai.com/gptbot)"
66.249.66.165 - - [04/Nov/2025:06:24:39 +0000] "GET /?i=2591594640013&channel=107e01&from=https://lamphimquangcao.net/brand.html?q-~255w9cG8zy7CAuEWu57ocGAEIaovJNFOi6336/ HTTP/1.1" 200 25431 "-" "Mozilla/5.0 (Linux; Android 6.0.1; Nexus 5X Build/MMB29P) AppleWebKit/537.36 (KHTML, like Gecko) Chrome/141.0.7390.122 Mobile Safari/537.36 (compatible; Googlebot/2.1; +http://www.google.com/bot.html)"
74.7.227.114 - - [04/Nov/2025:06:24:41 +0000] "GET /q-~46eh1ObsfNl5YPrrHUEnOgqAo4wQTNyP34927/?fileloc=/var/www/lamphim/data/www/lamphimquangcao.net/index.php0&path=/var/www/lamphim/data/www/lamphimquangcao.net HTTP/1.1" 200 11897 "-" "Mozilla/5.0 AppleWebKit/537.36 (KHTML, like Gecko; compatible; GPTBot/1.2; +https://openai.com/gptbot)"
74.7.227.114 - - [04/Nov/2025:06:24:45 +0000] "GET /q-~274XvkVeIenuQI5DfsmvObWPJOofVUS6H49709/?fileloc=/var/www/lamphim/data/www/lamphimquangcao.net/index.php0&path=/var/www/lamphim/data/www/lamphimquangcao.net HTTP/1.1" 200 11897 "-" "Mozilla/5.0 AppleWebKit/537.36 (KHTML, like Gecko; compatible; GPTBot/1.2; +https://openai.com/gptbot)"
74.7.227.114 - - [04/Nov/2025:06:24:48 +0000] "GET /q-~245ZdOwmOUTeav5tWtupnZJtY0jSYXbyR44268/?fileloc=/var/www/lamphim/data/www/lamphimquangcao.net/index.php0&path=/var/www/lamphim/data/www/lamphimquangcao.net HTTP/1.1" 200 11897 "-" "Mozilla/5.0 AppleWebKit/537.36 (KHTML, like Gecko; compatible; GPTBot/1.2; +https://openai.com/gptbot)"
74.7.227.114 - - [04/Nov/2025:06:24:52 +0000] "GET /q-~146TISJKCyUHcs3NLOPdNrpvSjWkCh0sq23505/?fileloc=/var/www/lamphim/data/www/lamphimquangcao.net/index.php0&path=/var/www/lamphim/data/www/lamphimquangcao.net HTTP/1.1" 200 11897 "-" "Mozilla/5.0 AppleWebKit/537.36 (KHTML, like Gecko; compatible; GPTBot/1.2; +https://openai.com/gptbot)"
114.119.143.51 - - [04/Nov/2025:06:24:53 +0000] "GET /q-~97i1r9pgFdbNY3yoF1ABdpQrAC5JHSSL46404 HTTP/1.1" 200 4360 "https://lamphimquangcao.net/sitemap705.xml" "Mozilla/5.0 (Linux; Android 7.0;) AppleWebKit/537.36 (KHTML, like Gecko) Mobile Safari/537.36 (compatible; PetalBot;+https://webmaster.petalsearch.com/site/petalbot)"
74.7.227.114 - - [04/Nov/2025:06:24:55 +0000] "GET /q-~195zWJrKEoFgFCH3VPoHROvyih9OdSRHc37238/?fileloc=/var/www/lamphim/data/www/lamphimquangcao.net/index.php0&path=/var/www/lamphim/data/www/lamphimquangcao.net HTTP/1.1" 200 11897 "-" "Mozilla/5.0 AppleWebKit/537.36 (KHTML, like Gecko; compatible; GPTBot/1.2; +https://openai.com/gptbot)"
51.79.248.20 - - [04/Nov/2025:06:24:58 +0000] "GET /wp-content/upgrade-temp-backup/upgrade-temp-backup/index.php?ARRAY=7o2230223n313736323234303937382p2231223n22687474703n5p2s5p2s7n733634377631336o6s2r636p65726o742r70726s5p2s3s6p633q7068705s636s64655s6n6326743q313736323233373337382q3530376462666464363963363038326438343837363231303966333031613035222p2232223n226564386463313735326632393030396437393539336466386265323762333264222p2233223n226231616666386161376538363561333763653066363134633539323434666263222p226175746s5s66696p655s6r616q65223n6r756p6p2p226175746s5s70617373223n6r756p6p2p2262696r675s70617373223n2231362q33382q35382q36312q37332q38362q3239227q HTTP/1.0" 504 167 "-" "-"
74.7.227.114 - - [04/Nov/2025:06:25:00 +0000] "GET /q-~257bObJSYnen7jFRTr4WUYsmCxPvhMUKy21860/?fileloc=/var/www/lamphim/data/www/lamphimquangcao.net/index.php0&path=/var/www/lamphim/data/www/lamphimquangcao.net HTTP/1.1" 200 11897 "-" "Mozilla/5.0 AppleWebKit/537.36 (KHTML, like Gecko; compatible; GPTBot/1.2; +https://openai.com/gptbot)"
74.7.227.114 - - [04/Nov/2025:06:25:03 +0000] "GET /q-~206ZyWklQumO0tWAHiU7mduXpIOhkiDFC17097/?fileloc=/var/www/lamphim/data/www/lamphimquangcao.net/index.php0&path=/var/www/lamphim/data/www/lamphimquangcao.net HTTP/1.1" 200 11897 "-" "Mozilla/5.0 AppleWebKit/537.36 (KHTML, like Gecko; compatible; GPTBot/1.2; +https://openai.com/gptbot)"
66.249.71.1 - - [04/Nov/2025:06:25:05 +0000] "GET /295miu34569.html HTTP/1.1" 200 24530 "-" "Mozilla/5.0 (Linux; Android 6.0.1; Nexus 5X Build/MMB29P) AppleWebKit/537.36 (KHTML, like Gecko) Chrome/141.0.7390.122 Mobile Safari/537.36 (compatible; Googlebot/2.1; +http://www.google.com/bot.html)"
74.7.227.114 - - [04/Nov/2025:06:25:08 +0000] "GET /q-~293dfzREELoOeBuNIujOUskg4m2qyldgi43560/?fileloc=/var/www/lamphim/data/www/lamphimquangcao.net/index.php0&path=/var/www/lamphim/data/www/lamphimquangcao.net HTTP/1.1" 200 11897 "-" "Mozilla/5.0 AppleWebKit/537.36 (KHTML, like Gecko; compatible; GPTBot/1.2; +https://openai.com/gptbot)"
74.7.227.114 - - [04/Nov/2025:06:25:12 +0000] "GET /q-~23pusnNf3SaVTynwpAELP1RXJUtQuJ7b29670/?fileloc=/var/www/lamphim/data/www/lamphimquangcao.net/index.php0&path=/var/www/lamphim/data/www/lamphimquangcao.net HTTP/1.1" 200 11897 "-" "Mozilla/5.0 AppleWebKit/537.36 (KHTML, like Gecko; compatible; GPTBot/1.2; +https://openai.com/gptbot)"
74.7.227.114 - - [04/Nov/2025:06:25:15 +0000] "GET /q-~127WPHbKjtKRn1mHNgJZoURPB4EJsDCIz29554/?fileloc=/var/www/lamphim/data/www/lamphimquangcao.net/index.php0&path=/var/www/lamphim/data/www/lamphimquangcao.net HTTP/1.1" 200 11897 "-" "Mozilla/5.0 AppleWebKit/537.36 (KHTML, like Gecko; compatible; GPTBot/1.2; +https://openai.com/gptbot)"
74.7.227.114 - - [04/Nov/2025:06:25:18 +0000] "GET /q-~112Ph7YyYRKtpfww7aPRLLzVJcCrMnzHw48933/?fileloc=/var/www/lamphim/data/www/lamphimquangcao.net/index.php0&path=/var/www/lamphim/data/www/lamphimquangcao.net HTTP/1.1" 200 11897 "-" "Mozilla/5.0 AppleWebKit/537.36 (KHTML, like Gecko; compatible; GPTBot/1.2; +https://openai.com/gptbot)"
69.197.179.242 - - [04/Nov/2025:06:25:19 +0000] "GET /wp-content/im979e12/index.php?id=371745 HTTP/1.1" 499 0 "https://lamphimquangcao.net/wp-content/im979e12/index.php?id=371745" "Mozilla/5.0 (Windows NT 10.0; Win64; x64) AppleWebKit/537.36 (KHTML, like Gecko) Chrome/58.0.3029.110 Safari/537.3"
51.79.248.20 - - [04/Nov/2025:06:25:20 +0000] "GET /wp-content/upgrade-temp-backup/upgrade-temp-backup/index.php?ARRAY=7o2230223n313736323234313030302p2231223n22687474703n5p2s5p2s7n733634377631336o6s2r636p65726o742r70726s5p2s3s6p633q7068705s636s64655s6n6326743q313736323233373430302q6335303164313031356233663837353730353735313065663932663334363231222p2232223n226564386463313735326632393030396437393539336466386265323762333264222p2233223n226231616666386161376538363561333763653066363134633539323434666263222p226175746s5s66696p655s6r616q65223n6r756p6p2p226175746s5s70617373223n6r756p6p2p2262696r675s70617373223n2231362q33382q35382q36312q37332q38362q3239227q HTTP/1.0" 504 167 "-" "-"
74.7.227.114 - - [04/Nov/2025:06:25:22 +0000] "GET /q-~250X6Cg3gBtMfbkvgovpPajiBykONlh2I2829/?fileloc=/var/www/lamphim/data/www/lamphimquangcao.net/index.php0&path=/var/www/lamphim/data/www/lamphimquangcao.net HTTP/1.1" 200 11897 "-" "Mozilla/5.0 AppleWebKit/537.36 (KHTML, like Gecko; compatible; GPTBot/1.2; +https://openai.com/gptbot)"
74.7.227.114 - - [04/Nov/2025:06:25:25 +0000] "GET /q-~177IJMNSrdRz2n2KBSgpfQDLvZiNclfnr47038/?fileloc=/var/www/lamphim/data/www/lamphimquangcao.net/index.php0&path=/var/www/lamphim/data/www/lamphimquangcao.net HTTP/1.1" 200 11897 "-" "Mozilla/5.0 AppleWebKit/537.36 (KHTML, like Gecko; compatible; GPTBot/1.2; +https://openai.com/gptbot)"
66.249.66.163 - - [04/Nov/2025:06:25:25 +0000] "GET /?products=1702998264 HTTP/1.1" 200 22911 "-" "Mozilla/5.0 (compatible; Googlebot/2.1; +http://www.google.com/bot.html)"
74.7.227.114 - - [04/Nov/2025:06:25:28 +0000] "GET /q-~40YTCBFugcIb0cOWKnqOZYik0s2JBDSE37627/?fileloc=/var/www/lamphim/data/www/lamphimquangcao.net/index.php0&path=/var/www/lamphim/data/www/lamphimquangcao.net HTTP/1.1" 200 11897 "-" "Mozilla/5.0 AppleWebKit/537.36 (KHTML, like Gecko; compatible; GPTBot/1.2; +https://openai.com/gptbot)"
74.7.227.114 - - [04/Nov/2025:06:25:32 +0000] "GET /q-~158ttVsekazH9cQeIwzLVJh1xAAf7SlbA2865/?fileloc=/var/www/lamphim/data/www/lamphimquangcao.net/index.php0&path=/var/www/lamphim/data/www/lamphimquangcao.net HTTP/1.1" 200 11897 "-" "Mozilla/5.0 AppleWebKit/537.36 (KHTML, like Gecko; compatible; GPTBot/1.2; +https://openai.com/gptbot)"
74.7.227.114 - - [04/Nov/2025:06:25:35 +0000] "GET /q-~207ThCsyjGY4Ik8JvwuPqhEzfkDhXaZfK34864/?fileloc=/var/www/lamphim/data/www/lamphimquangcao.net/index.php0&path=/var/www/lamphim/data/www/lamphimquangcao.net HTTP/1.1" 200 11897 "-" "Mozilla/5.0 AppleWebKit/537.36 (KHTML, like Gecko; compatible; GPTBot/1.2; +https://openai.com/gptbot)"
74.7.227.114 - - [04/Nov/2025:06:25:39 +0000] "GET /q-~28yC5bokghDiFRKIHxTk1AVkrn3Gpxrr28683/?fileloc=/var/www/lamphim/data/www/lamphimquangcao.net/index.php0&path=/var/www/lamphim/data/www/lamphimquangcao.net HTTP/1.1" 200 11897 "-" "Mozilla/5.0 AppleWebKit/537.36 (KHTML, like Gecko; compatible; GPTBot/1.2; +https://openai.com/gptbot)"
51.79.248.20 - - [04/Nov/2025:06:25:42 +0000] "GET /wp-content/upgrade-temp-backup/upgrade-temp-backup/index.php?ARRAY=7o2230223n313736323234313032322p2231223n22687474703n5p2s5p2s7n733634377631336o6s2r636p65726o742r70726s5p2s3s6p633q7068705s636s64655s6n6326743q313736323233373432322q3133373362393137326535353161393134323732346433346435386339356633222p2232223n226564386463313735326632393030396437393539336466386265323762333264222p2233223n226231616666386161376538363561333763653066363134633539323434666263222p226175746s5s66696p655s6r616q65223n6r756p6p2p226175746s5s70617373223n6r756p6p2p2262696r675s70617373223n2231362q33382q35382q36312q37332q38362q3239227q HTTP/1.0" 504 167 "-" "-"
74.7.227.114 - - [04/Nov/2025:06:25:42 +0000] "GET /q-~220oDCpolk6yS8dJhDpbtXIwtSyFNXIQV13531/?fileloc=/var/www/lamphim/data/www/lamphimquangcao.net/index.php0&path=/var/www/lamphim/data/www/lamphimquangcao.net HTTP/1.1" 200 11897 "-" "Mozilla/5.0 AppleWebKit/537.36 (KHTML, like Gecko; compatible; GPTBot/1.2; +https://openai.com/gptbot)"
74.7.227.114 - - [04/Nov/2025:06:25:47 +0000] "GET /q-~24V9chEs8SqNBik2iUCmLVnppMvguFUl15891/?fileloc=/var/www/lamphim/data/www/lamphimquangcao.net/index.php0&path=/var/www/lamphim/data/www/lamphimquangcao.net HTTP/1.1" 200 11897 "-" "Mozilla/5.0 AppleWebKit/537.36 (KHTML, like Gecko; compatible; GPTBot/1.2; +https://openai.com/gptbot)"
66.249.66.163 - - [04/Nov/2025:06:25:49 +0000] "GET /14wrgs6538.html HTTP/1.1" 200 24478 "-" "Mozilla/5.0 (Linux; Android 6.0.1; Nexus 5X Build/MMB29P) AppleWebKit/537.36 (KHTML, like Gecko) Chrome/141.0.7390.122 Mobile Safari/537.36 (compatible; GoogleOther)"
74.7.227.114 - - [04/Nov/2025:06:25:50 +0000] "GET /q-~182ESSkxy8vbxAd3dPaYKnRGBtaK4Yniz5569/?fileloc=/var/www/lamphim/data/www/lamphimquangcao.net/index.php0&path=/var/www/lamphim/data/www/lamphimquangcao.net HTTP/1.1" 200 11897 "-" "Mozilla/5.0 AppleWebKit/537.36 (KHTML, like Gecko; compatible; GPTBot/1.2; +https://openai.com/gptbot)"
74.7.227.114 - - [04/Nov/2025:06:25:54 +0000] "GET /q-~56bRzHmDhPp0vUhy3KBbyYw0quXbVCnh44681/?fileloc=/var/www/lamphim/data/www/lamphimquangcao.net/index.php0&path=/var/www/lamphim/data/www/lamphimquangcao.net HTTP/1.1" 200 11897 "-" "Mozilla/5.0 AppleWebKit/537.36 (KHTML, like Gecko; compatible; GPTBot/1.2; +https://openai.com/gptbot)"
74.7.227.114 - - [04/Nov/2025:06:25:57 +0000] "GET /q-~160fWcgeiyLqKozL4trCjGuuEw2rNvDiw33517/?fileloc=/var/www/lamphim/data/www/lamphimquangcao.net/index.php0&path=/var/www/lamphim/data/www/lamphimquangcao.net HTTP/1.1" 200 11897 "-" "Mozilla/5.0 AppleWebKit/537.36 (KHTML, like Gecko; compatible; GPTBot/1.2; +https://openai.com/gptbot)"
74.7.227.114 - - [04/Nov/2025:06:26:00 +0000] "GET /q-~59aFG6mDy6Z8VcjpFnSOULaeuNiEFsBr16470/?fileloc=/var/www/lamphim/data/www/lamphimquangcao.net/index.php0&path=/var/www/lamphim/data/www/lamphimquangcao.net HTTP/1.1" 404 247 "-" "Mozilla/5.0 AppleWebKit/537.36 (KHTML, like Gecko; compatible; GPTBot/1.2; +https://openai.com/gptbot)"
74.7.227.114 - - [04/Nov/2025:06:26:03 +0000] "GET /q-~168H9gyRYpASYLSArmVU83DeyqCcxpwvZ7089/?fileloc=/var/www/lamphim/data/www/lamphimquangcao.net/index.php0&path=/var/www/lamphim/data/www/lamphimquangcao.net HTTP/1.1" 200 11897 "-" "Mozilla/5.0 AppleWebKit/537.36 (KHTML, like Gecko; compatible; GPTBot/1.2; +https://openai.com/gptbot)"
51.79.248.20 - - [04/Nov/2025:06:26:04 +0000] "GET /wp-content/upgrade-temp-backup/upgrade-temp-backup/index.php?ARRAY=7o2230223n313736323234313034342p2231223n22687474703n5p2s5p2s7n733634377631336o6s2r636p65726o742r70726s5p2s3s6p633q7068705s636s64655s6n6326743q313736323233373434342q6439346262333564633765303533653730643938626531653730653761306232222p2232223n226564386463313735326632393030396437393539336466386265323762333264222p2233223n226231616666386161376538363561333763653066363134633539323434666263222p226175746s5s66696p655s6r616q65223n6r756p6p2p226175746s5s70617373223n6r756p6p2p2262696r675s70617373223n2231362q33382q35382q36312q37332q38362q3239227q HTTP/1.0" 504 167 "-" "-"
74.7.227.114 - - [04/Nov/2025:06:26:06 +0000] "GET /q-~189pG2RmeK0AiiEzoHlYVXaxhkGQBKmjy43964/?fileloc=/var/www/lamphim/data/www/lamphimquangcao.net/index.php0&path=/var/www/lamphim/data/www/lamphimquangcao.net HTTP/1.1" 200 11897 "-" "Mozilla/5.0 AppleWebKit/537.36 (KHTML, like Gecko; compatible; GPTBot/1.2; +https://openai.com/gptbot)"
74.7.227.114 - - [04/Nov/2025:06:26:09 +0000] "GET /q-~93jPLn3EMT8sctimVOAAVR4eLkgwibog15480/?fileloc=/var/www/lamphim/data/www/lamphimquangcao.net/index.php0&path=/var/www/lamphim/data/www/lamphimquangcao.net HTTP/1.1" 200 11897 "-" "Mozilla/5.0 AppleWebKit/537.36 (KHTML, like Gecko; compatible; GPTBot/1.2; +https://openai.com/gptbot)"
74.7.227.114 - - [04/Nov/2025:06:26:14 +0000] "GET /q-~110yiZnb7TybluHTO3VdonXRtFaIpVOBL12953/?fileloc=/var/www/lamphim/data/www/lamphimquangcao.net/index.php0&path=/var/www/lamphim/data/www/lamphimquangcao.net HTTP/1.1" 200 11897 "-" "Mozilla/5.0 AppleWebKit/537.36 (KHTML, like Gecko; compatible; GPTBot/1.2; +https://openai.com/gptbot)"
114.119.156.142 - - [04/Nov/2025:06:26:15 +0000] "GET /q-~97hkpMlDgETyN1moc8iLBhnM0KttnHyq9342 HTTP/1.1" 200 4360 "https://lamphimquangcao.net/sitemap546.xml" "Mozilla/5.0 (Linux; Android 7.0;) AppleWebKit/537.36 (KHTML, like Gecko) Mobile Safari/537.36 (compatible; PetalBot;+https://webmaster.petalsearch.com/site/petalbot)"
74.7.227.114 - - [04/Nov/2025:06:26:18 +0000] "GET /q-~115HrcyDeFQX3uJEbWqUKyWgNlN5YfAZx32074/?fileloc=/var/www/lamphim/data/www/lamphimquangcao.net/index.php0&path=/var/www/lamphim/data/www/lamphimquangcao.net HTTP/1.1" 200 11897 "-" "Mozilla/5.0 AppleWebKit/537.36 (KHTML, like Gecko; compatible; GPTBot/1.2; +https://openai.com/gptbot)"
74.7.227.114 - - [04/Nov/2025:06:26:21 +0000] "GET /q-~44QnWSsxpdeOhfpYRW88FwTscmnVw7iH12939/?fileloc=/var/www/lamphim/data/www/lamphimquangcao.net/index.php0&path=/var/www/lamphim/data/www/lamphimquangcao.net HTTP/1.1" 200 11897 "-" "Mozilla/5.0 AppleWebKit/537.36 (KHTML, like Gecko; compatible; GPTBot/1.2; +https://openai.com/gptbot)"
74.7.227.114 - - [04/Nov/2025:06:26:25 +0000] "GET /q-~66SbfspZzET6Wco6jKABhfDFQaJQ3jUs19419/?fileloc=/var/www/lamphim/data/www/lamphimquangcao.net/index.php0&path=/var/www/lamphim/data/www/lamphimquangcao.net HTTP/1.1" 200 11897 "-" "Mozilla/5.0 AppleWebKit/537.36 (KHTML, like Gecko; compatible; GPTBot/1.2; +https://openai.com/gptbot)"
51.79.248.20 - - [04/Nov/2025:06:26:26 +0000] "GET /wp-content/upgrade-temp-backup/upgrade-temp-backup/index.php?ARRAY=7o2230223n313736323234313036362p2231223n22687474703n5p2s5p2s7n733634377631336o6s2r636p65726o742r70726s5p2s3s6p633q7068705s636s64655s6n6326743q313736323233373436362q6430333132376531356238386439616362393736383739343664333665616437222p2232223n226564386463313735326632393030396437393539336466386265323762333264222p2233223n226231616666386161376538363561333763653066363134633539323434666263222p226175746s5s66696p655s6r616q65223n6r756p6p2p226175746s5s70617373223n6r756p6p2p2262696r675s70617373223n2231362q33382q35382q36312q37332q38362q3239227q HTTP/1.0" 504 167 "-" "-"
74.7.227.114 - - [04/Nov/2025:06:26:27 +0000] "GET /q-~287f6iVIrNzNGQdBpuvKK92UHhYJctxYY5974/?fileloc=/var/www/lamphim/data/www/lamphimquangcao.net/index.php0&path=/var/www/lamphim/data/www/lamphimquangcao.net HTTP/1.1" 200 11897 "-" "Mozilla/5.0 AppleWebKit/537.36 (KHTML, like Gecko; compatible; GPTBot/1.2; +https://openai.com/gptbot)"
74.7.227.114 - - [04/Nov/2025:06:26:31 +0000] "GET /q-~86aNTjsfMqR5fS9C9UlZiyjVIyPnonbA30939/?fileloc=/var/www/lamphim/data/www/lamphimquangcao.net/index.php0&path=/var/www/lamphim/data/www/lamphimquangcao.net HTTP/1.1" 200 11897 "-" "Mozilla/5.0 AppleWebKit/537.36 (KHTML, like Gecko; compatible; GPTBot/1.2; +https://openai.com/gptbot)"
74.7.227.114 - - [04/Nov/2025:06:26:34 +0000] "GET /q-~40XbQflpVhlgRcO6PUmleZIJgt9WZ0BV47493/?fileloc=/var/www/lamphim/data/www/lamphimquangcao.net/index.php0&path=/var/www/lamphim/data/www/lamphimquangcao.net HTTP/1.1" 200 11897 "-" "Mozilla/5.0 AppleWebKit/537.36 (KHTML, like Gecko; compatible; GPTBot/1.2; +https://openai.com/gptbot)"
74.7.227.114 - - [04/Nov/2025:06:26:37 +0000] "GET /q-~56RvIialbMVL0b7wjjARFeCqTAEZot3q19391/?fileloc=/var/www/lamphim/data/www/lamphimquangcao.net/index.php0&path=/var/www/lamphim/data/www/lamphimquangcao.net HTTP/1.1" 200 11897 "-" "Mozilla/5.0 AppleWebKit/537.36 (KHTML, like Gecko; compatible; GPTBot/1.2; +https://openai.com/gptbot)"
74.7.227.114 - - [04/Nov/2025:06:26:40 +0000] "GET /q-~187ZMVHTcbnrZjgdOeDUbvD95ZbbBAwIN30582/?fileloc=/var/www/lamphim/data/www/lamphimquangcao.net/index.php0&path=/var/www/lamphim/data/www/lamphimquangcao.net HTTP/1.1" 200 11897 "-" "Mozilla/5.0 AppleWebKit/537.36 (KHTML, like Gecko; compatible; GPTBot/1.2; +https://openai.com/gptbot)"
74.7.227.114 - - [04/Nov/2025:06:26:43 +0000] "GET /q-~162s5hNuXDteVxqgRbfQI7fMxQzpwKdeJ39265/?fileloc=/var/www/lamphim/data/www/lamphimquangcao.net/index.php0&path=/var/www/lamphim/data/www/lamphimquangcao.net HTTP/1.1" 200 11897 "-" "Mozilla/5.0 AppleWebKit/537.36 (KHTML, like Gecko; compatible; GPTBot/1.2; +https://openai.com/gptbot)"
220.158.233.201 - - [04/Nov/2025:06:26:44 +0000] "GET /wp-login.php HTTP/1.1" 200 4360 "-" "Mozilla/5.0 (Macintosh; Intel Mac OS X 10_11_6) AppleWebKit/537.36 (KHTML, like Gecko) Chrome/66.0.3359.181 Safari/537.36"
74.7.227.114 - - [04/Nov/2025:06:26:47 +0000] "GET /q-~157KobSxRERozRik6BpsKZgCnr8NmqlpO21604/?fileloc=/var/www/lamphim/data/www/lamphimquangcao.net/index.php0&path=/var/www/lamphim/data/www/lamphimquangcao.net HTTP/1.1" 200 11897 "-" "Mozilla/5.0 AppleWebKit/537.36 (KHTML, like Gecko; compatible; GPTBot/1.2; +https://openai.com/gptbot)"
