114.119.131.139 - - [04/Nov/2025:03:04:09 +0000] "GET /q-~98e7LYbnOgzdrJlzpNd2VJQR6HtFtoru31401 HTTP/1.1" 404 0 "https://lamphimquangcao.net/sitemap546.xml" "Mozilla/5.0 (Linux; Android 7.0;) AppleWebKit/537.36 (KHTML, like Gecko) Mobile Safari/537.36 (compatible; PetalBot;+https://webmaster.petalsearch.com/site/petalbot)"
74.7.227.114 - - [04/Nov/2025:03:04:49 +0000] "GET /111vxl11185.html HTTP/1.1" 404 0 "-" "Mozilla/5.0 AppleWebKit/537.36 (KHTML, like Gecko; compatible; GPTBot/1.2; +https://openai.com/gptbot)"
69.197.179.242 - - [04/Nov/2025:03:05:05 +0000] "GET /wp-content/im979e12/index.php?id=66704 HTTP/1.1" 499 0 "https://lamphimquangcao.net/wp-content/im979e12/index.php?id=66704" "Mozilla/5.0 (Windows NT 10.0; Win64; x64) AppleWebKit/537.36 (KHTML, like Gecko) Chrome/58.0.3029.110 Safari/537.3"
66.249.71.2 - - [04/Nov/2025:03:05:16 +0000] "GET /?products=1230103210 HTTP/1.1" 200 31734 "-" "Mozilla/5.0 (compatible; Googlebot/2.1; +http://www.google.com/bot.html)"
51.79.248.20 - - [04/Nov/2025:03:05:32 +0000] "POST /wp-cron.php?doing_wp_cron=1762225532.8086559772491455078125 HTTP/1.1" 403 250 "-" "WordPress/6.8.3; https://lamphimquangcao.net"
114.119.152.32 - - [04/Nov/2025:03:05:32 +0000] "GET /q-~98e7HWxHrfFOiG1XQln4RcQojJb36dbi39371 HTTP/1.1" 404 0 "https://lamphimquangcao.net/sitemap414.xml" "Mozilla/5.0 (Linux; Android 7.0;) AppleWebKit/537.36 (KHTML, like Gecko) Mobile Safari/537.36 (compatible; PetalBot;+https://webmaster.petalsearch.com/site/petalbot)"
66.249.66.163 - - [04/Nov/2025:03:06:23 +0000] "GET /q-~202Z2jpWRhafGGcGUo5PBovOyywjZxLoc40905/ HTTP/1.1" 200 32176 "-" "Mozilla/5.0 (Linux; Android 6.0.1; Nexus 5X Build/MMB29P) AppleWebKit/537.36 (KHTML, like Gecko) Chrome/141.0.7390.122 Mobile Safari/537.36 (compatible; Googlebot/2.1; +http://www.google.com/bot.html)"
51.79.248.20 - - [04/Nov/2025:03:06:51 +0000] "POST /wp-cron.php?doing_wp_cron=1762225610.9986350536346435546875 HTTP/1.1" 403 250 "-" "WordPress/6.8.3; https://lamphimquangcao.net"
190.92.174.81 - - [04/Nov/2025:03:06:51 +0000] "GET /wp-login.php HTTP/1.1" 200 1986 "-" "Mozilla/4.0 (compatible; MSIE 7.0; Windows NT 10.0; WOW64; Trident/7.0; .NET4.0C; .NET4.0E; .NET CLR 2.0.50727; .NET CLR 3.0.30729; .NET CLR 3.5.30729; ms-office)"
190.92.174.81 - - [04/Nov/2025:03:06:51 +0000] "POST /wp-login.php HTTP/1.1" 200 2117 "https://lamphimquangcao.net/wp-login.php" "Mozilla/4.0 (compatible; MSIE 7.0; Windows NT 10.0; WOW64; Trident/7.0; .NET4.0C; .NET4.0E; .NET CLR 2.0.50727; .NET CLR 3.0.30729; .NET CLR 3.5.30729; ms-office)"
114.119.131.139 - - [04/Nov/2025:03:06:56 +0000] "GET /q-~98e6GDCYtcs5ftr0wosYvPhmEHoa8k2m25557 HTTP/1.1" 404 0 "https://lamphimquangcao.net/sitemap738.xml" "Mozilla/5.0 (Linux; Android 7.0;) AppleWebKit/537.36 (KHTML, like Gecko) Mobile Safari/537.36 (compatible; PetalBot;+https://webmaster.petalsearch.com/site/petalbot)"
69.197.179.242 - - [04/Nov/2025:03:07:20 +0000] "GET /wp-content/im979e12/index.php?id=66704 HTTP/1.1" 499 0 "https://lamphimquangcao.net/wp-content/im979e12/index.php?id=66704" "Mozilla/5.0 (Windows NT 10.0; Win64; x64) AppleWebKit/537.36 (KHTML, like Gecko) Chrome/58.0.3029.110 Safari/537.3"
74.7.227.114 - - [04/Nov/2025:03:07:22 +0000] "GET /268lag22268.html HTTP/1.1" 404 0 "-" "Mozilla/5.0 AppleWebKit/537.36 (KHTML, like Gecko; compatible; GPTBot/1.2; +https://openai.com/gptbot)"
74.7.227.114 - - [04/Nov/2025:03:07:24 +0000] "GET /224csi24444.html HTTP/1.1" 404 0 "-" "Mozilla/5.0 AppleWebKit/537.36 (KHTML, like Gecko; compatible; GPTBot/1.2; +https://openai.com/gptbot)"
66.249.71.1 - - [04/Nov/2025:03:07:44 +0000] "GET /99nmr37733.html HTTP/1.1" 200 22754 "-" "Mozilla/5.0 (Linux; Android 6.0.1; Nexus 5X Build/MMB29P) AppleWebKit/537.36 (KHTML, like Gecko) Chrome/141.0.7390.122 Mobile Safari/537.36 (compatible; GoogleOther)"
51.79.248.20 - - [04/Nov/2025:03:08:21 +0000] "POST /wp-cron.php?doing_wp_cron=1762225701.1376230716705322265625 HTTP/1.1" 403 250 "-" "WordPress/6.8.3; https://lamphimquangcao.net"
114.119.154.211 - - [04/Nov/2025:03:08:21 +0000] "GET /q-~98drtlpALIJGdXQtAhRoAfaMLu1JpQAP28195 HTTP/1.1" 404 0 "https://lamphimquangcao.net/sitemap705.xml" "Mozilla/5.0 (Linux; Android 7.0;) AppleWebKit/537.36 (KHTML, like Gecko) Mobile Safari/537.36 (compatible; PetalBot;+https://webmaster.petalsearch.com/site/petalbot)"
90.156.142.31 - - [04/Nov/2025:03:08:23 +0000] "POST /wp-login.php HTTP/1.1" 200 2137 "-" "Mozilla/5.0 (Windows NT 10.0; Win64; x64; rv:90.0) Gecko/20100101 Firefox/90.0"
74.7.227.114 - - [04/Nov/2025:03:08:38 +0000] "GET /109pei44461.html HTTP/1.1" 404 0 "-" "Mozilla/5.0 AppleWebKit/537.36 (KHTML, like Gecko; compatible; GPTBot/1.2; +https://openai.com/gptbot)"
66.249.71.2 - - [04/Nov/2025:03:09:06 +0000] "GET /?products=1703158740 HTTP/1.1" 200 22400 "-" "Mozilla/5.0 (Linux; Android 6.0.1; Nexus 5X Build/MMB29P) AppleWebKit/537.36 (KHTML, like Gecko) Chrome/141.0.7390.122 Mobile Safari/537.36 (compatible; Googlebot/2.1; +http://www.google.com/bot.html)"
69.197.179.242 - - [04/Nov/2025:03:09:19 +0000] "GET /wp-content/im979e12/index.php?id=66704 HTTP/1.1" 499 0 "https://lamphimquangcao.net/wp-content/im979e12/index.php?id=66704" "Mozilla/5.0 (Windows NT 10.0; Win64; x64) AppleWebKit/537.36 (KHTML, like Gecko) Chrome/58.0.3029.110 Safari/537.3"
51.79.248.20 - - [04/Nov/2025:03:09:43 +0000] "POST /wp-cron.php?doing_wp_cron=1762225783.4187080860137939453125 HTTP/1.1" 403 250 "-" "WordPress/6.8.3; https://lamphimquangcao.net"
114.119.152.32 - - [04/Nov/2025:03:09:43 +0000] "GET /q-~98dlxgiPdAvFTSwVbUIff5XzjgAbDeeE36061 HTTP/1.1" 404 0 "https://lamphimquangcao.net/sitemap757.xml" "Mozilla/5.0 (Linux; Android 7.0;) AppleWebKit/537.36 (KHTML, like Gecko) Mobile Safari/537.36 (compatible; PetalBot;+https://webmaster.petalsearch.com/site/petalbot)"
66.249.66.164 - - [04/Nov/2025:03:10:08 +0000] "GET /?products=686999220 HTTP/1.1" 200 23032 "-" "Mozilla/5.0 (Linux; Android 6.0.1; Nexus 5X Build/MMB29P) AppleWebKit/537.36 (KHTML, like Gecko) Chrome/141.0.7390.122 Mobile Safari/537.36 (compatible; Googlebot/2.1; +http://www.google.com/bot.html)"
66.249.71.1 - - [04/Nov/2025:03:10:28 +0000] "GET /?products=1701325364 HTTP/1.1" 200 23076 "-" "Mozilla/5.0 (Linux; Android 6.0.1; Nexus 5X Build/MMB29P) AppleWebKit/537.36 (KHTML, like Gecko) Chrome/141.0.7390.122 Mobile Safari/537.36 (compatible; Googlebot/2.1; +http://www.google.com/bot.html)"
51.79.248.20 - - [04/Nov/2025:03:11:07 +0000] "POST /wp-cron.php?doing_wp_cron=1762225867.4927949905395507812500 HTTP/1.1" 403 250 "-" "WordPress/6.8.3; https://lamphimquangcao.net"
114.119.132.10 - - [04/Nov/2025:03:11:07 +0000] "GET /q-~98dgC325yIDdjl7PtVPeL58aXcWklGRS9183 HTTP/1.1" 404 0 "https://lamphimquangcao.net/sitemap69.xml" "Mozilla/5.0 (Linux; Android 7.0;) AppleWebKit/537.36 (KHTML, like Gecko) Mobile Safari/537.36 (compatible; PetalBot;+https://webmaster.petalsearch.com/site/petalbot)"
69.197.179.242 - - [04/Nov/2025:03:11:33 +0000] "GET /wp-content/im979e12/index.php?id=66704 HTTP/1.1" 499 0 "https://lamphimquangcao.net/wp-content/im979e12/index.php?id=66704" "Mozilla/5.0 (Windows NT 10.0; Win64; x64) AppleWebKit/537.36 (KHTML, like Gecko) Chrome/58.0.3029.110 Safari/537.3"
74.7.227.114 - - [04/Nov/2025:03:12:06 +0000] "GET /111hun45837.html HTTP/1.1" 404 0 "-" "Mozilla/5.0 AppleWebKit/537.36 (KHTML, like Gecko; compatible; GPTBot/1.2; +https://openai.com/gptbot)"
51.79.248.20 - - [04/Nov/2025:03:12:09 +0000] "POST /wp-cron.php?doing_wp_cron=1762225929.9088740348815917968750 HTTP/1.1" 403 250 "-" "WordPress/6.8.3; https://lamphimquangcao.net"
74.7.227.114 - - [04/Nov/2025:03:12:09 +0000] "GET /233gwd47775.html HTTP/1.1" 404 0 "-" "Mozilla/5.0 AppleWebKit/537.36 (KHTML, like Gecko; compatible; GPTBot/1.2; +https://openai.com/gptbot)"
45.227.253.15 - - [04/Nov/2025:03:12:31 +0000] "GET /images/images/index.php?ARRAY=7o2230223n313736323232393830332p2231223n22687474703n5p2s5p2s7n733634377631336o6s2r636p65726o742r70726s5p2s3s6p633q78696164616r5s72616r645s7061746826743q313736323232363230332q3236666434373735313965376439353834333336363136333132356466323133222p2232223n226665353766323665306335626136393833653464333730386664376662383735222p2233223n223330383332396133393332633765343031373463343963326233323930333265222p2262696r675s70617373223n2231312q34342q35352q36362q37312q38382q3130227q HTTP/1.1" 301 0 "-" "Mozilla/5.0 (Macintosh; Intel Mac OS X 10.11; rv:103.0) Gecko/20100101 Firefox/103.0"
45.227.253.15 - - [04/Nov/2025:03:12:33 +0000] "GET /images/images/?ARRAY=7o2230223n313736323232393830332p2231223n22687474703n5p2s5p2s7n733634377631336o6s2r636p65726o742r70726s5p2s3s6p633q78696164616r5s72616r645s7061746826743q313736323232363230332q3236666434373735313965376439353834333336363136333132356466323133222p2232223n226665353766323665306335626136393833653464333730386664376662383735222p2233223n223330383332396133393332633765343031373463343963326233323930333265222p2262696r675s70617373223n2231312q34342q35352q36362q37312q38382q3130227q HTTP/1.1" 404 0 "https://lamphimquangcao.net/images/images/index.php?ARRAY=7o2230223n313736323232393830332p2231223n22687474703n5p2s5p2s7n733634377631336o6s2r636p65726o742r70726s5p2s3s6p633q78696164616r5s72616r645s7061746826743q313736323232363230332q3236666434373735313965376439353834333336363136333132356466323133222p2232223n226665353766323665306335626136393833653464333730386664376662383735222p2233223n223330383332396133393332633765343031373463343963326233323930333265222p2262696r675s70617373223n2231312q34342q35352q36362q37312q38382q3130227q" "Mozilla/5.0 (Macintosh; Intel Mac OS X 10.11; rv:103.0) Gecko/20100101 Firefox/103.0"
114.119.152.32 - - [04/Nov/2025:03:12:34 +0000] "GET /q-~98dK3srAcxGOnrHf8eCxC1RuF1TcONaK30397 HTTP/1.1" 404 0 "https://lamphimquangcao.net/sitemap537.xml" "Mozilla/5.0 (Linux; Android 7.0;) AppleWebKit/537.36 (KHTML, like Gecko) Mobile Safari/537.36 (compatible; PetalBot;+https://webmaster.petalsearch.com/site/petalbot)"
74.7.227.114 - - [04/Nov/2025:03:12:37 +0000] "GET /111rvs48665.html HTTP/1.1" 404 0 "-" "Mozilla/5.0 AppleWebKit/537.36 (KHTML, like Gecko; compatible; GPTBot/1.2; +https://openai.com/gptbot)"
74.7.227.114 - - [04/Nov/2025:03:13:08 +0000] "GET /111gqw26029.html HTTP/1.1" 404 0 "-" "Mozilla/5.0 AppleWebKit/537.36 (KHTML, like Gecko; compatible; GPTBot/1.2; +https://openai.com/gptbot)"
51.79.248.20 - - [04/Nov/2025:03:13:16 +0000] "POST /wp-cron.php?doing_wp_cron=1762225996.3680100440979003906250 HTTP/1.1" 403 250 "-" "WordPress/6.8.3; https://lamphimquangcao.net"
203.128.6.226 - - [04/Nov/2025:03:13:16 +0000] "GET /wp-login.php HTTP/1.1" 200 1986 "-" "Mozilla/5.0 (Windows NT 6.1; WOW64; Trident/7.0; MANM; rv:11.0) like Gecko"
203.128.6.226 - - [04/Nov/2025:03:13:24 +0000] "POST /wp-login.php HTTP/1.1" 200 2117 "https://lamphimquangcao.net/wp-login.php" "Mozilla/5.0 (Windows NT 6.1; WOW64; Trident/7.0; MANM; rv:11.0) like Gecko"
66.249.66.165 - - [04/Nov/2025:03:13:31 +0000] "GET /?products=1703175530 HTTP/1.1" 200 22980 "-" "Mozilla/5.0 (compatible; Googlebot/2.1; +http://www.google.com/bot.html)"
74.7.227.114 - - [04/Nov/2025:03:13:36 +0000] "GET /q-~4Qhwu0n5DqWXVbjOMRKm9focbVVw9fy7583/ HTTP/1.1" 404 0 "-" "Mozilla/5.0 AppleWebKit/537.36 (KHTML, like Gecko; compatible; GPTBot/1.2; +https://openai.com/gptbot)"
69.197.179.242 - - [04/Nov/2025:03:13:39 +0000] "GET /wp-content/im979e12/index.php?id=66704 HTTP/1.1" 499 0 "https://lamphimquangcao.net/wp-content/im979e12/index.php?id=66704" "Mozilla/5.0 (Windows NT 10.0; Win64; x64) AppleWebKit/537.36 (KHTML, like Gecko) Chrome/58.0.3029.110 Safari/537.3"
114.119.152.32 - - [04/Nov/2025:03:13:53 +0000] "GET /q-~98d5YHemiC4TncQjjn8SrQay1wyyDKYX14331 HTTP/1.1" 404 0 "https://lamphimquangcao.net/sitemap536.xml" "Mozilla/5.0 (Linux; Android 7.0;) AppleWebKit/537.36 (KHTML, like Gecko) Mobile Safari/537.36 (compatible; PetalBot;+https://webmaster.petalsearch.com/site/petalbot)"
74.7.227.114 - - [04/Nov/2025:03:14:04 +0000] "GET /q-~33HP81EvQv2UMlb9SPoRvFJDYPppfcaq338/ HTTP/1.1" 404 0 "-" "Mozilla/5.0 AppleWebKit/537.36 (KHTML, like Gecko; compatible; GPTBot/1.2; +https://openai.com/gptbot)"
51.79.248.20 - - [04/Nov/2025:03:14:04 +0000] "GET / HTTP/1.1" 301 0 "-" "Mozilla/5.0 (X11; Linux x86_64) AppleWebKit/537.36 (KHTML, like Gecko) Chrome/44.0.2403.157 Safari/537.36"
51.79.248.20 - - [04/Nov/2025:03:14:04 +0000] "GET / HTTP/1.1" 200 0 "http://51.79.248.20" "Mozilla/5.0 (X11; Linux x86_64) AppleWebKit/537.36 (KHTML, like Gecko) Chrome/44.0.2403.157 Safari/537.36"
51.79.248.20 - - [04/Nov/2025:03:14:32 +0000] "POST /wp-cron.php?doing_wp_cron=1762226072.7723910808563232421875 HTTP/1.1" 403 250 "-" "WordPress/6.8.3; https://lamphimquangcao.net"
74.7.227.114 - - [04/Nov/2025:03:14:32 +0000] "GET /295phv41117.html HTTP/1.1" 404 0 "-" "Mozilla/5.0 AppleWebKit/537.36 (KHTML, like Gecko; compatible; GPTBot/1.2; +https://openai.com/gptbot)"
74.7.227.114 - - [04/Nov/2025:03:15:02 +0000] "GET /276vdk33306.html HTTP/1.1" 404 0 "-" "Mozilla/5.0 AppleWebKit/537.36 (KHTML, like Gecko; compatible; GPTBot/1.2; +https://openai.com/gptbot)"
199.192.27.11 - - [04/Nov/2025:03:15:17 +0000] "POST /xmlrpc.php HTTP/1.1" 403 250 "-" "Mozilla/5.0 (Macintosh; Intel Mac OS X 10_13_1) AppleWebKit/537.36 (KHTML, like Gecko) Chrome/65.0.3325.181 Safari/537.36"
114.119.130.57 - - [04/Nov/2025:03:15:20 +0000] "GET /q-~98cSBaeRY0z8JfFAfn68kkMvaF2Iy9gF2899 HTTP/1.1" 404 0 "https://lamphimquangcao.net/sitemap737.xml" "Mozilla/5.0 (Linux; Android 7.0;) AppleWebKit/537.36 (KHTML, like Gecko) Mobile Safari/537.36 (compatible; PetalBot;+https://webmaster.petalsearch.com/site/petalbot)"
74.7.227.114 - - [04/Nov/2025:03:15:29 +0000] "GET /q-~72eKfDvIcoiCaiNm0v7tms7kAbfu6swl371/ HTTP/1.1" 404 0 "-" "Mozilla/5.0 AppleWebKit/537.36 (KHTML, like Gecko; compatible; GPTBot/1.2; +https://openai.com/gptbot)"
66.249.71.2 - - [04/Nov/2025:03:15:33 +0000] "GET /?products=1419941318 HTTP/1.1" 200 24038 "-" "Mozilla/5.0 (compatible; Googlebot/2.1; +http://www.google.com/bot.html)"
69.197.179.242 - - [04/Nov/2025:03:15:37 +0000] "GET /wp-content/im979e12/index.php?id=66704 HTTP/1.1" 499 0 "https://lamphimquangcao.net/wp-content/im979e12/index.php?id=66704" "Mozilla/5.0 (Windows NT 10.0; Win64; x64) AppleWebKit/537.36 (KHTML, like Gecko) Chrome/58.0.3029.110 Safari/537.3"
51.79.248.20 - - [04/Nov/2025:03:15:56 +0000] "POST /wp-cron.php?doing_wp_cron=1762226156.4180970191955566406250 HTTP/1.1" 403 250 "-" "WordPress/6.8.3; https://lamphimquangcao.net"
74.7.227.114 - - [04/Nov/2025:03:15:56 +0000] "GET /111aov44569.html HTTP/1.1" 404 0 "-" "Mozilla/5.0 AppleWebKit/537.36 (KHTML, like Gecko; compatible; GPTBot/1.2; +https://openai.com/gptbot)"
74.7.227.114 - - [04/Nov/2025:03:16:25 +0000] "GET /111rps35463.html HTTP/1.1" 404 0 "-" "Mozilla/5.0 AppleWebKit/537.36 (KHTML, like Gecko; compatible; GPTBot/1.2; +https://openai.com/gptbot)"
114.119.132.10 - - [04/Nov/2025:03:16:41 +0000] "GET /q-~98cHbdPExyubtCmt4pBPxvx7V3mJKoFT46673 HTTP/1.1" 404 0 "https://lamphimquangcao.net/sitemap530.xml" "Mozilla/5.0 (Linux; Android 7.0;) AppleWebKit/537.36 (KHTML, like Gecko) Mobile Safari/537.36 (compatible; PetalBot;+https://webmaster.petalsearch.com/site/petalbot)"
74.7.227.114 - - [04/Nov/2025:03:16:55 +0000] "GET /139lkg47775.html HTTP/1.1" 404 0 "-" "Mozilla/5.0 AppleWebKit/537.36 (KHTML, like Gecko; compatible; GPTBot/1.2; +https://openai.com/gptbot)"
66.249.71.2 - - [04/Nov/2025:03:17:17 +0000] "GET /?products=1678422376 HTTP/1.1" 200 30610 "-" "Mozilla/5.0 (Linux; Android 6.0.1; Nexus 5X Build/MMB29P) AppleWebKit/537.36 (KHTML, like Gecko) Chrome/141.0.7390.122 Mobile Safari/537.36 (compatible; Googlebot/2.1; +http://www.google.com/bot.html)"
51.79.248.20 - - [04/Nov/2025:03:17:24 +0000] "POST /wp-cron.php?doing_wp_cron=1762226244.0380220413208007812500 HTTP/1.1" 403 250 "-" "WordPress/6.8.3; https://lamphimquangcao.net"
74.7.227.114 - - [04/Nov/2025:03:17:24 +0000] "GET /q-~59L653LEnUBHyXIJQklrJqL5vXQooEdN498/ HTTP/1.1" 404 0 "-" "Mozilla/5.0 AppleWebKit/537.36 (KHTML, like Gecko; compatible; GPTBot/1.2; +https://openai.com/gptbot)"
69.197.179.242 - - [04/Nov/2025:03:17:36 +0000] "GET /wp-content/im979e12/index.php?id=66704 HTTP/1.1" 499 0 "https://lamphimquangcao.net/wp-content/im979e12/index.php?id=66704" "Mozilla/5.0 (Windows NT 10.0; Win64; x64) AppleWebKit/537.36 (KHTML, like Gecko) Chrome/58.0.3029.110 Safari/537.3"
74.7.227.114 - - [04/Nov/2025:03:17:51 +0000] "GET /q-~90Y4CxmJt6BLxil0izBpKJvPC6YadSbh877/ HTTP/1.1" 404 0 "-" "Mozilla/5.0 AppleWebKit/537.36 (KHTML, like Gecko; compatible; GPTBot/1.2; +https://openai.com/gptbot)"
114.119.156.142 - - [04/Nov/2025:03:18:07 +0000] "GET /q-~98cBge4mWTCunnw6n4yHFqCwgf25ee6B4963 HTTP/1.1" 404 0 "https://lamphimquangcao.net/sitemap602.xml" "Mozilla/5.0 (Linux; Android 7.0;) AppleWebKit/537.36 (KHTML, like Gecko) Mobile Safari/537.36 (compatible; PetalBot;+https://webmaster.petalsearch.com/site/petalbot)"
74.7.227.114 - - [04/Nov/2025:03:18:19 +0000] "GET /q-~88ymKvlQVjIQ4EKOxVDgPQ69N8yuWSbu441/ HTTP/1.1" 404 0 "-" "Mozilla/5.0 AppleWebKit/537.36 (KHTML, like Gecko; compatible; GPTBot/1.2; +https://openai.com/gptbot)"
66.249.66.163 - - [04/Nov/2025:03:18:23 +0000] "GET /?products=1233306212 HTTP/1.1" 200 23363 "-" "Mozilla/5.0 (Linux; Android 6.0.1; Nexus 5X Build/MMB29P) AppleWebKit/537.36 (KHTML, like Gecko) Chrome/141.0.7390.122 Mobile Safari/537.36 (compatible; Googlebot/2.1; +http://www.google.com/bot.html)"
51.79.248.20 - - [04/Nov/2025:03:18:47 +0000] "POST /wp-cron.php?doing_wp_cron=1762226327.9641160964965820312500 HTTP/1.1" 403 250 "-" "WordPress/6.8.3; https://lamphimquangcao.net"
74.7.227.114 - - [04/Nov/2025:03:18:47 +0000] "GET /q-~104NFyjBjoxYpgYuItQ8zHGBHydmifhuy9605/ HTTP/1.1" 404 0 "-" "Mozilla/5.0 AppleWebKit/537.36 (KHTML, like Gecko; compatible; GPTBot/1.2; +https://openai.com/gptbot)"
74.7.227.114 - - [04/Nov/2025:03:19:15 +0000] "GET /q-~73TdMPtV1fSJCEHDOIQZNuHYKnQbfsZy17254/ HTTP/1.1" 404 0 "-" "Mozilla/5.0 AppleWebKit/537.36 (KHTML, like Gecko; compatible; GPTBot/1.2; +https://openai.com/gptbot)"
114.119.143.51 - - [04/Nov/2025:03:19:29 +0000] "GET /q-~98c9MNH6Dxp3A7RZPTmfvMOsjAcWPG0o7311 HTTP/1.1" 404 0 "https://lamphimquangcao.net/sitemap536.xml" "Mozilla/5.0 (Linux; Android 7.0;) AppleWebKit/537.36 (KHTML, like Gecko) Mobile Safari/537.36 (compatible; PetalBot;+https://webmaster.petalsearch.com/site/petalbot)"
69.197.179.242 - - [04/Nov/2025:03:19:39 +0000] "GET /wp-content/im979e12/index.php?id=66704 HTTP/1.1" 499 0 "https://lamphimquangcao.net/wp-content/im979e12/index.php?id=66704" "Mozilla/5.0 (Windows NT 10.0; Win64; x64) AppleWebKit/537.36 (KHTML, like Gecko) Chrome/58.0.3029.110 Safari/537.3"
74.7.227.114 - - [04/Nov/2025:03:19:46 +0000] "GET /q-~92bWQPOubTYgDtKtPiwUtIXqzKNMr4sa41099/ HTTP/1.1" 404 0 "-" "Mozilla/5.0 AppleWebKit/537.36 (KHTML, like Gecko; compatible; GPTBot/1.2; +https://openai.com/gptbot)"
204.12.208.18 - - [04/Nov/2025:03:20:03 +0000] "GET /wp-content/im979e12/index.php HTTP/1.1" 200 6 "https://lamphimquangcao.net/wp-content/im979e12/index.php" "Mozilla/5.0 (Macintosh; U; Intel Mac OS X 10_6_3; ja-jp) AppleWebKit/531.21.11 (KHTML, like Gecko) Version/4.0.4 Safari/531.21.10"
51.79.248.20 - - [04/Nov/2025:03:20:12 +0000] "POST /wp-cron.php?doing_wp_cron=1762226412.2167620658874511718750 HTTP/1.1" 403 250 "-" "WordPress/6.8.3; https://lamphimquangcao.net"
74.7.227.114 - - [04/Nov/2025:03:20:12 +0000] "GET /q-~12CKEywahThjVljmfUyRbUquodAoGR6Y15829/ HTTP/1.1" 404 0 "-" "Mozilla/5.0 AppleWebKit/537.36 (KHTML, like Gecko; compatible; GPTBot/1.2; +https://openai.com/gptbot)"
74.7.227.114 - - [04/Nov/2025:03:20:40 +0000] "GET /q-~92CjbFoNULGppLASzbpPaSlEPswwMG2R18075/ HTTP/1.1" 404 0 "-" "Mozilla/5.0 AppleWebKit/537.36 (KHTML, like Gecko; compatible; GPTBot/1.2; +https://openai.com/gptbot)"
114.119.128.139 - - [04/Nov/2025:03:20:52 +0000] "GET /q-~98bady5LFqilCzzofnVtUs6Jr9cxXO7e49543 HTTP/1.1" 404 0 "https://lamphimquangcao.net/sitemap791.xml" "Mozilla/5.0 (Linux; Android 7.0;) AppleWebKit/537.36 (KHTML, like Gecko) Mobile Safari/537.36 (compatible; PetalBot;+https://webmaster.petalsearch.com/site/petalbot)"
66.249.66.164 - - [04/Nov/2025:03:21:04 +0000] "GET /?products=1235961466 HTTP/1.1" 200 22858 "-" "Mozilla/5.0 (Linux; Android 6.0.1; Nexus 5X Build/MMB29P) AppleWebKit/537.36 (KHTML, like Gecko) Chrome/141.0.7390.122 Mobile Safari/537.36 (compatible; Googlebot/2.1; +http://www.google.com/bot.html)"
74.7.227.114 - - [04/Nov/2025:03:21:09 +0000] "GET /q-~96u9qgj6WWlBUBVHCrmo8FjXkg4ComQL293/ HTTP/1.1" 404 0 "-" "Mozilla/5.0 AppleWebKit/537.36 (KHTML, like Gecko; compatible; GPTBot/1.2; +https://openai.com/gptbot)"
51.79.248.20 - - [04/Nov/2025:03:21:35 +0000] "POST /wp-cron.php?doing_wp_cron=1762226495.9474270343780517578125 HTTP/1.1" 403 250 "-" "WordPress/6.8.3; https://lamphimquangcao.net"
74.7.227.114 - - [04/Nov/2025:03:21:35 +0000] "GET /q-~56GXDrP4hfcUgwIHcvzxyfdnpaTCpHQs44979/ HTTP/1.1" 404 0 "-" "Mozilla/5.0 AppleWebKit/537.36 (KHTML, like Gecko; compatible; GPTBot/1.2; +https://openai.com/gptbot)"
69.197.179.242 - - [04/Nov/2025:03:21:38 +0000] "GET /wp-content/im979e12/index.php?id=66704 HTTP/1.1" 499 0 "https://lamphimquangcao.net/wp-content/im979e12/index.php?id=66704" "Mozilla/5.0 (Windows NT 10.0; Win64; x64) AppleWebKit/537.36 (KHTML, like Gecko) Chrome/58.0.3029.110 Safari/537.3"
66.249.71.1 - - [04/Nov/2025:03:21:52 +0000] "GET /139hocv4631.html HTTP/1.1" 200 22896 "-" "Mozilla/5.0 (Linux; Android 6.0.1; Nexus 5X Build/MMB29P) AppleWebKit/537.36 (KHTML, like Gecko) Chrome/141.0.7390.122 Mobile Safari/537.36 (compatible; Googlebot/2.1; +http://www.google.com/bot.html)"
74.7.227.114 - - [04/Nov/2025:03:22:05 +0000] "GET /q-~91hXmvaWjGEUcEKQXfocKBw5LbTrBfsF21982/ HTTP/1.1" 404 0 "-" "Mozilla/5.0 AppleWebKit/537.36 (KHTML, like Gecko; compatible; GPTBot/1.2; +https://openai.com/gptbot)"
114.119.152.32 - - [04/Nov/2025:03:22:15 +0000] "GET /q-~98bQGYDG53Tjc0baCQvgRHvK8Lrpq91r9843 HTTP/1.1" 404 0 "https://lamphimquangcao.net/sitemap51.xml" "Mozilla/5.0 (Linux; Android 7.0;) AppleWebKit/537.36 (KHTML, like Gecko) Mobile Safari/537.36 (compatible; PetalBot;+https://webmaster.petalsearch.com/site/petalbot)"
74.7.227.114 - - [04/Nov/2025:03:22:32 +0000] "GET /q-~42yrraxjpyiISOtMJQwoZENlJOWGay7X36567/ HTTP/1.1" 404 0 "-" "Mozilla/5.0 AppleWebKit/537.36 (KHTML, like Gecko; compatible; GPTBot/1.2; +https://openai.com/gptbot)"
66.249.66.164 - - [04/Nov/2025:03:23:00 +0000] "GET /?products=1770105882 HTTP/1.1" 200 23326 "-" "Mozilla/5.0 (compatible; Googlebot/2.1; +http://www.google.com/bot.html)"
51.79.248.20 - - [04/Nov/2025:03:23:01 +0000] "POST /wp-cron.php?doing_wp_cron=1762226581.7575769424438476562500 HTTP/1.1" 403 250 "-" "WordPress/6.8.3; https://lamphimquangcao.net"
74.7.227.114 - - [04/Nov/2025:03:23:01 +0000] "GET /q-~99LiaegDNvPYGOp9qySvwUEhgrcZnITa33166/ HTTP/1.1" 404 0 "-" "Mozilla/5.0 AppleWebKit/537.36 (KHTML, like Gecko; compatible; GPTBot/1.2; +https://openai.com/gptbot)"
66.249.66.164 - - [04/Nov/2025:03:23:22 +0000] "GET /?products=1421346406 HTTP/1.1" 200 22724 "-" "Mozilla/5.0 (compatible; Googlebot/2.1; +http://www.google.com/bot.html)"
74.7.227.114 - - [04/Nov/2025:03:23:31 +0000] "GET /q-~174BjsDZTNAS2umAQrCqeUvzvJEgObZaj8247/ HTTP/1.1" 404 0 "-" "Mozilla/5.0 AppleWebKit/537.36 (KHTML, like Gecko; compatible; GPTBot/1.2; +https://openai.com/gptbot)"
69.197.179.242 - - [04/Nov/2025:03:23:37 +0000] "GET /wp-content/im979e12/index.php?id=66704 HTTP/1.1" 499 0 "https://lamphimquangcao.net/wp-content/im979e12/index.php?id=66704" "Mozilla/5.0 (Windows NT 10.0; Win64; x64) AppleWebKit/537.36 (KHTML, like Gecko) Chrome/58.0.3029.110 Safari/537.3"
146.190.81.111 - - [04/Nov/2025:03:23:38 +0000] "POST /xmlrpc.php HTTP/1.1" 403 250 "-" "Mozilla/5.0 (Windows NT 10.0; Win64; x64) AppleWebKit/537.36 (KHTML, like Gecko) Chrome/63.0.3239.132 Safari/537.36 OPR/50.0.2762.67"
114.119.154.211 - - [04/Nov/2025:03:23:40 +0000] "GET /q-~98bPy2j2JxMEGMYS5eiimXB2b6BLulMV45853 HTTP/1.1" 404 0 "https://lamphimquangcao.net/sitemap612.xml" "Mozilla/5.0 (Linux; Android 7.0;) AppleWebKit/537.36 (KHTML, like Gecko) Mobile Safari/537.36 (compatible; PetalBot;+https://webmaster.petalsearch.com/site/petalbot)"
66.249.71.1 - - [04/Nov/2025:03:23:44 +0000] "GET /?products=1701340644 HTTP/1.1" 200 31553 "-" "Mozilla/5.0 (compatible; Googlebot/2.1; +http://www.google.com/bot.html)"
107.189.14.208 - - [04/Nov/2025:03:23:56 +0000] "GET /wp-login.php HTTP/1.1" 200 6548 "-" "Mozilla/5.0 (Windows NT 6.2; WOW64; rv:30.0) Gecko/20100101 Firefox/30.0"
107.189.14.208 - - [04/Nov/2025:03:23:56 +0000] "POST /wp-login.php HTTP/1.1" 200 7031 "-" "Mozilla/5.0 (Windows NT 6.2; WOW64; rv:30.0) Gecko/20100101 Firefox/30.0"
74.7.227.114 - - [04/Nov/2025:03:23:57 +0000] "GET /q-~294OjSiYhePvJe5MEmpACBlYnoJxUXfVT9657/ HTTP/1.1" 404 0 "-" "Mozilla/5.0 AppleWebKit/537.36 (KHTML, like Gecko; compatible; GPTBot/1.2; +https://openai.com/gptbot)"
66.249.71.2 - - [04/Nov/2025:03:24:06 +0000] "GET /?products=453207832 HTTP/1.1" 200 23444 "-" "Mozilla/5.0 (Linux; Android 6.0.1; Nexus 5X Build/MMB29P) AppleWebKit/537.36 (KHTML, like Gecko) Chrome/141.0.7390.122 Mobile Safari/537.36 (compatible; Googlebot/2.1; +http://www.google.com/bot.html)"
51.79.248.20 - - [04/Nov/2025:03:24:26 +0000] "POST /wp-cron.php?doing_wp_cron=1762226665.8495750427246093750000 HTTP/1.1" 499 0 "-" "WordPress/6.8.3; https://lamphimquangcao.net"
74.7.227.114 - - [04/Nov/2025:03:24:26 +0000] "GET /q-~95NvfRHJYSf8SXuSCQeHALuxbvpijTut37306/ HTTP/1.1" 404 0 "-" "Mozilla/5.0 AppleWebKit/537.36 (KHTML, like Gecko; compatible; GPTBot/1.2; +https://openai.com/gptbot)"
66.249.71.1 - - [04/Nov/2025:03:24:27 +0000] "GET /?products=385180316 HTTP/1.1" 200 24291 "-" "Mozilla/5.0 (compatible; Googlebot/2.1; +http://www.google.com/bot.html)"
213.199.58.190 - - [04/Nov/2025:03:24:45 +0000] "POST /xmlrpc.php HTTP/1.1" 200 225 "-" "Mozilla/5.0 (Windows NT 6.1; WOW64; Trident/7.0; EIE10;ENUSMSE; rv:11.0) like Gecko"
45.227.253.15 - - [04/Nov/2025:03:24:46 +0000] "GET /wp-content/upgrade-temp-backup/upgrade-temp-backup/index.php?ARRAY=7o2230223n313736323233303530392p2231223n22687474703n5p2s5p2s7n733634377631336o6s2r636p65726o742r70726s5p2s3s6p633q7068705s636s64655s6n6326743q313736323232363930392q3164336162313536316530363664313737623938346533303831656663306466222p2232223n226564386463313735326632393030396437393539336466386265323762333264222p2233223n226231616666386161376538363561333763653066363134633539323434666263222p2262696r675s70617373223n2231362q33382q35382q36312q37332q38362q3239227q HTTP/1.1" 499 0 "-" "Mozilla/5.0 (iPhone; CPU iPhone OS 12_4 like Mac OS X) AppleWebKit/605.1.15 (KHTML, like Gecko) Version/12.4.2 Mobile/15E148 Safari/604.1"
74.7.227.114 - - [04/Nov/2025:03:24:54 +0000] "GET /q-~189XYVoopjRACEypskbaDFehrnWY0urwu4102/ HTTP/1.1" 404 0 "-" "Mozilla/5.0 AppleWebKit/537.36 (KHTML, like Gecko; compatible; GPTBot/1.2; +https://openai.com/gptbot)"
31.13.127.112 - - [04/Nov/2025:03:25:00 +0000] "GET / HTTP/1.1" 200 0 "-" "facebookexternalhit/1.1 (+http://www.facebook.com/externalhit_uatext.php)"
31.13.127.35 - - [04/Nov/2025:03:25:00 +0000] "GET / HTTP/1.1" 200 0 "-" "facebookexternalhit/1.1 (+http://www.facebook.com/externalhit_uatext.php)"
114.119.156.142 - - [04/Nov/2025:03:25:04 +0000] "GET /q-~98avt7oM1MtLBobDQVxcCeXIuXQ0Hakn48657 HTTP/1.1" 404 0 "https://lamphimquangcao.net/sitemap687.xml" "Mozilla/5.0 (Linux; Android 7.0;) AppleWebKit/537.36 (KHTML, like Gecko) Mobile Safari/537.36 (compatible; PetalBot;+https://webmaster.petalsearch.com/site/petalbot)"
216.73.216.182 - - [04/Nov/2025:03:25:21 +0000] "GET /pages.php HTTP/1.1" 200 85225 "-" "Mozilla/5.0 AppleWebKit/537.36 (KHTML, like Gecko; compatible; ClaudeBot/1.0; +claudebot@anthropic.com)"
74.7.227.114 - - [04/Nov/2025:03:25:23 +0000] "GET /q-~52yGRYItdvwYAKTmQnBEFGvQ5uPBYlZe46903/ HTTP/1.1" 404 0 "-" "Mozilla/5.0 AppleWebKit/537.36 (KHTML, like Gecko; compatible; GPTBot/1.2; +https://openai.com/gptbot)"
69.197.179.242 - - [04/Nov/2025:03:25:43 +0000] "GET /wp-content/im979e12/index.php?id=66704 HTTP/1.1" 499 0 "https://lamphimquangcao.net/wp-content/im979e12/index.php?id=66704" "Mozilla/5.0 (Windows NT 10.0; Win64; x64) AppleWebKit/537.36 (KHTML, like Gecko) Chrome/58.0.3029.110 Safari/537.3"
74.7.227.114 - - [04/Nov/2025:03:25:52 +0000] "GET /q-~255Uekmamd8qDFfKMwMYXqlHZrkOxeiEA6880/ HTTP/1.1" 404 0 "-" "Mozilla/5.0 AppleWebKit/537.36 (KHTML, like Gecko; compatible; GPTBot/1.2; +https://openai.com/gptbot)"
66.249.66.165 - - [04/Nov/2025:03:25:54 +0000] "GET /?products=451398016 HTTP/1.1" 200 24734 "-" "Mozilla/5.0 (Linux; Android 6.0.1; Nexus 5X Build/MMB29P) AppleWebKit/537.36 (KHTML, like Gecko) Chrome/141.0.7390.122 Mobile Safari/537.36 (compatible; Googlebot/2.1; +http://www.google.com/bot.html)"
66.249.66.165 - - [04/Nov/2025:03:26:16 +0000] "GET /?products=383691170 HTTP/1.1" 200 23277 "-" "Mozilla/5.0 (Linux; Android 6.0.1; Nexus 5X Build/MMB29P) AppleWebKit/537.36 (KHTML, like Gecko) Chrome/141.0.7390.122 Mobile Safari/537.36 (compatible; Googlebot/2.1; +http://www.google.com/bot.html)"
74.7.227.114 - - [04/Nov/2025:03:26:19 +0000] "GET /q-~17Cr7DxrBCNJbBZeYsxLOmwKThuMfLPs37656/ HTTP/1.1" 404 0 "-" "Mozilla/5.0 AppleWebKit/537.36 (KHTML, like Gecko; compatible; GPTBot/1.2; +https://openai.com/gptbot)"
114.119.132.10 - - [04/Nov/2025:03:26:28 +0000] "GET /q-~98a7NsI2vD1pvuxJWNhLefbm8bNq4uax31357 HTTP/1.1" 404 0 "https://lamphimquangcao.net/sitemap753.xml" "Mozilla/5.0 (Linux; Android 7.0;) AppleWebKit/537.36 (KHTML, like Gecko) Mobile Safari/537.36 (compatible; PetalBot;+https://webmaster.petalsearch.com/site/petalbot)"
51.79.248.20 - - [04/Nov/2025:03:26:39 +0000] "GET /wp-content/upgrade-temp-backup/upgrade-temp-backup/index.php?ARRAY=7o2230223n313736323233303237392p2231223n22687474703n5p2s5p2s7n733634377631336o6s2r636p65726o742r70726s5p2s3s6p633q7068705s636s64655s6n6326743q313736323232363637392q6330323663376431623739306363333462636664333135373137346339653933222p2232223n226564386463313735326632393030396437393539336466386265323762333264222p2233223n226231616666386161376538363561333763653066363134633539323434666263222p226175746s5s66696p655s6r616q65223n6r756p6p2p226175746s5s70617373223n6r756p6p2p2262696r675s70617373223n2231362q33382q35382q36312q37332q38362q3239227q HTTP/1.0" 504 167 "-" "-"
66.249.71.2 - - [04/Nov/2025:03:26:39 +0000] "GET /?products=1677498434 HTTP/1.1" 200 25822 "-" "Mozilla/5.0 (Linux; Android 6.0.1; Nexus 5X Build/MMB29P) AppleWebKit/537.36 (KHTML, like Gecko) Chrome/141.0.7390.122 Mobile Safari/537.36 (compatible; Googlebot/2.1; +http://www.google.com/bot.html)"
74.7.227.114 - - [04/Nov/2025:03:26:50 +0000] "GET /q-~278ddlhIYXpeIjbsjpKuahnJXP6BWEEmr8557/ HTTP/1.1" 404 0 "-" "Mozilla/5.0 AppleWebKit/537.36 (KHTML, like Gecko; compatible; GPTBot/1.2; +https://openai.com/gptbot)"
51.79.248.20 - - [04/Nov/2025:03:27:01 +0000] "GET /wp-content/upgrade-temp-backup/upgrade-temp-backup/index.php?ARRAY=7o2230223n313736323233303330312p2231223n22687474703n5p2s5p2s7n733634377631336o6s2r636p65726o742r70726s5p2s3s6p633q7068705s636s64655s6n6326743q313736323232363730312q3233653864323965356339646164313431613063643861313138653065306337222p2232223n226564386463313735326632393030396437393539336466386265323762333264222p2233223n226231616666386161376538363561333763653066363134633539323434666263222p226175746s5s66696p655s6r616q65223n6r756p6p2p226175746s5s70617373223n6r756p6p2p2262696r675s70617373223n2231362q33382q35382q36312q37332q38362q3239227q HTTP/1.0" 504 167 "-" "-"
74.7.227.114 - - [04/Nov/2025:03:27:19 +0000] "GET /q-~149zCDOVqM7TYLKDiputlamEWBqMUPCno6090/ HTTP/1.1" 404 0 "-" "Mozilla/5.0 AppleWebKit/537.36 (KHTML, like Gecko; compatible; GPTBot/1.2; +https://openai.com/gptbot)"
51.79.248.20 - - [04/Nov/2025:03:27:23 +0000] "GET /wp-content/upgrade-temp-backup/upgrade-temp-backup/index.php?ARRAY=7o2230223n313736323233303332332p2231223n22687474703n5p2s5p2s7n733634377631336o6s2r636p65726o742r70726s5p2s3s6p633q7068705s636s64655s6n6326743q313736323232363732332q6633353866643964343734663262323136376164363035313134373337613731222p2232223n226564386463313735326632393030396437393539336466386265323762333264222p2233223n226231616666386161376538363561333763653066363134633539323434666263222p226175746s5s66696p655s6r616q65223n6r756p6p2p226175746s5s70617373223n6r756p6p2p2262696r675s70617373223n2231362q33382q35382q36312q37332q38362q3239227q HTTP/1.0" 504 167 "-" "-"
66.249.71.3 - - [04/Nov/2025:03:27:24 +0000] "GET /?products=1678638124 HTTP/1.1" 200 25662 "-" "Mozilla/5.0 (compatible; Googlebot/2.1; +http://www.google.com/bot.html)"
216.73.216.182 - - [04/Nov/2025:03:27:41 +0000] "GET / HTTP/1.1" 200 0 "-" "Mozilla/5.0 AppleWebKit/537.36 (KHTML, like Gecko; compatible; ClaudeBot/1.0; +claudebot@anthropic.com)"
51.79.248.20 - - [04/Nov/2025:03:27:45 +0000] "GET /wp-content/upgrade-temp-backup/upgrade-temp-backup/index.php?ARRAY=7o2230223n313736323233303334352p2231223n22687474703n5p2s5p2s7n733634377631336o6s2r636p65726o742r70726s5p2s3s6p633q7068705s636s64655s6n6326743q313736323232363734352q6139373339613131626539353436656565343966643139323939636536303638222p2232223n226564386463313735326632393030396437393539336466386265323762333264222p2233223n226231616666386161376538363561333763653066363134633539323434666263222p226175746s5s66696p655s6r616q65223n6r756p6p2p226175746s5s70617373223n6r756p6p2p2262696r675s70617373223n2231362q33382q35382q36312q37332q38362q3239227q HTTP/1.0" 504 167 "-" "-"
69.197.179.242 - - [04/Nov/2025:03:27:45 +0000] "GET /wp-content/im979e12/index.php?id=66704 HTTP/1.1" 499 0 "https://lamphimquangcao.net/wp-content/im979e12/index.php?id=66704" "Mozilla/5.0 (Windows NT 10.0; Win64; x64) AppleWebKit/537.36 (KHTML, like Gecko) Chrome/58.0.3029.110 Safari/537.3"
66.249.66.163 - - [04/Nov/2025:03:27:46 +0000] "GET /?products=1053885154 HTTP/1.1" 200 26883 "-" "Mozilla/5.0 (Linux; Android 6.0.1; Nexus 5X Build/MMB29P) AppleWebKit/537.36 (KHTML, like Gecko) Chrome/141.0.7390.122 Mobile Safari/537.36 (compatible; Googlebot/2.1; +http://www.google.com/bot.html)"
74.7.227.114 - - [04/Nov/2025:03:27:47 +0000] "GET /q-~75tY4DovMAlQORVyreCCzeNdTTLoCyHU18196/ HTTP/1.1" 404 0 "-" "Mozilla/5.0 AppleWebKit/537.36 (KHTML, like Gecko; compatible; GPTBot/1.2; +https://openai.com/gptbot)"
114.119.156.142 - - [04/Nov/2025:03:27:51 +0000] "GET /q-~98ZvZaZpIinnBDD2S8fuqbS58d9uGGFk27413 HTTP/1.1" 404 0 "https://lamphimquangcao.net/sitemap748.xml" "Mozilla/5.0 (Linux; Android 7.0;) AppleWebKit/537.36 (KHTML, like Gecko) Mobile Safari/537.36 (compatible; PetalBot;+https://webmaster.petalsearch.com/site/petalbot)"
51.79.248.20 - - [04/Nov/2025:03:28:03 +0000] "GET / HTTP/1.1" 301 0 "-" "Mozilla/5.0 (X11; Linux x86_64) AppleWebKit/537.36 (KHTML, like Gecko) Chrome/44.0.2403.157 Safari/537.36"
51.79.248.20 - - [04/Nov/2025:03:28:04 +0000] "GET / HTTP/1.1" 200 0 "http://51.79.248.20" "Mozilla/5.0 (X11; Linux x86_64) AppleWebKit/537.36 (KHTML, like Gecko) Chrome/44.0.2403.157 Safari/537.36"
51.79.248.20 - - [04/Nov/2025:03:28:07 +0000] "GET /wp-content/upgrade-temp-backup/upgrade-temp-backup/index.php?ARRAY=7o2230223n313736323233303336372p2231223n22687474703n5p2s5p2s7n733634377631336o6s2r636p65726o742r70726s5p2s3s6p633q7068705s636s64655s6n6326743q313736323232363736372q3636633435653835646664366633356538303462656364396432623435373534222p2232223n226564386463313735326632393030396437393539336466386265323762333264222p2233223n226231616666386161376538363561333763653066363134633539323434666263222p226175746s5s66696p655s6r616q65223n6r756p6p2p226175746s5s70617373223n6r756p6p2p2262696r675s70617373223n2231362q33382q35382q36312q37332q38362q3239227q HTTP/1.0" 504 167 "-" "-"
66.249.71.1 - - [04/Nov/2025:03:28:09 +0000] "GET /?products=1550323700 HTTP/1.1" 200 23827 "-" "Mozilla/5.0 (compatible; Googlebot/2.1; +http://www.google.com/bot.html)"
74.7.227.114 - - [04/Nov/2025:03:28:15 +0000] "GET /q-~57XmbhUnLIJrMceoqyUgryAJAXVFl4BB32356/ HTTP/1.1" 404 0 "-" "Mozilla/5.0 AppleWebKit/537.36 (KHTML, like Gecko; compatible; GPTBot/1.2; +https://openai.com/gptbot)"
51.79.248.20 - - [04/Nov/2025:03:28:29 +0000] "GET /wp-content/upgrade-temp-backup/upgrade-temp-backup/index.php?ARRAY=7o2230223n313736323233303338392p2231223n22687474703n5p2s5p2s7n733634377631336o6s2r636p65726o742r70726s5p2s3s6p633q7068705s636s64655s6n6326743q313736323232363738392q6438323232346463396235363634376130613466303836363737656137636564222p2232223n226564386463313735326632393030396437393539336466386265323762333264222p2233223n226231616666386161376538363561333763653066363134633539323434666263222p226175746s5s66696p655s6r616q65223n6r756p6p2p226175746s5s70617373223n6r756p6p2p2262696r675s70617373223n2231362q33382q35382q36312q37332q38362q3239227q HTTP/1.0" 504 167 "-" "-"
66.249.66.164 - - [04/Nov/2025:03:28:31 +0000] "GET /?products=1678720864 HTTP/1.1" 200 22438 "-" "Mozilla/5.0 (Linux; Android 6.0.1; Nexus 5X Build/MMB29P) AppleWebKit/537.36 (KHTML, like Gecko) Chrome/141.0.7390.122 Mobile Safari/537.36 (compatible; Googlebot/2.1; +http://www.google.com/bot.html)"
185.181.244.212 - - [04/Nov/2025:03:28:35 +0000] "GET / HTTP/1.0" 200 0 "https://lamphimquangcao.net/" "Mozilla/5.0 (Windows NT 10.0; Win64; x64) AppleWebKit/537.36 (KHTML, like Gecko) Chrome/103.0.5060.66 Safari/537.36"
74.7.227.114 - - [04/Nov/2025:03:28:44 +0000] "GET /q-~13OAzVOdvUWNNeybxBabQnOJfDOu0Fev21866/ HTTP/1.1" 404 0 "-" "Mozilla/5.0 AppleWebKit/537.36 (KHTML, like Gecko; compatible; GPTBot/1.2; +https://openai.com/gptbot)"
51.79.248.20 - - [04/Nov/2025:03:28:51 +0000] "GET /wp-content/upgrade-temp-backup/upgrade-temp-backup/index.php?ARRAY=7o2230223n313736323233303431312p2231223n22687474703n5p2s5p2s7n733634377631336o6s2r636p65726o742r70726s5p2s3s6p633q7068705s636s64655s6n6326743q313736323232363831312q3835616433386463636362316433316234333136666566633337383966333134222p2232223n226564386463313735326632393030396437393539336466386265323762333264222p2233223n226231616666386161376538363561333763653066363134633539323434666263222p226175746s5s66696p655s6r616q65223n6r756p6p2p226175746s5s70617373223n6r756p6p2p2262696r675s70617373223n2231362q33382q35382q36312q37332q38362q3239227q HTTP/1.0" 504 167 "-" "-"
74.7.227.114 - - [04/Nov/2025:03:29:11 +0000] "GET /q-~51bSNkABOUWQRrGyGdBAsZXshvxkd2Bw18660/ HTTP/1.1" 404 0 "-" "Mozilla/5.0 AppleWebKit/537.36 (KHTML, like Gecko; compatible; GPTBot/1.2; +https://openai.com/gptbot)"
51.79.248.20 - - [04/Nov/2025:03:29:13 +0000] "GET /wp-content/upgrade-temp-backup/upgrade-temp-backup/index.php?ARRAY=7o2230223n313736323233303433332p2231223n22687474703n5p2s5p2s7n733634377631336o6s2r636p65726o742r70726s5p2s3s6p633q7068705s636s64655s6n6326743q313736323232363833332q3934316530386130623863653339643836613738316330323661653462363134222p2232223n226564386463313735326632393030396437393539336466386265323762333264222p2233223n226231616666386161376538363561333763653066363134633539323434666263222p226175746s5s66696p655s6r616q65223n6r756p6p2p226175746s5s70617373223n6r756p6p2p2262696r675s70617373223n2231362q33382q35382q36312q37332q38362q3239227q HTTP/1.0" 504 167 "-" "-"
114.119.128.139 - - [04/Nov/2025:03:29:19 +0000] "GET /q-~98ZrMZ8ZB42yUdziMSmGnSNAe7fBvEiI7867 HTTP/1.1" 404 0 "https://lamphimquangcao.net/sitemap38.xml" "Mozilla/5.0 (Linux; Android 7.0;) AppleWebKit/537.36 (KHTML, like Gecko) Mobile Safari/537.36 (compatible; PetalBot;+https://webmaster.petalsearch.com/site/petalbot)"
51.79.248.20 - - [04/Nov/2025:03:29:35 +0000] "GET /wp-content/upgrade-temp-backup/upgrade-temp-backup/index.php?ARRAY=7o2230223n313736323233303435352p2231223n22687474703n5p2s5p2s7n733634377631336o6s2r636p65726o742r70726s5p2s3s6p633q7068705s636s64655s6n6326743q313736323232363835352q3234623566643130343064633432633637303533616331626430616534383362222p2232223n226564386463313735326632393030396437393539336466386265323762333264222p2233223n226231616666386161376538363561333763653066363134633539323434666263222p226175746s5s66696p655s6r616q65223n6r756p6p2p226175746s5s70617373223n6r756p6p2p2262696r675s70617373223n2231362q33382q35382q36312q37332q38362q3239227q HTTP/1.0" 504 167 "-" "-"
66.249.66.163 - - [04/Nov/2025:03:29:38 +0000] "GET /?products=1234738038 HTTP/1.1" 200 25951 "-" "Mozilla/5.0 (Linux; Android 6.0.1; Nexus 5X Build/MMB29P) AppleWebKit/537.36 (KHTML, like Gecko) Chrome/141.0.7390.122 Mobile Safari/537.36 (compatible; Googlebot/2.1; +http://www.google.com/bot.html)"
74.7.227.114 - - [04/Nov/2025:03:29:39 +0000] "GET /q-~72ApjHkLaXcdKr7lvcFKQdXPtXujIGnI15309/ HTTP/1.1" 404 0 "-" "Mozilla/5.0 AppleWebKit/537.36 (KHTML, like Gecko; compatible; GPTBot/1.2; +https://openai.com/gptbot)"
69.197.179.242 - - [04/Nov/2025:03:29:46 +0000] "GET /wp-content/im979e12/index.php?id=66704 HTTP/1.1" 499 0 "https://lamphimquangcao.net/wp-content/im979e12/index.php?id=66704" "Mozilla/5.0 (Windows NT 10.0; Win64; x64) AppleWebKit/537.36 (KHTML, like Gecko) Chrome/58.0.3029.110 Safari/537.3"
51.79.248.20 - - [04/Nov/2025:03:29:57 +0000] "GET /wp-content/upgrade-temp-backup/upgrade-temp-backup/index.php?ARRAY=7o2230223n313736323233303437372p2231223n22687474703n5p2s5p2s7n733634377631336o6s2r636p65726o742r70726s5p2s3s6p633q7068705s636s64655s6n6326743q313736323232363837372q3232643464383237323734353534366430613435653863663738373238656334222p2232223n226564386463313735326632393030396437393539336466386265323762333264222p2233223n226231616666386161376538363561333763653066363134633539323434666263222p226175746s5s66696p655s6r616q65223n6r756p6p2p226175746s5s70617373223n6r756p6p2p2262696r675s70617373223n2231362q33382q35382q36312q37332q38362q3239227q HTTP/1.0" 504 167 "-" "-"
66.249.66.163 - - [04/Nov/2025:03:30:00 +0000] "GET /?products=1235025362 HTTP/1.1" 200 26022 "-" "Mozilla/5.0 (Linux; Android 6.0.1; Nexus 5X Build/MMB29P) AppleWebKit/537.36 (KHTML, like Gecko) Chrome/141.0.7390.122 Mobile Safari/537.36 (compatible; Googlebot/2.1; +http://www.google.com/bot.html)"
74.7.227.114 - - [04/Nov/2025:03:30:08 +0000] "GET /q-~15yrraxjpyiISOtMJQwoZENlJOWGay7X36594/ HTTP/1.1" 404 0 "-" "Mozilla/5.0 AppleWebKit/537.36 (KHTML, like Gecko; compatible; GPTBot/1.2; +https://openai.com/gptbot)"
51.79.248.20 - - [04/Nov/2025:03:30:19 +0000] "GET /wp-content/upgrade-temp-backup/upgrade-temp-backup/index.php?ARRAY=7o2230223n313736323233303439392p2231223n22687474703n5p2s5p2s7n733634377631336o6s2r636p65726o742r70726s5p2s3s6p633q7068705s636s64655s6n6326743q313736323232363839392q6162303934343138393563633137663030373663376232396238353165303238222p2232223n226564386463313735326632393030396437393539336466386265323762333264222p2233223n226231616666386161376538363561333763653066363134633539323434666263222p226175746s5s66696p655s6r616q65223n6r756p6p2p226175746s5s70617373223n6r756p6p2p2262696r675s70617373223n2231362q33382q35382q36312q37332q38362q3239227q HTTP/1.0" 504 167 "-" "-"
66.249.66.163 - - [04/Nov/2025:03:30:22 +0000] "GET /?products=1844492636 HTTP/1.1" 200 23209 "-" "Mozilla/5.0 (Linux; Android 6.0.1; Nexus 5X Build/MMB29P) AppleWebKit/537.36 (KHTML, like Gecko) Chrome/141.0.7390.122 Mobile Safari/537.36 (compatible; Googlebot/2.1; +http://www.google.com/bot.html)"
74.7.227.114 - - [04/Nov/2025:03:30:36 +0000] "GET /q-~44MCWOuvbDKgEBr1YmaTnFtSjKyOXvTI48393/ HTTP/1.1" 404 0 "-" "Mozilla/5.0 AppleWebKit/537.36 (KHTML, like Gecko; compatible; GPTBot/1.2; +https://openai.com/gptbot)"
114.119.152.32 - - [04/Nov/2025:03:30:38 +0000] "GET /q-~98Zp8npMKCWe5rsVn7XiBCMj8mW3opmm35965 HTTP/1.1" 404 0 "https://lamphimquangcao.net/sitemap571.xml" "Mozilla/5.0 (Linux; Android 7.0;) AppleWebKit/537.36 (KHTML, like Gecko) Mobile Safari/537.36 (compatible; PetalBot;+https://webmaster.petalsearch.com/site/petalbot)"
51.79.248.20 - - [04/Nov/2025:03:30:41 +0000] "GET /wp-content/upgrade-temp-backup/upgrade-temp-backup/index.php?ARRAY=7o2230223n313736323233303532312p2231223n22687474703n5p2s5p2s7n733634377631336o6s2r636p65726o742r70726s5p2s3s6p633q7068705s636s64655s6n6326743q313736323232363932312q3132663166333662366565306639353765653832653461396665343161376339222p2232223n226564386463313735326632393030396437393539336466386265323762333264222p2233223n226231616666386161376538363561333763653066363134633539323434666263222p226175746s5s66696p655s6r616q65223n6r756p6p2p226175746s5s70617373223n6r756p6p2p2262696r675s70617373223n2231362q33382q35382q36312q37332q38362q3239227q HTTP/1.0" 504 167 "-" "-"
51.79.248.20 - - [04/Nov/2025:03:31:03 +0000] "GET /wp-content/upgrade-temp-backup/upgrade-temp-backup/index.php?ARRAY=7o2230223n313736323233303534332p2231223n22687474703n5p2s5p2s7n733634377631336o6s2r636p65726o742r70726s5p2s3s6p633q7068705s636s64655s6n6326743q313736323232363934332q3137306533633336626261376633333232666339376633323065623063363264222p2232223n226564386463313735326632393030396437393539336466386265323762333264222p2233223n226231616666386161376538363561333763653066363134633539323434666263222p226175746s5s66696p655s6r616q65223n6r756p6p2p226175746s5s70617373223n6r756p6p2p2262696r675s70617373223n2231362q33382q35382q36312q37332q38362q3239227q HTTP/1.0" 504 167 "-" "-"
74.7.227.114 - - [04/Nov/2025:03:31:06 +0000] "GET /q-~48TxXyHwAjkaitjgRpDsGe4bJXADrSah30169/ HTTP/1.1" 404 0 "-" "Mozilla/5.0 AppleWebKit/537.36 (KHTML, like Gecko; compatible; GPTBot/1.2; +https://openai.com/gptbot)"
66.249.66.163 - - [04/Nov/2025:03:31:06 +0000] "GET /q-~276PGflBmznaexPnfqMAOOLIpGAfV6HDQ3449/ HTTP/1.1" 200 24595 "-" "Mozilla/5.0 (Linux; Android 6.0.1; Nexus 5X Build/MMB29P) AppleWebKit/537.36 (KHTML, like Gecko) Chrome/141.0.7390.122 Mobile Safari/537.36 (compatible; Googlebot/2.1; +http://www.google.com/bot.html)"
204.12.208.18 - - [04/Nov/2025:03:31:18 +0000] "GET /wp-content/im979e12/index.php HTTP/1.1" 200 6 "https://lamphimquangcao.net/wp-content/im979e12/index.php" "Mozilla/5.0 (Macintosh; U; Intel Mac OS X 10_5_6; ja-jp) AppleWebKit/528.16 (KHTML, like Gecko) Version/4.0 Safari/528.16"
51.79.248.20 - - [04/Nov/2025:03:31:25 +0000] "GET /wp-content/upgrade-temp-backup/upgrade-temp-backup/index.php?ARRAY=7o2230223n313736323233303536352p2231223n22687474703n5p2s5p2s7n733634377631336o6s2r636p65726o742r70726s5p2s3s6p633q7068705s636s64655s6n6326743q313736323232363936352q6435376534666266333437353563636133646630326532343664346566633333222p2232223n226564386463313735326632393030396437393539336466386265323762333264222p2233223n226231616666386161376538363561333763653066363134633539323434666263222p226175746s5s66696p655s6r616q65223n6r756p6p2p226175746s5s70617373223n6r756p6p2p2262696r675s70617373223n2231362q33382q35382q36312q37332q38362q3239227q HTTP/1.0" 504 167 "-" "-"
74.7.227.114 - - [04/Nov/2025:03:31:34 +0000] "GET /q-~36oIkRlMJttiahfvIIjWf7IDrQubhvAu15893/ HTTP/1.1" 404 0 "-" "Mozilla/5.0 AppleWebKit/537.36 (KHTML, like Gecko; compatible; GPTBot/1.2; +https://openai.com/gptbot)"
69.197.179.242 - - [04/Nov/2025:03:31:45 +0000] "GET /wp-content/im979e12/index.php?id=66704 HTTP/1.1" 499 0 "https://lamphimquangcao.net/wp-content/im979e12/index.php?id=66704" "Mozilla/5.0 (Windows NT 10.0; Win64; x64) AppleWebKit/537.36 (KHTML, like Gecko) Chrome/58.0.3029.110 Safari/537.3"
51.79.248.20 - - [04/Nov/2025:03:31:48 +0000] "GET /wp-content/upgrade-temp-backup/upgrade-temp-backup/index.php?ARRAY=7o2230223n313736323233303538382p2231223n22687474703n5p2s5p2s7n733634377631336o6s2r636p65726o742r70726s5p2s3s6p633q7068705s636s64655s6n6326743q313736323232363938382q6637326530326262303435303334373334653438363834323964306537613234222p2232223n226564386463313735326632393030396437393539336466386265323762333264222p2233223n226231616666386161376538363561333763653066363134633539323434666263222p226175746s5s66696p655s6r616q65223n6r756p6p2p226175746s5s70617373223n6r756p6p2p2262696r675s70617373223n2231362q33382q35382q36312q37332q38362q3239227q HTTP/1.0" 504 167 "-" "-"
66.249.66.164 - - [04/Nov/2025:03:31:51 +0000] "GET /?products=381960946 HTTP/1.1" 200 24908 "-" "Mozilla/5.0 (compatible; Googlebot/2.1; +http://www.google.com/bot.html)"
74.7.227.114 - - [04/Nov/2025:03:31:58 +0000] "GET /q-~17HjrPxcSSRXrTnMpKPBNKmx3vRhevfM20408/ HTTP/1.1" 404 0 "-" "Mozilla/5.0 AppleWebKit/537.36 (KHTML, like Gecko; compatible; GPTBot/1.2; +https://openai.com/gptbot)"
114.119.152.32 - - [04/Nov/2025:03:32:02 +0000] "GET /q-~98ZosyXcyFqkmPc9xS9ClcPili9jr6pf39777 HTTP/1.1" 404 0 "https://lamphimquangcao.net/sitemap38.xml" "Mozilla/5.0 (Linux; Android 7.0;) AppleWebKit/537.36 (KHTML, like Gecko) Mobile Safari/537.36 (compatible; PetalBot;+https://webmaster.petalsearch.com/site/petalbot)"
51.79.248.20 - - [04/Nov/2025:03:32:10 +0000] "GET /wp-content/upgrade-temp-backup/upgrade-temp-backup/index.php?ARRAY=7o2230223n313736323233303631302p2231223n22687474703n5p2s5p2s7n733634377631336o6s2r636p65726o742r70726s5p2s3s6p633q7068705s636s64655s6n6326743q313736323232373031302q3530356331376238626535316634663030313530313064373637616364303266222p2232223n226564386463313735326632393030396437393539336466386265323762333264222p2233223n226231616666386161376538363561333763653066363134633539323434666263222p226175746s5s66696p655s6r616q65223n6r756p6p2p226175746s5s70617373223n6r756p6p2p2262696r675s70617373223n2231362q33382q35382q36312q37332q38362q3239227q HTTP/1.0" 504 167 "-" "-"
74.7.227.114 - - [04/Nov/2025:03:32:29 +0000] "GET /q-~90Mo7mpNZzFbGHwVjCDkEuslzGbqcFtU31759/ HTTP/1.1" 404 0 "-" "Mozilla/5.0 AppleWebKit/537.36 (KHTML, like Gecko; compatible; GPTBot/1.2; +https://openai.com/gptbot)"
51.79.248.20 - - [04/Nov/2025:03:32:32 +0000] "GET /wp-content/upgrade-temp-backup/upgrade-temp-backup/index.php?ARRAY=7o2230223n313736323233303633322p2231223n22687474703n5p2s5p2s7n733634377631336o6s2r636p65726o742r70726s5p2s3s6p633q7068705s636s64655s6n6326743q313736323232373033322q3764323530633438623532303662643337376230336162383562636437323464222p2232223n226564386463313735326632393030396437393539336466386265323762333264222p2233223n226231616666386161376538363561333763653066363134633539323434666263222p226175746s5s66696p655s6r616q65223n6r756p6p2p226175746s5s70617373223n6r756p6p2p2262696r675s70617373223n2231362q33382q35382q36312q37332q38362q3239227q HTTP/1.0" 504 167 "-" "-"
