162.144.37.46 - - [04/Nov/2025:00:34:14 +0000] "GET /wp-login.php HTTP/1.1" 200 1986 "-" "Mozilla/5.0 (Windows NT 10.0; Win64; x64) AppleWebKit/537.36 (KHTML, like Gecko) Chrome/130.0.0.0 Safari/537.36"
162.144.37.46 - - [04/Nov/2025:00:34:17 +0000] "POST /wp-login.php HTTP/1.1" 200 2137 "https://lamphimquangcao.net/wp-login.php" "Mozilla/5.0 (Windows NT 10.0; Win64; x64) AppleWebKit/537.36 (KHTML, like Gecko) Chrome/130.0.0.0 Safari/537.36"
66.249.66.164 - - [04/Nov/2025:00:34:37 +0000] "GET /q-~6U1vnDxGi4YrHovvll57VQXByPzyLHY17375/ HTTP/1.1" 200 23320 "-" "Mozilla/5.0 (Linux; Android 6.0.1; Nexus 5X Build/MMB29P) AppleWebKit/537.36 (KHTML, like Gecko) Chrome/141.0.7390.122 Mobile Safari/537.36 (compatible; Googlebot/2.1; +http://www.google.com/bot.html)"
69.197.179.242 - - [04/Nov/2025:00:34:38 +0000] "GET /wp-content/im979e12/index.php?id=66704 HTTP/1.1" 499 0 "https://lamphimquangcao.net/wp-content/im979e12/index.php?id=66704" "Mozilla/5.0 (Windows NT 10.0; Win64; x64) AppleWebKit/537.36 (KHTML, like Gecko) Chrome/58.0.3029.110 Safari/537.3"
74.7.227.114 - - [04/Nov/2025:00:34:42 +0000] "GET /107wkk25577.html HTTP/1.1" 404 0 "-" "Mozilla/5.0 AppleWebKit/537.36 (KHTML, like Gecko; compatible; GPTBot/1.2; +https://openai.com/gptbot)"
114.119.154.211 - - [04/Nov/2025:00:34:58 +0000] "GET /q-~99QgSfXDf6dlTZgwFBJd7GZ8jHoaII3r47524 HTTP/1.1" 404 0 "https://lamphimquangcao.net/sitemap51.xml" "Mozilla/5.0 (Linux; Android 7.0;) AppleWebKit/537.36 (KHTML, like Gecko) Mobile Safari/537.36 (compatible; PetalBot;+https://webmaster.petalsearch.com/site/petalbot)"
66.249.71.1 - - [04/Nov/2025:00:35:00 +0000] "GET /?products=1205744418 HTTP/1.1" 200 31661 "-" "Mozilla/5.0 (compatible; Googlebot/2.1; +http://www.google.com/bot.html)"
185.50.25.58 - - [04/Nov/2025:00:35:03 +0000] "POST /xmlrpc.php HTTP/1.1" 403 250 "-" "Mozilla/4.0 (compatible; MSIE 7.0; Windows NT 6.3; WOW64; Trident/7.0; .NET4.0C; .NET4.0E; .NET CLR 2.0.50727; .NET CLR 3.0.30729; .NET CLR 3.5.30729; Tablet PC 2.0)"
74.7.227.114 - - [04/Nov/2025:00:35:10 +0000] "GET /255ihx19353.html HTTP/1.1" 404 0 "-" "Mozilla/5.0 AppleWebKit/537.36 (KHTML, like Gecko; compatible; GPTBot/1.2; +https://openai.com/gptbot)"
66.249.66.163 - - [04/Nov/2025:00:35:23 +0000] "GET /?products=1677444160 HTTP/1.1" 200 32242 "-" "Mozilla/5.0 (Linux; Android 6.0.1; Nexus 5X Build/MMB29P) AppleWebKit/537.36 (KHTML, like Gecko) Chrome/141.0.7390.122 Mobile Safari/537.36 (compatible; Googlebot/2.1; +http://www.google.com/bot.html)"
51.79.248.20 - - [04/Nov/2025:00:35:39 +0000] "POST /wp-cron.php?doing_wp_cron=1762216539.9142899513244628906250 HTTP/1.1" 403 250 "-" "WordPress/6.8.3; https://lamphimquangcao.net"
74.7.227.114 - - [04/Nov/2025:00:35:39 +0000] "GET /228gvf10088.html HTTP/1.1" 404 0 "-" "Mozilla/5.0 AppleWebKit/537.36 (KHTML, like Gecko; compatible; GPTBot/1.2; +https://openai.com/gptbot)"
67.20.117.153 - - [04/Nov/2025:00:35:42 +0000] "GET /wp-login.php HTTP/1.1" 200 1986 "-" "Mozilla/5.0 (Windows NT 10.0; Win64; x64) AppleWebKit/537.36 (KHTML, like Gecko) Chrome/130.0.0.0 Safari/537.36"
66.249.66.163 - - [04/Nov/2025:00:35:46 +0000] "GET /?products=150973804 HTTP/1.1" 200 23668 "-" "Mozilla/5.0 (Linux; Android 6.0.1; Nexus 5X Build/MMB29P) AppleWebKit/537.36 (KHTML, like Gecko) Chrome/141.0.7390.122 Mobile Safari/537.36 (compatible; Googlebot/2.1; +http://www.google.com/bot.html)"
67.20.117.153 - - [04/Nov/2025:00:35:46 +0000] "POST /wp-login.php HTTP/1.1" 200 2137 "https://lamphimquangcao.net/wp-login.php" "Mozilla/5.0 (Windows NT 10.0; Win64; x64) AppleWebKit/537.36 (KHTML, like Gecko) Chrome/130.0.0.0 Safari/537.36"
74.7.227.114 - - [04/Nov/2025:00:36:08 +0000] "GET /277rdo33255.html HTTP/1.1" 404 0 "-" "Mozilla/5.0 AppleWebKit/537.36 (KHTML, like Gecko; compatible; GPTBot/1.2; +https://openai.com/gptbot)"
66.249.66.164 - - [04/Nov/2025:00:36:09 +0000] "GET /?products=1234946278 HTTP/1.1" 200 23671 "-" "Mozilla/5.0 (Linux; Android 6.0.1; Nexus 5X Build/MMB29P) AppleWebKit/537.36 (KHTML, like Gecko) Chrome/141.0.7390.122 Mobile Safari/537.36 (compatible; Googlebot/2.1; +http://www.google.com/bot.html)"
114.119.156.142 - - [04/Nov/2025:00:36:22 +0000] "GET /q-~99QLOCgsuE1D7YN7a3hdm8mbkmKxjHOY42348 HTTP/1.1" 404 0 "https://lamphimquangcao.net/sitemap738.xml" "Mozilla/5.0 (Linux; Android 7.0;) AppleWebKit/537.36 (KHTML, like Gecko) Mobile Safari/537.36 (compatible; PetalBot;+https://webmaster.petalsearch.com/site/petalbot)"
50.63.134.83 - - [04/Nov/2025:00:36:31 +0000] "GET /wp-login.php HTTP/1.1" 200 1986 "-" "Mozilla/5.0 (Windows NT 10.0; Win64; x64) AppleWebKit/537.36 (KHTML, like Gecko) Chrome/130.0.0.0 Safari/537.36"
66.249.66.164 - - [04/Nov/2025:00:36:33 +0000] "GET /?products=1703169878 HTTP/1.1" 200 23591 "-" "Mozilla/5.0 (Linux; Android 6.0.1; Nexus 5X Build/MMB29P) AppleWebKit/537.36 (KHTML, like Gecko) Chrome/141.0.7390.122 Mobile Safari/537.36 (compatible; Googlebot/2.1; +http://www.google.com/bot.html)"
50.63.134.83 - - [04/Nov/2025:00:36:33 +0000] "POST /wp-login.php HTTP/1.1" 200 2137 "https://lamphimquangcao.net/wp-login.php" "Mozilla/5.0 (Windows NT 10.0; Win64; x64) AppleWebKit/537.36 (KHTML, like Gecko) Chrome/130.0.0.0 Safari/537.36"
198.54.114.37 - - [04/Nov/2025:00:36:37 +0000] "GET /wp-login.php HTTP/1.1" 200 1986 "-" "Mozilla/5.0 (Windows NT 10.0; Win64; x64) AppleWebKit/537.36 (KHTML, like Gecko) Chrome/130.0.0.0 Safari/537.36"
198.54.114.37 - - [04/Nov/2025:00:36:38 +0000] "POST /wp-login.php HTTP/1.1" 200 2137 "https://lamphimquangcao.net/wp-login.php" "Mozilla/5.0 (Windows NT 10.0; Win64; x64) AppleWebKit/537.36 (KHTML, like Gecko) Chrome/130.0.0.0 Safari/537.36"
74.7.227.114 - - [04/Nov/2025:00:36:38 +0000] "GET /271bjb30313.html HTTP/1.1" 404 0 "-" "Mozilla/5.0 AppleWebKit/537.36 (KHTML, like Gecko; compatible; GPTBot/1.2; +https://openai.com/gptbot)"
51.79.248.20 - - [04/Nov/2025:00:36:42 +0000] "POST /wp-cron.php?doing_wp_cron=1762216602.5374789237976074218750 HTTP/1.1" 403 250 "-" "WordPress/6.8.3; https://lamphimquangcao.net"
198.54.114.114 - - [04/Nov/2025:00:36:42 +0000] "GET /wp-login.php HTTP/1.1" 200 1986 "-" "Mozilla/5.0 (Windows NT 10.0; Win64; x64) AppleWebKit/537.36 (KHTML, like Gecko) Chrome/130.0.0.0 Safari/537.36"
198.54.114.114 - - [04/Nov/2025:00:36:43 +0000] "POST /wp-login.php HTTP/1.1" 200 2137 "https://lamphimquangcao.net/wp-login.php" "Mozilla/5.0 (Windows NT 10.0; Win64; x64) AppleWebKit/537.36 (KHTML, like Gecko) Chrome/130.0.0.0 Safari/537.36"
66.29.132.72 - - [04/Nov/2025:00:36:45 +0000] "GET /wp-login.php HTTP/1.1" 200 1986 "-" "Mozilla/5.0 (Windows NT 10.0; Win64; x64) AppleWebKit/537.36 (KHTML, like Gecko) Chrome/130.0.0.0 Safari/537.36"
66.29.132.72 - - [04/Nov/2025:00:36:46 +0000] "POST /wp-login.php HTTP/1.1" 200 2137 "https://lamphimquangcao.net/wp-login.php" "Mozilla/5.0 (Windows NT 10.0; Win64; x64) AppleWebKit/537.36 (KHTML, like Gecko) Chrome/130.0.0.0 Safari/537.36"
69.197.179.242 - - [04/Nov/2025:00:36:46 +0000] "GET /wp-content/im979e12/index.php?id=66704 HTTP/1.1" 499 0 "https://lamphimquangcao.net/wp-content/im979e12/index.php?id=66704" "Mozilla/5.0 (Windows NT 10.0; Win64; x64) AppleWebKit/537.36 (KHTML, like Gecko) Chrome/58.0.3029.110 Safari/537.3"
66.29.146.53 - - [04/Nov/2025:00:36:49 +0000] "GET /wp-login.php HTTP/1.1" 200 1986 "-" "Mozilla/5.0 (Windows NT 10.0; Win64; x64) AppleWebKit/537.36 (KHTML, like Gecko) Chrome/130.0.0.0 Safari/537.36"
66.29.146.53 - - [04/Nov/2025:00:36:49 +0000] "POST /wp-login.php HTTP/1.1" 200 2136 "https://lamphimquangcao.net/wp-login.php" "Mozilla/5.0 (Windows NT 10.0; Win64; x64) AppleWebKit/537.36 (KHTML, like Gecko) Chrome/130.0.0.0 Safari/537.36"
66.249.66.163 - - [04/Nov/2025:00:36:57 +0000] "GET /?i=2591594640013&channel=107e01&from=https://lamphimquangcao.net/brand.html?120zdav5950.html HTTP/1.1" 200 23771 "-" "Mozilla/5.0 (Linux; Android 6.0.1; Nexus 5X Build/MMB29P) AppleWebKit/537.36 (KHTML, like Gecko) Chrome/141.0.7390.122 Mobile Safari/537.36 (compatible; Googlebot/2.1; +http://www.google.com/bot.html)"
74.7.227.114 - - [04/Nov/2025:00:37:04 +0000] "GET /258uwv25428.html HTTP/1.1" 404 0 "-" "Mozilla/5.0 AppleWebKit/537.36 (KHTML, like Gecko; compatible; GPTBot/1.2; +https://openai.com/gptbot)"
220.158.232.245 - - [04/Nov/2025:00:37:06 +0000] "POST /xmlrpc.php HTTP/1.1" 403 250 "-" "Mozilla/5.0 (Windows NT 10.0; WOW64; Trident/7.0; Touch; MDDCJS; rv:11.0) like Gecko"
74.7.227.114 - - [04/Nov/2025:00:37:35 +0000] "GET /176leh45570.html HTTP/1.1" 404 0 "-" "Mozilla/5.0 AppleWebKit/537.36 (KHTML, like Gecko; compatible; GPTBot/1.2; +https://openai.com/gptbot)"
51.79.248.20 - - [04/Nov/2025:00:37:45 +0000] "POST /wp-cron.php?doing_wp_cron=1762216665.5625550746917724609375 HTTP/1.1" 403 250 "-" "WordPress/6.8.3; https://lamphimquangcao.net"
114.119.154.211 - - [04/Nov/2025:00:37:45 +0000] "GET /q-~99Q0uap6LaIODXKuoOjZPjtIOQjLvBlV21138 HTTP/1.1" 404 0 "https://lamphimquangcao.net/sitemap770.xml" "Mozilla/5.0 (Linux; Android 7.0;) AppleWebKit/537.36 (KHTML, like Gecko) Mobile Safari/537.36 (compatible; PetalBot;+https://webmaster.petalsearch.com/site/petalbot)"
66.249.71.1 - - [04/Nov/2025:00:37:46 +0000] "GET /33uot42925.html HTTP/1.1" 200 24006 "-" "Mozilla/5.0 (Linux; Android 6.0.1; Nexus 5X Build/MMB29P) AppleWebKit/537.36 (KHTML, like Gecko) Chrome/141.0.7390.122 Mobile Safari/537.36 (compatible; GoogleOther)"
74.7.227.114 - - [04/Nov/2025:00:38:02 +0000] "GET /129kmc21413.html HTTP/1.1" 404 0 "-" "Mozilla/5.0 AppleWebKit/537.36 (KHTML, like Gecko; compatible; GPTBot/1.2; +https://openai.com/gptbot)"
45.56.222.60 - - [04/Nov/2025:00:38:04 +0000] "GET /wp-login.php HTTP/1.1" 200 1986 "-" "Mozilla/5.0 (Windows NT 10.0; Win64; x64) AppleWebKit/537.36 (KHTML, like Gecko) Chrome/130.0.0.0 Safari/537.36"
45.56.222.60 - - [04/Nov/2025:00:38:08 +0000] "POST /wp-login.php HTTP/1.1" 200 2137 "https://lamphimquangcao.net/wp-login.php" "Mozilla/5.0 (Windows NT 10.0; Win64; x64) AppleWebKit/537.36 (KHTML, like Gecko) Chrome/130.0.0.0 Safari/537.36"
66.249.66.164 - - [04/Nov/2025:00:38:10 +0000] "GET /?products=1770254964 HTTP/1.1" 200 32334 "-" "Mozilla/5.0 (compatible; Googlebot/2.1; +http://www.google.com/bot.html)"
213.199.58.190 - - [04/Nov/2025:00:38:17 +0000] "GET /wp-login.php HTTP/1.1" 200 1986 "-" "Mozilla/5.0 (Windows NT 10.0; Win64; x64) AppleWebKit/537.36 (KHTML, like Gecko) Chrome/130.0.0.0 Safari/537.36"
213.199.58.190 - - [04/Nov/2025:00:38:19 +0000] "POST /wp-login.php HTTP/1.1" 200 2137 "https://lamphimquangcao.net/wp-login.php" "Mozilla/5.0 (Windows NT 10.0; Win64; x64) AppleWebKit/537.36 (KHTML, like Gecko) Chrome/130.0.0.0 Safari/537.36"
63.250.38.232 - - [04/Nov/2025:00:38:25 +0000] "GET /wp-login.php HTTP/1.1" 200 1986 "-" "Mozilla/5.0 (Windows NT 10.0; Win64; x64) AppleWebKit/537.36 (KHTML, like Gecko) Chrome/130.0.0.0 Safari/537.36"
63.250.38.232 - - [04/Nov/2025:00:38:26 +0000] "POST /wp-login.php HTTP/1.1" 200 2137 "https://lamphimquangcao.net/wp-login.php" "Mozilla/5.0 (Windows NT 10.0; Win64; x64) AppleWebKit/537.36 (KHTML, like Gecko) Chrome/130.0.0.0 Safari/537.36"
74.7.227.114 - - [04/Nov/2025:00:38:29 +0000] "GET /169jml18067.html HTTP/1.1" 404 0 "-" "Mozilla/5.0 AppleWebKit/537.36 (KHTML, like Gecko; compatible; GPTBot/1.2; +https://openai.com/gptbot)"
199.188.200.34 - - [04/Nov/2025:00:38:29 +0000] "GET /wp-login.php HTTP/1.1" 200 1986 "-" "Mozilla/5.0 (Windows NT 10.0; Win64; x64) AppleWebKit/537.36 (KHTML, like Gecko) Chrome/130.0.0.0 Safari/537.36"
199.188.200.34 - - [04/Nov/2025:00:38:32 +0000] "POST /wp-login.php HTTP/1.1" 200 2137 "https://lamphimquangcao.net/wp-login.php" "Mozilla/5.0 (Windows NT 10.0; Win64; x64) AppleWebKit/537.36 (KHTML, like Gecko) Chrome/130.0.0.0 Safari/537.36"
69.197.179.242 - - [04/Nov/2025:00:38:46 +0000] "GET /wp-content/im979e12/index.php?id=66704 HTTP/1.1" 499 0 "https://lamphimquangcao.net/wp-content/im979e12/index.php?id=66704" "Mozilla/5.0 (Windows NT 10.0; Win64; x64) AppleWebKit/537.36 (KHTML, like Gecko) Chrome/58.0.3029.110 Safari/537.3"
51.79.248.20 - - [04/Nov/2025:00:38:50 +0000] "POST /wp-cron.php?doing_wp_cron=1762216730.2459430694580078125000 HTTP/1.1" 403 250 "-" "WordPress/6.8.3; https://lamphimquangcao.net"
179.61.137.20 - - [04/Nov/2025:00:38:50 +0000] "GET /wp-login.php HTTP/1.1" 200 1986 "-" "Mozilla/5.0 (Windows NT 10.0; Win64; x64) AppleWebKit/537.36 (KHTML, like Gecko) Chrome/130.0.0.0 Safari/537.36"
179.61.137.20 - - [04/Nov/2025:00:38:53 +0000] "POST /wp-login.php HTTP/1.1" 200 2137 "https://lamphimquangcao.net/wp-login.php" "Mozilla/5.0 (Windows NT 10.0; Win64; x64) AppleWebKit/537.36 (KHTML, like Gecko) Chrome/130.0.0.0 Safari/537.36"
74.7.227.114 - - [04/Nov/2025:00:38:59 +0000] "GET /156pig11414.html HTTP/1.1" 404 0 "-" "Mozilla/5.0 AppleWebKit/537.36 (KHTML, like Gecko; compatible; GPTBot/1.2; +https://openai.com/gptbot)"
114.119.132.10 - - [04/Nov/2025:00:39:08 +0000] "GET /q-~99PrCMDyzZRv2jBrTgRtc2WFuzZSFMfH6512 HTTP/1.1" 404 0 "https://lamphimquangcao.net/sitemap770.xml" "Mozilla/5.0 (Linux; Android 7.0;) AppleWebKit/537.36 (KHTML, like Gecko) Mobile Safari/537.36 (compatible; PetalBot;+https://webmaster.petalsearch.com/site/petalbot)"
74.7.227.114 - - [04/Nov/2025:00:39:25 +0000] "GET /180yql21190.html HTTP/1.1" 404 0 "-" "Mozilla/5.0 AppleWebKit/537.36 (KHTML, like Gecko; compatible; GPTBot/1.2; +https://openai.com/gptbot)"
66.249.73.230 - - [04/Nov/2025:00:39:32 +0000] "GET /robots.txt HTTP/1.1" 200 149 "-" "Mozilla/5.0 (compatible; Googlebot/2.1; +http://www.google.com/bot.html)"
66.249.73.229 - - [04/Nov/2025:00:39:34 +0000] "GET /?products=42321950 HTTP/1.1" 200 30742 "-" "Mozilla/5.0 (compatible; Googlebot/2.1; +http://www.google.com/bot.html)"
132.148.78.150 - - [04/Nov/2025:00:39:34 +0000] "GET /wp-login.php HTTP/1.1" 200 1986 "-" "Mozilla/5.0 (Windows NT 10.0; Win64; x64) AppleWebKit/537.36 (KHTML, like Gecko) Chrome/130.0.0.0 Safari/537.36"
132.148.78.150 - - [04/Nov/2025:00:39:37 +0000] "POST /wp-login.php HTTP/1.1" 200 2137 "https://lamphimquangcao.net/wp-login.php" "Mozilla/5.0 (Windows NT 10.0; Win64; x64) AppleWebKit/537.36 (KHTML, like Gecko) Chrome/130.0.0.0 Safari/537.36"
45.148.10.246 - - [04/Nov/2025:00:39:41 +0000] "GET /.git/config HTTP/1.1" 404 0 "-" "Go-http-client/1.1"
45.148.10.246 - - [04/Nov/2025:00:39:41 +0000] "GET /.git/config HTTP/1.1" 404 0 "-" "Go-http-client/1.1"
45.148.10.246 - - [04/Nov/2025:00:39:43 +0000] "GET /.git/HEAD HTTP/1.1" 404 0 "-" "Go-http-client/1.1"
66.249.66.163 - - [04/Nov/2025:00:39:43 +0000] "GET /?products=1234701740 HTTP/1.1" 200 22735 "-" "Mozilla/5.0 (compatible; Googlebot/2.1; +http://www.google.com/bot.html)"
45.148.10.246 - - [04/Nov/2025:00:39:44 +0000] "GET /.git/HEAD HTTP/1.1" 404 0 "-" "Go-http-client/1.1"
45.148.10.246 - - [04/Nov/2025:00:39:45 +0000] "GET /.git/ORIG_HEAD HTTP/1.1" 404 0 "-" "Go-http-client/1.1"
45.148.10.246 - - [04/Nov/2025:00:39:46 +0000] "GET /.git/ORIG_HEAD HTTP/1.1" 404 0 "-" "Go-http-client/1.1"
45.148.10.246 - - [04/Nov/2025:00:39:47 +0000] "GET /.git/objects/info/packs HTTP/1.1" 499 0 "-" "Go-http-client/1.1"
45.148.10.246 - - [04/Nov/2025:00:39:48 +0000] "GET /.git/objects/info/packs HTTP/1.1" 404 0 "-" "Go-http-client/1.1"
45.148.10.246 - - [04/Nov/2025:00:39:50 +0000] "GET /.git/index HTTP/1.1" 404 0 "-" "Go-http-client/1.1"
45.148.10.246 - - [04/Nov/2025:00:39:51 +0000] "GET /.git/index HTTP/1.1" 499 0 "-" "Go-http-client/1.1"
51.79.248.20 - - [04/Nov/2025:00:39:51 +0000] "POST /wp-cron.php?doing_wp_cron=1762216791.5270919799804687500000 HTTP/1.1" 403 250 "-" "WordPress/6.8.3; https://lamphimquangcao.net"
45.148.10.246 - - [04/Nov/2025:00:39:51 +0000] "GET /.git/logs/HEAD HTTP/1.1" 404 0 "-" "Go-http-client/1.1"
45.148.10.246 - - [04/Nov/2025:00:39:52 +0000] "GET /.git/logs/HEAD HTTP/1.1" 404 0 "-" "Go-http-client/1.1"
45.148.10.246 - - [04/Nov/2025:00:39:53 +0000] "GET /.git/info/exclude HTTP/1.1" 404 0 "-" "Go-http-client/1.1"
74.7.227.114 - - [04/Nov/2025:00:39:55 +0000] "GET /140tie15060.html HTTP/1.1" 404 0 "-" "Mozilla/5.0 AppleWebKit/537.36 (KHTML, like Gecko; compatible; GPTBot/1.2; +https://openai.com/gptbot)"
45.148.10.246 - - [04/Nov/2025:00:39:56 +0000] "GET /.git/info/exclude HTTP/1.1" 499 0 "-" "Go-http-client/1.1"
45.148.10.246 - - [04/Nov/2025:00:39:57 +0000] "GET /.git/packed-refs HTTP/1.1" 404 0 "-" "Go-http-client/1.1"
45.148.10.246 - - [04/Nov/2025:00:39:59 +0000] "GET /.git/FETCH_HEAD HTTP/1.1" 404 0 "-" "Go-http-client/1.1"
45.148.10.246 - - [04/Nov/2025:00:40:03 +0000] "GET /.git/refs/heads/main HTTP/1.1" 404 0 "-" "Go-http-client/1.1"
45.148.10.246 - - [04/Nov/2025:00:40:03 +0000] "GET /.git/refs/heads/main HTTP/1.1" 404 0 "-" "Go-http-client/1.1"
195.250.21.230 - - [04/Nov/2025:00:40:04 +0000] "GET /wp-login.php HTTP/1.1" 200 1986 "-" "Mozilla/5.0 (Windows NT 10.0; Win64; x64) AppleWebKit/537.36 (KHTML, like Gecko) Chrome/130.0.0.0 Safari/537.36"
195.250.21.230 - - [04/Nov/2025:00:40:06 +0000] "POST /wp-login.php HTTP/1.1" 200 2137 "https://lamphimquangcao.net/wp-login.php" "Mozilla/5.0 (Windows NT 10.0; Win64; x64) AppleWebKit/537.36 (KHTML, like Gecko) Chrome/130.0.0.0 Safari/537.36"
45.148.10.246 - - [04/Nov/2025:00:40:07 +0000] "GET /.git/refs/remotes/origin/HEAD HTTP/1.1" 404 0 "-" "Go-http-client/1.1"
45.148.10.246 - - [04/Nov/2025:00:40:07 +0000] "GET /.git/refs/remotes/origin/HEAD HTTP/1.1" 404 0 "-" "Go-http-client/1.1"
45.148.10.246 - - [04/Nov/2025:00:40:08 +0000] "GET /.git/config HTTP/1.1" 404 0 "-" "Go-http-client/1.1"
45.148.10.246 - - [04/Nov/2025:00:40:09 +0000] "GET /.git/config HTTP/1.1" 404 0 "-" "Go-http-client/1.1"
45.148.10.246 - - [04/Nov/2025:00:40:17 +0000] "GET /.git/index HTTP/1.1" 404 0 "-" "Go-http-client/1.1"
45.148.10.246 - - [04/Nov/2025:00:40:17 +0000] "GET /.git/objects/info/packs HTTP/1.1" 404 0 "-" "Go-http-client/1.1"
67.20.115.231 - - [04/Nov/2025:00:40:19 +0000] "GET /wp-login.php HTTP/1.1" 200 1986 "-" "Mozilla/5.0 (Windows NT 10.0; Win64; x64) AppleWebKit/537.36 (KHTML, like Gecko) Chrome/130.0.0.0 Safari/537.36"
45.148.10.246 - - [04/Nov/2025:00:40:19 +0000] "GET /.git/logs/HEAD HTTP/1.1" 404 0 "-" "Go-http-client/1.1"
45.148.10.246 - - [04/Nov/2025:00:40:19 +0000] "GET /.git/index HTTP/1.1" 404 0 "-" "Go-http-client/1.1"
67.20.115.231 - - [04/Nov/2025:00:40:21 +0000] "POST /wp-login.php HTTP/1.1" 200 2137 "https://lamphimquangcao.net/wp-login.php" "Mozilla/5.0 (Windows NT 10.0; Win64; x64) AppleWebKit/537.36 (KHTML, like Gecko) Chrome/130.0.0.0 Safari/537.36"
45.148.10.246 - - [04/Nov/2025:00:40:22 +0000] "GET /.git/info/exclude HTTP/1.1" 404 0 "-" "Go-http-client/1.1"
74.7.227.114 - - [04/Nov/2025:00:40:22 +0000] "GET /144wdt15500.html HTTP/1.1" 404 0 "-" "Mozilla/5.0 AppleWebKit/537.36 (KHTML, like Gecko; compatible; GPTBot/1.2; +https://openai.com/gptbot)"
45.148.10.246 - - [04/Nov/2025:00:40:23 +0000] "GET /.git/logs/HEAD HTTP/1.1" 404 0 "-" "Go-http-client/1.1"
66.249.71.3 - - [04/Nov/2025:00:40:27 +0000] "GET /?products=136643860 HTTP/1.1" 200 23052 "-" "Mozilla/5.0 (Linux; Android 6.0.1; Nexus 5X Build/MMB29P) AppleWebKit/537.36 (KHTML, like Gecko) Chrome/141.0.7390.122 Mobile Safari/537.36 (compatible; Googlebot/2.1; +http://www.google.com/bot.html)"
114.119.154.211 - - [04/Nov/2025:00:40:39 +0000] "GET /q-~99Po1yUNLOAC9yQGwuSzFLxihnSHiT9I24952 HTTP/1.1" 404 0 "https://lamphimquangcao.net/sitemap800.xml" "Mozilla/5.0 (Linux; Android 7.0;) AppleWebKit/537.36 (KHTML, like Gecko) Mobile Safari/537.36 (compatible; PetalBot;+https://webmaster.petalsearch.com/site/petalbot)"
69.197.179.242 - - [04/Nov/2025:00:40:46 +0000] "GET /wp-content/im979e12/index.php?id=66704 HTTP/1.1" 499 0 "https://lamphimquangcao.net/wp-content/im979e12/index.php?id=66704" "Mozilla/5.0 (Windows NT 10.0; Win64; x64) AppleWebKit/537.36 (KHTML, like Gecko) Chrome/58.0.3029.110 Safari/537.3"
51.79.248.20 - - [04/Nov/2025:00:40:51 +0000] "POST /wp-cron.php?doing_wp_cron=1762216851.7110350131988525390625 HTTP/1.1" 403 250 "-" "WordPress/6.8.3; https://lamphimquangcao.net"
74.7.227.114 - - [04/Nov/2025:00:40:51 +0000] "GET /217dzb18287.html HTTP/1.1" 404 0 "-" "Mozilla/5.0 AppleWebKit/537.36 (KHTML, like Gecko; compatible; GPTBot/1.2; +https://openai.com/gptbot)"
66.249.71.3 - - [04/Nov/2025:00:41:11 +0000] "GET /?products=1704172746 HTTP/1.1" 200 24116 "-" "Mozilla/5.0 (compatible; Googlebot/2.1; +http://www.google.com/bot.html)"
50.87.141.117 - - [04/Nov/2025:00:41:15 +0000] "GET /wp-login.php HTTP/1.1" 200 1986 "-" "Mozilla/5.0 (Windows NT 10.0; Win64; x64) AppleWebKit/537.36 (KHTML, like Gecko) Chrome/130.0.0.0 Safari/537.36"
50.87.141.117 - - [04/Nov/2025:00:41:18 +0000] "POST /wp-login.php HTTP/1.1" 200 2135 "https://lamphimquangcao.net/wp-login.php" "Mozilla/5.0 (Windows NT 10.0; Win64; x64) AppleWebKit/537.36 (KHTML, like Gecko) Chrome/130.0.0.0 Safari/537.36"
74.7.227.114 - - [04/Nov/2025:00:41:19 +0000] "GET /158kqq21952.html HTTP/1.1" 404 0 "-" "Mozilla/5.0 AppleWebKit/537.36 (KHTML, like Gecko; compatible; GPTBot/1.2; +https://openai.com/gptbot)"
66.249.71.1 - - [04/Nov/2025:00:41:32 +0000] "GET /?products=1503407238 HTTP/1.1" 200 22957 "-" "Mozilla/5.0 (compatible; Googlebot/2.1; +http://www.google.com/bot.html)"
82.119.79.11 - - [04/Nov/2025:00:41:47 +0000] "GET /wp-login.php HTTP/1.1" 200 1986 "-" "Mozilla/5.0 (Windows NT 10.0; Win64; x64) AppleWebKit/537.36 (KHTML, like Gecko) Chrome/130.0.0.0 Safari/537.36"
74.7.227.114 - - [04/Nov/2025:00:41:47 +0000] "GET /262pbu28448.html HTTP/1.1" 404 0 "-" "Mozilla/5.0 AppleWebKit/537.36 (KHTML, like Gecko; compatible; GPTBot/1.2; +https://openai.com/gptbot)"
82.119.79.11 - - [04/Nov/2025:00:41:50 +0000] "POST /wp-login.php HTTP/1.1" 200 2137 "https://lamphimquangcao.net/wp-login.php" "Mozilla/5.0 (Windows NT 10.0; Win64; x64) AppleWebKit/537.36 (KHTML, like Gecko) Chrome/130.0.0.0 Safari/537.36"
51.79.248.20 - - [04/Nov/2025:00:41:56 +0000] "POST /wp-cron.php?doing_wp_cron=1762216916.7659549713134765625000 HTTP/1.1" 403 250 "-" "WordPress/6.8.3; https://lamphimquangcao.net"
114.119.132.10 - - [04/Nov/2025:00:41:56 +0000] "GET /q-~99PkBMsABeG2esfDbjuSUEtY1oxeNOYp29750 HTTP/1.1" 404 0 "https://lamphimquangcao.net/sitemap753.xml" "Mozilla/5.0 (Linux; Android 7.0;) AppleWebKit/537.36 (KHTML, like Gecko) Mobile Safari/537.36 (compatible; PetalBot;+https://webmaster.petalsearch.com/site/petalbot)"
51.79.248.20 - - [04/Nov/2025:00:42:03 +0000] "GET / HTTP/1.1" 301 0 "-" "Mozilla/5.0 (X11; Linux x86_64) AppleWebKit/537.36 (KHTML, like Gecko) Chrome/44.0.2403.157 Safari/537.36"
51.79.248.20 - - [04/Nov/2025:00:42:03 +0000] "GET / HTTP/1.1" 200 0 "http://51.79.248.20" "Mozilla/5.0 (X11; Linux x86_64) AppleWebKit/537.36 (KHTML, like Gecko) Chrome/44.0.2403.157 Safari/537.36"
74.7.227.114 - - [04/Nov/2025:00:42:15 +0000] "GET /206lna49602.html HTTP/1.1" 404 0 "-" "Mozilla/5.0 AppleWebKit/537.36 (KHTML, like Gecko; compatible; GPTBot/1.2; +https://openai.com/gptbot)"
68.178.161.65 - - [04/Nov/2025:00:42:18 +0000] "GET /wp-login.php HTTP/1.1" 200 1986 "-" "Mozilla/5.0 (Windows NT 10.0; Win64; x64) AppleWebKit/537.36 (KHTML, like Gecko) Chrome/130.0.0.0 Safari/537.36"
68.178.161.65 - - [04/Nov/2025:00:42:21 +0000] "POST /wp-login.php HTTP/1.1" 200 2137 "https://lamphimquangcao.net/wp-login.php" "Mozilla/5.0 (Windows NT 10.0; Win64; x64) AppleWebKit/537.36 (KHTML, like Gecko) Chrome/130.0.0.0 Safari/537.36"
66.249.66.165 - - [04/Nov/2025:00:42:38 +0000] "GET /?products=686915482 HTTP/1.1" 200 23151 "-" "Mozilla/5.0 (Linux; Android 6.0.1; Nexus 5X Build/MMB29P) AppleWebKit/537.36 (KHTML, like Gecko) Chrome/141.0.7390.122 Mobile Safari/537.36 (compatible; Googlebot/2.1; +http://www.google.com/bot.html)"
74.7.227.114 - - [04/Nov/2025:00:42:42 +0000] "GET /159aop39299.html HTTP/1.1" 404 0 "-" "Mozilla/5.0 AppleWebKit/537.36 (KHTML, like Gecko; compatible; GPTBot/1.2; +https://openai.com/gptbot)"
67.20.115.231 - - [04/Nov/2025:00:42:43 +0000] "GET /wp-login.php HTTP/1.1" 200 1986 "-" "Mozilla/5.0 (Windows NT 10.0; Win64; x64) AppleWebKit/537.36 (KHTML, like Gecko) Chrome/130.0.0.0 Safari/537.36"
67.20.115.231 - - [04/Nov/2025:00:42:45 +0000] "POST /wp-login.php HTTP/1.1" 200 2132 "https://lamphimquangcao.net/wp-login.php" "Mozilla/5.0 (Windows NT 10.0; Win64; x64) AppleWebKit/537.36 (KHTML, like Gecko) Chrome/130.0.0.0 Safari/537.36"
69.197.179.242 - - [04/Nov/2025:00:42:47 +0000] "GET /wp-content/im979e12/index.php?id=66704 HTTP/1.1" 499 0 "https://lamphimquangcao.net/wp-content/im979e12/index.php?id=66704" "Mozilla/5.0 (Windows NT 10.0; Win64; x64) AppleWebKit/537.36 (KHTML, like Gecko) Chrome/58.0.3029.110 Safari/537.3"
66.249.71.1 - - [04/Nov/2025:00:42:59 +0000] "GET /?i=2591594640013&channel=107e01&from=https://lamphimquangcao.net/brand.html?q-~91n9rn1Xjw4syKZhnvpZtywSvn9aF6gA4/ HTTP/1.1" 200 24017 "-" "Mozilla/5.0 (Linux; Android 6.0.1; Nexus 5X Build/MMB29P) AppleWebKit/537.36 (KHTML, like Gecko) Chrome/141.0.7390.122 Mobile Safari/537.36 (compatible; Googlebot/2.1; +http://www.google.com/bot.html)"
51.79.248.20 - - [04/Nov/2025:00:43:07 +0000] "POST /wp-cron.php?doing_wp_cron=1762216987.5764110088348388671875 HTTP/1.1" 403 250 "-" "WordPress/6.8.3; https://lamphimquangcao.net"
5.135.42.194 - - [04/Nov/2025:00:43:07 +0000] "GET /wp-login.php HTTP/1.1" 200 1986 "-" "Mozilla/5.0 (Windows NT 10.0; Win64; x64) AppleWebKit/537.36 (KHTML, like Gecko) Chrome/130.0.0.0 Safari/537.36"
5.135.42.194 - - [04/Nov/2025:00:43:11 +0000] "POST /wp-login.php HTTP/1.1" 200 2137 "https://lamphimquangcao.net/wp-login.php" "Mozilla/5.0 (Windows NT 10.0; Win64; x64) AppleWebKit/537.36 (KHTML, like Gecko) Chrome/130.0.0.0 Safari/537.36"
74.7.227.114 - - [04/Nov/2025:00:43:12 +0000] "GET /211apb21013.html HTTP/1.1" 404 0 "-" "Mozilla/5.0 AppleWebKit/537.36 (KHTML, like Gecko; compatible; GPTBot/1.2; +https://openai.com/gptbot)"
114.119.154.211 - - [04/Nov/2025:00:43:22 +0000] "GET /q-~99N91KPNc8MuGlLwoW1JOyxybSw0exsj10246 HTTP/1.1" 404 0 "https://lamphimquangcao.net/sitemap38.xml" "Mozilla/5.0 (Linux; Android 7.0;) AppleWebKit/537.36 (KHTML, like Gecko) Mobile Safari/537.36 (compatible; PetalBot;+https://webmaster.petalsearch.com/site/petalbot)"
74.7.227.114 - - [04/Nov/2025:00:43:40 +0000] "GET /117rza33031.html HTTP/1.1" 404 0 "-" "Mozilla/5.0 AppleWebKit/537.36 (KHTML, like Gecko; compatible; GPTBot/1.2; +https://openai.com/gptbot)"
66.249.66.164 - - [04/Nov/2025:00:43:43 +0000] "GET /?products=1677563010 HTTP/1.1" 200 32452 "-" "Mozilla/5.0 (compatible; Googlebot/2.1; +http://www.google.com/bot.html)"
74.7.227.114 - - [04/Nov/2025:00:44:07 +0000] "GET /240anr20464.html HTTP/1.1" 404 0 "-" "Mozilla/5.0 AppleWebKit/537.36 (KHTML, like Gecko; compatible; GPTBot/1.2; +https://openai.com/gptbot)"
66.249.71.3 - - [04/Nov/2025:00:44:26 +0000] "GET /q-~299v9xFzVBkTJZtEv78yDzTyBiMY0etvA5658/ HTTP/1.1" 200 22827 "-" "Mozilla/5.0 (Linux; Android 6.0.1; Nexus 5X Build/MMB29P) AppleWebKit/537.36 (KHTML, like Gecko) Chrome/141.0.7390.122 Mobile Safari/537.36 (compatible; Googlebot/2.1; +http://www.google.com/bot.html)"
51.79.248.20 - - [04/Nov/2025:00:44:37 +0000] "POST /wp-cron.php?doing_wp_cron=1762217077.6661128997802734375000 HTTP/1.1" 403 250 "-" "WordPress/6.8.3; https://lamphimquangcao.net"
74.7.227.114 - - [04/Nov/2025:00:44:37 +0000] "GET /244hji11674.html HTTP/1.1" 404 0 "-" "Mozilla/5.0 AppleWebKit/537.36 (KHTML, like Gecko; compatible; GPTBot/1.2; +https://openai.com/gptbot)"
184.168.116.203 - - [04/Nov/2025:00:44:38 +0000] "GET /wp-login.php HTTP/1.1" 200 1986 "-" "Mozilla/5.0 (Windows NT 10.0; Win64; x64) AppleWebKit/537.36 (KHTML, like Gecko) Chrome/130.0.0.0 Safari/537.36"
184.168.116.203 - - [04/Nov/2025:00:44:41 +0000] "POST /wp-login.php HTTP/1.1" 200 2137 "https://lamphimquangcao.net/wp-login.php" "Mozilla/5.0 (Windows NT 10.0; Win64; x64) AppleWebKit/537.36 (KHTML, like Gecko) Chrome/130.0.0.0 Safari/537.36"
114.119.156.142 - - [04/Nov/2025:00:44:44 +0000] "GET /q-~99N2FFmJ2u6j9qDuKUJyVQZl39asUCOo31606 HTTP/1.1" 404 0 "https://lamphimquangcao.net/sitemap705.xml" "Mozilla/5.0 (Linux; Android 7.0;) AppleWebKit/537.36 (KHTML, like Gecko) Mobile Safari/537.36 (compatible; PetalBot;+https://webmaster.petalsearch.com/site/petalbot)"
66.249.71.2 - - [04/Nov/2025:00:44:48 +0000] "GET /?products=37681474 HTTP/1.1" 200 22634 "-" "Mozilla/5.0 (Linux; Android 6.0.1; Nexus 5X Build/MMB29P) AppleWebKit/537.36 (KHTML, like Gecko) Chrome/141.0.7390.122 Mobile Safari/537.36 (compatible; Googlebot/2.1; +http://www.google.com/bot.html)"
69.197.179.242 - - [04/Nov/2025:00:44:52 +0000] "GET /wp-content/im979e12/index.php?id=66704 HTTP/1.1" 499 0 "https://lamphimquangcao.net/wp-content/im979e12/index.php?id=66704" "Mozilla/5.0 (Windows NT 10.0; Win64; x64) AppleWebKit/537.36 (KHTML, like Gecko) Chrome/58.0.3029.110 Safari/537.3"
74.7.227.114 - - [04/Nov/2025:00:45:06 +0000] "GET /221cbc17861.html HTTP/1.1" 404 0 "-" "Mozilla/5.0 AppleWebKit/537.36 (KHTML, like Gecko; compatible; GPTBot/1.2; +https://openai.com/gptbot)"
66.249.66.163 - - [04/Nov/2025:00:45:10 +0000] "GET /?products=1678614338 HTTP/1.1" 200 31924 "-" "Mozilla/5.0 (Linux; Android 6.0.1; Nexus 5X Build/MMB29P) AppleWebKit/537.36 (KHTML, like Gecko) Chrome/141.0.7390.122 Mobile Safari/537.36 (compatible; Googlebot/2.1; +http://www.google.com/bot.html)"
179.61.137.20 - - [04/Nov/2025:00:45:14 +0000] "GET /wp-login.php HTTP/1.1" 200 1986 "-" "Mozilla/5.0 (Windows NT 10.0; Win64; x64) AppleWebKit/537.36 (KHTML, like Gecko) Chrome/130.0.0.0 Safari/537.36"
179.61.137.20 - - [04/Nov/2025:00:45:19 +0000] "POST /wp-login.php HTTP/1.1" 200 2137 "https://lamphimquangcao.net/wp-login.php" "Mozilla/5.0 (Windows NT 10.0; Win64; x64) AppleWebKit/537.36 (KHTML, like Gecko) Chrome/130.0.0.0 Safari/537.36"
66.249.66.163 - - [04/Nov/2025:00:45:32 +0000] "GET /?products=1770222036 HTTP/1.1" 200 33953 "-" "Mozilla/5.0 (Linux; Android 6.0.1; Nexus 5X Build/MMB29P) AppleWebKit/537.36 (KHTML, like Gecko) Chrome/141.0.7390.122 Mobile Safari/537.36 (compatible; Googlebot/2.1; +http://www.google.com/bot.html)"
74.7.227.114 - - [04/Nov/2025:00:45:33 +0000] "GET /195lji35433.html HTTP/1.1" 404 0 "-" "Mozilla/5.0 AppleWebKit/537.36 (KHTML, like Gecko; compatible; GPTBot/1.2; +https://openai.com/gptbot)"
51.79.248.20 - - [04/Nov/2025:00:45:45 +0000] "POST /wp-cron.php?doing_wp_cron=1762217145.0453829765319824218750 HTTP/1.1" 403 250 "-" "WordPress/6.8.3; https://lamphimquangcao.net"
51.178.211.196 - - [04/Nov/2025:00:45:45 +0000] "GET /wp-login.php HTTP/1.1" 200 1986 "-" "Mozilla/5.0 (Windows NT 10.0; Win64; x64) AppleWebKit/537.36 (KHTML, like Gecko) Chrome/130.0.0.0 Safari/537.36"
51.178.211.196 - - [04/Nov/2025:00:45:48 +0000] "POST /wp-login.php HTTP/1.1" 200 2137 "https://lamphimquangcao.net/wp-login.php" "Mozilla/5.0 (Windows NT 10.0; Win64; x64) AppleWebKit/537.36 (KHTML, like Gecko) Chrome/130.0.0.0 Safari/537.36"
185.50.25.58 - - [04/Nov/2025:00:45:55 +0000] "GET /wp-login.php HTTP/1.1" 200 1986 "-" "Mozilla/5.0 (Windows NT 10.0; Win64; x64) AppleWebKit/537.36 (KHTML, like Gecko) Chrome/130.0.0.0 Safari/537.36"
185.50.25.58 - - [04/Nov/2025:00:45:55 +0000] "POST /wp-login.php HTTP/1.1" 200 2137 "https://lamphimquangcao.net/wp-login.php" "Mozilla/5.0 (Windows NT 10.0; Win64; x64) AppleWebKit/537.36 (KHTML, like Gecko) Chrome/130.0.0.0 Safari/537.36"
74.7.227.114 - - [04/Nov/2025:00:46:01 +0000] "GET /141wie17061.html HTTP/1.1" 404 0 "-" "Mozilla/5.0 AppleWebKit/537.36 (KHTML, like Gecko; compatible; GPTBot/1.2; +https://openai.com/gptbot)"
114.119.143.51 - - [04/Nov/2025:00:46:08 +0000] "GET /q-~99Mldf8faq0JksMF7P6dGJ315ZSZ2sKP39982 HTTP/1.1" 404 0 "https://lamphimquangcao.net/sitemap38.xml" "Mozilla/5.0 (Linux; Android 7.0;) AppleWebKit/537.36 (KHTML, like Gecko) Mobile Safari/537.36 (compatible; PetalBot;+https://webmaster.petalsearch.com/site/petalbot)"
45.56.222.60 - - [04/Nov/2025:00:46:15 +0000] "GET /wp-login.php HTTP/1.1" 200 1986 "-" "Mozilla/5.0 (Windows NT 10.0; Win64; x64) AppleWebKit/537.36 (KHTML, like Gecko) Chrome/130.0.0.0 Safari/537.36"
66.249.71.2 - - [04/Nov/2025:00:46:16 +0000] "GET /?products=1677246546 HTTP/1.1" 200 22805 "-" "Mozilla/5.0 (compatible; Googlebot/2.1; +http://www.google.com/bot.html)"
45.56.222.60 - - [04/Nov/2025:00:46:18 +0000] "POST /wp-login.php HTTP/1.1" 200 2137 "https://lamphimquangcao.net/wp-login.php" "Mozilla/5.0 (Windows NT 10.0; Win64; x64) AppleWebKit/537.36 (KHTML, like Gecko) Chrome/130.0.0.0 Safari/537.36"
74.7.227.114 - - [04/Nov/2025:00:46:28 +0000] "GET /292jix29556.html HTTP/1.1" 404 0 "-" "Mozilla/5.0 AppleWebKit/537.36 (KHTML, like Gecko; compatible; GPTBot/1.2; +https://openai.com/gptbot)"
66.249.71.1 - - [04/Nov/2025:00:46:37 +0000] "GET /?products=136646812 HTTP/1.1" 200 22322 "-" "Mozilla/5.0 (Linux; Android 6.0.1; Nexus 5X Build/MMB29P) AppleWebKit/537.36 (KHTML, like Gecko) Chrome/141.0.7390.122 Mobile Safari/537.36 (compatible; Googlebot/2.1; +http://www.google.com/bot.html)"
51.79.248.20 - - [04/Nov/2025:00:46:49 +0000] "POST /wp-cron.php?doing_wp_cron=1762217209.5126609802246093750000 HTTP/1.1" 403 250 "-" "WordPress/6.8.3; https://lamphimquangcao.net"
50.63.134.83 - - [04/Nov/2025:00:46:49 +0000] "GET /wp-login.php HTTP/1.1" 200 1986 "-" "Mozilla/5.0 (Windows NT 10.0; Win64; x64) AppleWebKit/537.36 (KHTML, like Gecko) Chrome/130.0.0.0 Safari/537.36"
50.63.134.83 - - [04/Nov/2025:00:46:50 +0000] "POST /wp-login.php HTTP/1.1" 200 2137 "https://lamphimquangcao.net/wp-login.php" "Mozilla/5.0 (Windows NT 10.0; Win64; x64) AppleWebKit/537.36 (KHTML, like Gecko) Chrome/130.0.0.0 Safari/537.36"
66.29.153.34 - - [04/Nov/2025:00:46:53 +0000] "GET /wp-login.php HTTP/1.1" 200 1986 "-" "Mozilla/5.0 (Windows NT 10.0; Win64; x64) AppleWebKit/537.36 (KHTML, like Gecko) Chrome/130.0.0.0 Safari/537.36"
66.29.153.34 - - [04/Nov/2025:00:46:54 +0000] "POST /wp-login.php HTTP/1.1" 200 2137 "https://lamphimquangcao.net/wp-login.php" "Mozilla/5.0 (Windows NT 10.0; Win64; x64) AppleWebKit/537.36 (KHTML, like Gecko) Chrome/130.0.0.0 Safari/537.36"
74.7.227.114 - - [04/Nov/2025:00:46:57 +0000] "GET /177thc31309.html HTTP/1.1" 404 0 "-" "Mozilla/5.0 AppleWebKit/537.36 (KHTML, like Gecko; compatible; GPTBot/1.2; +https://openai.com/gptbot)"
69.197.179.242 - - [04/Nov/2025:00:46:58 +0000] "GET /wp-content/im979e12/index.php?id=66704 HTTP/1.1" 499 0 "https://lamphimquangcao.net/wp-content/im979e12/index.php?id=66704" "Mozilla/5.0 (Windows NT 10.0; Win64; x64) AppleWebKit/537.36 (KHTML, like Gecko) Chrome/58.0.3029.110 Safari/537.3"
128.199.157.207 - - [04/Nov/2025:00:46:59 +0000] "GET /wp-login.php HTTP/1.1" 200 1986 "-" "Mozilla/5.0 (Windows NT 10.0; Win64; x64) AppleWebKit/537.36 (KHTML, like Gecko) Chrome/130.0.0.0 Safari/537.36"
66.249.66.163 - - [04/Nov/2025:00:46:59 +0000] "GET /q-~195ybnY36AzhmRUkwPud42qYyeQww4YXc14530/ HTTP/1.1" 200 22744 "-" "Mozilla/5.0 (Linux; Android 6.0.1; Nexus 5X Build/MMB29P) AppleWebKit/537.36 (KHTML, like Gecko) Chrome/141.0.7390.122 Mobile Safari/537.36 (compatible; Googlebot/2.1; +http://www.google.com/bot.html)"
128.199.157.207 - - [04/Nov/2025:00:47:00 +0000] "POST /wp-login.php HTTP/1.1" 200 2137 "https://lamphimquangcao.net/wp-login.php" "Mozilla/5.0 (Windows NT 10.0; Win64; x64) AppleWebKit/537.36 (KHTML, like Gecko) Chrome/130.0.0.0 Safari/537.36"
184.168.97.145 - - [04/Nov/2025:00:47:09 +0000] "GET /wp-login.php HTTP/1.1" 200 1986 "-" "Mozilla/5.0 (Windows NT 10.0; Win64; x64) AppleWebKit/537.36 (KHTML, like Gecko) Chrome/130.0.0.0 Safari/537.36"
184.168.97.145 - - [04/Nov/2025:00:47:11 +0000] "POST /wp-login.php HTTP/1.1" 200 2137 "https://lamphimquangcao.net/wp-login.php" "Mozilla/5.0 (Windows NT 10.0; Win64; x64) AppleWebKit/537.36 (KHTML, like Gecko) Chrome/130.0.0.0 Safari/537.36"
66.249.66.163 - - [04/Nov/2025:00:47:21 +0000] "GET /?products=1701687822 HTTP/1.1" 200 22850 "-" "Mozilla/5.0 (Linux; Android 6.0.1; Nexus 5X Build/MMB29P) AppleWebKit/537.36 (KHTML, like Gecko) Chrome/141.0.7390.122 Mobile Safari/537.36 (compatible; Googlebot/2.1; +http://www.google.com/bot.html)"
74.7.227.114 - - [04/Nov/2025:00:47:28 +0000] "GET /219jvn14499.html HTTP/1.1" 404 0 "-" "Mozilla/5.0 AppleWebKit/537.36 (KHTML, like Gecko; compatible; GPTBot/1.2; +https://openai.com/gptbot)"
114.119.154.211 - - [04/Nov/2025:00:47:32 +0000] "GET /q-~99Mj6goz0YRyuaIx49Q0cVuIfsjsLedh9590 HTTP/1.1" 404 0 "https://lamphimquangcao.net/sitemap571.xml" "Mozilla/5.0 (Linux; Android 7.0;) AppleWebKit/537.36 (KHTML, like Gecko) Mobile Safari/537.36 (compatible; PetalBot;+https://webmaster.petalsearch.com/site/petalbot)"
66.249.66.163 - - [04/Nov/2025:00:47:43 +0000] "GET /?products=1701457630 HTTP/1.1" 200 23153 "-" "Mozilla/5.0 (compatible; Googlebot/2.1; +http://www.google.com/bot.html)"
132.148.74.71 - - [04/Nov/2025:00:47:52 +0000] "POST /xmlrpc.php HTTP/1.1" 403 250 "-" "Mozilla/5.0 (Windows NT 6.2; Win64; x64) AppleWebKit/537.36 (KHTML, like Gecko) Chrome/66.0.3359.139 Safari/537.36"
51.79.248.20 - - [04/Nov/2025:00:47:54 +0000] "POST /wp-cron.php?doing_wp_cron=1762217274.3688669204711914062500 HTTP/1.1" 403 250 "-" "WordPress/6.8.3; https://lamphimquangcao.net"
74.7.227.114 - - [04/Nov/2025:00:47:54 +0000] "GET /109bkw11591.html HTTP/1.1" 404 0 "-" "Mozilla/5.0 AppleWebKit/537.36 (KHTML, like Gecko; compatible; GPTBot/1.2; +https://openai.com/gptbot)"
66.249.71.3 - - [04/Nov/2025:00:48:06 +0000] "GET /?i=2591594640013&channel=107e01&from=https://lamphimquangcao.net/brand.html?q-~69s0clR0fUnBBjjfE9HzjjQ4CSQCiMfw15160/ HTTP/1.1" 200 24277 "-" "Mozilla/5.0 (Linux; Android 6.0.1; Nexus 5X Build/MMB29P) AppleWebKit/537.36 (KHTML, like Gecko) Chrome/141.0.7390.122 Mobile Safari/537.36 (compatible; Googlebot/2.1; +http://www.google.com/bot.html)"
74.7.227.114 - - [04/Nov/2025:00:48:21 +0000] "GET /191exx23115.html HTTP/1.1" 404 0 "-" "Mozilla/5.0 AppleWebKit/537.36 (KHTML, like Gecko; compatible; GPTBot/1.2; +https://openai.com/gptbot)"
66.249.71.2 - - [04/Nov/2025:00:48:29 +0000] "GET /sitemap34.xml HTTP/1.1" 200 59789 "-" "Mozilla/5.0 (compatible; Googlebot/2.1; +http://www.google.com/bot.html)"
178.20.44.140 - - [04/Nov/2025:00:48:35 +0000] "GET / HTTP/1.0" 301 0 "http://lamphimquangcao.net/" "Mozilla/5.0 (Windows NT 10.0; Win64; x64) AppleWebKit/537.36 (KHTML, like Gecko) Chrome/130.0.0.0 Safari/537.36 CCleaner/130.0.0.0"
178.20.44.140 - - [04/Nov/2025:00:48:37 +0000] "GET / HTTP/1.0" 200 0 "https://lamphimquangcao.net/" "Mozilla/5.0 (Windows NT 10.0; Win64; x64) AppleWebKit/537.36 (KHTML, like Gecko) Chrome/130.0.0.0 Safari/537.36 CCleaner/130.0.0.0"
185.18.197.202 - - [04/Nov/2025:00:48:38 +0000] "GET /wp-login.php HTTP/1.1" 200 1986 "-" "Mozilla/5.0 (Windows NT 10.0; Win64; x64) AppleWebKit/537.36 (KHTML, like Gecko) Chrome/130.0.0.0 Safari/537.36"
185.18.197.202 - - [04/Nov/2025:00:48:43 +0000] "POST /wp-login.php HTTP/1.1" 200 2137 "https://lamphimquangcao.net/wp-login.php" "Mozilla/5.0 (Windows NT 10.0; Win64; x64) AppleWebKit/537.36 (KHTML, like Gecko) Chrome/130.0.0.0 Safari/537.36"
74.7.227.114 - - [04/Nov/2025:00:48:51 +0000] "GET /116uus39766.html HTTP/1.1" 404 0 "-" "Mozilla/5.0 AppleWebKit/537.36 (KHTML, like Gecko; compatible; GPTBot/1.2; +https://openai.com/gptbot)"
66.249.71.1 - - [04/Nov/2025:00:48:51 +0000] "GET /?products=1229806164 HTTP/1.1" 200 23055 "-" "Mozilla/5.0 (compatible; Googlebot/2.1; +http://www.google.com/bot.html)"
51.79.248.20 - - [04/Nov/2025:00:48:54 +0000] "POST /wp-cron.php?doing_wp_cron=1762217334.9000399112701416015625 HTTP/1.1" 403 250 "-" "WordPress/6.8.3; https://lamphimquangcao.net"
114.119.143.51 - - [04/Nov/2025:00:48:54 +0000] "GET /q-~99M85CAgQqLCSeLa8xWbMBKDV1cXNTUf12920 HTTP/1.1" 404 0 "https://lamphimquangcao.net/sitemap757.xml" "Mozilla/5.0 (Linux; Android 7.0;) AppleWebKit/537.36 (KHTML, like Gecko) Mobile Safari/537.36 (compatible; PetalBot;+https://webmaster.petalsearch.com/site/petalbot)"
69.197.179.242 - - [04/Nov/2025:00:48:59 +0000] "GET /wp-content/im979e12/index.php?id=66704 HTTP/1.1" 499 0 "https://lamphimquangcao.net/wp-content/im979e12/index.php?id=66704" "Mozilla/5.0 (Windows NT 10.0; Win64; x64) AppleWebKit/537.36 (KHTML, like Gecko) Chrome/58.0.3029.110 Safari/537.3"
66.249.66.163 - - [04/Nov/2025:00:49:15 +0000] "GET /q-~114ginDpTZd7FQGVcPNMFV1mrxKn381AD34233/ HTTP/1.1" 200 22474 "-" "Mozilla/5.0 (Linux; Android 6.0.1; Nexus 5X Build/MMB29P) AppleWebKit/537.36 (KHTML, like Gecko) Chrome/141.0.7390.122 Mobile Safari/537.36 (compatible; Googlebot/2.1; +http://www.google.com/bot.html)"
74.7.227.114 - - [04/Nov/2025:00:49:19 +0000] "GET /207byh29337.html HTTP/1.1" 404 0 "-" "Mozilla/5.0 AppleWebKit/537.36 (KHTML, like Gecko; compatible; GPTBot/1.2; +https://openai.com/gptbot)"
66.249.66.164 - - [04/Nov/2025:00:49:39 +0000] "GET /?products=1233601044 HTTP/1.1" 200 23864 "-" "Mozilla/5.0 (compatible; Googlebot/2.1; +http://www.google.com/bot.html)"
74.7.227.114 - - [04/Nov/2025:00:49:49 +0000] "GET /204ypf28024.html HTTP/1.1" 404 0 "-" "Mozilla/5.0 AppleWebKit/537.36 (KHTML, like Gecko; compatible; GPTBot/1.2; +https://openai.com/gptbot)"
66.249.71.3 - - [04/Nov/2025:00:50:03 +0000] "GET /?products=1701794348 HTTP/1.1" 200 23501 "-" "Mozilla/5.0 (Linux; Android 6.0.1; Nexus 5X Build/MMB29P) AppleWebKit/537.36 (KHTML, like Gecko) Chrome/141.0.7390.122 Mobile Safari/537.36 (compatible; Googlebot/2.1; +http://www.google.com/bot.html)"
51.79.248.20 - - [04/Nov/2025:00:50:14 +0000] "POST /wp-cron.php?doing_wp_cron=1762217414.3930969238281250000000 HTTP/1.1" 403 250 "-" "WordPress/6.8.3; https://lamphimquangcao.net"
148.251.67.116 - - [04/Nov/2025:00:50:14 +0000] "GET /wp-login.php HTTP/1.1" 200 1986 "-" "Mozilla/5.0 (Windows NT 10.0; Win64; x64) AppleWebKit/537.36 (KHTML, like Gecko) Chrome/130.0.0.0 Safari/537.36"
74.7.227.114 - - [04/Nov/2025:00:50:15 +0000] "GET /212cps42052.html HTTP/1.1" 404 0 "-" "Mozilla/5.0 AppleWebKit/537.36 (KHTML, like Gecko; compatible; GPTBot/1.2; +https://openai.com/gptbot)"
148.251.67.116 - - [04/Nov/2025:00:50:17 +0000] "POST /wp-login.php HTTP/1.1" 200 2137 "https://lamphimquangcao.net/wp-login.php" "Mozilla/5.0 (Windows NT 10.0; Win64; x64) AppleWebKit/537.36 (KHTML, like Gecko) Chrome/130.0.0.0 Safari/537.36"
114.119.128.139 - - [04/Nov/2025:00:50:19 +0000] "GET /q-~99LqtCyPOhIzirxF8Mia2HVozkQRfVNt42962 HTTP/1.1" 404 0 "https://lamphimquangcao.net/sitemap51.xml" "Mozilla/5.0 (Linux; Android 7.0;) AppleWebKit/537.36 (KHTML, like Gecko) Mobile Safari/537.36 (compatible; PetalBot;+https://webmaster.petalsearch.com/site/petalbot)"
204.12.208.18 - - [04/Nov/2025:00:50:42 +0000] "GET /wp-content/im979e12/index.php HTTP/1.1" 200 6 "https://lamphimquangcao.net/wp-content/im979e12/index.php" "Mozilla/4.0 (compatible; MSIE 6.0; X11; Linux i686; ja) Opera 10.10"
74.7.227.114 - - [04/Nov/2025:00:50:44 +0000] "GET /214vxl11082.html HTTP/1.1" 404 0 "-" "Mozilla/5.0 AppleWebKit/537.36 (KHTML, like Gecko; compatible; GPTBot/1.2; +https://openai.com/gptbot)"
66.249.71.1 - - [04/Nov/2025:00:50:50 +0000] "GET /?products=1770521940 HTTP/1.1" 200 33496 "-" "Mozilla/5.0 (compatible; Googlebot/2.1; +http://www.google.com/bot.html)"
69.197.179.242 - - [04/Nov/2025:00:51:03 +0000] "GET /wp-content/im979e12/index.php?id=66704 HTTP/1.1" 499 0 "https://lamphimquangcao.net/wp-content/im979e12/index.php?id=66704" "Mozilla/5.0 (Windows NT 10.0; Win64; x64) AppleWebKit/537.36 (KHTML, like Gecko) Chrome/58.0.3029.110 Safari/537.3"
132.148.78.150 - - [04/Nov/2025:00:51:04 +0000] "POST /xmlrpc.php HTTP/1.1" 403 250 "-" "Mozilla/5.0 (Windows NT 6.3; Win64; x64; Trident/7.0; Touch; MATBJS; rv:11.0) like Gecko"
74.7.227.114 - - [04/Nov/2025:00:51:11 +0000] "GET /206ddf45002.html HTTP/1.1" 404 0 "-" "Mozilla/5.0 AppleWebKit/537.36 (KHTML, like Gecko; compatible; GPTBot/1.2; +https://openai.com/gptbot)"
66.249.66.163 - - [04/Nov/2025:00:51:14 +0000] "GET /?products=1124449654 HTTP/1.1" 200 23327 "-" "Mozilla/5.0 (Linux; Android 6.0.1; Nexus 5X Build/MMB29P) AppleWebKit/537.36 (KHTML, like Gecko) Chrome/141.0.7390.122 Mobile Safari/537.36 (compatible; Googlebot/2.1; +http://www.google.com/bot.html)"
216.73.216.182 - - [04/Nov/2025:00:51:36 +0000] "GET /robots.txt HTTP/1.1" 200 149 "-" "Mozilla/5.0 AppleWebKit/537.36 (KHTML, like Gecko; compatible; ClaudeBot/1.0; +claudebot@anthropic.com)"
51.79.248.20 - - [04/Nov/2025:00:51:37 +0000] "POST /wp-cron.php?doing_wp_cron=1762217497.1690979003906250000000 HTTP/1.1" 403 250 "-" "WordPress/6.8.3; https://lamphimquangcao.net"
216.73.216.182 - - [04/Nov/2025:00:51:37 +0000] "GET / HTTP/1.1" 200 0 "-" "Mozilla/5.0 AppleWebKit/537.36 (KHTML, like Gecko; compatible; ClaudeBot/1.0; +claudebot@anthropic.com)"
66.249.71.1 - - [04/Nov/2025:00:51:38 +0000] "GET /?products=1497344530 HTTP/1.1" 200 23677 "-" "Mozilla/5.0 (Linux; Android 6.0.1; Nexus 5X Build/MMB29P) AppleWebKit/537.36 (KHTML, like Gecko) Chrome/141.0.7390.122 Mobile Safari/537.36 (compatible; Googlebot/2.1; +http://www.google.com/bot.html)"
74.7.227.114 - - [04/Nov/2025:00:51:41 +0000] "GET /297otp22985.html HTTP/1.1" 404 0 "-" "Mozilla/5.0 AppleWebKit/537.36 (KHTML, like Gecko; compatible; GPTBot/1.2; +https://openai.com/gptbot)"
114.119.132.10 - - [04/Nov/2025:00:51:44 +0000] "GET /q-~99LRxZAvelY10bUrjWBgawzOr6doFB9C5274 HTTP/1.1" 404 0 "https://lamphimquangcao.net/sitemap537.xml" "Mozilla/5.0 (Linux; Android 7.0;) AppleWebKit/537.36 (KHTML, like Gecko) Mobile Safari/537.36 (compatible; PetalBot;+https://webmaster.petalsearch.com/site/petalbot)"
66.249.66.163 - - [04/Nov/2025:00:52:01 +0000] "GET /?products=1496321062 HTTP/1.1" 200 23012 "-" "Mozilla/5.0 (Linux; Android 6.0.1; Nexus 5X Build/MMB29P) AppleWebKit/537.36 (KHTML, like Gecko) Chrome/141.0.7390.122 Mobile Safari/537.36 (compatible; Googlebot/2.1; +http://www.google.com/bot.html)"
74.7.227.114 - - [04/Nov/2025:00:52:09 +0000] "GET /113mbb38625.html HTTP/1.1" 404 0 "-" "Mozilla/5.0 AppleWebKit/537.36 (KHTML, like Gecko; compatible; GPTBot/1.2; +https://openai.com/gptbot)"
66.249.66.163 - - [04/Nov/2025:00:52:24 +0000] "GET /sitemap-detail-636.xml HTTP/1.1" 200 22835 "-" "Mozilla/5.0 (compatible; Googlebot/2.1; +http://www.google.com/bot.html)"
51.79.248.20 - - [04/Nov/2025:00:52:38 +0000] "POST /wp-cron.php?doing_wp_cron=1762217558.0331079959869384765625 HTTP/1.1" 403 250 "-" "WordPress/6.8.3; https://lamphimquangcao.net"
74.7.227.114 - - [04/Nov/2025:00:52:38 +0000] "GET /192col44290.html HTTP/1.1" 404 0 "-" "Mozilla/5.0 AppleWebKit/537.36 (KHTML, like Gecko; compatible; GPTBot/1.2; +https://openai.com/gptbot)"
184.168.116.203 - - [04/Nov/2025:00:52:40 +0000] "GET /wp-login.php HTTP/1.1" 200 1986 "-" "Mozilla/5.0 (Windows NT 10.0; Win64; x64) AppleWebKit/537.36 (KHTML, like Gecko) Chrome/130.0.0.0 Safari/537.36"
184.168.116.203 - - [04/Nov/2025:00:52:42 +0000] "POST /wp-login.php HTTP/1.1" 200 2137 "https://lamphimquangcao.net/wp-login.php" "Mozilla/5.0 (Windows NT 10.0; Win64; x64) AppleWebKit/537.36 (KHTML, like Gecko) Chrome/130.0.0.0 Safari/537.36"
66.249.66.163 - - [04/Nov/2025:00:52:47 +0000] "GET /?products=1282430294 HTTP/1.1" 200 23286 "-" "Mozilla/5.0 (Linux; Android 6.0.1; Nexus 5X Build/MMB29P) AppleWebKit/537.36 (KHTML, like Gecko) Chrome/141.0.7390.122 Mobile Safari/537.36 (compatible; Googlebot/2.1; +http://www.google.com/bot.html)"
69.197.179.242 - - [04/Nov/2025:00:53:06 +0000] "GET /wp-content/im979e12/index.php?id=66704 HTTP/1.1" 499 0 "https://lamphimquangcao.net/wp-content/im979e12/index.php?id=66704" "Mozilla/5.0 (Windows NT 10.0; Win64; x64) AppleWebKit/537.36 (KHTML, like Gecko) Chrome/58.0.3029.110 Safari/537.3"
74.7.227.114 - - [04/Nov/2025:00:53:08 +0000] "GET /120gtz11872.html HTTP/1.1" 404 0 "-" "Mozilla/5.0 AppleWebKit/537.36 (KHTML, like Gecko; compatible; GPTBot/1.2; +https://openai.com/gptbot)"
114.119.131.139 - - [04/Nov/2025:00:53:09 +0000] "GET /q-~99L5oIME7PqNYekutGJfWMFuoEf0T7ZY926 HTTP/1.1" 404 0 "https://lamphimquangcao.net/sitemap530.xml" "Mozilla/5.0 (Linux; Android 7.0;) AppleWebKit/537.36 (KHTML, like Gecko) Mobile Safari/537.36 (compatible; PetalBot;+https://webmaster.petalsearch.com/site/petalbot)"
66.249.71.3 - - [04/Nov/2025:00:53:10 +0000] "GET /?products=1840953688 HTTP/1.1" 200 23171 "-" "Mozilla/5.0 (Linux; Android 6.0.1; Nexus 5X Build/MMB29P) AppleWebKit/537.36 (KHTML, like Gecko) Chrome/141.0.7390.122 Mobile Safari/537.36 (compatible; Googlebot/2.1; +http://www.google.com/bot.html)"
66.249.66.163 - - [04/Nov/2025:00:53:32 +0000] "GET /?products=1701416358 HTTP/1.1" 200 23187 "-" "Mozilla/5.0 (Linux; Android 6.0.1; Nexus 5X Build/MMB29P) AppleWebKit/537.36 (KHTML, like Gecko) Chrome/141.0.7390.122 Mobile Safari/537.36 (compatible; Googlebot/2.1; +http://www.google.com/bot.html)"
198.57.247.210 - - [04/Nov/2025:00:53:34 +0000] "GET /wp-login.php HTTP/1.1" 200 1986 "-" "Mozilla/5.0 (Windows NT 10.0; Win64; x64) AppleWebKit/537.36 (KHTML, like Gecko) Chrome/130.0.0.0 Safari/537.36"
74.7.227.114 - - [04/Nov/2025:00:53:36 +0000] "GET /290pap31132.html HTTP/1.1" 404 0 "-" "Mozilla/5.0 AppleWebKit/537.36 (KHTML, like Gecko; compatible; GPTBot/1.2; +https://openai.com/gptbot)"
51.79.248.20 - - [04/Nov/2025:00:53:38 +0000] "POST /wp-cron.php?doing_wp_cron=1762217618.1687130928039550781250 HTTP/1.1" 403 250 "-" "WordPress/6.8.3; https://lamphimquangcao.net"
198.57.247.210 - - [04/Nov/2025:00:53:38 +0000] "POST /wp-login.php HTTP/1.1" 200 2137 "https://lamphimquangcao.net/wp-login.php" "Mozilla/5.0 (Windows NT 10.0; Win64; x64) AppleWebKit/537.36 (KHTML, like Gecko) Chrome/130.0.0.0 Safari/537.36"
69.49.241.46 - - [04/Nov/2025:00:53:53 +0000] "GET /wp-login.php HTTP/1.1" 200 1986 "-" "Mozilla/5.0 (Windows NT 10.0; Win64; x64) AppleWebKit/537.36 (KHTML, like Gecko) Chrome/130.0.0.0 Safari/537.36"
69.49.241.46 - - [04/Nov/2025:00:53:55 +0000] "POST /wp-login.php HTTP/1.1" 200 2137 "https://lamphimquangcao.net/wp-login.php" "Mozilla/5.0 (Windows NT 10.0; Win64; x64) AppleWebKit/537.36 (KHTML, like Gecko) Chrome/130.0.0.0 Safari/537.36"
74.7.227.114 - - [04/Nov/2025:00:54:05 +0000] "GET /152hyn16326.html HTTP/1.1" 404 0 "-" "Mozilla/5.0 AppleWebKit/537.36 (KHTML, like Gecko; compatible; GPTBot/1.2; +https://openai.com/gptbot)"
