3.108.243.0 - - [04/Nov/2025:00:54:14 +0000] "GET /wp-login.php HTTP/1.1" 200 1986 "-" "Mozilla/5.0 (Windows NT 10.0; Win64; x64) AppleWebKit/537.36 (KHTML, like Gecko) Chrome/130.0.0.0 Safari/537.36"
3.108.243.0 - - [04/Nov/2025:00:54:17 +0000] "POST /wp-login.php HTTP/1.1" 200 2137 "https://lamphimquangcao.net/wp-login.php" "Mozilla/5.0 (Windows NT 10.0; Win64; x64) AppleWebKit/537.36 (KHTML, like Gecko) Chrome/130.0.0.0 Safari/537.36"
114.119.143.51 - - [04/Nov/2025:00:54:30 +0000] "GET /q-~99KkjmCZ7yYL8cG16UVj8D7V9JV6txeq30526 HTTP/1.1" 404 0 "https://lamphimquangcao.net/sitemap386.xml" "Mozilla/5.0 (Linux; Android 7.0;) AppleWebKit/537.36 (KHTML, like Gecko) Mobile Safari/537.36 (compatible; PetalBot;+https://webmaster.petalsearch.com/site/petalbot)"
205.196.209.198 - - [04/Nov/2025:00:54:35 +0000] "GET /wp-login.php HTTP/1.1" 200 1986 "-" "Mozilla/5.0 (Windows NT 10.0; Win64; x64) AppleWebKit/537.36 (KHTML, like Gecko) Chrome/130.0.0.0 Safari/537.36"
74.7.227.114 - - [04/Nov/2025:00:54:35 +0000] "GET /102mbb27374.html HTTP/1.1" 404 0 "-" "Mozilla/5.0 AppleWebKit/537.36 (KHTML, like Gecko; compatible; GPTBot/1.2; +https://openai.com/gptbot)"
205.196.209.198 - - [04/Nov/2025:00:54:37 +0000] "POST /wp-login.php HTTP/1.1" 200 2137 "https://lamphimquangcao.net/wp-login.php" "Mozilla/5.0 (Windows NT 10.0; Win64; x64) AppleWebKit/537.36 (KHTML, like Gecko) Chrome/130.0.0.0 Safari/537.36"
66.249.66.164 - - [04/Nov/2025:00:54:42 +0000] "GET /sitemap97.xml HTTP/1.1" 200 60546 "-" "Mozilla/5.0 (compatible; Googlebot/2.1; +http://www.google.com/bot.html)"
51.79.248.20 - - [04/Nov/2025:00:54:53 +0000] "POST /wp-cron.php?doing_wp_cron=1762217693.5160870552062988281250 HTTP/1.1" 403 250 "-" "WordPress/6.8.3; https://lamphimquangcao.net"
185.114.234.103 - - [04/Nov/2025:00:54:53 +0000] "GET /wp-login.php HTTP/1.1" 200 1986 "-" "Mozilla/5.0 (Windows NT 10.0; Win64; x64) AppleWebKit/537.36 (KHTML, like Gecko) Chrome/130.0.0.0 Safari/537.36"
185.114.234.103 - - [04/Nov/2025:00:54:56 +0000] "POST /wp-login.php HTTP/1.1" 200 2137 "https://lamphimquangcao.net/wp-login.php" "Mozilla/5.0 (Windows NT 10.0; Win64; x64) AppleWebKit/537.36 (KHTML, like Gecko) Chrome/130.0.0.0 Safari/537.36"
74.7.227.114 - - [04/Nov/2025:00:55:00 +0000] "GET /217qgk11419.html HTTP/1.1" 404 0 "-" "Mozilla/5.0 AppleWebKit/537.36 (KHTML, like Gecko; compatible; GPTBot/1.2; +https://openai.com/gptbot)"
66.249.66.163 - - [04/Nov/2025:00:55:07 +0000] "GET /?products=1704143376 HTTP/1.1" 200 22763 "-" "Mozilla/5.0 (compatible; Googlebot/2.1; +http://www.google.com/bot.html)"
69.197.179.242 - - [04/Nov/2025:00:55:08 +0000] "GET /wp-content/im979e12/index.php?id=66704 HTTP/1.1" 499 0 "https://lamphimquangcao.net/wp-content/im979e12/index.php?id=66704" "Mozilla/5.0 (Windows NT 10.0; Win64; x64) AppleWebKit/537.36 (KHTML, like Gecko) Chrome/58.0.3029.110 Safari/537.3"
173.225.109.134 - - [04/Nov/2025:00:55:14 +0000] "GET /wp-login.php HTTP/1.1" 200 1986 "-" "Mozilla/5.0 (Windows NT 10.0; Win64; x64) AppleWebKit/537.36 (KHTML, like Gecko) Chrome/130.0.0.0 Safari/537.36"
173.225.109.134 - - [04/Nov/2025:00:55:18 +0000] "POST /wp-login.php HTTP/1.1" 200 2137 "https://lamphimquangcao.net/wp-login.php" "Mozilla/5.0 (Windows NT 10.0; Win64; x64) AppleWebKit/537.36 (KHTML, like Gecko) Chrome/130.0.0.0 Safari/537.36"
74.7.227.114 - - [04/Nov/2025:00:55:29 +0000] "GET /229bid32257.html HTTP/1.1" 404 0 "-" "Mozilla/5.0 AppleWebKit/537.36 (KHTML, like Gecko; compatible; GPTBot/1.2; +https://openai.com/gptbot)"
66.249.66.164 - - [04/Nov/2025:00:55:33 +0000] "GET /?i=2591594640013&channel=107e01&from=https://lamphimquangcao.net/brand.html?q-~287k9xIxM9P6X6KCvtm5DBrCzFQB5LHZD29284/ HTTP/1.1" 200 24296 "-" "Mozilla/5.0 (Linux; Android 6.0.1; Nexus 5X Build/MMB29P) AppleWebKit/537.36 (KHTML, like Gecko) Chrome/141.0.7390.122 Mobile Safari/537.36 (compatible; Googlebot/2.1; +http://www.google.com/bot.html)"
91.134.81.68 - - [04/Nov/2025:00:55:45 +0000] "GET /wp-login.php HTTP/1.1" 200 1986 "-" "Mozilla/5.0 (Windows NT 10.0; Win64; x64) AppleWebKit/537.36 (KHTML, like Gecko) Chrome/130.0.0.0 Safari/537.36"
91.134.81.68 - - [04/Nov/2025:00:55:49 +0000] "POST /wp-login.php HTTP/1.1" 200 2137 "https://lamphimquangcao.net/wp-login.php" "Mozilla/5.0 (Windows NT 10.0; Win64; x64) AppleWebKit/537.36 (KHTML, like Gecko) Chrome/130.0.0.0 Safari/537.36"
51.79.248.20 - - [04/Nov/2025:00:55:54 +0000] "POST /wp-cron.php?doing_wp_cron=1762217754.1959950923919677734375 HTTP/1.1" 403 250 "-" "WordPress/6.8.3; https://lamphimquangcao.net"
114.119.156.142 - - [04/Nov/2025:00:55:54 +0000] "GET /q-~99KT8gXMfWZvU7MQI65E61fmlmaIm9IT2090 HTTP/1.1" 404 0 "https://lamphimquangcao.net/sitemap414.xml" "Mozilla/5.0 (Linux; Android 7.0;) AppleWebKit/537.36 (KHTML, like Gecko) Mobile Safari/537.36 (compatible; PetalBot;+https://webmaster.petalsearch.com/site/petalbot)"
74.7.227.114 - - [04/Nov/2025:00:55:59 +0000] "GET /175sgp45741.html HTTP/1.1" 404 0 "-" "Mozilla/5.0 AppleWebKit/537.36 (KHTML, like Gecko; compatible; GPTBot/1.2; +https://openai.com/gptbot)"
66.249.71.1 - - [04/Nov/2025:00:55:59 +0000] "GET /?i=2591594640013&channel=107e01&from=https://lamphimquangcao.net/brand.html?192gnzq15816.html HTTP/1.1" 200 23416 "-" "Mozilla/5.0 (Linux; Android 6.0.1; Nexus 5X Build/MMB29P) AppleWebKit/537.36 (KHTML, like Gecko) Chrome/141.0.7390.122 Mobile Safari/537.36 (compatible; Googlebot/2.1; +http://www.google.com/bot.html)"
51.79.248.20 - - [04/Nov/2025:00:56:04 +0000] "GET / HTTP/1.1" 301 0 "-" "Mozilla/5.0 (X11; Linux x86_64) AppleWebKit/537.36 (KHTML, like Gecko) Chrome/44.0.2403.157 Safari/537.36"
51.79.248.20 - - [04/Nov/2025:00:56:04 +0000] "GET / HTTP/1.1" 200 0 "http://51.79.248.20" "Mozilla/5.0 (X11; Linux x86_64) AppleWebKit/537.36 (KHTML, like Gecko) Chrome/44.0.2403.157 Safari/537.36"
51.255.148.60 - - [04/Nov/2025:00:56:23 +0000] "GET /wp-login.php HTTP/1.1" 200 1986 "-" "Mozilla/5.0 (Windows NT 10.0; Win64; x64) AppleWebKit/537.36 (KHTML, like Gecko) Chrome/130.0.0.0 Safari/537.36"
51.255.148.60 - - [04/Nov/2025:00:56:25 +0000] "POST /wp-login.php HTTP/1.1" 200 2137 "https://lamphimquangcao.net/wp-login.php" "Mozilla/5.0 (Windows NT 10.0; Win64; x64) AppleWebKit/537.36 (KHTML, like Gecko) Chrome/130.0.0.0 Safari/537.36"
74.7.227.114 - - [04/Nov/2025:00:56:27 +0000] "GET /225qit44579.html HTTP/1.1" 404 0 "-" "Mozilla/5.0 AppleWebKit/537.36 (KHTML, like Gecko; compatible; GPTBot/1.2; +https://openai.com/gptbot)"
66.249.71.1 - - [04/Nov/2025:00:56:47 +0000] "GET /?products=1844492636 HTTP/1.1" 200 23330 "-" "Mozilla/5.0 (compatible; Googlebot/2.1; +http://www.google.com/bot.html)"
51.79.248.20 - - [04/Nov/2025:00:56:58 +0000] "POST /wp-cron.php?doing_wp_cron=1762217818.4166979789733886718750 HTTP/1.1" 403 250 "-" "WordPress/6.8.3; https://lamphimquangcao.net"
74.7.227.114 - - [04/Nov/2025:00:56:58 +0000] "GET /139lep19741.html HTTP/1.1" 404 0 "-" "Mozilla/5.0 AppleWebKit/537.36 (KHTML, like Gecko; compatible; GPTBot/1.2; +https://openai.com/gptbot)"
69.197.179.242 - - [04/Nov/2025:00:57:08 +0000] "GET /wp-content/im979e12/index.php?id=66704 HTTP/1.1" 499 0 "https://lamphimquangcao.net/wp-content/im979e12/index.php?id=66704" "Mozilla/5.0 (Windows NT 10.0; Win64; x64) AppleWebKit/537.36 (KHTML, like Gecko) Chrome/58.0.3029.110 Safari/537.3"
114.119.154.211 - - [04/Nov/2025:00:57:19 +0000] "GET /q-~99KMYcnka7rpsYJmQzbAjcdZ2X0QzAAv18720 HTTP/1.1" 404 0 "https://lamphimquangcao.net/sitemap457.xml" "Mozilla/5.0 (Linux; Android 7.0;) AppleWebKit/537.36 (KHTML, like Gecko) Mobile Safari/537.36 (compatible; PetalBot;+https://webmaster.petalsearch.com/site/petalbot)"
34.50.83.64 - - [04/Nov/2025:00:57:21 +0000] "GET /wp-login.php HTTP/1.1" 200 1986 "-" "Mozilla/5.0 (Windows NT 10.0; Win64; x64) AppleWebKit/537.36 (KHTML, like Gecko) Chrome/130.0.0.0 Safari/537.36"
74.7.227.114 - - [04/Nov/2025:00:57:23 +0000] "GET /138hkd34238.html HTTP/1.1" 404 0 "-" "Mozilla/5.0 AppleWebKit/537.36 (KHTML, like Gecko; compatible; GPTBot/1.2; +https://openai.com/gptbot)"
34.50.83.64 - - [04/Nov/2025:00:57:23 +0000] "POST /wp-login.php HTTP/1.1" 200 2137 "https://lamphimquangcao.net/wp-login.php" "Mozilla/5.0 (Windows NT 10.0; Win64; x64) AppleWebKit/537.36 (KHTML, like Gecko) Chrome/130.0.0.0 Safari/537.36"
162.19.11.69 - - [04/Nov/2025:00:57:38 +0000] "GET /wp-login.php HTTP/1.1" 200 1986 "-" "Mozilla/5.0 (Windows NT 10.0; Win64; x64) AppleWebKit/537.36 (KHTML, like Gecko) Chrome/130.0.0.0 Safari/537.36"
162.19.11.69 - - [04/Nov/2025:00:57:41 +0000] "POST /wp-login.php HTTP/1.1" 200 2137 "https://lamphimquangcao.net/wp-login.php" "Mozilla/5.0 (Windows NT 10.0; Win64; x64) AppleWebKit/537.36 (KHTML, like Gecko) Chrome/130.0.0.0 Safari/537.36"
74.7.227.114 - - [04/Nov/2025:00:57:51 +0000] "GET /242wgb46362.html HTTP/1.1" 404 0 "-" "Mozilla/5.0 AppleWebKit/537.36 (KHTML, like Gecko; compatible; GPTBot/1.2; +https://openai.com/gptbot)"
13.233.222.108 - - [04/Nov/2025:00:57:57 +0000] "GET /wp-login.php HTTP/1.1" 200 1986 "-" "Mozilla/5.0 (Windows NT 10.0; Win64; x64) AppleWebKit/537.36 (KHTML, like Gecko) Chrome/130.0.0.0 Safari/537.36"
66.249.66.165 - - [04/Nov/2025:00:57:57 +0000] "GET /?products=259022382 HTTP/1.1" 200 22264 "-" "Mozilla/5.0 (compatible; Googlebot/2.1; +http://www.google.com/bot.html)"
13.233.222.108 - - [04/Nov/2025:00:57:57 +0000] "POST /wp-login.php HTTP/1.1" 200 2136 "https://lamphimquangcao.net/wp-login.php" "Mozilla/5.0 (Windows NT 10.0; Win64; x64) AppleWebKit/537.36 (KHTML, like Gecko) Chrome/130.0.0.0 Safari/537.36"
51.79.248.20 - - [04/Nov/2025:00:58:15 +0000] "POST /wp-cron.php?doing_wp_cron=1762217895.2128551006317138671875 HTTP/1.1" 403 250 "-" "WordPress/6.8.3; https://lamphimquangcao.net"
162.241.62.207 - - [04/Nov/2025:00:58:15 +0000] "GET /wp-login.php HTTP/1.1" 200 1986 "-" "Mozilla/5.0 (Windows NT 10.0; Win64; x64) AppleWebKit/537.36 (KHTML, like Gecko) Chrome/130.0.0.0 Safari/537.36"
162.241.62.207 - - [04/Nov/2025:00:58:17 +0000] "POST /wp-login.php HTTP/1.1" 200 2135 "https://lamphimquangcao.net/wp-login.php" "Mozilla/5.0 (Windows NT 10.0; Win64; x64) AppleWebKit/537.36 (KHTML, like Gecko) Chrome/130.0.0.0 Safari/537.36"
66.249.66.163 - - [04/Nov/2025:00:58:20 +0000] "GET /?products=1702705198 HTTP/1.1" 200 22742 "-" "Mozilla/5.0 (compatible; Googlebot/2.1; +http://www.google.com/bot.html)"
74.7.227.114 - - [04/Nov/2025:00:58:21 +0000] "GET /300ejc25320.html HTTP/1.1" 404 0 "-" "Mozilla/5.0 AppleWebKit/537.36 (KHTML, like Gecko; compatible; GPTBot/1.2; +https://openai.com/gptbot)"
67.20.115.231 - - [04/Nov/2025:00:58:45 +0000] "GET /wp-login.php HTTP/1.1" 200 1986 "-" "Mozilla/5.0 (Windows NT 10.0; Win64; x64) AppleWebKit/537.36 (KHTML, like Gecko) Chrome/130.0.0.0 Safari/537.36"
114.119.143.51 - - [04/Nov/2025:00:58:46 +0000] "GET /q-~99KIMn56QHHG5GHRpjtYQyYtkt4hv7BP228 HTTP/1.1" 404 0 "https://lamphimquangcao.net/sitemap748.xml" "Mozilla/5.0 (Linux; Android 7.0;) AppleWebKit/537.36 (KHTML, like Gecko) Mobile Safari/537.36 (compatible; PetalBot;+https://webmaster.petalsearch.com/site/petalbot)"
67.20.115.231 - - [04/Nov/2025:00:58:49 +0000] "POST /wp-login.php HTTP/1.1" 200 2137 "https://lamphimquangcao.net/wp-login.php" "Mozilla/5.0 (Windows NT 10.0; Win64; x64) AppleWebKit/537.36 (KHTML, like Gecko) Chrome/130.0.0.0 Safari/537.36"
74.7.227.114 - - [04/Nov/2025:00:58:50 +0000] "GET /242kjo49332.html HTTP/1.1" 404 0 "-" "Mozilla/5.0 AppleWebKit/537.36 (KHTML, like Gecko; compatible; GPTBot/1.2; +https://openai.com/gptbot)"
69.197.179.242 - - [04/Nov/2025:00:59:08 +0000] "GET /wp-content/im979e12/index.php?id=66704 HTTP/1.1" 499 0 "https://lamphimquangcao.net/wp-content/im979e12/index.php?id=66704" "Mozilla/5.0 (Windows NT 10.0; Win64; x64) AppleWebKit/537.36 (KHTML, like Gecko) Chrome/58.0.3029.110 Safari/537.3"
66.249.71.1 - - [04/Nov/2025:00:59:10 +0000] "GET /?products=137843826 HTTP/1.1" 200 23934 "-" "Mozilla/5.0 (Linux; Android 6.0.1; Nexus 5X Build/MMB29P) AppleWebKit/537.36 (KHTML, like Gecko) Chrome/141.0.7390.122 Mobile Safari/537.36 (compatible; Googlebot/2.1; +http://www.google.com/bot.html)"
51.79.248.20 - - [04/Nov/2025:00:59:18 +0000] "POST /wp-cron.php?doing_wp_cron=1762217958.5454359054565429687500 HTTP/1.1" 403 250 "-" "WordPress/6.8.3; https://lamphimquangcao.net"
74.7.227.114 - - [04/Nov/2025:00:59:18 +0000] "GET /109nal49741.html HTTP/1.1" 404 0 "-" "Mozilla/5.0 AppleWebKit/537.36 (KHTML, like Gecko; compatible; GPTBot/1.2; +https://openai.com/gptbot)"
66.249.71.1 - - [04/Nov/2025:00:59:33 +0000] "GET /?products=149673920 HTTP/1.1" 200 23720 "-" "Mozilla/5.0 (Linux; Android 6.0.1; Nexus 5X Build/MMB29P) AppleWebKit/537.36 (KHTML, like Gecko) Chrome/141.0.7390.122 Mobile Safari/537.36 (compatible; Googlebot/2.1; +http://www.google.com/bot.html)"
162.144.37.46 - - [04/Nov/2025:00:59:37 +0000] "GET /wp-login.php HTTP/1.1" 200 1986 "-" "Mozilla/5.0 (Windows NT 10.0; Win64; x64) AppleWebKit/537.36 (KHTML, like Gecko) Chrome/130.0.0.0 Safari/537.36"
162.144.37.46 - - [04/Nov/2025:00:59:39 +0000] "POST /wp-login.php HTTP/1.1" 200 2137 "https://lamphimquangcao.net/wp-login.php" "Mozilla/5.0 (Windows NT 10.0; Win64; x64) AppleWebKit/537.36 (KHTML, like Gecko) Chrome/130.0.0.0 Safari/537.36"
74.7.227.114 - - [04/Nov/2025:00:59:47 +0000] "GET /284mrf28546.html HTTP/1.1" 404 0 "-" "Mozilla/5.0 AppleWebKit/537.36 (KHTML, like Gecko; compatible; GPTBot/1.2; +https://openai.com/gptbot)"
66.249.71.1 - - [04/Nov/2025:00:59:56 +0000] "GET /?products=1845487830 HTTP/1.1" 200 23602 "-" "Mozilla/5.0 (compatible; Googlebot/2.1; +http://www.google.com/bot.html)"
51.79.248.20 - - [04/Nov/2025:01:00:03 +0000] "GET / HTTP/1.1" 301 0 "-" "Mozilla/5.0 (X11; Linux x86_64) AppleWebKit/537.36 (KHTML, like Gecko) Chrome/44.0.2403.157 Safari/537.36"
114.119.156.142 - - [04/Nov/2025:01:00:04 +0000] "GET /q-~99KEGB3AlYcHKRHMgAZciJQJuEuGrgbM12200 HTTP/1.1" 404 0 "https://lamphimquangcao.net/sitemap737.xml" "Mozilla/5.0 (Linux; Android 7.0;) AppleWebKit/537.36 (KHTML, like Gecko) Mobile Safari/537.36 (compatible; PetalBot;+https://webmaster.petalsearch.com/site/petalbot)"
51.79.248.20 - - [04/Nov/2025:01:00:04 +0000] "GET / HTTP/1.1" 200 0 "http://51.79.248.20" "Mozilla/5.0 (X11; Linux x86_64) AppleWebKit/537.36 (KHTML, like Gecko) Chrome/44.0.2403.157 Safari/537.36"
91.134.81.68 - - [04/Nov/2025:01:00:06 +0000] "GET /wp-login.php HTTP/1.1" 200 1986 "-" "Mozilla/5.0 (Windows NT 10.0; Win64; x64) AppleWebKit/537.36 (KHTML, like Gecko) Chrome/130.0.0.0 Safari/537.36"
91.134.81.68 - - [04/Nov/2025:01:00:09 +0000] "POST /wp-login.php HTTP/1.1" 200 2137 "https://lamphimquangcao.net/wp-login.php" "Mozilla/5.0 (Windows NT 10.0; Win64; x64) AppleWebKit/537.36 (KHTML, like Gecko) Chrome/130.0.0.0 Safari/537.36"
74.7.227.114 - - [04/Nov/2025:01:00:15 +0000] "GET /192jdm42544.html HTTP/1.1" 404 0 "-" "Mozilla/5.0 AppleWebKit/537.36 (KHTML, like Gecko; compatible; GPTBot/1.2; +https://openai.com/gptbot)"
51.79.248.20 - - [04/Nov/2025:01:00:37 +0000] "POST /wp-cron.php?doing_wp_cron=1762218037.5362451076507568359375 HTTP/1.1" 403 250 "-" "WordPress/6.8.3; https://lamphimquangcao.net"
45.225.94.58 - - [04/Nov/2025:01:00:37 +0000] "GET /wp-login.php HTTP/1.1" 200 1986 "-" "Mozilla/5.0 (Windows NT 10.0; Win64; x64) AppleWebKit/537.36 (KHTML, like Gecko) Chrome/130.0.0.0 Safari/537.36"
66.249.71.3 - - [04/Nov/2025:01:00:40 +0000] "GET /61svcb32421.html HTTP/1.1" 200 23712 "-" "Mozilla/5.0 (Linux; Android 6.0.1; Nexus 5X Build/MMB29P) AppleWebKit/537.36 (KHTML, like Gecko) Chrome/141.0.7390.122 Mobile Safari/537.36 (compatible; Googlebot/2.1; +http://www.google.com/bot.html)"
45.225.94.58 - - [04/Nov/2025:01:00:41 +0000] "POST /wp-login.php HTTP/1.1" 200 2137 "https://lamphimquangcao.net/wp-login.php" "Mozilla/5.0 (Windows NT 10.0; Win64; x64) AppleWebKit/537.36 (KHTML, like Gecko) Chrome/130.0.0.0 Safari/537.36"
74.7.227.114 - - [04/Nov/2025:01:00:42 +0000] "GET /121lsp21479.html HTTP/1.1" 404 0 "-" "Mozilla/5.0 AppleWebKit/537.36 (KHTML, like Gecko; compatible; GPTBot/1.2; +https://openai.com/gptbot)"
66.249.71.1 - - [04/Nov/2025:01:01:01 +0000] "GET /?products=1703075326 HTTP/1.1" 200 21943 "-" "Mozilla/5.0 (compatible; Googlebot/2.1; +http://www.google.com/bot.html)"
74.7.227.114 - - [04/Nov/2025:01:01:09 +0000] "GET /114nvv35316.html HTTP/1.1" 404 0 "-" "Mozilla/5.0 AppleWebKit/537.36 (KHTML, like Gecko; compatible; GPTBot/1.2; +https://openai.com/gptbot)"
69.197.179.242 - - [04/Nov/2025:01:01:10 +0000] "GET /wp-content/im979e12/index.php?id=66704 HTTP/1.1" 499 0 "https://lamphimquangcao.net/wp-content/im979e12/index.php?id=66704" "Mozilla/5.0 (Windows NT 10.0; Win64; x64) AppleWebKit/537.36 (KHTML, like Gecko) Chrome/58.0.3029.110 Safari/537.3"
66.249.71.1 - - [04/Nov/2025:01:01:23 +0000] "GET /sitemap_index.xml HTTP/1.1" 200 60551 "-" "Mozilla/5.0 (compatible; Googlebot/2.1; +http://www.google.com/bot.html)"
114.119.143.51 - - [04/Nov/2025:01:01:28 +0000] "GET /q-~99JpGBOB8XcKAGXmt2ahqDtVfmXzQqqT37338 HTTP/1.1" 404 0 "https://lamphimquangcao.net/sitemap666.xml" "Mozilla/5.0 (Linux; Android 7.0;) AppleWebKit/537.36 (KHTML, like Gecko) Mobile Safari/537.36 (compatible; PetalBot;+https://webmaster.petalsearch.com/site/petalbot)"
51.79.248.20 - - [04/Nov/2025:01:01:40 +0000] "POST /wp-cron.php?doing_wp_cron=1762218100.2541320323944091796875 HTTP/1.1" 403 250 "-" "WordPress/6.8.3; https://lamphimquangcao.net"
74.7.227.114 - - [04/Nov/2025:01:01:40 +0000] "GET /215byh29329.html HTTP/1.1" 404 0 "-" "Mozilla/5.0 AppleWebKit/537.36 (KHTML, like Gecko; compatible; GPTBot/1.2; +https://openai.com/gptbot)"
162.144.37.46 - - [04/Nov/2025:01:01:40 +0000] "GET /wp-login.php HTTP/1.1" 200 1986 "-" "Mozilla/5.0 (Windows NT 10.0; Win64; x64) AppleWebKit/537.36 (KHTML, like Gecko) Chrome/130.0.0.0 Safari/537.36"
66.249.71.1 - - [04/Nov/2025:01:01:44 +0000] "GET /?_g=2010641 HTTP/1.1" 200 22366 "-" "Mozilla/5.0 (Linux; Android 6.0.1; Nexus 5X Build/MMB29P) AppleWebKit/537.36 (KHTML, like Gecko) Chrome/141.0.7390.122 Mobile Safari/537.36 (compatible; Googlebot/2.1; +http://www.google.com/bot.html)"
162.144.37.46 - - [04/Nov/2025:01:01:44 +0000] "POST /wp-login.php HTTP/1.1" 200 2137 "https://lamphimquangcao.net/wp-login.php" "Mozilla/5.0 (Windows NT 10.0; Win64; x64) AppleWebKit/537.36 (KHTML, like Gecko) Chrome/130.0.0.0 Safari/537.36"
108.179.252.30 - - [04/Nov/2025:01:02:05 +0000] "GET /wp-login.php HTTP/1.1" 200 1986 "-" "Mozilla/5.0 (Windows NT 10.0; Win64; x64) AppleWebKit/537.36 (KHTML, like Gecko) Chrome/130.0.0.0 Safari/537.36"
108.179.252.30 - - [04/Nov/2025:01:02:08 +0000] "POST /wp-login.php HTTP/1.1" 200 2137 "https://lamphimquangcao.net/wp-login.php" "Mozilla/5.0 (Windows NT 10.0; Win64; x64) AppleWebKit/537.36 (KHTML, like Gecko) Chrome/130.0.0.0 Safari/537.36"
74.7.227.114 - - [04/Nov/2025:01:02:08 +0000] "GET /131zbo13941.html HTTP/1.1" 404 0 "-" "Mozilla/5.0 AppleWebKit/537.36 (KHTML, like Gecko; compatible; GPTBot/1.2; +https://openai.com/gptbot)"
74.7.227.114 - - [04/Nov/2025:01:02:35 +0000] "GET /257vsa29279.html HTTP/1.1" 404 0 "-" "Mozilla/5.0 AppleWebKit/537.36 (KHTML, like Gecko; compatible; GPTBot/1.2; +https://openai.com/gptbot)"
51.79.248.20 - - [04/Nov/2025:01:02:41 +0000] "POST /wp-cron.php?doing_wp_cron=1762218161.6959021091461181640625 HTTP/1.1" 403 250 "-" "WordPress/6.8.3; https://lamphimquangcao.net"
50.87.186.52 - - [04/Nov/2025:01:02:41 +0000] "GET /wp-login.php HTTP/1.1" 200 1986 "-" "Mozilla/5.0 (Windows NT 10.0; Win64; x64) AppleWebKit/537.36 (KHTML, like Gecko) Chrome/130.0.0.0 Safari/537.36"
50.87.186.52 - - [04/Nov/2025:01:02:44 +0000] "POST /wp-login.php HTTP/1.1" 200 2137 "https://lamphimquangcao.net/wp-login.php" "Mozilla/5.0 (Windows NT 10.0; Win64; x64) AppleWebKit/537.36 (KHTML, like Gecko) Chrome/130.0.0.0 Safari/537.36"
66.249.66.165 - - [04/Nov/2025:01:02:50 +0000] "GET /71ndlf32877.html HTTP/1.1" 200 23716 "-" "Mozilla/5.0 (Linux; Android 6.0.1; Nexus 5X Build/MMB29P) AppleWebKit/537.36 (KHTML, like Gecko) Chrome/141.0.7390.122 Mobile Safari/537.36 (compatible; Googlebot/2.1; +http://www.google.com/bot.html)"
54.37.107.18 - - [04/Nov/2025:01:02:51 +0000] "POST /wp-login.php HTTP/1.1" 200 2137 "-" "Mozilla/5.0 (Windows NT 10.0; Win64; x64; rv:82.0) Gecko/20100101 Firefox/82.0"
114.119.130.57 - - [04/Nov/2025:01:02:51 +0000] "GET /q-~99JgFZRPpiWkWtqW22GUYY7378GXMLHh17060 HTTP/1.1" 404 0 "https://lamphimquangcao.net/sitemap705.xml" "Mozilla/5.0 (Linux; Android 7.0;) AppleWebKit/537.36 (KHTML, like Gecko) Mobile Safari/537.36 (compatible; PetalBot;+https://webmaster.petalsearch.com/site/petalbot)"
198.177.123.112 - - [04/Nov/2025:01:02:59 +0000] "GET /wp-login.php HTTP/1.1" 200 1986 "-" "Mozilla/5.0 (Windows NT 10.0; Win64; x64) AppleWebKit/537.36 (KHTML, like Gecko) Chrome/130.0.0.0 Safari/537.36"
198.177.123.112 - - [04/Nov/2025:01:03:00 +0000] "POST /wp-login.php HTTP/1.1" 200 2135 "https://lamphimquangcao.net/wp-login.php" "Mozilla/5.0 (Windows NT 10.0; Win64; x64) AppleWebKit/537.36 (KHTML, like Gecko) Chrome/130.0.0.0 Safari/537.36"
74.7.227.114 - - [04/Nov/2025:01:03:04 +0000] "GET /217tzt45815.html HTTP/1.1" 404 0 "-" "Mozilla/5.0 AppleWebKit/537.36 (KHTML, like Gecko; compatible; GPTBot/1.2; +https://openai.com/gptbot)"
184.168.116.203 - - [04/Nov/2025:01:03:10 +0000] "GET /wp-login.php HTTP/1.1" 200 1986 "-" "Mozilla/5.0 (Windows NT 10.0; Win64; x64) AppleWebKit/537.36 (KHTML, like Gecko) Chrome/130.0.0.0 Safari/537.36"
69.197.179.242 - - [04/Nov/2025:01:03:12 +0000] "GET /wp-content/im979e12/index.php?id=66704 HTTP/1.1" 499 0 "https://lamphimquangcao.net/wp-content/im979e12/index.php?id=66704" "Mozilla/5.0 (Windows NT 10.0; Win64; x64) AppleWebKit/537.36 (KHTML, like Gecko) Chrome/58.0.3029.110 Safari/537.3"
184.168.116.203 - - [04/Nov/2025:01:03:13 +0000] "POST /wp-login.php HTTP/1.1" 200 2137 "https://lamphimquangcao.net/wp-login.php" "Mozilla/5.0 (Windows NT 10.0; Win64; x64) AppleWebKit/537.36 (KHTML, like Gecko) Chrome/130.0.0.0 Safari/537.36"
35.200.179.113 - - [04/Nov/2025:01:03:26 +0000] "GET /wp-login.php HTTP/1.1" 200 1986 "-" "Mozilla/5.0 (Windows NT 10.0; Win64; x64) AppleWebKit/537.36 (KHTML, like Gecko) Chrome/130.0.0.0 Safari/537.36"
35.200.179.113 - - [04/Nov/2025:01:03:28 +0000] "POST /wp-login.php HTTP/1.1" 200 2137 "https://lamphimquangcao.net/wp-login.php" "Mozilla/5.0 (Windows NT 10.0; Win64; x64) AppleWebKit/537.36 (KHTML, like Gecko) Chrome/130.0.0.0 Safari/537.36"
74.7.227.114 - - [04/Nov/2025:01:03:31 +0000] "GET /254prm44714.html HTTP/1.1" 404 0 "-" "Mozilla/5.0 AppleWebKit/537.36 (KHTML, like Gecko; compatible; GPTBot/1.2; +https://openai.com/gptbot)"
66.249.71.3 - - [04/Nov/2025:01:03:34 +0000] "GET /?products=316622546 HTTP/1.1" 200 23165 "-" "Mozilla/5.0 (compatible; Googlebot/2.1; +http://www.google.com/bot.html)"
66.249.71.1 - - [04/Nov/2025:01:03:56 +0000] "GET /88uie47310.html HTTP/1.1" 200 23226 "-" "Mozilla/5.0 (Linux; Android 6.0.1; Nexus 5X Build/MMB29P) AppleWebKit/537.36 (KHTML, like Gecko) Chrome/141.0.7390.122 Mobile Safari/537.36 (compatible; Googlebot/2.1; +http://www.google.com/bot.html)"
51.79.248.20 - - [04/Nov/2025:01:03:58 +0000] "POST /wp-cron.php?doing_wp_cron=1762218238.1159598827362060546875 HTTP/1.1" 403 250 "-" "WordPress/6.8.3; https://lamphimquangcao.net"
74.7.227.114 - - [04/Nov/2025:01:03:58 +0000] "GET /227mtx41455.html HTTP/1.1" 404 0 "-" "Mozilla/5.0 AppleWebKit/537.36 (KHTML, like Gecko; compatible; GPTBot/1.2; +https://openai.com/gptbot)"
114.119.143.51 - - [04/Nov/2025:01:04:16 +0000] "GET /q-~99JML25SZfxRFEsrKyFOkun0WA9L7mSr7258 HTTP/1.1" 404 0 "https://lamphimquangcao.net/sitemap705.xml" "Mozilla/5.0 (Linux; Android 7.0;) AppleWebKit/537.36 (KHTML, like Gecko) Mobile Safari/537.36 (compatible; PetalBot;+https://webmaster.petalsearch.com/site/petalbot)"
67.20.117.153 - - [04/Nov/2025:01:04:16 +0000] "GET /wp-login.php HTTP/1.1" 200 1986 "-" "Mozilla/5.0 (Windows NT 10.0; Win64; x64) AppleWebKit/537.36 (KHTML, like Gecko) Chrome/130.0.0.0 Safari/537.36"
67.20.117.153 - - [04/Nov/2025:01:04:19 +0000] "POST /wp-login.php HTTP/1.1" 200 2137 "https://lamphimquangcao.net/wp-login.php" "Mozilla/5.0 (Windows NT 10.0; Win64; x64) AppleWebKit/537.36 (KHTML, like Gecko) Chrome/130.0.0.0 Safari/537.36"
74.7.227.114 - - [04/Nov/2025:01:04:26 +0000] "GET /262nyp29826.html HTTP/1.1" 404 0 "-" "Mozilla/5.0 AppleWebKit/537.36 (KHTML, like Gecko; compatible; GPTBot/1.2; +https://openai.com/gptbot)"
34.78.171.159 - - [04/Nov/2025:01:04:43 +0000] "GET /wp-login.php HTTP/1.1" 200 1986 "-" "Mozilla/5.0 (Windows NT 10.0; Win64; x64) AppleWebKit/537.36 (KHTML, like Gecko) Chrome/130.0.0.0 Safari/537.36"
34.78.171.159 - - [04/Nov/2025:01:04:47 +0000] "POST /wp-login.php HTTP/1.1" 200 2137 "https://lamphimquangcao.net/wp-login.php" "Mozilla/5.0 (Windows NT 10.0; Win64; x64) AppleWebKit/537.36 (KHTML, like Gecko) Chrome/130.0.0.0 Safari/537.36"
74.7.227.114 - - [04/Nov/2025:01:04:54 +0000] "GET /138mgh39656.html HTTP/1.1" 404 0 "-" "Mozilla/5.0 AppleWebKit/537.36 (KHTML, like Gecko; compatible; GPTBot/1.2; +https://openai.com/gptbot)"
69.197.179.242 - - [04/Nov/2025:01:05:14 +0000] "GET /wp-content/im979e12/index.php?id=66704 HTTP/1.1" 499 0 "https://lamphimquangcao.net/wp-content/im979e12/index.php?id=66704" "Mozilla/5.0 (Windows NT 10.0; Win64; x64) AppleWebKit/537.36 (KHTML, like Gecko) Chrome/58.0.3029.110 Safari/537.3"
51.79.248.20 - - [04/Nov/2025:01:05:21 +0000] "POST /wp-cron.php?doing_wp_cron=1762218321.4402260780334472656250 HTTP/1.1" 403 250 "-" "WordPress/6.8.3; https://lamphimquangcao.net"
74.7.227.114 - - [04/Nov/2025:01:05:21 +0000] "GET /216wwh13462.html HTTP/1.1" 404 0 "-" "Mozilla/5.0 AppleWebKit/537.36 (KHTML, like Gecko; compatible; GPTBot/1.2; +https://openai.com/gptbot)"
213.199.58.190 - - [04/Nov/2025:01:05:23 +0000] "GET /wp-login.php HTTP/1.1" 200 1986 "-" "Mozilla/5.0 (Windows NT 10.0; Win64; x64) AppleWebKit/537.36 (KHTML, like Gecko) Chrome/130.0.0.0 Safari/537.36"
213.199.58.190 - - [04/Nov/2025:01:05:25 +0000] "POST /wp-login.php HTTP/1.1" 200 2137 "https://lamphimquangcao.net/wp-login.php" "Mozilla/5.0 (Windows NT 10.0; Win64; x64) AppleWebKit/537.36 (KHTML, like Gecko) Chrome/130.0.0.0 Safari/537.36"
114.119.156.142 - - [04/Nov/2025:01:05:42 +0000] "GET /q-~99J6dyEBycxBA2JJ1XLwf3pZ0PgKOGSN15266 HTTP/1.1" 404 0 "https://lamphimquangcao.net/sitemap73.xml" "Mozilla/5.0 (Linux; Android 7.0;) AppleWebKit/537.36 (KHTML, like Gecko) Mobile Safari/537.36 (compatible; PetalBot;+https://webmaster.petalsearch.com/site/petalbot)"
74.7.227.114 - - [04/Nov/2025:01:05:48 +0000] "GET /214osx46446.html HTTP/1.1" 404 0 "-" "Mozilla/5.0 AppleWebKit/537.36 (KHTML, like Gecko; compatible; GPTBot/1.2; +https://openai.com/gptbot)"
34.78.171.159 - - [04/Nov/2025:01:06:14 +0000] "GET /wp-login.php HTTP/1.1" 200 1986 "-" "Mozilla/5.0 (Windows NT 10.0; Win64; x64) AppleWebKit/537.36 (KHTML, like Gecko) Chrome/130.0.0.0 Safari/537.36"
34.78.171.159 - - [04/Nov/2025:01:06:17 +0000] "POST /wp-login.php HTTP/1.1" 200 2137 "https://lamphimquangcao.net/wp-login.php" "Mozilla/5.0 (Windows NT 10.0; Win64; x64) AppleWebKit/537.36 (KHTML, like Gecko) Chrome/130.0.0.0 Safari/537.36"
74.7.227.114 - - [04/Nov/2025:01:06:19 +0000] "GET /155pfc45539.html HTTP/1.1" 404 0 "-" "Mozilla/5.0 AppleWebKit/537.36 (KHTML, like Gecko; compatible; GPTBot/1.2; +https://openai.com/gptbot)"
51.79.248.20 - - [04/Nov/2025:01:06:31 +0000] "POST /wp-cron.php?doing_wp_cron=1762218391.9129829406738281250000 HTTP/1.1" 403 250 "-" "WordPress/6.8.3; https://lamphimquangcao.net"
185.50.25.52 - - [04/Nov/2025:01:06:31 +0000] "GET /wp-login.php HTTP/1.1" 200 1986 "-" "Mozilla/5.0 (Windows NT 10.0; Win64; x64) AppleWebKit/537.36 (KHTML, like Gecko) Chrome/130.0.0.0 Safari/537.36"
185.50.25.52 - - [04/Nov/2025:01:06:34 +0000] "POST /wp-login.php HTTP/1.1" 200 2137 "https://lamphimquangcao.net/wp-login.php" "Mozilla/5.0 (Windows NT 10.0; Win64; x64) AppleWebKit/537.36 (KHTML, like Gecko) Chrome/130.0.0.0 Safari/537.36"
74.7.227.114 - - [04/Nov/2025:01:06:45 +0000] "GET /221occ25419.html HTTP/1.1" 404 0 "-" "Mozilla/5.0 AppleWebKit/537.36 (KHTML, like Gecko; compatible; GPTBot/1.2; +https://openai.com/gptbot)"
114.119.132.10 - - [04/Nov/2025:01:07:03 +0000] "GET /q-~99IzcyjrXQrLM8buhmNJeJ8rBRqiUCXN21372 HTTP/1.1" 404 0 "https://lamphimquangcao.net/sitemap800.xml" "Mozilla/5.0 (Linux; Android 7.0;) AppleWebKit/537.36 (KHTML, like Gecko) Mobile Safari/537.36 (compatible; PetalBot;+https://webmaster.petalsearch.com/site/petalbot)"
74.7.227.114 - - [04/Nov/2025:01:07:16 +0000] "GET /115pbr43345.html HTTP/1.1" 404 0 "-" "Mozilla/5.0 AppleWebKit/537.36 (KHTML, like Gecko; compatible; GPTBot/1.2; +https://openai.com/gptbot)"
69.197.179.242 - - [04/Nov/2025:01:07:21 +0000] "GET /wp-content/im979e12/index.php?id=66704 HTTP/1.1" 499 0 "https://lamphimquangcao.net/wp-content/im979e12/index.php?id=66704" "Mozilla/5.0 (Windows NT 10.0; Win64; x64) AppleWebKit/537.36 (KHTML, like Gecko) Chrome/58.0.3029.110 Safari/537.3"
66.249.66.164 - - [04/Nov/2025:01:07:34 +0000] "GET /?products=385191454 HTTP/1.1" 200 23443 "-" "Mozilla/5.0 (Linux; Android 6.0.1; Nexus 5X Build/MMB29P) AppleWebKit/537.36 (KHTML, like Gecko) Chrome/141.0.7390.122 Mobile Safari/537.36 (compatible; Googlebot/2.1; +http://www.google.com/bot.html)"
51.79.248.20 - - [04/Nov/2025:01:07:35 +0000] "POST /wp-cron.php?doing_wp_cron=1762218454.6704339981079101562500 HTTP/1.1" 403 250 "-" "WordPress/6.8.3; https://lamphimquangcao.net"
185.35.236.183 - - [04/Nov/2025:01:07:35 +0000] "GET /wp-login.php HTTP/1.1" 200 1986 "-" "Mozilla/5.0 (Windows NT 10.0; Win64; x64) AppleWebKit/537.36 (KHTML, like Gecko) Chrome/130.0.0.0 Safari/537.36"
185.35.236.183 - - [04/Nov/2025:01:07:36 +0000] "POST /wp-login.php HTTP/1.1" 200 2137 "https://lamphimquangcao.net/wp-login.php" "Mozilla/5.0 (Windows NT 10.0; Win64; x64) AppleWebKit/537.36 (KHTML, like Gecko) Chrome/130.0.0.0 Safari/537.36"
74.7.227.114 - - [04/Nov/2025:01:07:44 +0000] "GET /116xco13106.html HTTP/1.1" 404 0 "-" "Mozilla/5.0 AppleWebKit/537.36 (KHTML, like Gecko; compatible; GPTBot/1.2; +https://openai.com/gptbot)"
210.5.164.50 - - [04/Nov/2025:01:07:46 +0000] "GET /wp-login.php HTTP/1.1" 200 1986 "-" "Mozilla/5.0 (Windows NT 10.0; Win64; x64) AppleWebKit/537.36 (KHTML, like Gecko) Chrome/130.0.0.0 Safari/537.36"
210.5.164.50 - - [04/Nov/2025:01:07:49 +0000] "POST /wp-login.php HTTP/1.1" 200 2137 "https://lamphimquangcao.net/wp-login.php" "Mozilla/5.0 (Windows NT 10.0; Win64; x64) AppleWebKit/537.36 (KHTML, like Gecko) Chrome/130.0.0.0 Safari/537.36"
198.54.114.29 - - [04/Nov/2025:01:07:55 +0000] "GET /wp-login.php HTTP/1.1" 200 1986 "-" "Mozilla/5.0 (Windows NT 10.0; Win64; x64) AppleWebKit/537.36 (KHTML, like Gecko) Chrome/130.0.0.0 Safari/537.36"
66.249.66.163 - - [04/Nov/2025:01:07:55 +0000] "GET /?products=689727428 HTTP/1.1" 200 22723 "-" "Mozilla/5.0 (Linux; Android 6.0.1; Nexus 5X Build/MMB29P) AppleWebKit/537.36 (KHTML, like Gecko) Chrome/141.0.7390.122 Mobile Safari/537.36 (compatible; Googlebot/2.1; +http://www.google.com/bot.html)"
198.54.114.29 - - [04/Nov/2025:01:07:55 +0000] "POST /wp-login.php HTTP/1.1" 200 2137 "https://lamphimquangcao.net/wp-login.php" "Mozilla/5.0 (Windows NT 10.0; Win64; x64) AppleWebKit/537.36 (KHTML, like Gecko) Chrome/130.0.0.0 Safari/537.36"
74.7.227.114 - - [04/Nov/2025:01:08:13 +0000] "GET /264csi24404.html HTTP/1.1" 404 0 "-" "Mozilla/5.0 AppleWebKit/537.36 (KHTML, like Gecko; compatible; GPTBot/1.2; +https://openai.com/gptbot)"
198.54.114.102 - - [04/Nov/2025:01:08:27 +0000] "GET /wp-login.php HTTP/1.1" 200 1986 "-" "Mozilla/5.0 (Windows NT 10.0; Win64; x64) AppleWebKit/537.36 (KHTML, like Gecko) Chrome/130.0.0.0 Safari/537.36"
198.54.114.102 - - [04/Nov/2025:01:08:31 +0000] "POST /wp-login.php HTTP/1.1" 200 2137 "https://lamphimquangcao.net/wp-login.php" "Mozilla/5.0 (Windows NT 10.0; Win64; x64) AppleWebKit/537.36 (KHTML, like Gecko) Chrome/130.0.0.0 Safari/537.36"
114.119.156.142 - - [04/Nov/2025:01:08:31 +0000] "GET /q-~99IiNexjGXC75si4ysLbwCfucPywsLpM13094 HTTP/1.1" 404 0 "https://lamphimquangcao.net/sitemap386.xml" "Mozilla/5.0 (Linux; Android 7.0;) AppleWebKit/537.36 (KHTML, like Gecko) Mobile Safari/537.36 (compatible; PetalBot;+https://webmaster.petalsearch.com/site/petalbot)"
66.249.66.163 - - [04/Nov/2025:01:08:40 +0000] "GET /?products=1442785988 HTTP/1.1" 200 32812 "-" "Mozilla/5.0 (Linux; Android 6.0.1; Nexus 5X Build/MMB29P) AppleWebKit/537.36 (KHTML, like Gecko) Chrome/141.0.7390.122 Mobile Safari/537.36 (compatible; Googlebot/2.1; +http://www.google.com/bot.html)"
51.79.248.20 - - [04/Nov/2025:01:08:41 +0000] "POST /wp-cron.php?doing_wp_cron=1762218521.0260910987854003906250 HTTP/1.1" 403 250 "-" "WordPress/6.8.3; https://lamphimquangcao.net"
74.7.227.114 - - [04/Nov/2025:01:08:41 +0000] "GET /144ito49676.html HTTP/1.1" 404 0 "-" "Mozilla/5.0 AppleWebKit/537.36 (KHTML, like Gecko; compatible; GPTBot/1.2; +https://openai.com/gptbot)"
162.0.235.136 - - [04/Nov/2025:01:08:49 +0000] "GET /wp-login.php HTTP/1.1" 200 1986 "-" "Mozilla/5.0 (Windows NT 10.0; Win64; x64) AppleWebKit/537.36 (KHTML, like Gecko) Chrome/130.0.0.0 Safari/537.36"
162.0.235.136 - - [04/Nov/2025:01:08:53 +0000] "POST /wp-login.php HTTP/1.1" 200 2137 "https://lamphimquangcao.net/wp-login.php" "Mozilla/5.0 (Windows NT 10.0; Win64; x64) AppleWebKit/537.36 (KHTML, like Gecko) Chrome/130.0.0.0 Safari/537.36"
66.249.66.163 - - [04/Nov/2025:01:09:03 +0000] "GET /?products=668245896 HTTP/1.1" 200 22948 "-" "Mozilla/5.0 (compatible; Googlebot/2.1; +http://www.google.com/bot.html)"
74.7.227.114 - - [04/Nov/2025:01:09:08 +0000] "GET /189tyj15561.html HTTP/1.1" 404 0 "-" "Mozilla/5.0 AppleWebKit/537.36 (KHTML, like Gecko; compatible; GPTBot/1.2; +https://openai.com/gptbot)"
69.197.179.242 - - [04/Nov/2025:01:09:20 +0000] "GET /wp-content/im979e12/index.php?id=66704 HTTP/1.1" 499 0 "https://lamphimquangcao.net/wp-content/im979e12/index.php?id=66704" "Mozilla/5.0 (Windows NT 10.0; Win64; x64) AppleWebKit/537.36 (KHTML, like Gecko) Chrome/58.0.3029.110 Safari/537.3"
74.7.227.114 - - [04/Nov/2025:01:09:35 +0000] "GET /224hiq34550.html HTTP/1.1" 404 0 "-" "Mozilla/5.0 AppleWebKit/537.36 (KHTML, like Gecko; compatible; GPTBot/1.2; +https://openai.com/gptbot)"
34.78.171.159 - - [04/Nov/2025:01:09:36 +0000] "GET /wp-login.php HTTP/1.1" 200 1986 "-" "Mozilla/5.0 (Windows NT 10.0; Win64; x64) AppleWebKit/537.36 (KHTML, like Gecko) Chrome/130.0.0.0 Safari/537.36"
34.78.171.159 - - [04/Nov/2025:01:09:38 +0000] "POST /wp-login.php HTTP/1.1" 200 2137 "https://lamphimquangcao.net/wp-login.php" "Mozilla/5.0 (Windows NT 10.0; Win64; x64) AppleWebKit/537.36 (KHTML, like Gecko) Chrome/130.0.0.0 Safari/537.36"
51.79.248.20 - - [04/Nov/2025:01:09:50 +0000] "POST /wp-cron.php?doing_wp_cron=1762218589.9883949756622314453125 HTTP/1.1" 403 250 "-" "WordPress/6.8.3; https://lamphimquangcao.net"
114.119.131.139 - - [04/Nov/2025:01:09:50 +0000] "GET /q-~99IL01WbBHhyxUU7lUlqNSLlvkntiKsE15202 HTTP/1.1" 404 0 "https://lamphimquangcao.net/sitemap51.xml" "Mozilla/5.0 (Linux; Android 7.0;) AppleWebKit/537.36 (KHTML, like Gecko) Mobile Safari/537.36 (compatible; PetalBot;+https://webmaster.petalsearch.com/site/petalbot)"
74.7.227.114 - - [04/Nov/2025:01:10:04 +0000] "GET /165ini12685.html HTTP/1.1" 404 0 "-" "Mozilla/5.0 AppleWebKit/537.36 (KHTML, like Gecko; compatible; GPTBot/1.2; +https://openai.com/gptbot)"
74.7.227.114 - - [04/Nov/2025:01:10:31 +0000] "GET /252sdd45364.html HTTP/1.1" 404 0 "-" "Mozilla/5.0 AppleWebKit/537.36 (KHTML, like Gecko; compatible; GPTBot/1.2; +https://openai.com/gptbot)"
66.249.71.1 - - [04/Nov/2025:01:10:32 +0000] "GET /q-~129You2FGKJh2Fgs4W7NjVD2QyKq1IFvb19678/ HTTP/1.1" 200 22574 "-" "Mozilla/5.0 (Linux; Android 6.0.1; Nexus 5X Build/MMB29P) AppleWebKit/537.36 (KHTML, like Gecko) Chrome/141.0.7390.122 Mobile Safari/537.36 (compatible; Googlebot/2.1; +http://www.google.com/bot.html)"
51.79.248.20 - - [04/Nov/2025:01:11:00 +0000] "POST /wp-cron.php?doing_wp_cron=1762218660.1266300678253173828125 HTTP/1.1" 403 250 "-" "WordPress/6.8.3; https://lamphimquangcao.net"
74.7.227.114 - - [04/Nov/2025:01:11:00 +0000] "GET /168tbm22996.html HTTP/1.1" 404 0 "-" "Mozilla/5.0 AppleWebKit/537.36 (KHTML, like Gecko; compatible; GPTBot/1.2; +https://openai.com/gptbot)"
5.135.42.194 - - [04/Nov/2025:01:11:07 +0000] "GET /wp-login.php HTTP/1.1" 200 1986 "-" "Mozilla/5.0 (Windows NT 10.0; Win64; x64) AppleWebKit/537.36 (KHTML, like Gecko) Chrome/130.0.0.0 Safari/537.36"
5.135.42.194 - - [04/Nov/2025:01:11:11 +0000] "POST /wp-login.php HTTP/1.1" 200 2137 "https://lamphimquangcao.net/wp-login.php" "Mozilla/5.0 (Windows NT 10.0; Win64; x64) AppleWebKit/537.36 (KHTML, like Gecko) Chrome/130.0.0.0 Safari/537.36"
114.119.132.10 - - [04/Nov/2025:01:11:14 +0000] "GET /q-~99HteKh8EOKVZXqRPerRz4qjX9LAuKbN35180 HTTP/1.1" 404 0 "https://lamphimquangcao.net/sitemap738.xml" "Mozilla/5.0 (Linux; Android 7.0;) AppleWebKit/537.36 (KHTML, like Gecko) Mobile Safari/537.36 (compatible; PetalBot;+https://webmaster.petalsearch.com/site/petalbot)"
69.197.179.242 - - [04/Nov/2025:01:11:22 +0000] "GET /wp-content/im979e12/index.php?id=66704 HTTP/1.1" 499 0 "https://lamphimquangcao.net/wp-content/im979e12/index.php?id=66704" "Mozilla/5.0 (Windows NT 10.0; Win64; x64) AppleWebKit/537.36 (KHTML, like Gecko) Chrome/58.0.3029.110 Safari/537.3"
52.215.86.173 - - [04/Nov/2025:01:11:26 +0000] "GET /wp-login.php HTTP/1.1" 200 1986 "-" "Mozilla/5.0 (Windows NT 10.0; Win64; x64) AppleWebKit/537.36 (KHTML, like Gecko) Chrome/130.0.0.0 Safari/537.36"
52.215.86.173 - - [04/Nov/2025:01:11:28 +0000] "POST /wp-login.php HTTP/1.1" 200 2137 "https://lamphimquangcao.net/wp-login.php" "Mozilla/5.0 (Windows NT 10.0; Win64; x64) AppleWebKit/537.36 (KHTML, like Gecko) Chrome/130.0.0.0 Safari/537.36"
74.7.227.114 - - [04/Nov/2025:01:11:30 +0000] "GET /238yph20036.html HTTP/1.1" 404 0 "-" "Mozilla/5.0 AppleWebKit/537.36 (KHTML, like Gecko; compatible; GPTBot/1.2; +https://openai.com/gptbot)"
66.249.71.2 - - [04/Nov/2025:01:11:36 +0000] "GET /?products=1962832414 HTTP/1.1" 200 29372 "-" "Mozilla/5.0 (Linux; Android 6.0.1; Nexus 5X Build/MMB29P) AppleWebKit/537.36 (KHTML, like Gecko) Chrome/141.0.7390.122 Mobile Safari/537.36 (compatible; Googlebot/2.1; +http://www.google.com/bot.html)"
74.7.227.114 - - [04/Nov/2025:01:11:57 +0000] "GET /129tok29871.html HTTP/1.1" 404 0 "-" "Mozilla/5.0 AppleWebKit/537.36 (KHTML, like Gecko; compatible; GPTBot/1.2; +https://openai.com/gptbot)"
51.79.248.20 - - [04/Nov/2025:01:12:14 +0000] "POST /wp-cron.php?doing_wp_cron=1762218734.9432110786437988281250 HTTP/1.1" 403 250 "-" "WordPress/6.8.3; https://lamphimquangcao.net"
107.152.38.147 - - [04/Nov/2025:01:12:14 +0000] "GET /wp-login.php HTTP/1.1" 200 1986 "-" "Mozilla/4.0 (compatible; MSIE 7.0; Windows NT 6.1; Trident/7.0; SLCC2; .NET CLR 2.0.50727; .NET CLR 3.5.30729; .NET CLR 3.0.30729; Media Center PC 6.0; .NET4.0C; .NET4.0E; Tablet PC 2.0; .NET CLR 1.1.4322; Alexa Toolbar)"
107.152.38.147 - - [04/Nov/2025:01:12:15 +0000] "POST /wp-login.php HTTP/1.1" 200 2117 "https://lamphimquangcao.net/wp-login.php" "Mozilla/4.0 (compatible; MSIE 7.0; Windows NT 6.1; Trident/7.0; SLCC2; .NET CLR 2.0.50727; .NET CLR 3.5.30729; .NET CLR 3.0.30729; Media Center PC 6.0; .NET4.0C; .NET4.0E; Tablet PC 2.0; .NET CLR 1.1.4322; Alexa Toolbar)"
74.7.227.114 - - [04/Nov/2025:01:12:26 +0000] "GET /215mya45661.html HTTP/1.1" 404 0 "-" "Mozilla/5.0 AppleWebKit/537.36 (KHTML, like Gecko; compatible; GPTBot/1.2; +https://openai.com/gptbot)"
114.119.143.51 - - [04/Nov/2025:01:12:37 +0000] "GET /q-~99HXbBz24I8LMyekmfrwAgVGzoFiOjIj880 HTTP/1.1" 404 0 "https://lamphimquangcao.net/sitemap757.xml" "Mozilla/5.0 (Linux; Android 7.0;) AppleWebKit/537.36 (KHTML, like Gecko) Mobile Safari/537.36 (compatible; PetalBot;+https://webmaster.petalsearch.com/site/petalbot)"
74.7.227.114 - - [04/Nov/2025:01:12:55 +0000] "GET /199dss22163.html HTTP/1.1" 404 0 "-" "Mozilla/5.0 AppleWebKit/537.36 (KHTML, like Gecko; compatible; GPTBot/1.2; +https://openai.com/gptbot)"
66.249.71.3 - - [04/Nov/2025:01:13:01 +0000] "GET /?products=881599704 HTTP/1.1" 200 22315 "-" "Mozilla/5.0 (compatible; Googlebot/2.1; +http://www.google.com/bot.html)"
69.197.179.242 - - [04/Nov/2025:01:13:22 +0000] "GET /wp-content/im979e12/index.php?id=66704 HTTP/1.1" 499 0 "https://lamphimquangcao.net/wp-content/im979e12/index.php?id=66704" "Mozilla/5.0 (Windows NT 10.0; Win64; x64) AppleWebKit/537.36 (KHTML, like Gecko) Chrome/58.0.3029.110 Safari/537.3"
51.79.248.20 - - [04/Nov/2025:01:13:24 +0000] "POST /wp-cron.php?doing_wp_cron=1762218804.1234889030456542968750 HTTP/1.1" 403 250 "-" "WordPress/6.8.3; https://lamphimquangcao.net"
74.7.227.114 - - [04/Nov/2025:01:13:24 +0000] "GET /151xcr34535.html HTTP/1.1" 404 0 "-" "Mozilla/5.0 AppleWebKit/537.36 (KHTML, like Gecko; compatible; GPTBot/1.2; +https://openai.com/gptbot)"
67.205.41.55 - - [04/Nov/2025:01:13:26 +0000] "GET /wp-login.php HTTP/1.1" 200 1986 "-" "Mozilla/5.0 (Windows NT 6.1; Win64; x64; Trident/7.0; managedpc; rv:11.0) like Gecko"
67.205.41.55 - - [04/Nov/2025:01:13:29 +0000] "POST /wp-login.php HTTP/1.1" 200 2117 "https://lamphimquangcao.net/wp-login.php" "Mozilla/5.0 (Windows NT 6.1; Win64; x64; Trident/7.0; managedpc; rv:11.0) like Gecko"
74.7.227.114 - - [04/Nov/2025:01:13:53 +0000] "GET /237lkn17637.html HTTP/1.1" 404 0 "-" "Mozilla/5.0 AppleWebKit/537.36 (KHTML, like Gecko; compatible; GPTBot/1.2; +https://openai.com/gptbot)"
114.119.143.51 - - [04/Nov/2025:01:14:01 +0000] "GET /q-~99HFZHsIPh4DaHfxy4hnsllSPM4zl5QD39442 HTTP/1.1" 404 0 "https://lamphimquangcao.net/sitemap69.xml" "Mozilla/5.0 (Linux; Android 7.0;) AppleWebKit/537.36 (KHTML, like Gecko) Mobile Safari/537.36 (compatible; PetalBot;+https://webmaster.petalsearch.com/site/petalbot)"
51.79.248.20 - - [04/Nov/2025:01:14:04 +0000] "GET / HTTP/1.1" 301 0 "-" "Mozilla/5.0 (X11; Linux x86_64) AppleWebKit/537.36 (KHTML, like Gecko) Chrome/44.0.2403.157 Safari/537.36"
51.79.248.20 - - [04/Nov/2025:01:14:05 +0000] "GET / HTTP/1.1" 200 0 "http://51.79.248.20" "Mozilla/5.0 (X11; Linux x86_64) AppleWebKit/537.36 (KHTML, like Gecko) Chrome/44.0.2403.157 Safari/537.36"
46.182.4.125 - - [04/Nov/2025:01:14:07 +0000] "GET /wp-login.php HTTP/1.1" 200 1986 "-" "Mozilla/5.0 (Windows NT 10.0; Win64; x64) AppleWebKit/537.36 (KHTML, like Gecko) Chrome/130.0.0.0 Safari/537.36"
46.182.4.125 - - [04/Nov/2025:01:14:09 +0000] "POST /wp-login.php HTTP/1.1" 200 2135 "https://lamphimquangcao.net/wp-login.php" "Mozilla/5.0 (Windows NT 10.0; Win64; x64) AppleWebKit/537.36 (KHTML, like Gecko) Chrome/130.0.0.0 Safari/537.36"
74.7.227.114 - - [04/Nov/2025:01:14:19 +0000] "GET /215luz20257.html HTTP/1.1" 404 0 "-" "Mozilla/5.0 AppleWebKit/537.36 (KHTML, like Gecko; compatible; GPTBot/1.2; +https://openai.com/gptbot)"
66.249.66.165 - - [04/Nov/2025:01:14:49 +0000] "GET /?products=838603482 HTTP/1.1" 200 22779 "-" "Mozilla/5.0 (Linux; Android 6.0.1; Nexus 5X Build/MMB29P) AppleWebKit/537.36 (KHTML, like Gecko) Chrome/141.0.7390.122 Mobile Safari/537.36 (compatible; Googlebot/2.1; +http://www.google.com/bot.html)"
51.79.248.20 - - [04/Nov/2025:01:14:50 +0000] "POST /wp-cron.php?doing_wp_cron=1762218890.3756299018859863281250 HTTP/1.1" 403 250 "-" "WordPress/6.8.3; https://lamphimquangcao.net"
74.7.227.114 - - [04/Nov/2025:01:14:50 +0000] "GET /248hda41238.html HTTP/1.1" 404 0 "-" "Mozilla/5.0 AppleWebKit/537.36 (KHTML, like Gecko; compatible; GPTBot/1.2; +https://openai.com/gptbot)"
204.12.208.18 - - [04/Nov/2025:01:14:51 +0000] "GET /wp-content/im979e12/index.php HTTP/1.1" 200 6 "https://lamphimquangcao.net/wp-content/im979e12/index.php" "Mozilla/5.0 (Macintosh; U; PPC Mac OS X; ja-jp) AppleWebKit/523.10.6 (KHTML, like Gecko) Version/3.0.4 Safari/523.10.6"
74.7.227.114 - - [04/Nov/2025:01:15:19 +0000] "GET /156kjv25626.html HTTP/1.1" 404 0 "-" "Mozilla/5.0 AppleWebKit/537.36 (KHTML, like Gecko; compatible; GPTBot/1.2; +https://openai.com/gptbot)"
69.197.179.242 - - [04/Nov/2025:01:15:24 +0000] "GET /wp-content/im979e12/index.php?id=66704 HTTP/1.1" 499 0 "https://lamphimquangcao.net/wp-content/im979e12/index.php?id=66704" "Mozilla/5.0 (Windows NT 10.0; Win64; x64) AppleWebKit/537.36 (KHTML, like Gecko) Chrome/58.0.3029.110 Safari/537.3"
114.119.154.211 - - [04/Nov/2025:01:15:25 +0000] "GET /q-~99HBmEihFNx8SnDVyOpCgaw1EFt5u7Mh42646 HTTP/1.1" 404 0 "https://lamphimquangcao.net/sitemap530.xml" "Mozilla/5.0 (Linux; Android 7.0;) AppleWebKit/537.36 (KHTML, like Gecko) Mobile Safari/537.36 (compatible; PetalBot;+https://webmaster.petalsearch.com/site/petalbot)"
162.19.11.69 - - [04/Nov/2025:01:15:45 +0000] "GET /wp-login.php HTTP/1.1" 200 1986 "-" "Mozilla/5.0 (Windows NT 10.0; Win64; x64) AppleWebKit/537.36 (KHTML, like Gecko) Chrome/130.0.0.0 Safari/537.36"
162.19.11.69 - - [04/Nov/2025:01:15:48 +0000] "POST /wp-login.php HTTP/1.1" 200 2137 "https://lamphimquangcao.net/wp-login.php" "Mozilla/5.0 (Windows NT 10.0; Win64; x64) AppleWebKit/537.36 (KHTML, like Gecko) Chrome/130.0.0.0 Safari/537.36"
74.7.227.114 - - [04/Nov/2025:01:15:49 +0000] "GET /103lag22433.html HTTP/1.1" 404 0 "-" "Mozilla/5.0 AppleWebKit/537.36 (KHTML, like Gecko; compatible; GPTBot/1.2; +https://openai.com/gptbot)"
51.79.248.20 - - [04/Nov/2025:01:16:16 +0000] "POST /wp-cron.php?doing_wp_cron=1762218976.6469199657440185546875 HTTP/1.1" 403 250 "-" "WordPress/6.8.3; https://lamphimquangcao.net"
74.7.227.114 - - [04/Nov/2025:01:16:16 +0000] "GET /177mnx30907.html HTTP/1.1" 404 0 "-" "Mozilla/5.0 AppleWebKit/537.36 (KHTML, like Gecko; compatible; GPTBot/1.2; +https://openai.com/gptbot)"
66.249.66.165 - - [04/Nov/2025:01:16:17 +0000] "GET /?products=1549936176 HTTP/1.1" 200 22927 "-" "Mozilla/5.0 (Linux; Android 6.0.1; Nexus 5X Build/MMB29P) AppleWebKit/537.36 (KHTML, like Gecko) Chrome/141.0.7390.122 Mobile Safari/537.36 (compatible; Googlebot/2.1; +http://www.google.com/bot.html)"
66.249.66.163 - - [04/Nov/2025:01:16:39 +0000] "GET /?products=1282428946 HTTP/1.1" 200 30916 "-" "Mozilla/5.0 (Linux; Android 6.0.1; Nexus 5X Build/MMB29P) AppleWebKit/537.36 (KHTML, like Gecko) Chrome/141.0.7390.122 Mobile Safari/537.36 (compatible; Googlebot/2.1; +http://www.google.com/bot.html)"
74.7.227.114 - - [04/Nov/2025:01:16:47 +0000] "GET /292pcm33526.html HTTP/1.1" 404 0 "-" "Mozilla/5.0 AppleWebKit/537.36 (KHTML, like Gecko; compatible; GPTBot/1.2; +https://openai.com/gptbot)"
114.119.128.139 - - [04/Nov/2025:01:16:49 +0000] "GET /q-~99Gw1cxY18MQqpJESTxSMFyYJAoM7aie8968 HTTP/1.1" 404 0 "https://lamphimquangcao.net/sitemap56.xml" "Mozilla/5.0 (Linux; Android 7.0;) AppleWebKit/537.36 (KHTML, like Gecko) Mobile Safari/537.36 (compatible; PetalBot;+https://webmaster.petalsearch.com/site/petalbot)"
173.212.217.36 - - [04/Nov/2025:01:16:56 +0000] "GET /wp-login.php HTTP/1.1" 200 1986 "-" "Mozilla/5.0 (Windows NT 10.0; Win64; x64) AppleWebKit/537.36 (KHTML, like Gecko) Chrome/130.0.0.0 Safari/537.36"
173.212.217.36 - - [04/Nov/2025:01:17:00 +0000] "POST /wp-login.php HTTP/1.1" 200 2137 "https://lamphimquangcao.net/wp-login.php" "Mozilla/5.0 (Windows NT 10.0; Win64; x64) AppleWebKit/537.36 (KHTML, like Gecko) Chrome/130.0.0.0 Safari/537.36"
74.7.227.114 - - [04/Nov/2025:01:17:13 +0000] "GET /238xyx31278.html HTTP/1.1" 404 0 "-" "Mozilla/5.0 AppleWebKit/537.36 (KHTML, like Gecko; compatible; GPTBot/1.2; +https://openai.com/gptbot)"
51.79.248.20 - - [04/Nov/2025:01:17:19 +0000] "POST /wp-cron.php?doing_wp_cron=1762219039.4958989620208740234375 HTTP/1.1" 403 250 "-" "WordPress/6.8.3; https://lamphimquangcao.net"
51.255.148.60 - - [04/Nov/2025:01:17:19 +0000] "GET /wp-login.php HTTP/1.1" 200 1986 "-" "Mozilla/5.0 (Windows NT 10.0; Win64; x64) AppleWebKit/537.36 (KHTML, like Gecko) Chrome/130.0.0.0 Safari/537.36"
51.255.148.60 - - [04/Nov/2025:01:17:21 +0000] "POST /wp-login.php HTTP/1.1" 200 2137 "https://lamphimquangcao.net/wp-login.php" "Mozilla/5.0 (Windows NT 10.0; Win64; x64) AppleWebKit/537.36 (KHTML, like Gecko) Chrome/130.0.0.0 Safari/537.36"
69.197.179.242 - - [04/Nov/2025:01:17:23 +0000] "GET /wp-content/im979e12/index.php?id=66704 HTTP/1.1" 499 0 "https://lamphimquangcao.net/wp-content/im979e12/index.php?id=66704" "Mozilla/5.0 (Windows NT 10.0; Win64; x64) AppleWebKit/537.36 (KHTML, like Gecko) Chrome/58.0.3029.110 Safari/537.3"
66.249.66.164 - - [04/Nov/2025:01:17:25 +0000] "GET /?products=1442689158 HTTP/1.1" 200 23111 "-" "Mozilla/5.0 (Linux; Android 6.0.1; Nexus 5X Build/MMB29P) AppleWebKit/537.36 (KHTML, like Gecko) Chrome/141.0.7390.122 Mobile Safari/537.36 (compatible; Googlebot/2.1; +http://www.google.com/bot.html)"
74.7.227.114 - - [04/Nov/2025:01:17:42 +0000] "GET /262oci23382.html HTTP/1.1" 404 0 "-" "Mozilla/5.0 AppleWebKit/537.36 (KHTML, like Gecko; compatible; GPTBot/1.2; +https://openai.com/gptbot)"
66.249.66.164 - - [04/Nov/2025:01:17:48 +0000] "GET /?products=1701758818 HTTP/1.1" 200 22970 "-" "Mozilla/5.0 (compatible; Googlebot/2.1; +http://www.google.com/bot.html)"
181.215.178.254 - - [04/Nov/2025:01:17:51 +0000] "GET /wp-login.php HTTP/1.1" 200 1986 "-" "Mozilla/5.0 (Windows NT 10.0; Win64; x64) AppleWebKit/537.36 (KHTML, like Gecko) Chrome/130.0.0.0 Safari/537.36"
181.215.178.254 - - [04/Nov/2025:01:17:52 +0000] "POST /wp-login.php HTTP/1.1" 200 2137 "https://lamphimquangcao.net/wp-login.php" "Mozilla/5.0 (Windows NT 10.0; Win64; x64) AppleWebKit/537.36 (KHTML, like Gecko) Chrome/130.0.0.0 Safari/537.36"
173.225.109.134 - - [04/Nov/2025:01:17:54 +0000] "GET /wp-login.php HTTP/1.1" 200 1986 "-" "Mozilla/5.0 (Windows NT 10.0; Win64; x64) AppleWebKit/537.36 (KHTML, like Gecko) Chrome/130.0.0.0 Safari/537.36"
173.225.109.134 - - [04/Nov/2025:01:17:55 +0000] "POST /wp-login.php HTTP/1.1" 200 2135 "https://lamphimquangcao.net/wp-login.php" "Mozilla/5.0 (Windows NT 10.0; Win64; x64) AppleWebKit/537.36 (KHTML, like Gecko) Chrome/130.0.0.0 Safari/537.36"
198.177.123.112 - - [04/Nov/2025:01:17:57 +0000] "GET /wp-login.php HTTP/1.1" 200 1986 "-" "Mozilla/5.0 (Windows NT 10.0; Win64; x64) AppleWebKit/537.36 (KHTML, like Gecko) Chrome/130.0.0.0 Safari/537.36"
