74.7.227.114 - - [04/Nov/2025:04:42:57 +0000] "GET /q-~181YEAhUmbsICqaCFDBThzEE54KPNsofX37534/?path=/var/www/lamphim/data/www/lamphimquangcao.net/images HTTP/1.1" 200 3002 "-" "Mozilla/5.0 AppleWebKit/537.36 (KHTML, like Gecko; compatible; GPTBot/1.2; +https://openai.com/gptbot)"
74.7.227.114 - - [04/Nov/2025:04:43:01 +0000] "GET /q-~237e8M0iTIyzXLYHDXCsUjosOQLW6Nmvr3348/?path=/var/www/lamphim/data/www/lamphimquangcao.net/images HTTP/1.1" 200 3002 "-" "Mozilla/5.0 AppleWebKit/537.36 (KHTML, like Gecko; compatible; GPTBot/1.2; +https://openai.com/gptbot)"
74.7.227.114 - - [04/Nov/2025:04:43:03 +0000] "GET /q-~294GkZWSwXxvng8RskWLjByv3rljRRJLz16177/?path=/var/www/lamphim/data/www/lamphimquangcao.net/images HTTP/1.1" 200 3002 "-" "Mozilla/5.0 AppleWebKit/537.36 (KHTML, like Gecko; compatible; GPTBot/1.2; +https://openai.com/gptbot)"
74.7.227.114 - - [04/Nov/2025:04:43:07 +0000] "GET /q-~44nsIBf9AhQxqZW4mTspq1VnKSPPpyou20531/?path=/var/www/lamphim/data/www/lamphimquangcao.net/images HTTP/1.1" 200 3002 "-" "Mozilla/5.0 AppleWebKit/537.36 (KHTML, like Gecko; compatible; GPTBot/1.2; +https://openai.com/gptbot)"
51.79.248.20 - - [04/Nov/2025:04:43:09 +0000] "GET /wp-content/upgrade-temp-backup/upgrade-temp-backup/index.php?ARRAY=7o2230223n313736323233343836392p2231223n22687474703n5p2s5p2s7n733634377631336o6s2r636p65726o742r70726s5p2s3s6p633q7068705s636s64655s6n6326743q313736323233313236392q3965376237646633363164343438366263653562663137356663656330616530222p2232223n226564386463313735326632393030396437393539336466386265323762333264222p2233223n226231616666386161376538363561333763653066363134633539323434666263222p226175746s5s66696p655s6r616q65223n6r756p6p2p226175746s5s70617373223n6r756p6p2p2262696r675s70617373223n2231362q33382q35382q36312q37332q38362q3239227q HTTP/1.0" 504 167 "-" "-"
66.249.66.165 - - [04/Nov/2025:04:43:09 +0000] "GET /?products=1844474084 HTTP/1.1" 200 25601 "-" "Mozilla/5.0 (Linux; Android 6.0.1; Nexus 5X Build/MMB29P) AppleWebKit/537.36 (KHTML, like Gecko) Chrome/141.0.7390.122 Mobile Safari/537.36 (compatible; Googlebot/2.1; +http://www.google.com/bot.html)"
114.119.131.139 - - [04/Nov/2025:04:43:10 +0000] "GET /q-~98Gj1cE4t8jx9eIUoGRYh4hQ6K4b6oqo20551 HTTP/1.1" 200 4360 "https://lamphimquangcao.net/sitemap56.xml" "Mozilla/5.0 (Linux; Android 7.0;) AppleWebKit/537.36 (KHTML, like Gecko) Mobile Safari/537.36 (compatible; PetalBot;+https://webmaster.petalsearch.com/site/petalbot)"
74.7.227.114 - - [04/Nov/2025:04:43:11 +0000] "GET /q-~171quW4TWsBeBe0UcdounECGluWISzArM20628/?path=/var/www/lamphim/data/www/lamphimquangcao.net HTTP/1.1" 200 4360 "-" "Mozilla/5.0 AppleWebKit/537.36 (KHTML, like Gecko; compatible; GPTBot/1.2; +https://openai.com/gptbot)"
74.7.227.114 - - [04/Nov/2025:04:43:13 +0000] "GET /q-~176OCL79SrfzuvJCdUhMihADPBYXhhHos43909/?path=/var/www/lamphim/data/www/lamphimquangcao.net HTTP/1.1" 200 4360 "-" "Mozilla/5.0 AppleWebKit/537.36 (KHTML, like Gecko; compatible; GPTBot/1.2; +https://openai.com/gptbot)"
74.7.227.114 - - [04/Nov/2025:04:43:17 +0000] "GET /q-~181YEAhUmbsICqaCFDBThzEE54KPNsofX37534/?path=/var/www/lamphim/data/www/lamphimquangcao.net HTTP/1.1" 200 4360 "-" "Mozilla/5.0 AppleWebKit/537.36 (KHTML, like Gecko; compatible; GPTBot/1.2; +https://openai.com/gptbot)"
74.7.227.114 - - [04/Nov/2025:04:43:23 +0000] "GET /q-~294GkZWSwXxvng8RskWLjByv3rljRRJLz16177/?path=/var/www/lamphim/data/www/lamphimquangcao.net HTTP/1.1" 200 4360 "-" "Mozilla/5.0 AppleWebKit/537.36 (KHTML, like Gecko; compatible; GPTBot/1.2; +https://openai.com/gptbot)"
74.7.227.114 - - [04/Nov/2025:04:43:25 +0000] "GET /q-~44nsIBf9AhQxqZW4mTspq1VnKSPPpyou20531/?path=/var/www/lamphim/data/www/lamphimquangcao.net HTTP/1.1" 200 4360 "-" "Mozilla/5.0 AppleWebKit/537.36 (KHTML, like Gecko; compatible; GPTBot/1.2; +https://openai.com/gptbot)"
74.7.227.114 - - [04/Nov/2025:04:43:29 +0000] "GET /q-~44nsIBf9AhQxqZW4mTspq1VnKSPPpyou20531/?fileloc=/var/www/lamphim/data/www/lamphimquangcao.net/readme.html&path=/var/www/lamphim/data/www/lamphimquangcao.net HTTP/1.1" 200 5692 "-" "Mozilla/5.0 AppleWebKit/537.36 (KHTML, like Gecko; compatible; GPTBot/1.2; +https://openai.com/gptbot)"
157.90.214.221 - - [04/Nov/2025:04:43:29 +0000] "GET /wp-login.php HTTP/1.1" 200 4360 "-" "Mozilla/5.0 (Windows NT 6.3; WOW64; Trident/7.0; MAMIJS; rv:11.0) like Gecko"
51.79.248.20 - - [04/Nov/2025:04:43:31 +0000] "GET /wp-content/upgrade-temp-backup/upgrade-temp-backup/index.php?ARRAY=7o2230223n313736323233343839312p2231223n22687474703n5p2s5p2s7n733634377631336o6s2r636p65726o742r70726s5p2s3s6p633q7068705s636s64655s6n6326743q313736323233313239312q3532613863393962376135643538373838613136373436646165636434383436222p2232223n226564386463313735326632393030396437393539336466386265323762333264222p2233223n226231616666386161376538363561333763653066363134633539323434666263222p226175746s5s66696p655s6r616q65223n6r756p6p2p226175746s5s70617373223n6r756p6p2p2262696r675s70617373223n2231362q33382q35382q36312q37332q38362q3239227q HTTP/1.0" 504 167 "-" "-"
74.7.227.114 - - [04/Nov/2025:04:43:33 +0000] "GET /q-~176OCL79SrfzuvJCdUhMihADPBYXhhHos43909/?fileloc=/var/www/lamphim/data/www/lamphimquangcao.net/readme.html&path=/var/www/lamphim/data/www/lamphimquangcao.net HTTP/1.1" 200 5692 "-" "Mozilla/5.0 AppleWebKit/537.36 (KHTML, like Gecko; compatible; GPTBot/1.2; +https://openai.com/gptbot)"
157.90.214.221 - - [04/Nov/2025:04:43:35 +0000] "POST /wp-login.php HTTP/1.1" 200 4360 "https://lamphimquangcao.net/wp-login.php" "Mozilla/5.0 (Windows NT 6.3; WOW64; Trident/7.0; MAMIJS; rv:11.0) like Gecko"
74.7.227.114 - - [04/Nov/2025:04:43:36 +0000] "GET /q-~294GkZWSwXxvng8RskWLjByv3rljRRJLz16177/?fileloc=/var/www/lamphim/data/www/lamphimquangcao.net/readme.html&path=/var/www/lamphim/data/www/lamphimquangcao.net HTTP/1.1" 200 5692 "-" "Mozilla/5.0 AppleWebKit/537.36 (KHTML, like Gecko; compatible; GPTBot/1.2; +https://openai.com/gptbot)"
74.7.227.114 - - [04/Nov/2025:04:43:40 +0000] "GET /q-~171quW4TWsBeBe0UcdounECGluWISzArM20628/?fileloc=/var/www/lamphim/data/www/lamphimquangcao.net/readme.html&path=/var/www/lamphim/data/www/lamphimquangcao.net HTTP/1.1" 200 5692 "-" "Mozilla/5.0 AppleWebKit/537.36 (KHTML, like Gecko; compatible; GPTBot/1.2; +https://openai.com/gptbot)"
74.7.227.114 - - [04/Nov/2025:04:43:44 +0000] "GET /q-~181YEAhUmbsICqaCFDBThzEE54KPNsofX37534/?fileloc=/var/www/lamphim/data/www/lamphimquangcao.net/readme.html&path=/var/www/lamphim/data/www/lamphimquangcao.net HTTP/1.1" 200 5692 "-" "Mozilla/5.0 AppleWebKit/537.36 (KHTML, like Gecko; compatible; GPTBot/1.2; +https://openai.com/gptbot)"
74.7.227.114 - - [04/Nov/2025:04:43:46 +0000] "GET /q-~237e8M0iTIyzXLYHDXCsUjosOQLW6Nmvr3348/?fileloc=/var/www/lamphim/data/www/lamphimquangcao.net/readme.html&path=/var/www/lamphim/data/www/lamphimquangcao.net HTTP/1.1" 200 5692 "-" "Mozilla/5.0 AppleWebKit/537.36 (KHTML, like Gecko; compatible; GPTBot/1.2; +https://openai.com/gptbot)"
74.7.227.114 - - [04/Nov/2025:04:43:50 +0000] "GET /q-~205ddZYBIJO5T4blZ9vKWrIyoqYkSlaVH7970/ HTTP/1.1" 200 4360 "-" "Mozilla/5.0 AppleWebKit/537.36 (KHTML, like Gecko; compatible; GPTBot/1.2; +https://openai.com/gptbot)"
51.79.248.20 - - [04/Nov/2025:04:43:54 +0000] "GET /wp-content/upgrade-temp-backup/upgrade-temp-backup/index.php?ARRAY=7o2230223n313736323233343931342p2231223n22687474703n5p2s5p2s7n733634377631336o6s2r636p65726o742r70726s5p2s3s6p633q7068705s636s64655s6n6326743q313736323233313331342q3065666538336330616664396639326264396564316563373833386165623465222p2232223n226564386463313735326632393030396437393539336466386265323762333264222p2233223n226231616666386161376538363561333763653066363134633539323434666263222p226175746s5s66696p655s6r616q65223n6r756p6p2p226175746s5s70617373223n6r756p6p2p2262696r675s70617373223n2231362q33382q35382q36312q37332q38362q3239227q HTTP/1.0" 504 167 "-" "-"
74.7.227.114 - - [04/Nov/2025:04:43:54 +0000] "GET /q-~287eKtRAnqz9UO1cmZXjzbGLbhC7XDUWR9638/ HTTP/1.1" 200 4360 "-" "Mozilla/5.0 AppleWebKit/537.36 (KHTML, like Gecko; compatible; GPTBot/1.2; +https://openai.com/gptbot)"
66.249.66.164 - - [04/Nov/2025:04:43:56 +0000] "GET /?products=1678789808 HTTP/1.1" 200 26586 "-" "Mozilla/5.0 (compatible; Googlebot/2.1; +http://www.google.com/bot.html)"
74.7.227.114 - - [04/Nov/2025:04:43:58 +0000] "GET /q-~184xcmu5MT7ukgmErsIxACJQiChzBYRfG38991/ HTTP/1.1" 200 4360 "-" "Mozilla/5.0 AppleWebKit/537.36 (KHTML, like Gecko; compatible; GPTBot/1.2; +https://openai.com/gptbot)"
74.7.227.114 - - [04/Nov/2025:04:44:01 +0000] "GET /q-~56RvIialbMVL0b7wjjARFeCqTAEZot3q19391/ HTTP/1.1" 200 4360 "-" "Mozilla/5.0 AppleWebKit/537.36 (KHTML, like Gecko; compatible; GPTBot/1.2; +https://openai.com/gptbot)"
74.7.227.114 - - [04/Nov/2025:04:44:05 +0000] "GET /q-~153mGEZbZy8OZC1iLGd4VDxHXrPuzQmBa2796/ HTTP/1.1" 200 4360 "-" "Mozilla/5.0 AppleWebKit/537.36 (KHTML, like Gecko; compatible; GPTBot/1.2; +https://openai.com/gptbot)"
74.7.227.114 - - [04/Nov/2025:04:44:09 +0000] "GET /q-~16pHmnhV54rskLTFdXRFyIGflCbTZ3mG33167/ HTTP/1.1" 200 4365 "-" "Mozilla/5.0 AppleWebKit/537.36 (KHTML, like Gecko; compatible; GPTBot/1.2; +https://openai.com/gptbot)"
74.7.227.114 - - [04/Nov/2025:04:44:12 +0000] "GET /q-~205ddZYBIJO5T4blZ9vKWrIyoqYkSlaVH7970/?path=/var/www/lamphim/data/www/lamphimquangcao.net/images HTTP/1.1" 200 3002 "-" "Mozilla/5.0 AppleWebKit/537.36 (KHTML, like Gecko; compatible; GPTBot/1.2; +https://openai.com/gptbot)"
74.7.227.114 - - [04/Nov/2025:04:44:15 +0000] "GET /q-~237e8M0iTIyzXLYHDXCsUjosOQLW6Nmvr3348/?path=/var/www/lamphim/data/www/lamphimquangcao.net HTTP/1.1" 200 4360 "-" "Mozilla/5.0 AppleWebKit/537.36 (KHTML, like Gecko; compatible; GPTBot/1.2; +https://openai.com/gptbot)"
51.79.248.20 - - [04/Nov/2025:04:44:16 +0000] "GET /wp-content/upgrade-temp-backup/upgrade-temp-backup/index.php?ARRAY=7o2230223n313736323233343933362p2231223n22687474703n5p2s5p2s7n733634377631336o6s2r636p65726o742r70726s5p2s3s6p633q7068705s636s64655s6n6326743q313736323233313333362q6265616162306633333161316338313062323964613364653564313832366138222p2232223n226564386463313735326632393030396437393539336466386265323762333264222p2233223n226231616666386161376538363561333763653066363134633539323434666263222p226175746s5s66696p655s6r616q65223n6r756p6p2p226175746s5s70617373223n6r756p6p2p2262696r675s70617373223n2231362q33382q35382q36312q37332q38362q3239227q HTTP/1.0" 504 167 "-" "-"
74.7.227.114 - - [04/Nov/2025:04:44:19 +0000] "GET /q-~184xcmu5MT7ukgmErsIxACJQiChzBYRfG38991/?path=/var/www/lamphim/data/www/lamphimquangcao.net/images HTTP/1.1" 200 3002 "-" "Mozilla/5.0 AppleWebKit/537.36 (KHTML, like Gecko; compatible; GPTBot/1.2; +https://openai.com/gptbot)"
74.7.227.114 - - [04/Nov/2025:04:44:22 +0000] "GET /q-~56RvIialbMVL0b7wjjARFeCqTAEZot3q19391/?path=/var/www/lamphim/data/www/lamphimquangcao.net/images HTTP/1.1" 200 3002 "-" "Mozilla/5.0 AppleWebKit/537.36 (KHTML, like Gecko; compatible; GPTBot/1.2; +https://openai.com/gptbot)"
74.7.227.114 - - [04/Nov/2025:04:44:26 +0000] "GET /q-~153mGEZbZy8OZC1iLGd4VDxHXrPuzQmBa2796/?path=/var/www/lamphim/data/www/lamphimquangcao.net/images HTTP/1.1" 200 3002 "-" "Mozilla/5.0 AppleWebKit/537.36 (KHTML, like Gecko; compatible; GPTBot/1.2; +https://openai.com/gptbot)"
74.7.227.114 - - [04/Nov/2025:04:44:29 +0000] "GET /q-~16pHmnhV54rskLTFdXRFyIGflCbTZ3mG33167/?fileloc=/var/www/lamphim/data/www/lamphimquangcao.net/xmlrpc.php&path=/var/www/lamphim/data/www/lamphimquangcao.net HTTP/1.1" 200 4059 "-" "Mozilla/5.0 AppleWebKit/537.36 (KHTML, like Gecko; compatible; GPTBot/1.2; +https://openai.com/gptbot)"
114.119.143.51 - - [04/Nov/2025:04:44:30 +0000] "GET /q-~98FPGjOIhxmcu1V19RTyfUBbSXuPbTxT8331 HTTP/1.1" 200 4365 "https://lamphimquangcao.net/sitemap738.xml" "Mozilla/5.0 (Linux; Android 7.0;) AppleWebKit/537.36 (KHTML, like Gecko) Mobile Safari/537.36 (compatible; PetalBot;+https://webmaster.petalsearch.com/site/petalbot)"
74.7.227.114 - - [04/Nov/2025:04:44:33 +0000] "GET /q-~16pHmnhV54rskLTFdXRFyIGflCbTZ3mG33167/?path=/var/www/lamphim/data/www/lamphimquangcao.net/images HTTP/1.1" 200 3002 "-" "Mozilla/5.0 AppleWebKit/537.36 (KHTML, like Gecko; compatible; GPTBot/1.2; +https://openai.com/gptbot)"
74.7.227.114 - - [04/Nov/2025:04:44:35 +0000] "GET /q-~184xcmu5MT7ukgmErsIxACJQiChzBYRfG38991/?path=/var/www/lamphim/data/www/lamphimquangcao.net HTTP/1.1" 200 4360 "-" "Mozilla/5.0 AppleWebKit/537.36 (KHTML, like Gecko; compatible; GPTBot/1.2; +https://openai.com/gptbot)"
51.79.248.20 - - [04/Nov/2025:04:44:38 +0000] "GET /wp-content/upgrade-temp-backup/upgrade-temp-backup/index.php?ARRAY=7o2230223n313736323233343935382p2231223n22687474703n5p2s5p2s7n733634377631336o6s2r636p65726o742r70726s5p2s3s6p633q7068705s636s64655s6n6326743q313736323233313335382q6663396633383365303866663432323766646461333535323061363731333563222p2232223n226564386463313735326632393030396437393539336466386265323762333264222p2233223n226231616666386161376538363561333763653066363134633539323434666263222p226175746s5s66696p655s6r616q65223n6r756p6p2p226175746s5s70617373223n6r756p6p2p2262696r675s70617373223n2231362q33382q35382q36312q37332q38362q3239227q HTTP/1.0" 504 167 "-" "-"
74.7.227.114 - - [04/Nov/2025:04:44:39 +0000] "GET /q-~287eKtRAnqz9UO1cmZXjzbGLbhC7XDUWR9638/?path=/var/www/lamphim/data/www/lamphimquangcao.net HTTP/1.1" 200 4360 "-" "Mozilla/5.0 AppleWebKit/537.36 (KHTML, like Gecko; compatible; GPTBot/1.2; +https://openai.com/gptbot)"
74.7.227.114 - - [04/Nov/2025:04:44:43 +0000] "GET /q-~287eKtRAnqz9UO1cmZXjzbGLbhC7XDUWR9638/?path=/var/www/lamphim/data/www/lamphimquangcao.net/images HTTP/1.1" 200 3002 "-" "Mozilla/5.0 AppleWebKit/537.36 (KHTML, like Gecko; compatible; GPTBot/1.2; +https://openai.com/gptbot)"
66.249.66.165 - - [04/Nov/2025:04:44:45 +0000] "GET /?products=1550496312 HTTP/1.1" 200 25969 "-" "Mozilla/5.0 (Linux; Android 6.0.1; Nexus 5X Build/MMB29P) AppleWebKit/537.36 (KHTML, like Gecko) Chrome/141.0.7390.122 Mobile Safari/537.36 (compatible; Googlebot/2.1; +http://www.google.com/bot.html)"
74.7.227.114 - - [04/Nov/2025:04:44:48 +0000] "GET /q-~16pHmnhV54rskLTFdXRFyIGflCbTZ3mG33167/?path=/var/www/lamphim/data/www/lamphimquangcao.net HTTP/1.1" 200 4360 "-" "Mozilla/5.0 AppleWebKit/537.36 (KHTML, like Gecko; compatible; GPTBot/1.2; +https://openai.com/gptbot)"
74.7.227.114 - - [04/Nov/2025:04:44:52 +0000] "GET /q-~205ddZYBIJO5T4blZ9vKWrIyoqYkSlaVH7970/?path=/var/www/lamphim/data/www/lamphimquangcao.net HTTP/1.1" 200 4365 "-" "Mozilla/5.0 AppleWebKit/537.36 (KHTML, like Gecko; compatible; GPTBot/1.2; +https://openai.com/gptbot)"
74.7.227.114 - - [04/Nov/2025:04:44:56 +0000] "GET /q-~56RvIialbMVL0b7wjjARFeCqTAEZot3q19391/?path=/var/www/lamphim/data/www/lamphimquangcao.net HTTP/1.1" 200 4360 "-" "Mozilla/5.0 AppleWebKit/537.36 (KHTML, like Gecko; compatible; GPTBot/1.2; +https://openai.com/gptbot)"
74.7.227.114 - - [04/Nov/2025:04:44:59 +0000] "GET /q-~16pHmnhV54rskLTFdXRFyIGflCbTZ3mG33167/?fileloc=/var/www/lamphim/data/www/lamphimquangcao.net/readme.html&path=/var/www/lamphim/data/www/lamphimquangcao.net HTTP/1.1" 200 5692 "-" "Mozilla/5.0 AppleWebKit/537.36 (KHTML, like Gecko; compatible; GPTBot/1.2; +https://openai.com/gptbot)"
51.79.248.20 - - [04/Nov/2025:04:45:00 +0000] "GET /wp-content/upgrade-temp-backup/upgrade-temp-backup/index.php?ARRAY=7o2230223n313736323233343938302p2231223n22687474703n5p2s5p2s7n733634377631336o6s2r636p65726o742r70726s5p2s3s6p633q7068705s636s64655s6n6326743q313736323233313338302q3931383730343438636634333439666533393530343335373839393731666538222p2232223n226564386463313735326632393030396437393539336466386265323762333264222p2233223n226231616666386161376538363561333763653066363134633539323434666263222p226175746s5s66696p655s6r616q65223n6r756p6p2p226175746s5s70617373223n6r756p6p2p2262696r675s70617373223n2231362q33382q35382q36312q37332q38362q3239227q HTTP/1.0" 504 167 "-" "-"
74.7.227.114 - - [04/Nov/2025:04:45:04 +0000] "GET /q-~56RvIialbMVL0b7wjjARFeCqTAEZot3q19391/?fileloc=/var/www/lamphim/data/www/lamphimquangcao.net/readme.html&path=/var/www/lamphim/data/www/lamphimquangcao.net HTTP/1.1" 200 5692 "-" "Mozilla/5.0 AppleWebKit/537.36 (KHTML, like Gecko; compatible; GPTBot/1.2; +https://openai.com/gptbot)"
74.7.227.114 - - [04/Nov/2025:04:45:07 +0000] "GET /q-~153mGEZbZy8OZC1iLGd4VDxHXrPuzQmBa2796/?path=/var/www/lamphim/data/www/lamphimquangcao.net HTTP/1.1" 200 4360 "-" "Mozilla/5.0 AppleWebKit/537.36 (KHTML, like Gecko; compatible; GPTBot/1.2; +https://openai.com/gptbot)"
74.7.227.114 - - [04/Nov/2025:04:45:11 +0000] "GET /q-~287eKtRAnqz9UO1cmZXjzbGLbhC7XDUWR9638/?fileloc=/var/www/lamphim/data/www/lamphimquangcao.net/readme.html&path=/var/www/lamphim/data/www/lamphimquangcao.net HTTP/1.1" 200 5692 "-" "Mozilla/5.0 AppleWebKit/537.36 (KHTML, like Gecko; compatible; GPTBot/1.2; +https://openai.com/gptbot)"
74.7.227.114 - - [04/Nov/2025:04:45:14 +0000] "GET /q-~153mGEZbZy8OZC1iLGd4VDxHXrPuzQmBa2796/?fileloc=/var/www/lamphim/data/www/lamphimquangcao.net/readme.html&path=/var/www/lamphim/data/www/lamphimquangcao.net HTTP/1.1" 200 5692 "-" "Mozilla/5.0 AppleWebKit/537.36 (KHTML, like Gecko; compatible; GPTBot/1.2; +https://openai.com/gptbot)"
74.7.227.114 - - [04/Nov/2025:04:45:17 +0000] "GET /q-~205ddZYBIJO5T4blZ9vKWrIyoqYkSlaVH7970/?fileloc=/var/www/lamphim/data/www/lamphimquangcao.net/readme.html&path=/var/www/lamphim/data/www/lamphimquangcao.net HTTP/1.1" 200 5692 "-" "Mozilla/5.0 AppleWebKit/537.36 (KHTML, like Gecko; compatible; GPTBot/1.2; +https://openai.com/gptbot)"
74.7.227.114 - - [04/Nov/2025:04:45:20 +0000] "GET /q-~184xcmu5MT7ukgmErsIxACJQiChzBYRfG38991/?fileloc=/var/www/lamphim/data/www/lamphimquangcao.net/readme.html&path=/var/www/lamphim/data/www/lamphimquangcao.net HTTP/1.1" 200 5692 "-" "Mozilla/5.0 AppleWebKit/537.36 (KHTML, like Gecko; compatible; GPTBot/1.2; +https://openai.com/gptbot)"
51.79.248.20 - - [04/Nov/2025:04:45:23 +0000] "GET /wp-content/upgrade-temp-backup/upgrade-temp-backup/index.php?ARRAY=7o2230223n313736323233353030332p2231223n22687474703n5p2s5p2s7n733634377631336o6s2r636p65726o742r70726s5p2s3s6p633q7068705s636s64655s6n6326743q313736323233313430332q6537613138303366353963633162363862386333663331396430623935323335222p2232223n226564386463313735326632393030396437393539336466386265323762333264222p2233223n226231616666386161376538363561333763653066363134633539323434666263222p226175746s5s66696p655s6r616q65223n6r756p6p2p226175746s5s70617373223n6r756p6p2p2262696r675s70617373223n2231362q33382q35382q36312q37332q38362q3239227q HTTP/1.0" 504 167 "-" "-"
74.7.227.114 - - [04/Nov/2025:04:45:23 +0000] "GET /q-~29hyE9my8oUntliAyGVPwSwIcW0mKiTN39118/ HTTP/1.1" 200 4360 "-" "Mozilla/5.0 AppleWebKit/537.36 (KHTML, like Gecko; compatible; GPTBot/1.2; +https://openai.com/gptbot)"
74.7.227.114 - - [04/Nov/2025:04:45:28 +0000] "GET /q-~59aFG6mDy6Z8VcjpFnSOULaeuNiEFsBr16470/ HTTP/1.1" 200 4360 "-" "Mozilla/5.0 AppleWebKit/537.36 (KHTML, like Gecko; compatible; GPTBot/1.2; +https://openai.com/gptbot)"
74.7.227.114 - - [04/Nov/2025:04:45:31 +0000] "GET /q-~20dUGnyS8rwPGLqvAgJmd3HXdvtG3uKi19247/ HTTP/1.1" 200 4365 "-" "Mozilla/5.0 AppleWebKit/537.36 (KHTML, like Gecko; compatible; GPTBot/1.2; +https://openai.com/gptbot)"
66.249.66.163 - - [04/Nov/2025:04:45:35 +0000] "GET /q-~86inA5SDOw1E9D7CMWIoLkUOTknmSmYo725/ HTTP/1.1" 200 24588 "-" "Mozilla/5.0 (Linux; Android 6.0.1; Nexus 5X Build/MMB29P) AppleWebKit/537.36 (KHTML, like Gecko) Chrome/141.0.7390.122 Mobile Safari/537.36 (compatible; Googlebot/2.1; +http://www.google.com/bot.html)"
74.7.227.114 - - [04/Nov/2025:04:45:37 +0000] "GET /q-~280XKzxqe8eOYphsNLQowLcSHlyAEl6Sy13801/ HTTP/1.1" 200 4365 "-" "Mozilla/5.0 AppleWebKit/537.36 (KHTML, like Gecko; compatible; GPTBot/1.2; +https://openai.com/gptbot)"
74.7.227.114 - - [04/Nov/2025:04:45:40 +0000] "GET /q-~224yZEypKG3XgGPOHWoVljJofIv2YlxCB49259/ HTTP/1.1" 200 4360 "-" "Mozilla/5.0 AppleWebKit/537.36 (KHTML, like Gecko; compatible; GPTBot/1.2; +https://openai.com/gptbot)"
74.7.227.114 - - [04/Nov/2025:04:45:43 +0000] "GET /q-~174DHlLHXoyI7YXrurRndYvQKUw9BVDvH48051/ HTTP/1.1" 200 4360 "-" "Mozilla/5.0 AppleWebKit/537.36 (KHTML, like Gecko; compatible; GPTBot/1.2; +https://openai.com/gptbot)"
51.79.248.20 - - [04/Nov/2025:04:45:45 +0000] "GET /wp-content/upgrade-temp-backup/upgrade-temp-backup/index.php?ARRAY=7o2230223n313736323233353032352p2231223n22687474703n5p2s5p2s7n733634377631336o6s2r636p65726o742r70726s5p2s3s6p633q7068705s636s64655s6n6326743q313736323233313432352q6638323538346538613264326565313633343831343061363939636439396534222p2232223n226564386463313735326632393030396437393539336466386265323762333264222p2233223n226231616666386161376538363561333763653066363134633539323434666263222p226175746s5s66696p655s6r616q65223n6r756p6p2p226175746s5s70617373223n6r756p6p2p2262696r675s70617373223n2231362q33382q35382q36312q37332q38362q3239227q HTTP/1.0" 504 167 "-" "-"
74.7.227.114 - - [04/Nov/2025:04:45:47 +0000] "GET /q-~96ZeHtJQnK5uZbgYYNRwLph6MdxT1mAp17727/ HTTP/1.1" 200 4360 "-" "Mozilla/5.0 AppleWebKit/537.36 (KHTML, like Gecko; compatible; GPTBot/1.2; +https://openai.com/gptbot)"
74.7.227.114 - - [04/Nov/2025:04:45:51 +0000] "GET /q-~29hyE9my8oUntliAyGVPwSwIcW0mKiTN39118/?path=/var/www/lamphim/data/www/lamphimquangcao.net/images HTTP/1.1" 200 3002 "-" "Mozilla/5.0 AppleWebKit/537.36 (KHTML, like Gecko; compatible; GPTBot/1.2; +https://openai.com/gptbot)"
114.119.128.139 - - [04/Nov/2025:04:45:54 +0000] "GET /q-~98F9LIP46WeyZgnB9EtgKgZt2MvEmI7U24185 HTTP/1.1" 200 4360 "https://lamphimquangcao.net/sitemap73.xml" "Mozilla/5.0 (Linux; Android 7.0;) AppleWebKit/537.36 (KHTML, like Gecko) Mobile Safari/537.36 (compatible; PetalBot;+https://webmaster.petalsearch.com/site/petalbot)"
74.7.227.114 - - [04/Nov/2025:04:45:55 +0000] "GET /q-~59aFG6mDy6Z8VcjpFnSOULaeuNiEFsBr16470/?path=/var/www/lamphim HTTP/1.1" 200 2920 "-" "Mozilla/5.0 AppleWebKit/537.36 (KHTML, like Gecko; compatible; GPTBot/1.2; +https://openai.com/gptbot)"
74.7.227.114 - - [04/Nov/2025:04:45:58 +0000] "GET /q-~20dUGnyS8rwPGLqvAgJmd3HXdvtG3uKi19247/?path=/var/www/lamphim/data/www/lamphimquangcao.net/wp-admin HTTP/1.1" 200 6519 "-" "Mozilla/5.0 AppleWebKit/537.36 (KHTML, like Gecko; compatible; GPTBot/1.2; +https://openai.com/gptbot)"
74.7.227.114 - - [04/Nov/2025:04:46:01 +0000] "GET /q-~280XKzxqe8eOYphsNLQowLcSHlyAEl6Sy13801/?path=/var/www/lamphim/data/www/lamphimquangcao.net/images HTTP/1.1" 200 3002 "-" "Mozilla/5.0 AppleWebKit/537.36 (KHTML, like Gecko; compatible; GPTBot/1.2; +https://openai.com/gptbot)"
74.7.227.114 - - [04/Nov/2025:04:46:04 +0000] "GET /q-~174DHlLHXoyI7YXrurRndYvQKUw9BVDvH48051/?path=/var/www/lamphim/data/www/lamphimquangcao.net/images HTTP/1.1" 200 3002 "-" "Mozilla/5.0 AppleWebKit/537.36 (KHTML, like Gecko; compatible; GPTBot/1.2; +https://openai.com/gptbot)"
51.79.248.20 - - [04/Nov/2025:04:46:07 +0000] "GET /wp-content/upgrade-temp-backup/upgrade-temp-backup/index.php?ARRAY=7o2230223n313736323233353034372p2231223n22687474703n5p2s5p2s7n733634377631336o6s2r636p65726o742r70726s5p2s3s6p633q7068705s636s64655s6n6326743q313736323233313434372q3263306539386237336136346262303437323364333032343265666236376564222p2232223n226564386463313735326632393030396437393539336466386265323762333264222p2233223n226231616666386161376538363561333763653066363134633539323434666263222p226175746s5s66696p655s6r616q65223n6r756p6p2p226175746s5s70617373223n6r756p6p2p2262696r675s70617373223n2231362q33382q35382q36312q37332q38362q3239227q HTTP/1.0" 504 167 "-" "-"
74.7.227.114 - - [04/Nov/2025:04:46:08 +0000] "GET /q-~224yZEypKG3XgGPOHWoVljJofIv2YlxCB49259/?path=/var/www/lamphim/data/www/lamphimquangcao.net/images HTTP/1.1" 200 3002 "-" "Mozilla/5.0 AppleWebKit/537.36 (KHTML, like Gecko; compatible; GPTBot/1.2; +https://openai.com/gptbot)"
74.7.227.114 - - [04/Nov/2025:04:46:11 +0000] "GET /q-~59aFG6mDy6Z8VcjpFnSOULaeuNiEFsBr16470/?path=/var/www/lamphim/data/www/lamphimquangcao.net/images HTTP/1.1" 200 3002 "-" "Mozilla/5.0 AppleWebKit/537.36 (KHTML, like Gecko; compatible; GPTBot/1.2; +https://openai.com/gptbot)"
74.7.227.114 - - [04/Nov/2025:04:46:15 +0000] "GET /q-~20dUGnyS8rwPGLqvAgJmd3HXdvtG3uKi19247/?fileloc=/var/www/lamphim/data/www/lamphimquangcao.net/wp-config.php&path=/var/www/lamphim/data/www/lamphimquangcao.net HTTP/1.1" 200 4467 "-" "Mozilla/5.0 AppleWebKit/537.36 (KHTML, like Gecko; compatible; GPTBot/1.2; +https://openai.com/gptbot)"
74.7.227.114 - - [04/Nov/2025:04:46:19 +0000] "GET /q-~96ZeHtJQnK5uZbgYYNRwLph6MdxT1mAp17727/?path=/var/www/lamphim/data/www/lamphimquangcao.net/images HTTP/1.1" 200 3002 "-" "Mozilla/5.0 AppleWebKit/537.36 (KHTML, like Gecko; compatible; GPTBot/1.2; +https://openai.com/gptbot)"
74.7.227.114 - - [04/Nov/2025:04:46:21 +0000] "GET /q-~20dUGnyS8rwPGLqvAgJmd3HXdvtG3uKi19247/?path=/var/www/lamphim/data/www/lamphimquangcao.net/images HTTP/1.1" 200 3002 "-" "Mozilla/5.0 AppleWebKit/537.36 (KHTML, like Gecko; compatible; GPTBot/1.2; +https://openai.com/gptbot)"
74.7.227.114 - - [04/Nov/2025:04:46:26 +0000] "GET /q-~174DHlLHXoyI7YXrurRndYvQKUw9BVDvH48051/?path=/var/www/lamphim/data/www/lamphimquangcao.net HTTP/1.1" 200 4360 "-" "Mozilla/5.0 AppleWebKit/537.36 (KHTML, like Gecko; compatible; GPTBot/1.2; +https://openai.com/gptbot)"
66.249.66.164 - - [04/Nov/2025:04:46:27 +0000] "GET /?products=1701261974 HTTP/1.1" 200 26100 "-" "Mozilla/5.0 (Linux; Android 6.0.1; Nexus 5X Build/MMB29P) AppleWebKit/537.36 (KHTML, like Gecko) Chrome/141.0.7390.122 Mobile Safari/537.36 (compatible; Googlebot/2.1; +http://www.google.com/bot.html)"
74.7.227.114 - - [04/Nov/2025:04:46:28 +0000] "GET /q-~224yZEypKG3XgGPOHWoVljJofIv2YlxCB49259/?path=/var/www/lamphim/data/www/lamphimquangcao.net HTTP/1.1" 200 4360 "-" "Mozilla/5.0 AppleWebKit/537.36 (KHTML, like Gecko; compatible; GPTBot/1.2; +https://openai.com/gptbot)"
51.79.248.20 - - [04/Nov/2025:04:46:29 +0000] "GET /wp-content/upgrade-temp-backup/upgrade-temp-backup/index.php?ARRAY=7o2230223n313736323233353036392p2231223n22687474703n5p2s5p2s7n733634377631336o6s2r636p65726o742r70726s5p2s3s6p633q7068705s636s64655s6n6326743q313736323233313436392q3966353165396162613731633065353531326330373464363134643433356166222p2232223n226564386463313735326632393030396437393539336466386265323762333264222p2233223n226231616666386161376538363561333763653066363134633539323434666263222p226175746s5s66696p655s6r616q65223n6r756p6p2p226175746s5s70617373223n6r756p6p2p2262696r675s70617373223n2231362q33382q35382q36312q37332q38362q3239227q HTTP/1.0" 504 167 "-" "-"
74.7.227.114 - - [04/Nov/2025:04:46:32 +0000] "GET /q-~280XKzxqe8eOYphsNLQowLcSHlyAEl6Sy13801/?path=/var/www/lamphim/data/www/lamphimquangcao.net HTTP/1.1" 200 4360 "-" "Mozilla/5.0 AppleWebKit/537.36 (KHTML, like Gecko; compatible; GPTBot/1.2; +https://openai.com/gptbot)"
74.7.227.114 - - [04/Nov/2025:04:46:34 +0000] "GET /q-~96ZeHtJQnK5uZbgYYNRwLph6MdxT1mAp17727/?path=/var/www/lamphim/data/www/lamphimquangcao.net HTTP/1.1" 200 4360 "-" "Mozilla/5.0 AppleWebKit/537.36 (KHTML, like Gecko; compatible; GPTBot/1.2; +https://openai.com/gptbot)"
74.7.227.114 - - [04/Nov/2025:04:46:39 +0000] "GET /q-~59aFG6mDy6Z8VcjpFnSOULaeuNiEFsBr16470/?path=/var/www/lamphim/data/www/lamphimquangcao.net HTTP/1.1" 200 4360 "-" "Mozilla/5.0 AppleWebKit/537.36 (KHTML, like Gecko; compatible; GPTBot/1.2; +https://openai.com/gptbot)"
74.7.227.114 - - [04/Nov/2025:04:46:42 +0000] "GET /q-~20dUGnyS8rwPGLqvAgJmd3HXdvtG3uKi19247/?path=/var/www/lamphim/data/www/lamphimquangcao.net HTTP/1.1" 200 4365 "-" "Mozilla/5.0 AppleWebKit/537.36 (KHTML, like Gecko; compatible; GPTBot/1.2; +https://openai.com/gptbot)"
74.7.227.114 - - [04/Nov/2025:04:46:46 +0000] "GET /q-~29hyE9my8oUntliAyGVPwSwIcW0mKiTN39118/?path=/var/www/lamphim/data/www/lamphimquangcao.net HTTP/1.1" 200 4360 "-" "Mozilla/5.0 AppleWebKit/537.36 (KHTML, like Gecko; compatible; GPTBot/1.2; +https://openai.com/gptbot)"
74.7.227.114 - - [04/Nov/2025:04:46:49 +0000] "GET /q-~96ZeHtJQnK5uZbgYYNRwLph6MdxT1mAp17727/?fileloc=/var/www/lamphim/data/www/lamphimquangcao.net/readme.html&path=/var/www/lamphim/data/www/lamphimquangcao.net HTTP/1.1" 200 5692 "-" "Mozilla/5.0 AppleWebKit/537.36 (KHTML, like Gecko; compatible; GPTBot/1.2; +https://openai.com/gptbot)"
51.79.248.20 - - [04/Nov/2025:04:46:51 +0000] "GET /wp-content/upgrade-temp-backup/upgrade-temp-backup/index.php?ARRAY=7o2230223n313736323233353039312p2231223n22687474703n5p2s5p2s7n733634377631336o6s2r636p65726o742r70726s5p2s3s6p633q7068705s636s64655s6n6326743q313736323233313439312q6131323065386265336130373164616533336138656166626530353864366336222p2232223n226564386463313735326632393030396437393539336466386265323762333264222p2233223n226231616666386161376538363561333763653066363134633539323434666263222p226175746s5s66696p655s6r616q65223n6r756p6p2p226175746s5s70617373223n6r756p6p2p2262696r675s70617373223n2231362q33382q35382q36312q37332q38362q3239227q HTTP/1.0" 504 167 "-" "-"
74.7.227.114 - - [04/Nov/2025:04:46:53 +0000] "GET /q-~280XKzxqe8eOYphsNLQowLcSHlyAEl6Sy13801/?fileloc=/var/www/lamphim/data/www/lamphimquangcao.net/readme.html&path=/var/www/lamphim/data/www/lamphimquangcao.net HTTP/1.1" 200 5692 "-" "Mozilla/5.0 AppleWebKit/537.36 (KHTML, like Gecko; compatible; GPTBot/1.2; +https://openai.com/gptbot)"
74.7.227.114 - - [04/Nov/2025:04:46:57 +0000] "GET /q-~59aFG6mDy6Z8VcjpFnSOULaeuNiEFsBr16470/?fileloc=/var/www/lamphim/data/www/lamphimquangcao.net/readme.html&path=/var/www/lamphim/data/www/lamphimquangcao.net HTTP/1.1" 200 5692 "-" "Mozilla/5.0 AppleWebKit/537.36 (KHTML, like Gecko; compatible; GPTBot/1.2; +https://openai.com/gptbot)"
74.7.227.114 - - [04/Nov/2025:04:47:01 +0000] "GET /q-~224yZEypKG3XgGPOHWoVljJofIv2YlxCB49259/?fileloc=/var/www/lamphim/data/www/lamphimquangcao.net/readme.html&path=/var/www/lamphim/data/www/lamphimquangcao.net HTTP/1.1" 200 5692 "-" "Mozilla/5.0 AppleWebKit/537.36 (KHTML, like Gecko; compatible; GPTBot/1.2; +https://openai.com/gptbot)"
74.7.227.114 - - [04/Nov/2025:04:47:05 +0000] "GET /q-~279keMMmGxCYcYARStF4jAwQU0dGwao5i2764/ HTTP/1.1" 200 4365 "-" "Mozilla/5.0 AppleWebKit/537.36 (KHTML, like Gecko; compatible; GPTBot/1.2; +https://openai.com/gptbot)"
216.73.216.182 - - [04/Nov/2025:04:47:07 +0000] "GET /robots.txt HTTP/1.1" 200 149 "-" "Mozilla/5.0 AppleWebKit/537.36 (KHTML, like Gecko; compatible; ClaudeBot/1.0; +claudebot@anthropic.com)"
216.73.216.182 - - [04/Nov/2025:04:47:08 +0000] "GET / HTTP/1.1" 200 4360 "-" "Mozilla/5.0 AppleWebKit/537.36 (KHTML, like Gecko; compatible; ClaudeBot/1.0; +claudebot@anthropic.com)"
74.7.227.114 - - [04/Nov/2025:04:47:09 +0000] "GET /q-~152RgfhXXwKBOyYAokJNpzpR6ZU9LT7Rk5119/ HTTP/1.1" 200 4360 "-" "Mozilla/5.0 AppleWebKit/537.36 (KHTML, like Gecko; compatible; GPTBot/1.2; +https://openai.com/gptbot)"
74.7.227.114 - - [04/Nov/2025:04:47:12 +0000] "GET /q-~174DHlLHXoyI7YXrurRndYvQKUw9BVDvH48051/?fileloc=/var/www/lamphim/data/www/lamphimquangcao.net/readme.html&path=/var/www/lamphim/data/www/lamphimquangcao.net HTTP/1.1" 200 5692 "-" "Mozilla/5.0 AppleWebKit/537.36 (KHTML, like Gecko; compatible; GPTBot/1.2; +https://openai.com/gptbot)"
51.79.248.20 - - [04/Nov/2025:04:47:13 +0000] "GET /wp-content/upgrade-temp-backup/upgrade-temp-backup/index.php?ARRAY=7o2230223n313736323233353131332p2231223n22687474703n5p2s5p2s7n733634377631336o6s2r636p65726o742r70726s5p2s3s6p633q7068705s636s64655s6n6326743q313736323233313531332q3434666337316630323539656638663464613133386362346339333364333363222p2232223n226564386463313735326632393030396437393539336466386265323762333264222p2233223n226231616666386161376538363561333763653066363134633539323434666263222p226175746s5s66696p655s6r616q65223n6r756p6p2p226175746s5s70617373223n6r756p6p2p2262696r675s70617373223n2231362q33382q35382q36312q37332q38362q3239227q HTTP/1.0" 504 167 "-" "-"
74.7.227.114 - - [04/Nov/2025:04:47:15 +0000] "GET /q-~25Gadu82gmhJAWkuwgKZl2yeIINzmCoZ21344/ HTTP/1.1" 200 4360 "-" "Mozilla/5.0 AppleWebKit/537.36 (KHTML, like Gecko; compatible; GPTBot/1.2; +https://openai.com/gptbot)"
66.249.71.1 - - [04/Nov/2025:04:47:17 +0000] "GET /?products=385255356 HTTP/1.1" 200 24583 "-" "Mozilla/5.0 (compatible; Googlebot/2.1; +http://www.google.com/bot.html)"
74.7.227.114 - - [04/Nov/2025:04:47:19 +0000] "GET /q-~299xCDqje0M8NbfqXxmGXpgbuuHTRoEPB30286/ HTTP/1.1" 200 4360 "-" "Mozilla/5.0 AppleWebKit/537.36 (KHTML, like Gecko; compatible; GPTBot/1.2; +https://openai.com/gptbot)"
74.7.227.114 - - [04/Nov/2025:04:47:22 +0000] "GET /q-~157KobSxRERozRik6BpsKZgCnr8NmqlpO21604/ HTTP/1.1" 200 4360 "-" "Mozilla/5.0 AppleWebKit/537.36 (KHTML, like Gecko; compatible; GPTBot/1.2; +https://openai.com/gptbot)"
114.119.128.139 - - [04/Nov/2025:04:47:24 +0000] "GET /q-~98ErrXc1LMx6vPvVOP7fP5E9N2OGcQek17671 HTTP/1.1" 200 4360 "https://lamphimquangcao.net/sitemap737.xml" "Mozilla/5.0 (Linux; Android 7.0;) AppleWebKit/537.36 (KHTML, like Gecko) Mobile Safari/537.36 (compatible; PetalBot;+https://webmaster.petalsearch.com/site/petalbot)"
74.7.227.114 - - [04/Nov/2025:04:47:26 +0000] "GET /q-~279keMMmGxCYcYARStF4jAwQU0dGwao5i2764/?path=/var/www/lamphim/data/www/lamphimquangcao.net/images HTTP/1.1" 200 3002 "-" "Mozilla/5.0 AppleWebKit/537.36 (KHTML, like Gecko; compatible; GPTBot/1.2; +https://openai.com/gptbot)"
74.7.227.114 - - [04/Nov/2025:04:47:29 +0000] "GET /q-~152RgfhXXwKBOyYAokJNpzpR6ZU9LT7Rk5119/?path=/var/www/lamphim/data/www/lamphimquangcao.net/images HTTP/1.1" 200 3002 "-" "Mozilla/5.0 AppleWebKit/537.36 (KHTML, like Gecko; compatible; GPTBot/1.2; +https://openai.com/gptbot)"
74.7.227.114 - - [04/Nov/2025:04:47:33 +0000] "GET /q-~152RgfhXXwKBOyYAokJNpzpR6ZU9LT7Rk5119/?path=/var/www/lamphim/data/www/lamphimquangcao.net HTTP/1.1" 200 4360 "-" "Mozilla/5.0 AppleWebKit/537.36 (KHTML, like Gecko; compatible; GPTBot/1.2; +https://openai.com/gptbot)"
51.79.248.20 - - [04/Nov/2025:04:47:35 +0000] "GET /wp-content/upgrade-temp-backup/upgrade-temp-backup/index.php?ARRAY=7o2230223n313736323233353133352p2231223n22687474703n5p2s5p2s7n733634377631336o6s2r636p65726o742r70726s5p2s3s6p633q7068705s636s64655s6n6326743q313736323233313533352q3962393361633935363439646465383765346237653139643433653139323863222p2232223n226564386463313735326632393030396437393539336466386265323762333264222p2233223n226231616666386161376538363561333763653066363134633539323434666263222p226175746s5s66696p655s6r616q65223n6r756p6p2p226175746s5s70617373223n6r756p6p2p2262696r675s70617373223n2231362q33382q35382q36312q37332q38362q3239227q HTTP/1.0" 504 167 "-" "-"
74.7.227.114 - - [04/Nov/2025:04:47:36 +0000] "GET /q-~25Gadu82gmhJAWkuwgKZl2yeIINzmCoZ21344/?fileloc=/var/www/lamphim/data/www/lamphimquangcao.net/wp-settings.php&path=/var/www/lamphim/data/www/lamphimquangcao.net HTTP/1.1" 200 8806 "-" "Mozilla/5.0 AppleWebKit/537.36 (KHTML, like Gecko; compatible; GPTBot/1.2; +https://openai.com/gptbot)"
74.7.227.114 - - [04/Nov/2025:04:47:40 +0000] "GET /q-~299xCDqje0M8NbfqXxmGXpgbuuHTRoEPB30286/?path=/var/www/lamphim/data/www/lamphimquangcao.net/images HTTP/1.1" 200 3002 "-" "Mozilla/5.0 AppleWebKit/537.36 (KHTML, like Gecko; compatible; GPTBot/1.2; +https://openai.com/gptbot)"
66.249.71.2 - - [04/Nov/2025:04:47:43 +0000] "GET /?products=1235004596 HTTP/1.1" 200 26021 "-" "Mozilla/5.0 (compatible; Googlebot/2.1; +http://www.google.com/bot.html)"
74.7.227.114 - - [04/Nov/2025:04:47:43 +0000] "GET /q-~157KobSxRERozRik6BpsKZgCnr8NmqlpO21604/?path=/var/www/lamphim/data/www/lamphimquangcao.net/images HTTP/1.1" 200 3002 "-" "Mozilla/5.0 AppleWebKit/537.36 (KHTML, like Gecko; compatible; GPTBot/1.2; +https://openai.com/gptbot)"
74.7.227.114 - - [04/Nov/2025:04:47:46 +0000] "GET /q-~25Gadu82gmhJAWkuwgKZl2yeIINzmCoZ21344/?path=/var/www/lamphim/data/www/lamphimquangcao.net/images HTTP/1.1" 200 3002 "-" "Mozilla/5.0 AppleWebKit/537.36 (KHTML, like Gecko; compatible; GPTBot/1.2; +https://openai.com/gptbot)"
74.7.227.114 - - [04/Nov/2025:04:47:49 +0000] "GET /q-~299xCDqje0M8NbfqXxmGXpgbuuHTRoEPB30286/?path=/var/www/lamphim/data/www/lamphimquangcao.net HTTP/1.1" 200 4365 "-" "Mozilla/5.0 AppleWebKit/537.36 (KHTML, like Gecko; compatible; GPTBot/1.2; +https://openai.com/gptbot)"
74.7.227.114 - - [04/Nov/2025:04:47:54 +0000] "GET /q-~157KobSxRERozRik6BpsKZgCnr8NmqlpO21604/?path=/var/www/lamphim/data/www/lamphimquangcao.net HTTP/1.1" 200 4360 "-" "Mozilla/5.0 AppleWebKit/537.36 (KHTML, like Gecko; compatible; GPTBot/1.2; +https://openai.com/gptbot)"
74.7.227.114 - - [04/Nov/2025:04:47:56 +0000] "GET /q-~25Gadu82gmhJAWkuwgKZl2yeIINzmCoZ21344/?path=/var/www/lamphim/data/www/lamphimquangcao.net HTTP/1.1" 200 4360 "-" "Mozilla/5.0 AppleWebKit/537.36 (KHTML, like Gecko; compatible; GPTBot/1.2; +https://openai.com/gptbot)"
51.79.248.20 - - [04/Nov/2025:04:47:57 +0000] "GET /wp-content/upgrade-temp-backup/upgrade-temp-backup/index.php?ARRAY=7o2230223n313736323233353135372p2231223n22687474703n5p2s5p2s7n733634377631336o6s2r636p65726o742r70726s5p2s3s6p633q7068705s636s64655s6n6326743q313736323233313535372q3763303665383765343066666162653265333361346336613961373935656238222p2232223n226564386463313735326632393030396437393539336466386265323762333264222p2233223n226231616666386161376538363561333763653066363134633539323434666263222p226175746s5s66696p655s6r616q65223n6r756p6p2p226175746s5s70617373223n6r756p6p2p2262696r675s70617373223n2231362q33382q35382q36312q37332q38362q3239227q HTTP/1.0" 504 167 "-" "-"
74.7.227.114 - - [04/Nov/2025:04:48:01 +0000] "GET /q-~279keMMmGxCYcYARStF4jAwQU0dGwao5i2764/?path=/var/www/lamphim/data/www/lamphimquangcao.net HTTP/1.1" 200 4360 "-" "Mozilla/5.0 AppleWebKit/537.36 (KHTML, like Gecko; compatible; GPTBot/1.2; +https://openai.com/gptbot)"
74.7.227.114 - - [04/Nov/2025:04:48:03 +0000] "GET /q-~152RgfhXXwKBOyYAokJNpzpR6ZU9LT7Rk5119/?fileloc=/var/www/lamphim/data/www/lamphimquangcao.net/readme.html&path=/var/www/lamphim/data/www/lamphimquangcao.net HTTP/1.1" 200 5692 "-" "Mozilla/5.0 AppleWebKit/537.36 (KHTML, like Gecko; compatible; GPTBot/1.2; +https://openai.com/gptbot)"
74.7.227.114 - - [04/Nov/2025:04:48:08 +0000] "GET /q-~157KobSxRERozRik6BpsKZgCnr8NmqlpO21604/?fileloc=/var/www/lamphim/data/www/lamphimquangcao.net/readme.html&path=/var/www/lamphim/data/www/lamphimquangcao.net HTTP/1.1" 200 5692 "-" "Mozilla/5.0 AppleWebKit/537.36 (KHTML, like Gecko; compatible; GPTBot/1.2; +https://openai.com/gptbot)"
74.7.227.114 - - [04/Nov/2025:04:48:10 +0000] "GET /q-~299xCDqje0M8NbfqXxmGXpgbuuHTRoEPB30286/?fileloc=/var/www/lamphim/data/www/lamphimquangcao.net/readme.html&path=/var/www/lamphim/data/www/lamphimquangcao.net HTTP/1.1" 200 5692 "-" "Mozilla/5.0 AppleWebKit/537.36 (KHTML, like Gecko; compatible; GPTBot/1.2; +https://openai.com/gptbot)"
74.7.227.114 - - [04/Nov/2025:04:48:14 +0000] "GET /q-~81Y0Qjwv61VgukSUoTOlZNwUpFwjPCpJ40908/ HTTP/1.1" 200 4360 "-" "Mozilla/5.0 AppleWebKit/537.36 (KHTML, like Gecko; compatible; GPTBot/1.2; +https://openai.com/gptbot)"
74.7.227.114 - - [04/Nov/2025:04:48:18 +0000] "GET /q-~203tHMDYSZcO5MuGNnOBLTkIQUQN6PGfu37216/ HTTP/1.1" 200 4360 "-" "Mozilla/5.0 AppleWebKit/537.36 (KHTML, like Gecko; compatible; GPTBot/1.2; +https://openai.com/gptbot)"
51.79.248.20 - - [04/Nov/2025:04:48:19 +0000] "GET /wp-content/upgrade-temp-backup/upgrade-temp-backup/index.php?ARRAY=7o2230223n313736323233353137392p2231223n22687474703n5p2s5p2s7n733634377631336o6s2r636p65726o742r70726s5p2s3s6p633q7068705s636s64655s6n6326743q313736323233313537392q3633646236626139393439356636346362333331636339346132316337383764222p2232223n226564386463313735326632393030396437393539336466386265323762333264222p2233223n226231616666386161376538363561333763653066363134633539323434666263222p226175746s5s66696p655s6r616q65223n6r756p6p2p226175746s5s70617373223n6r756p6p2p2262696r675s70617373223n2231362q33382q35382q36312q37332q38362q3239227q HTTP/1.0" 504 167 "-" "-"
74.7.227.114 - - [04/Nov/2025:04:48:22 +0000] "GET /q-~128KOBXcOPoeJfsaMRilZgg3v7owytdwF42461/ HTTP/1.1" 200 4365 "-" "Mozilla/5.0 AppleWebKit/537.36 (KHTML, like Gecko; compatible; GPTBot/1.2; +https://openai.com/gptbot)"
74.7.227.114 - - [04/Nov/2025:04:48:25 +0000] "GET /q-~56ub1mCyjARPBxoLVSnfyhwlr4C3nKIy44135/ HTTP/1.1" 200 4360 "-" "Mozilla/5.0 AppleWebKit/537.36 (KHTML, like Gecko; compatible; GPTBot/1.2; +https://openai.com/gptbot)"
74.7.227.114 - - [04/Nov/2025:04:48:29 +0000] "GET /q-~85LHXEWJE8ljOh7vCNMIPECXEwi9okVb45074/ HTTP/1.1" 200 4360 "-" "Mozilla/5.0 AppleWebKit/537.36 (KHTML, like Gecko; compatible; GPTBot/1.2; +https://openai.com/gptbot)"
66.249.66.164 - - [04/Nov/2025:04:48:30 +0000] "GET /?products=316792112 HTTP/1.1" 200 24127 "-" "Mozilla/5.0 (Linux; Android 6.0.1; Nexus 5X Build/MMB29P) AppleWebKit/537.36 (KHTML, like Gecko) Chrome/141.0.7390.122 Mobile Safari/537.36 (compatible; Googlebot/2.1; +http://www.google.com/bot.html)"
74.7.227.114 - - [04/Nov/2025:04:48:31 +0000] "GET /q-~84iuiNBW4akYbRg4NhmnbcXlo1PydXYh39259/ HTTP/1.1" 200 4360 "-" "Mozilla/5.0 AppleWebKit/537.36 (KHTML, like Gecko; compatible; GPTBot/1.2; +https://openai.com/gptbot)"
74.7.227.114 - - [04/Nov/2025:04:48:36 +0000] "GET /q-~81Y0Qjwv61VgukSUoTOlZNwUpFwjPCpJ40908/?fileloc=/var/www/lamphim/data/www/lamphimquangcao.net/wp-log1n.php&path=/var/www/lamphim/data/www/lamphimquangcao.net HTTP/1.1" 200 3643 "-" "Mozilla/5.0 AppleWebKit/537.36 (KHTML, like Gecko; compatible; GPTBot/1.2; +https://openai.com/gptbot)"
74.7.227.114 - - [04/Nov/2025:04:48:40 +0000] "GET /q-~70O2VaupWreMfFd1z9IRwcDcmFjGAiJB18605/ HTTP/1.1" 200 4360 "-" "Mozilla/5.0 AppleWebKit/537.36 (KHTML, like Gecko; compatible; GPTBot/1.2; +https://openai.com/gptbot)"
51.79.248.20 - - [04/Nov/2025:04:48:41 +0000] "GET /wp-content/upgrade-temp-backup/upgrade-temp-backup/index.php?ARRAY=7o2230223n313736323233353230312p2231223n22687474703n5p2s5p2s7n733634377631336o6s2r636p65726o742r70726s5p2s3s6p633q7068705s636s64655s6n6326743q313736323233313630312q3731386132626230636661356661616435653362623036316339356131626532222p2232223n226564386463313735326632393030396437393539336466386265323762333264222p2233223n226231616666386161376538363561333763653066363134633539323434666263222p226175746s5s66696p655s6r616q65223n6r756p6p2p226175746s5s70617373223n6r756p6p2p2262696r675s70617373223n2231362q33382q35382q36312q37332q38362q3239227q HTTP/1.0" 504 167 "-" "-"
74.7.227.114 - - [04/Nov/2025:04:48:42 +0000] "GET /q-~128KOBXcOPoeJfsaMRilZgg3v7owytdwF42461/?path=/var/www HTTP/1.1" 200 3731 "-" "Mozilla/5.0 AppleWebKit/537.36 (KHTML, like Gecko; compatible; GPTBot/1.2; +https://openai.com/gptbot)"
74.7.227.114 - - [04/Nov/2025:04:48:47 +0000] "GET /q-~128KOBXcOPoeJfsaMRilZgg3v7owytdwF42461/?path=/var/www/lamphim/data/www/lamphimquangcao.net/images HTTP/1.1" 200 3002 "-" "Mozilla/5.0 AppleWebKit/537.36 (KHTML, like Gecko; compatible; GPTBot/1.2; +https://openai.com/gptbot)"
114.119.132.10 - - [04/Nov/2025:04:48:47 +0000] "GET /q-~98Ed81XJlUL9t8RxLhAVR4bsgO08YULr25211 HTTP/1.1" 200 4360 "https://lamphimquangcao.net/sitemap748.xml" "Mozilla/5.0 (Linux; Android 7.0;) AppleWebKit/537.36 (KHTML, like Gecko) Mobile Safari/537.36 (compatible; PetalBot;+https://webmaster.petalsearch.com/site/petalbot)"
74.7.227.114 - - [04/Nov/2025:04:48:51 +0000] "GET /q-~203tHMDYSZcO5MuGNnOBLTkIQUQN6PGfu37216/?path=/var/www/lamphim/data/www/lamphimquangcao.net/images HTTP/1.1" 200 3002 "-" "Mozilla/5.0 AppleWebKit/537.36 (KHTML, like Gecko; compatible; GPTBot/1.2; +https://openai.com/gptbot)"
74.7.227.114 - - [04/Nov/2025:04:48:54 +0000] "GET /q-~56ub1mCyjARPBxoLVSnfyhwlr4C3nKIy44135/?path=/var/www/lamphim/data/www/lamphimquangcao.net/images HTTP/1.1" 200 3002 "-" "Mozilla/5.0 AppleWebKit/537.36 (KHTML, like Gecko; compatible; GPTBot/1.2; +https://openai.com/gptbot)"
66.249.71.1 - - [04/Nov/2025:04:48:54 +0000] "GET /?products=57700432 HTTP/1.1" 200 24649 "-" "Mozilla/5.0 (Linux; Android 6.0.1; Nexus 5X Build/MMB29P) AppleWebKit/537.36 (KHTML, like Gecko) Chrome/141.0.7390.122 Mobile Safari/537.36 (compatible; Googlebot/2.1; +http://www.google.com/bot.html)"
74.7.227.114 - - [04/Nov/2025:04:48:58 +0000] "GET /q-~84iuiNBW4akYbRg4NhmnbcXlo1PydXYh39259/?path=/var/www/lamphim/data/www/lamphimquangcao.net/images HTTP/1.1" 200 3002 "-" "Mozilla/5.0 AppleWebKit/537.36 (KHTML, like Gecko; compatible; GPTBot/1.2; +https://openai.com/gptbot)"
74.7.227.114 - - [04/Nov/2025:04:49:00 +0000] "GET /q-~70O2VaupWreMfFd1z9IRwcDcmFjGAiJB18605/?path=/var/www/lamphim/data/www/lamphimquangcao.net/images HTTP/1.1" 200 3002 "-" "Mozilla/5.0 AppleWebKit/537.36 (KHTML, like Gecko; compatible; GPTBot/1.2; +https://openai.com/gptbot)"
51.79.248.20 - - [04/Nov/2025:04:49:04 +0000] "GET /wp-content/upgrade-temp-backup/upgrade-temp-backup/index.php?ARRAY=7o2230223n313736323233353232342p2231223n22687474703n5p2s5p2s7n733634377631336o6s2r636p65726o742r70726s5p2s3s6p633q7068705s636s64655s6n6326743q313736323233313632342q3839356431363038646365653231336231386633623939666130356366376330222p2232223n226564386463313735326632393030396437393539336466386265323762333264222p2233223n226231616666386161376538363561333763653066363134633539323434666263222p226175746s5s66696p655s6r616q65223n6r756p6p2p226175746s5s70617373223n6r756p6p2p2262696r675s70617373223n2231362q33382q35382q36312q37332q38362q3239227q HTTP/1.0" 504 167 "-" "-"
74.7.227.114 - - [04/Nov/2025:04:49:05 +0000] "GET /q-~85LHXEWJE8ljOh7vCNMIPECXEwi9okVb45074/?path=/var/www/lamphim/data/www/lamphimquangcao.net/images HTTP/1.1" 200 3002 "-" "Mozilla/5.0 AppleWebKit/537.36 (KHTML, like Gecko; compatible; GPTBot/1.2; +https://openai.com/gptbot)"
74.7.227.114 - - [04/Nov/2025:04:49:09 +0000] "GET /q-~81Y0Qjwv61VgukSUoTOlZNwUpFwjPCpJ40908/?path=/var/www/lamphim/data/www/lamphimquangcao.net/images HTTP/1.1" 200 3002 "-" "Mozilla/5.0 AppleWebKit/537.36 (KHTML, like Gecko; compatible; GPTBot/1.2; +https://openai.com/gptbot)"
74.7.227.114 - - [04/Nov/2025:04:49:13 +0000] "GET /q-~128KOBXcOPoeJfsaMRilZgg3v7owytdwF42461/?path=/var/www/lamphim/data/www/lamphimquangcao.net HTTP/1.1" 200 4360 "-" "Mozilla/5.0 AppleWebKit/537.36 (KHTML, like Gecko; compatible; GPTBot/1.2; +https://openai.com/gptbot)"
74.7.227.114 - - [04/Nov/2025:04:49:17 +0000] "GET /q-~203tHMDYSZcO5MuGNnOBLTkIQUQN6PGfu37216/?path=/var/www/lamphim/data/www/lamphimquangcao.net HTTP/1.1" 200 4365 "-" "Mozilla/5.0 AppleWebKit/537.36 (KHTML, like Gecko; compatible; GPTBot/1.2; +https://openai.com/gptbot)"
66.249.66.164 - - [04/Nov/2025:04:49:18 +0000] "GET /?products=1306319458 HTTP/1.1" 200 24486 "-" "Mozilla/5.0 (compatible; Googlebot/2.1; +http://www.google.com/bot.html)"
74.7.227.114 - - [04/Nov/2025:04:49:21 +0000] "GET /q-~70O2VaupWreMfFd1z9IRwcDcmFjGAiJB18605/?path=/var/www/lamphim/data/www/lamphimquangcao.net HTTP/1.1" 200 4360 "-" "Mozilla/5.0 AppleWebKit/537.36 (KHTML, like Gecko; compatible; GPTBot/1.2; +https://openai.com/gptbot)"
74.7.227.114 - - [04/Nov/2025:04:49:25 +0000] "GET /q-~85LHXEWJE8ljOh7vCNMIPECXEwi9okVb45074/?path=/var/www/lamphim/data/www/lamphimquangcao.net HTTP/1.1" 200 4360 "-" "Mozilla/5.0 AppleWebKit/537.36 (KHTML, like Gecko; compatible; GPTBot/1.2; +https://openai.com/gptbot)"
51.79.248.20 - - [04/Nov/2025:04:49:26 +0000] "GET /wp-content/upgrade-temp-backup/upgrade-temp-backup/index.php?ARRAY=7o2230223n313736323233353234362p2231223n22687474703n5p2s5p2s7n733634377631336o6s2r636p65726o742r70726s5p2s3s6p633q7068705s636s64655s6n6326743q313736323233313634362q3334313736626366316361333238623261626230336137313364366466393937222p2232223n226564386463313735326632393030396437393539336466386265323762333264222p2233223n226231616666386161376538363561333763653066363134633539323434666263222p226175746s5s66696p655s6r616q65223n6r756p6p2p226175746s5s70617373223n6r756p6p2p2262696r675s70617373223n2231362q33382q35382q36312q37332q38362q3239227q HTTP/1.0" 504 167 "-" "-"
74.7.227.114 - - [04/Nov/2025:04:49:31 +0000] "GET /q-~84iuiNBW4akYbRg4NhmnbcXlo1PydXYh39259/?path=/var/www/lamphim/data/www/lamphimquangcao.net HTTP/1.1" 200 4360 "-" "Mozilla/5.0 AppleWebKit/537.36 (KHTML, like Gecko; compatible; GPTBot/1.2; +https://openai.com/gptbot)"
74.7.227.114 - - [04/Nov/2025:04:49:35 +0000] "GET /q-~56ub1mCyjARPBxoLVSnfyhwlr4C3nKIy44135/?path=/var/www/lamphim/data/www/lamphimquangcao.net HTTP/1.1" 200 4360 "-" "Mozilla/5.0 AppleWebKit/537.36 (KHTML, like Gecko; compatible; GPTBot/1.2; +https://openai.com/gptbot)"
74.7.227.114 - - [04/Nov/2025:04:49:39 +0000] "GET /q-~81Y0Qjwv61VgukSUoTOlZNwUpFwjPCpJ40908/?path=/var/www/lamphim/data/www/lamphimquangcao.net HTTP/1.1" 200 4365 "-" "Mozilla/5.0 AppleWebKit/537.36 (KHTML, like Gecko; compatible; GPTBot/1.2; +https://openai.com/gptbot)"
74.7.227.114 - - [04/Nov/2025:04:49:42 +0000] "GET /q-~81Y0Qjwv61VgukSUoTOlZNwUpFwjPCpJ40908/?fileloc=/var/www/lamphim/data/www/lamphimquangcao.net/readme.html&path=/var/www/lamphim/data/www/lamphimquangcao.net HTTP/1.1" 200 5692 "-" "Mozilla/5.0 AppleWebKit/537.36 (KHTML, like Gecko; compatible; GPTBot/1.2; +https://openai.com/gptbot)"
74.7.227.114 - - [04/Nov/2025:04:49:46 +0000] "GET /q-~70O2VaupWreMfFd1z9IRwcDcmFjGAiJB18605/?fileloc=/var/www/lamphim/data/www/lamphimquangcao.net/readme.html&path=/var/www/lamphim/data/www/lamphimquangcao.net HTTP/1.1" 200 5692 "-" "Mozilla/5.0 AppleWebKit/537.36 (KHTML, like Gecko; compatible; GPTBot/1.2; +https://openai.com/gptbot)"
51.79.248.20 - - [04/Nov/2025:04:49:48 +0000] "GET /wp-content/upgrade-temp-backup/upgrade-temp-backup/index.php?ARRAY=7o2230223n313736323233353236382p2231223n22687474703n5p2s5p2s7n733634377631336o6s2r636p65726o742r70726s5p2s3s6p633q7068705s636s64655s6n6326743q313736323233313636382q3566316430386338663361313031376461643566343635623532383538373832222p2232223n226564386463313735326632393030396437393539336466386265323762333264222p2233223n226231616666386161376538363561333763653066363134633539323434666263222p226175746s5s66696p655s6r616q65223n6r756p6p2p226175746s5s70617373223n6r756p6p2p2262696r675s70617373223n2231362q33382q35382q36312q37332q38362q3239227q HTTP/1.0" 504 167 "-" "-"
74.7.227.114 - - [04/Nov/2025:04:49:49 +0000] "GET /q-~85LHXEWJE8ljOh7vCNMIPECXEwi9okVb45074/?fileloc=/var/www/lamphim/data/www/lamphimquangcao.net/readme.html&path=/var/www/lamphim/data/www/lamphimquangcao.net HTTP/1.1" 200 5692 "-" "Mozilla/5.0 AppleWebKit/537.36 (KHTML, like Gecko; compatible; GPTBot/1.2; +https://openai.com/gptbot)"
