114.119.143.51 - - [04/Nov/2025:02:01:24 +0000] "GET /q-~98vbdifM2tyJJdwjjFRmsRlnEAmufOIE11791 HTTP/1.1" 404 0 "https://lamphimquangcao.net/sitemap530.xml" "Mozilla/5.0 (Linux; Android 7.0;) AppleWebKit/537.36 (KHTML, like Gecko) Mobile Safari/537.36 (compatible; PetalBot;+https://webmaster.petalsearch.com/site/petalbot)"
162.19.11.69 - - [04/Nov/2025:02:01:30 +0000] "GET /wp-login.php HTTP/1.1" 200 1986 "-" "Mozilla/5.0 (Windows NT 10.0; Win64; x64) AppleWebKit/537.36 (KHTML, like Gecko) Chrome/130.0.0.0 Safari/537.36"
162.19.11.69 - - [04/Nov/2025:02:01:33 +0000] "POST /wp-login.php HTTP/1.1" 200 2135 "https://lamphimquangcao.net/wp-login.php" "Mozilla/5.0 (Windows NT 10.0; Win64; x64) AppleWebKit/537.36 (KHTML, like Gecko) Chrome/130.0.0.0 Safari/537.36"
204.76.203.25 - - [04/Nov/2025:02:01:33 +0000] "GET /.gitignore HTTP/1.1" 404 0 "-" "Mozilla/5.0 (Windows NT 10.0; Win64; x64) AppleWebKit/537.36 (KHTML, like Gecko) Chrome/134.0.0.0 Safari/537.3"
74.7.227.114 - - [04/Nov/2025:02:01:37 +0000] "GET /227dnt35295.html HTTP/1.1" 404 0 "-" "Mozilla/5.0 AppleWebKit/537.36 (KHTML, like Gecko; compatible; GPTBot/1.2; +https://openai.com/gptbot)"
70.40.217.118 - - [04/Nov/2025:02:01:51 +0000] "GET /wp-login.php HTTP/1.1" 200 1986 "-" "Mozilla/5.0 (Windows NT 10.0; Win64; x64) AppleWebKit/537.36 (KHTML, like Gecko) Chrome/130.0.0.0 Safari/537.36"
70.40.217.118 - - [04/Nov/2025:02:01:54 +0000] "POST /wp-login.php HTTP/1.1" 200 2138 "https://lamphimquangcao.net/wp-login.php" "Mozilla/5.0 (Windows NT 10.0; Win64; x64) AppleWebKit/537.36 (KHTML, like Gecko) Chrome/130.0.0.0 Safari/537.36"
74.7.227.114 - - [04/Nov/2025:02:02:04 +0000] "GET /232npk48238.html HTTP/1.1" 404 0 "-" "Mozilla/5.0 AppleWebKit/537.36 (KHTML, like Gecko; compatible; GPTBot/1.2; +https://openai.com/gptbot)"
51.79.248.20 - - [04/Nov/2025:02:02:11 +0000] "POST /wp-cron.php?doing_wp_cron=1762221731.1846280097961425781250 HTTP/1.1" 403 250 "-" "WordPress/6.8.3; https://lamphimquangcao.net"
3.108.243.0 - - [04/Nov/2025:02:02:11 +0000] "GET /wp-login.php HTTP/1.1" 200 1986 "-" "Mozilla/5.0 (Windows NT 10.0; Win64; x64) AppleWebKit/537.36 (KHTML, like Gecko) Chrome/130.0.0.0 Safari/537.36"
3.108.243.0 - - [04/Nov/2025:02:02:13 +0000] "POST /wp-login.php HTTP/1.1" 200 2135 "https://lamphimquangcao.net/wp-login.php" "Mozilla/5.0 (Windows NT 10.0; Win64; x64) AppleWebKit/537.36 (KHTML, like Gecko) Chrome/130.0.0.0 Safari/537.36"
66.249.66.163 - - [04/Nov/2025:02:02:17 +0000] "GET /?products=382123418 HTTP/1.1" 200 23077 "-" "Mozilla/5.0 (Linux; Android 6.0.1; Nexus 5X Build/MMB29P) AppleWebKit/537.36 (KHTML, like Gecko) Chrome/141.0.7390.122 Mobile Safari/537.36 (compatible; Googlebot/2.1; +http://www.google.com/bot.html)"
74.7.227.114 - - [04/Nov/2025:02:02:33 +0000] "GET /290zba25292.html HTTP/1.1" 404 0 "-" "Mozilla/5.0 AppleWebKit/537.36 (KHTML, like Gecko; compatible; GPTBot/1.2; +https://openai.com/gptbot)"
45.56.222.60 - - [04/Nov/2025:02:02:37 +0000] "GET /wp-login.php HTTP/1.1" 200 1986 "-" "Mozilla/5.0 (Windows NT 10.0; Win64; x64) AppleWebKit/537.36 (KHTML, like Gecko) Chrome/130.0.0.0 Safari/537.36"
45.56.222.60 - - [04/Nov/2025:02:02:41 +0000] "POST /wp-login.php HTTP/1.1" 200 2138 "https://lamphimquangcao.net/wp-login.php" "Mozilla/5.0 (Windows NT 10.0; Win64; x64) AppleWebKit/537.36 (KHTML, like Gecko) Chrome/130.0.0.0 Safari/537.36"
114.119.130.57 - - [04/Nov/2025:02:02:48 +0000] "GET /q-~98vQz4JqkxtLbCZERiurSKB3U9Q69HNv32925 HTTP/1.1" 404 0 "https://lamphimquangcao.net/sitemap753.xml" "Mozilla/5.0 (Linux; Android 7.0;) AppleWebKit/537.36 (KHTML, like Gecko) Mobile Safari/537.36 (compatible; PetalBot;+https://webmaster.petalsearch.com/site/petalbot)"
13.233.222.108 - - [04/Nov/2025:02:02:49 +0000] "GET /wp-login.php HTTP/1.1" 200 1986 "-" "Mozilla/5.0 (Windows NT 10.0; Win64; x64) AppleWebKit/537.36 (KHTML, like Gecko) Chrome/130.0.0.0 Safari/537.36"
13.233.222.108 - - [04/Nov/2025:02:02:49 +0000] "POST /wp-login.php HTTP/1.1" 200 2137 "https://lamphimquangcao.net/wp-login.php" "Mozilla/5.0 (Windows NT 10.0; Win64; x64) AppleWebKit/537.36 (KHTML, like Gecko) Chrome/130.0.0.0 Safari/537.36"
74.7.227.114 - - [04/Nov/2025:02:03:01 +0000] "GET /203mgq27267.html HTTP/1.1" 404 0 "-" "Mozilla/5.0 AppleWebKit/537.36 (KHTML, like Gecko; compatible; GPTBot/1.2; +https://openai.com/gptbot)"
51.79.248.20 - - [04/Nov/2025:02:03:30 +0000] "POST /wp-cron.php?doing_wp_cron=1762221810.9194920063018798828125 HTTP/1.1" 403 250 "-" "WordPress/6.8.3; https://lamphimquangcao.net"
74.7.227.114 - - [04/Nov/2025:02:03:30 +0000] "GET /280vit35332.html HTTP/1.1" 404 0 "-" "Mozilla/5.0 AppleWebKit/537.36 (KHTML, like Gecko; compatible; GPTBot/1.2; +https://openai.com/gptbot)"
193.95.53.131 - - [04/Nov/2025:02:03:44 +0000] "GET /wp-json/wp/v2/posts HTTP/1.1" 200 16068 "-" "Mozilla/5.0 (Windows NT 10.0; Win64; x64) AppleWebKit/537.36 (KHTML, like Gecko) Chrome/120.0.0.0 Safari/537.36"
204.12.208.18 - - [04/Nov/2025:02:03:57 +0000] "GET /wp-content/im979e12/index.php HTTP/1.1" 499 0 "https://lamphimquangcao.net/wp-content/im979e12/index.php" "Mozilla/5.0 (Macintosh; Intel Mac OS X 10.6; rv:6.0.2) Gecko/20100101 Firefox/6.0.2"
204.12.208.18 - - [04/Nov/2025:02:03:58 +0000] "GET /wp-content/im979e12/index.php HTTP/1.1" 200 6 "https://lamphimquangcao.net/wp-content/im979e12/index.php" "Mozilla/5.0 (Macintosh; Intel Mac OS X 10.6; rv:6.0.2) Gecko/20100101 Firefox/6.0.2"
74.7.227.114 - - [04/Nov/2025:02:03:58 +0000] "GET /294dca49552.html HTTP/1.1" 404 0 "-" "Mozilla/5.0 AppleWebKit/537.36 (KHTML, like Gecko; compatible; GPTBot/1.2; +https://openai.com/gptbot)"
66.249.71.3 - - [04/Nov/2025:02:04:13 +0000] "GET /?products=1702984174 HTTP/1.1" 200 22826 "-" "Mozilla/5.0 (compatible; Googlebot/2.1; +http://www.google.com/bot.html)"
114.119.156.142 - - [04/Nov/2025:02:04:20 +0000] "GET /q-~98uvYSrfl8yyP14oq1iUWbKEvzScOiRg14665 HTTP/1.1" 404 0 "https://lamphimquangcao.net/sitemap602.xml" "Mozilla/5.0 (Linux; Android 7.0;) AppleWebKit/537.36 (KHTML, like Gecko) Mobile Safari/537.36 (compatible; PetalBot;+https://webmaster.petalsearch.com/site/petalbot)"
162.241.61.250 - - [04/Nov/2025:02:04:23 +0000] "GET /wp-login.php HTTP/1.1" 200 1986 "-" "Mozilla/5.0 (Windows NT 10.0; Win64; x64) AppleWebKit/537.36 (KHTML, like Gecko) Chrome/130.0.0.0 Safari/537.36"
162.241.61.250 - - [04/Nov/2025:02:04:26 +0000] "POST /wp-login.php HTTP/1.1" 200 2143 "https://lamphimquangcao.net/wp-login.php" "Mozilla/5.0 (Windows NT 10.0; Win64; x64) AppleWebKit/537.36 (KHTML, like Gecko) Chrome/130.0.0.0 Safari/537.36"
74.7.227.114 - - [04/Nov/2025:02:04:28 +0000] "GET /285vly21959.html HTTP/1.1" 404 0 "-" "Mozilla/5.0 AppleWebKit/537.36 (KHTML, like Gecko; compatible; GPTBot/1.2; +https://openai.com/gptbot)"
51.79.248.20 - - [04/Nov/2025:02:04:35 +0000] "POST /wp-cron.php?doing_wp_cron=1762221875.0881819725036621093750 HTTP/1.1" 403 250 "-" "WordPress/6.8.3; https://lamphimquangcao.net"
3.108.243.0 - - [04/Nov/2025:02:04:35 +0000] "GET /wp-login.php HTTP/1.1" 200 1986 "-" "Mozilla/5.0 (Windows NT 10.0; Win64; x64) AppleWebKit/537.36 (KHTML, like Gecko) Chrome/130.0.0.0 Safari/537.36"
3.108.243.0 - - [04/Nov/2025:02:04:36 +0000] "POST /wp-login.php HTTP/1.1" 200 2138 "https://lamphimquangcao.net/wp-login.php" "Mozilla/5.0 (Windows NT 10.0; Win64; x64) AppleWebKit/537.36 (KHTML, like Gecko) Chrome/130.0.0.0 Safari/537.36"
74.7.227.114 - - [04/Nov/2025:02:04:55 +0000] "GET /217hym24949.html HTTP/1.1" 404 0 "-" "Mozilla/5.0 AppleWebKit/537.36 (KHTML, like Gecko; compatible; GPTBot/1.2; +https://openai.com/gptbot)"
66.249.66.163 - - [04/Nov/2025:02:04:58 +0000] "GET /?products=1230106580 HTTP/1.1" 200 33360 "-" "Mozilla/5.0 (Linux; Android 6.0.1; Nexus 5X Build/MMB29P) AppleWebKit/537.36 (KHTML, like Gecko) Chrome/141.0.7390.122 Mobile Safari/537.36 (compatible; Googlebot/2.1; +http://www.google.com/bot.html)"
198.57.247.161 - - [04/Nov/2025:02:05:02 +0000] "GET /wp-login.php HTTP/1.1" 200 1986 "-" "Mozilla/5.0 (Windows NT 10.0; Win64; x64) AppleWebKit/537.36 (KHTML, like Gecko) Chrome/130.0.0.0 Safari/537.36"
74.7.227.114 - - [04/Nov/2025:02:05:25 +0000] "GET /252xck32556.html HTTP/1.1" 404 0 "-" "Mozilla/5.0 AppleWebKit/537.36 (KHTML, like Gecko; compatible; GPTBot/1.2; +https://openai.com/gptbot)"
51.79.248.20 - - [04/Nov/2025:02:05:36 +0000] "POST /wp-cron.php?doing_wp_cron=1762221936.5744979381561279296875 HTTP/1.1" 403 250 "-" "WordPress/6.8.3; https://lamphimquangcao.net"
114.119.131.139 - - [04/Nov/2025:02:05:36 +0000] "GET /q-~98uqnDFD5U6WoD6bEB1eI6pmcjmuJeMN12189 HTTP/1.1" 404 0 "https://lamphimquangcao.net/sitemap69.xml" "Mozilla/5.0 (Linux; Android 7.0;) AppleWebKit/537.36 (KHTML, like Gecko) Mobile Safari/537.36 (compatible; PetalBot;+https://webmaster.petalsearch.com/site/petalbot)"
66.249.71.3 - - [04/Nov/2025:02:05:44 +0000] "GET /?products=1702807936 HTTP/1.1" 200 22941 "-" "Mozilla/5.0 (compatible; Googlebot/2.1; +http://www.google.com/bot.html)"
74.7.227.114 - - [04/Nov/2025:02:05:53 +0000] "GET /287amq23987.html HTTP/1.1" 404 0 "-" "Mozilla/5.0 AppleWebKit/537.36 (KHTML, like Gecko; compatible; GPTBot/1.2; +https://openai.com/gptbot)"
69.197.179.242 - - [04/Nov/2025:02:05:54 +0000] "GET /wp-content/im979e12/index.php?id=66704 HTTP/1.1" 499 0 "https://lamphimquangcao.net/wp-content/im979e12/index.php?id=66704" "Mozilla/5.0 (Windows NT 10.0; Win64; x64) AppleWebKit/537.36 (KHTML, like Gecko) Chrome/58.0.3029.110 Safari/537.3"
66.249.66.164 - - [04/Nov/2025:02:06:07 +0000] "GET /?products=1234701160 HTTP/1.1" 200 24950 "-" "Mozilla/5.0 (compatible; Googlebot/2.1; +http://www.google.com/bot.html)"
74.7.227.114 - - [04/Nov/2025:02:06:21 +0000] "GET /155whb19265.html HTTP/1.1" 404 0 "-" "Mozilla/5.0 AppleWebKit/537.36 (KHTML, like Gecko; compatible; GPTBot/1.2; +https://openai.com/gptbot)"
51.79.248.20 - - [04/Nov/2025:02:06:49 +0000] "POST /wp-cron.php?doing_wp_cron=1762222009.5194010734558105468750 HTTP/1.1" 403 250 "-" "WordPress/6.8.3; https://lamphimquangcao.net"
74.7.227.114 - - [04/Nov/2025:02:06:49 +0000] "GET /100obs20740.html HTTP/1.1" 404 0 "-" "Mozilla/5.0 AppleWebKit/537.36 (KHTML, like Gecko; compatible; GPTBot/1.2; +https://openai.com/gptbot)"
114.119.128.139 - - [04/Nov/2025:02:06:58 +0000] "GET /q-~98uP8OJi1WUc9Aus2K0OoZDvNjecggai18389 HTTP/1.1" 404 0 "https://lamphimquangcao.net/sitemap791.xml" "Mozilla/5.0 (Linux; Android 7.0;) AppleWebKit/537.36 (KHTML, like Gecko) Mobile Safari/537.36 (compatible; PetalBot;+https://webmaster.petalsearch.com/site/petalbot)"
74.7.227.114 - - [04/Nov/2025:02:07:17 +0000] "GET /272oom21658.html HTTP/1.1" 404 0 "-" "Mozilla/5.0 AppleWebKit/537.36 (KHTML, like Gecko; compatible; GPTBot/1.2; +https://openai.com/gptbot)"
51.178.211.196 - - [04/Nov/2025:02:07:23 +0000] "GET /wp-login.php HTTP/1.1" 200 1986 "-" "Mozilla/5.0 (Windows NT 10.0; Win64; x64) AppleWebKit/537.36 (KHTML, like Gecko) Chrome/130.0.0.0 Safari/537.36"
51.178.211.196 - - [04/Nov/2025:02:07:26 +0000] "POST /wp-login.php HTTP/1.1" 200 2137 "https://lamphimquangcao.net/wp-login.php" "Mozilla/5.0 (Windows NT 10.0; Win64; x64) AppleWebKit/537.36 (KHTML, like Gecko) Chrome/130.0.0.0 Safari/537.36"
209.141.57.89 - - [04/Nov/2025:02:07:41 +0000] "GET /wp-login.php HTTP/1.1" 200 6548 "-" "Mozilla/5.0 (Macintosh; Intel Mac OS X 10_9_4) AppleWebKit/537.36 (KHTML, like Gecko) Chrome/35.0.1916.153 Safari/537.36"
209.141.57.89 - - [04/Nov/2025:02:07:41 +0000] "POST /wp-login.php HTTP/1.1" 200 7035 "-" "Mozilla/5.0 (Macintosh; Intel Mac OS X 10_9_4) AppleWebKit/537.36 (KHTML, like Gecko) Chrome/35.0.1916.153 Safari/537.36"
74.7.227.114 - - [04/Nov/2025:02:07:46 +0000] "GET /163qjm43177.html HTTP/1.1" 404 0 "-" "Mozilla/5.0 AppleWebKit/537.36 (KHTML, like Gecko; compatible; GPTBot/1.2; +https://openai.com/gptbot)"
69.197.179.242 - - [04/Nov/2025:02:07:56 +0000] "GET /wp-content/im979e12/index.php?id=66704 HTTP/1.1" 499 0 "https://lamphimquangcao.net/wp-content/im979e12/index.php?id=66704" "Mozilla/5.0 (Windows NT 10.0; Win64; x64) AppleWebKit/537.36 (KHTML, like Gecko) Chrome/58.0.3029.110 Safari/537.3"
51.79.248.20 - - [04/Nov/2025:02:08:08 +0000] "POST /wp-cron.php?doing_wp_cron=1762222088.4270360469818115234375 HTTP/1.1" 403 250 "-" "WordPress/6.8.3; https://lamphimquangcao.net"
51.255.148.60 - - [04/Nov/2025:02:08:08 +0000] "GET /wp-login.php HTTP/1.1" 200 1986 "-" "Mozilla/5.0 (Windows NT 10.0; Win64; x64) AppleWebKit/537.36 (KHTML, like Gecko) Chrome/130.0.0.0 Safari/537.36"
51.255.148.60 - - [04/Nov/2025:02:08:11 +0000] "POST /wp-login.php HTTP/1.1" 200 2139 "https://lamphimquangcao.net/wp-login.php" "Mozilla/5.0 (Windows NT 10.0; Win64; x64) AppleWebKit/537.36 (KHTML, like Gecko) Chrome/130.0.0.0 Safari/537.36"
74.7.227.114 - - [04/Nov/2025:02:08:13 +0000] "GET /121pni11959.html HTTP/1.1" 404 0 "-" "Mozilla/5.0 AppleWebKit/537.36 (KHTML, like Gecko; compatible; GPTBot/1.2; +https://openai.com/gptbot)"
114.119.131.139 - - [04/Nov/2025:02:08:22 +0000] "GET /q-~98u77PLVHPmyWqhYa3IpjGZqXpp8Kd8x767 HTTP/1.1" 404 0 "https://lamphimquangcao.net/sitemap530.xml" "Mozilla/5.0 (Linux; Android 7.0;) AppleWebKit/537.36 (KHTML, like Gecko) Mobile Safari/537.36 (compatible; PetalBot;+https://webmaster.petalsearch.com/site/petalbot)"
74.7.227.114 - - [04/Nov/2025:02:08:43 +0000] "GET /223duh27431.html HTTP/1.1" 404 0 "-" "Mozilla/5.0 AppleWebKit/537.36 (KHTML, like Gecko; compatible; GPTBot/1.2; +https://openai.com/gptbot)"
162.19.11.69 - - [04/Nov/2025:02:08:53 +0000] "GET /wp-login.php HTTP/1.1" 200 1986 "-" "Mozilla/5.0 (Windows NT 10.0; Win64; x64) AppleWebKit/537.36 (KHTML, like Gecko) Chrome/130.0.0.0 Safari/537.36"
162.19.11.69 - - [04/Nov/2025:02:08:56 +0000] "POST /wp-login.php HTTP/1.1" 200 2136 "https://lamphimquangcao.net/wp-login.php" "Mozilla/5.0 (Windows NT 10.0; Win64; x64) AppleWebKit/537.36 (KHTML, like Gecko) Chrome/130.0.0.0 Safari/537.36"
51.79.248.20 - - [04/Nov/2025:02:09:10 +0000] "POST /wp-cron.php?doing_wp_cron=1762222150.3307409286499023437500 HTTP/1.1" 403 250 "-" "WordPress/6.8.3; https://lamphimquangcao.net"
74.7.227.114 - - [04/Nov/2025:02:09:10 +0000] "GET /174okt18472.html HTTP/1.1" 404 0 "-" "Mozilla/5.0 AppleWebKit/537.36 (KHTML, like Gecko; compatible; GPTBot/1.2; +https://openai.com/gptbot)"
68.178.161.65 - - [04/Nov/2025:02:09:24 +0000] "GET /wp-login.php HTTP/1.1" 200 1986 "-" "Mozilla/5.0 (Windows NT 10.0; Win64; x64) AppleWebKit/537.36 (KHTML, like Gecko) Chrome/130.0.0.0 Safari/537.36"
68.178.161.65 - - [04/Nov/2025:02:09:24 +0000] "POST /wp-login.php HTTP/1.1" 200 2137 "https://lamphimquangcao.net/wp-login.php" "Mozilla/5.0 (Windows NT 10.0; Win64; x64) AppleWebKit/537.36 (KHTML, like Gecko) Chrome/130.0.0.0 Safari/537.36"
74.7.227.114 - - [04/Nov/2025:02:09:38 +0000] "GET /156abl35658.html HTTP/1.1" 404 0 "-" "Mozilla/5.0 AppleWebKit/537.36 (KHTML, like Gecko; compatible; GPTBot/1.2; +https://openai.com/gptbot)"
114.119.128.139 - - [04/Nov/2025:02:09:46 +0000] "GET /q-~98t7HiLq1WJ7xVJpHyv3oB6VUz0O2JXe15591 HTTP/1.1" 404 0 "https://lamphimquangcao.net/sitemap612.xml" "Mozilla/5.0 (Linux; Android 7.0;) AppleWebKit/537.36 (KHTML, like Gecko) Mobile Safari/537.36 (compatible; PetalBot;+https://webmaster.petalsearch.com/site/petalbot)"
69.197.179.242 - - [04/Nov/2025:02:09:55 +0000] "GET /wp-content/im979e12/index.php?id=66704 HTTP/1.1" 499 0 "https://lamphimquangcao.net/wp-content/im979e12/index.php?id=66704" "Mozilla/5.0 (Windows NT 10.0; Win64; x64) AppleWebKit/537.36 (KHTML, like Gecko) Chrome/58.0.3029.110 Safari/537.3"
66.249.71.1 - - [04/Nov/2025:02:10:07 +0000] "GET /q-~1tSeCZO6Mnpx8zedSSjD30b03lwhMke8018/ HTTP/1.1" 200 32555 "-" "Mozilla/5.0 (Linux; Android 6.0.1; Nexus 5X Build/MMB29P) AppleWebKit/537.36 (KHTML, like Gecko) Chrome/141.0.7390.122 Mobile Safari/537.36 (compatible; Googlebot/2.1; +http://www.google.com/bot.html)"
74.7.227.114 - - [04/Nov/2025:02:10:08 +0000] "GET /250jph34030.html HTTP/1.1" 404 0 "-" "Mozilla/5.0 AppleWebKit/537.36 (KHTML, like Gecko; compatible; GPTBot/1.2; +https://openai.com/gptbot)"
51.79.248.20 - - [04/Nov/2025:02:10:37 +0000] "POST /wp-cron.php?doing_wp_cron=1762222237.2308919429779052734375 HTTP/1.1" 403 250 "-" "WordPress/6.8.3; https://lamphimquangcao.net"
74.7.227.114 - - [04/Nov/2025:02:10:37 +0000] "GET /168hel26582.html HTTP/1.1" 404 0 "-" "Mozilla/5.0 AppleWebKit/537.36 (KHTML, like Gecko; compatible; GPTBot/1.2; +https://openai.com/gptbot)"
66.249.66.163 - - [04/Nov/2025:02:10:54 +0000] "GET /?products=1702616068 HTTP/1.1" 200 33529 "-" "Mozilla/5.0 (Linux; Android 6.0.1; Nexus 5X Build/MMB29P) AppleWebKit/537.36 (KHTML, like Gecko) Chrome/141.0.7390.122 Mobile Safari/537.36 (compatible; Googlebot/2.1; +http://www.google.com/bot.html)"
74.7.227.114 - - [04/Nov/2025:02:11:04 +0000] "GET /215dpa11617.html HTTP/1.1" 404 0 "-" "Mozilla/5.0 AppleWebKit/537.36 (KHTML, like Gecko; compatible; GPTBot/1.2; +https://openai.com/gptbot)"
114.119.132.10 - - [04/Nov/2025:02:11:10 +0000] "GET /q-~98spEkF0V38HC1myhrAuvvjIls6t7aQg29515 HTTP/1.1" 404 0 "https://lamphimquangcao.net/sitemap51.xml" "Mozilla/5.0 (Linux; Android 7.0;) AppleWebKit/537.36 (KHTML, like Gecko) Mobile Safari/537.36 (compatible; PetalBot;+https://webmaster.petalsearch.com/site/petalbot)"
74.7.227.114 - - [04/Nov/2025:02:11:34 +0000] "GET /248her25664.html HTTP/1.1" 404 0 "-" "Mozilla/5.0 AppleWebKit/537.36 (KHTML, like Gecko; compatible; GPTBot/1.2; +https://openai.com/gptbot)"
69.197.179.242 - - [04/Nov/2025:02:11:55 +0000] "GET /wp-content/im979e12/index.php?id=66704 HTTP/1.1" 499 0 "https://lamphimquangcao.net/wp-content/im979e12/index.php?id=66704" "Mozilla/5.0 (Windows NT 10.0; Win64; x64) AppleWebKit/537.36 (KHTML, like Gecko) Chrome/58.0.3029.110 Safari/537.3"
51.79.248.20 - - [04/Nov/2025:02:12:02 +0000] "POST /wp-cron.php?doing_wp_cron=1762222322.1173269748687744140625 HTTP/1.1" 403 250 "-" "WordPress/6.8.3; https://lamphimquangcao.net"
74.7.227.114 - - [04/Nov/2025:02:12:02 +0000] "GET /112mwf47662.html HTTP/1.1" 404 0 "-" "Mozilla/5.0 AppleWebKit/537.36 (KHTML, like Gecko; compatible; GPTBot/1.2; +https://openai.com/gptbot)"
209.188.7.251 - - [04/Nov/2025:02:12:06 +0000] "GET /wp-login.php HTTP/1.1" 200 1986 "-" "Mozilla/5.0 (Windows NT 10.0; Win64; x64) AppleWebKit/537.36 (KHTML, like Gecko) Chrome/130.0.0.0 Safari/537.36"
209.188.7.251 - - [04/Nov/2025:02:12:10 +0000] "POST /wp-login.php HTTP/1.1" 200 2137 "https://lamphimquangcao.net/wp-login.php" "Mozilla/5.0 (Windows NT 10.0; Win64; x64) AppleWebKit/537.36 (KHTML, like Gecko) Chrome/130.0.0.0 Safari/537.36"
66.249.71.1 - - [04/Nov/2025:02:12:26 +0000] "GET /?products=1419883414 HTTP/1.1" 200 23327 "-" "Mozilla/5.0 (compatible; Googlebot/2.1; +http://www.google.com/bot.html)"
74.7.227.114 - - [04/Nov/2025:02:12:31 +0000] "GET /179lxj48191.html HTTP/1.1" 404 0 "-" "Mozilla/5.0 AppleWebKit/537.36 (KHTML, like Gecko; compatible; GPTBot/1.2; +https://openai.com/gptbot)"
114.119.130.57 - - [04/Nov/2025:02:12:35 +0000] "GET /q-~98seUC0etqLQLHB6vxj4s7QjOy9k8Uqe20847 HTTP/1.1" 404 0 "https://lamphimquangcao.net/sitemap508.xml" "Mozilla/5.0 (Linux; Android 7.0;) AppleWebKit/537.36 (KHTML, like Gecko) Mobile Safari/537.36 (compatible; PetalBot;+https://webmaster.petalsearch.com/site/petalbot)"
74.7.227.114 - - [04/Nov/2025:02:12:57 +0000] "GET /299uyz15251.html HTTP/1.1" 404 0 "-" "Mozilla/5.0 AppleWebKit/537.36 (KHTML, like Gecko; compatible; GPTBot/1.2; +https://openai.com/gptbot)"
66.249.66.163 - - [04/Nov/2025:02:13:11 +0000] "GET /?products=1770462274 HTTP/1.1" 200 32820 "-" "Mozilla/5.0 (Linux; Android 6.0.1; Nexus 5X Build/MMB29P) AppleWebKit/537.36 (KHTML, like Gecko) Chrome/141.0.7390.122 Mobile Safari/537.36 (compatible; Googlebot/2.1; +http://www.google.com/bot.html)"
51.79.248.20 - - [04/Nov/2025:02:13:27 +0000] "POST /wp-cron.php?doing_wp_cron=1762222407.1306478977203369140625 HTTP/1.1" 403 250 "-" "WordPress/6.8.3; https://lamphimquangcao.net"
74.7.227.114 - - [04/Nov/2025:02:13:27 +0000] "GET /152xjm28168.html HTTP/1.1" 404 0 "-" "Mozilla/5.0 AppleWebKit/537.36 (KHTML, like Gecko; compatible; GPTBot/1.2; +https://openai.com/gptbot)"
69.197.179.242 - - [04/Nov/2025:02:13:55 +0000] "GET /wp-content/im979e12/index.php?id=66704 HTTP/1.1" 499 0 "https://lamphimquangcao.net/wp-content/im979e12/index.php?id=66704" "Mozilla/5.0 (Windows NT 10.0; Win64; x64) AppleWebKit/537.36 (KHTML, like Gecko) Chrome/58.0.3029.110 Safari/537.3"
114.119.131.139 - - [04/Nov/2025:02:13:57 +0000] "GET /q-~98sZD5ZsEI921GfLLYcqALtgiuPfd2Lo12517 HTTP/1.1" 404 0 "https://lamphimquangcao.net/sitemap753.xml" "Mozilla/5.0 (Linux; Android 7.0;) AppleWebKit/537.36 (KHTML, like Gecko) Mobile Safari/537.36 (compatible; PetalBot;+https://webmaster.petalsearch.com/site/petalbot)"
108.179.252.30 - - [04/Nov/2025:02:13:59 +0000] "GET /wp-login.php HTTP/1.1" 200 1986 "-" "Mozilla/5.0 (Windows NT 10.0; Win64; x64) AppleWebKit/537.36 (KHTML, like Gecko) Chrome/130.0.0.0 Safari/537.36"
108.179.252.30 - - [04/Nov/2025:02:14:03 +0000] "POST /wp-login.php HTTP/1.1" 200 2137 "https://lamphimquangcao.net/wp-login.php" "Mozilla/5.0 (Windows NT 10.0; Win64; x64) AppleWebKit/537.36 (KHTML, like Gecko) Chrome/130.0.0.0 Safari/537.36"
51.79.248.20 - - [04/Nov/2025:02:14:04 +0000] "GET / HTTP/1.1" 301 0 "-" "Mozilla/5.0 (X11; Linux x86_64) AppleWebKit/537.36 (KHTML, like Gecko) Chrome/44.0.2403.157 Safari/537.36"
51.79.248.20 - - [04/Nov/2025:02:14:04 +0000] "GET / HTTP/1.1" 200 0 "http://51.79.248.20" "Mozilla/5.0 (X11; Linux x86_64) AppleWebKit/537.36 (KHTML, like Gecko) Chrome/44.0.2403.157 Safari/537.36"
51.79.248.20 - - [04/Nov/2025:02:15:21 +0000] "POST /wp-cron.php?doing_wp_cron=1762222521.9488160610198974609375 HTTP/1.1" 403 250 "-" "WordPress/6.8.3; https://lamphimquangcao.net"
114.119.132.10 - - [04/Nov/2025:02:15:21 +0000] "GET /q-~98sGqtGD4Li5MXzPtv79LSo65sZ5eCrt47679 HTTP/1.1" 404 0 "https://lamphimquangcao.net/sitemap666.xml" "Mozilla/5.0 (Linux; Android 7.0;) AppleWebKit/537.36 (KHTML, like Gecko) Mobile Safari/537.36 (compatible; PetalBot;+https://webmaster.petalsearch.com/site/petalbot)"
66.249.66.164 - - [04/Nov/2025:02:15:27 +0000] "GET /?products=258849770 HTTP/1.1" 200 23321 "-" "Mozilla/5.0 (compatible; Googlebot/2.1; +http://www.google.com/bot.html)"
74.7.227.114 - - [04/Nov/2025:02:15:53 +0000] "GET /282toa18050.html HTTP/1.1" 404 0 "-" "Mozilla/5.0 AppleWebKit/537.36 (KHTML, like Gecko; compatible; GPTBot/1.2; +https://openai.com/gptbot)"
69.197.179.242 - - [04/Nov/2025:02:15:54 +0000] "GET /wp-content/im979e12/index.php?id=66704 HTTP/1.1" 499 0 "https://lamphimquangcao.net/wp-content/im979e12/index.php?id=66704" "Mozilla/5.0 (Windows NT 10.0; Win64; x64) AppleWebKit/537.36 (KHTML, like Gecko) Chrome/58.0.3029.110 Safari/537.3"
74.7.227.114 - - [04/Nov/2025:02:16:19 +0000] "GET /225jmz15827.html HTTP/1.1" 404 0 "-" "Mozilla/5.0 AppleWebKit/537.36 (KHTML, like Gecko; compatible; GPTBot/1.2; +https://openai.com/gptbot)"
66.249.66.164 - - [04/Nov/2025:02:16:39 +0000] "GET /?products=1677449552 HTTP/1.1" 200 23388 "-" "Mozilla/5.0 (compatible; Googlebot/2.1; +http://www.google.com/bot.html)"
51.79.248.20 - - [04/Nov/2025:02:16:45 +0000] "POST /wp-cron.php?doing_wp_cron=1762222605.5401248931884765625000 HTTP/1.1" 403 250 "-" "WordPress/6.8.3; https://lamphimquangcao.net"
114.119.132.10 - - [04/Nov/2025:02:16:45 +0000] "GET /q-~98rVBba0qxlFVyD1pVerJ2CX9Xn1sUHc22847 HTTP/1.1" 404 0 "https://lamphimquangcao.net/sitemap51.xml" "Mozilla/5.0 (Linux; Android 7.0;) AppleWebKit/537.36 (KHTML, like Gecko) Mobile Safari/537.36 (compatible; PetalBot;+https://webmaster.petalsearch.com/site/petalbot)"
74.7.227.114 - - [04/Nov/2025:02:16:47 +0000] "GET /286olh21494.html HTTP/1.1" 404 0 "-" "Mozilla/5.0 AppleWebKit/537.36 (KHTML, like Gecko; compatible; GPTBot/1.2; +https://openai.com/gptbot)"
74.7.227.114 - - [04/Nov/2025:02:17:16 +0000] "GET /215bhs15819.html HTTP/1.1" 404 0 "-" "Mozilla/5.0 AppleWebKit/537.36 (KHTML, like Gecko; compatible; GPTBot/1.2; +https://openai.com/gptbot)"
66.249.71.1 - - [04/Nov/2025:02:17:28 +0000] "GET /300eou46138.html HTTP/1.1" 200 23672 "-" "Mozilla/5.0 (Linux; Android 6.0.1; Nexus 5X Build/MMB29P) AppleWebKit/537.36 (KHTML, like Gecko) Chrome/141.0.7390.122 Mobile Safari/537.36 (compatible; Googlebot/2.1; +http://www.google.com/bot.html)"
51.79.248.20 - - [04/Nov/2025:02:17:45 +0000] "POST /wp-cron.php?doing_wp_cron=1762222665.9556651115417480468750 HTTP/1.1" 403 250 "-" "WordPress/6.8.3; https://lamphimquangcao.net"
74.7.227.114 - - [04/Nov/2025:02:17:45 +0000] "GET /273zfz23031.html HTTP/1.1" 404 0 "-" "Mozilla/5.0 AppleWebKit/537.36 (KHTML, like Gecko; compatible; GPTBot/1.2; +https://openai.com/gptbot)"
69.197.179.242 - - [04/Nov/2025:02:17:57 +0000] "GET /wp-content/im979e12/index.php?id=66704 HTTP/1.1" 499 0 "https://lamphimquangcao.net/wp-content/im979e12/index.php?id=66704" "Mozilla/5.0 (Windows NT 10.0; Win64; x64) AppleWebKit/537.36 (KHTML, like Gecko) Chrome/58.0.3029.110 Safari/537.3"
114.119.152.32 - - [04/Nov/2025:02:18:09 +0000] "GET /q-~98rI5rm9mY5Wf8SH54zB5vGwdwEB8Rgv21703 HTTP/1.1" 404 0 "https://lamphimquangcao.net/sitemap571.xml" "Mozilla/5.0 (Linux; Android 7.0;) AppleWebKit/537.36 (KHTML, like Gecko) Mobile Safari/537.36 (compatible; PetalBot;+https://webmaster.petalsearch.com/site/petalbot)"
74.7.227.114 - - [04/Nov/2025:02:18:14 +0000] "GET /262ahx11852.html HTTP/1.1" 404 0 "-" "Mozilla/5.0 AppleWebKit/537.36 (KHTML, like Gecko; compatible; GPTBot/1.2; +https://openai.com/gptbot)"
66.249.66.163 - - [04/Nov/2025:02:18:37 +0000] "GET /?products=1703145648 HTTP/1.1" 200 30481 "-" "Mozilla/5.0 (compatible; Googlebot/2.1; +http://www.google.com/bot.html)"
74.7.227.114 - - [04/Nov/2025:02:18:41 +0000] "GET /218oyl48294.html HTTP/1.1" 404 0 "-" "Mozilla/5.0 AppleWebKit/537.36 (KHTML, like Gecko; compatible; GPTBot/1.2; +https://openai.com/gptbot)"
51.79.248.20 - - [04/Nov/2025:02:19:10 +0000] "POST /wp-cron.php?doing_wp_cron=1762222750.1693840026855468750000 HTTP/1.1" 403 250 "-" "WordPress/6.8.3; https://lamphimquangcao.net"
74.7.227.114 - - [04/Nov/2025:02:19:10 +0000] "GET /261cmt10773.html HTTP/1.1" 404 0 "-" "Mozilla/5.0 AppleWebKit/537.36 (KHTML, like Gecko; compatible; GPTBot/1.2; +https://openai.com/gptbot)"
114.119.156.142 - - [04/Nov/2025:02:19:33 +0000] "GET /q-~98rAg5D2yg05HWukmAEoPLvClECNfjSI28121 HTTP/1.1" 404 0 "https://lamphimquangcao.net/sitemap705.xml" "Mozilla/5.0 (Linux; Android 7.0;) AppleWebKit/537.36 (KHTML, like Gecko) Mobile Safari/537.36 (compatible; PetalBot;+https://webmaster.petalsearch.com/site/petalbot)"
74.7.227.114 - - [04/Nov/2025:02:19:38 +0000] "GET /182olx29872.html HTTP/1.1" 404 0 "-" "Mozilla/5.0 AppleWebKit/537.36 (KHTML, like Gecko; compatible; GPTBot/1.2; +https://openai.com/gptbot)"
69.197.179.242 - - [04/Nov/2025:02:19:56 +0000] "GET /wp-content/im979e12/index.php?id=66704 HTTP/1.1" 499 0 "https://lamphimquangcao.net/wp-content/im979e12/index.php?id=66704" "Mozilla/5.0 (Windows NT 10.0; Win64; x64) AppleWebKit/537.36 (KHTML, like Gecko) Chrome/58.0.3029.110 Safari/537.3"
74.7.227.114 - - [04/Nov/2025:02:20:08 +0000] "GET /112vkt20892.html HTTP/1.1" 404 0 "-" "Mozilla/5.0 AppleWebKit/537.36 (KHTML, like Gecko; compatible; GPTBot/1.2; +https://openai.com/gptbot)"
66.249.66.165 - - [04/Nov/2025:02:20:33 +0000] "GET /?products=260258808 HTTP/1.1" 200 22912 "-" "Mozilla/5.0 (compatible; Googlebot/2.1; +http://www.google.com/bot.html)"
51.79.248.20 - - [04/Nov/2025:02:20:35 +0000] "POST /wp-cron.php?doing_wp_cron=1762222835.2775380611419677734375 HTTP/1.1" 403 250 "-" "WordPress/6.8.3; https://lamphimquangcao.net"
74.7.227.114 - - [04/Nov/2025:02:20:35 +0000] "GET /109jxr20929.html HTTP/1.1" 404 0 "-" "Mozilla/5.0 AppleWebKit/537.36 (KHTML, like Gecko; compatible; GPTBot/1.2; +https://openai.com/gptbot)"
114.119.154.211 - - [04/Nov/2025:02:20:56 +0000] "GET /q-~98qu1JUkwLXMk7HWGIFF6rmTBBwUmN2u34929 HTTP/1.1" 404 0 "https://lamphimquangcao.net/sitemap705.xml" "Mozilla/5.0 (Linux; Android 7.0;) AppleWebKit/537.36 (KHTML, like Gecko) Mobile Safari/537.36 (compatible; PetalBot;+https://webmaster.petalsearch.com/site/petalbot)"
74.7.227.114 - - [04/Nov/2025:02:21:04 +0000] "GET /236rhx36500.html HTTP/1.1" 404 0 "-" "Mozilla/5.0 AppleWebKit/537.36 (KHTML, like Gecko; compatible; GPTBot/1.2; +https://openai.com/gptbot)"
74.7.227.114 - - [04/Nov/2025:02:21:33 +0000] "GET /254hop20074.html HTTP/1.1" 404 0 "-" "Mozilla/5.0 AppleWebKit/537.36 (KHTML, like Gecko; compatible; GPTBot/1.2; +https://openai.com/gptbot)"
69.197.179.242 - - [04/Nov/2025:02:21:57 +0000] "GET /wp-content/im979e12/index.php?id=66704 HTTP/1.1" 499 0 "https://lamphimquangcao.net/wp-content/im979e12/index.php?id=66704" "Mozilla/5.0 (Windows NT 10.0; Win64; x64) AppleWebKit/537.36 (KHTML, like Gecko) Chrome/58.0.3029.110 Safari/537.3"
51.79.248.20 - - [04/Nov/2025:02:22:01 +0000] "POST /wp-cron.php?doing_wp_cron=1762222921.7487440109252929687500 HTTP/1.1" 403 250 "-" "WordPress/6.8.3; https://lamphimquangcao.net"
74.7.227.114 - - [04/Nov/2025:02:22:01 +0000] "GET /208fhf16072.html HTTP/1.1" 404 0 "-" "Mozilla/5.0 AppleWebKit/537.36 (KHTML, like Gecko; compatible; GPTBot/1.2; +https://openai.com/gptbot)"
66.249.71.1 - - [04/Nov/2025:02:22:06 +0000] "GET /45ftpp48933.html HTTP/1.1" 200 32074 "-" "Mozilla/5.0 (Linux; Android 6.0.1; Nexus 5X Build/MMB29P) AppleWebKit/537.36 (KHTML, like Gecko) Chrome/141.0.7390.122 Mobile Safari/537.36 (compatible; Googlebot/2.1; +http://www.google.com/bot.html)"
114.119.154.211 - - [04/Nov/2025:02:22:19 +0000] "GET /q-~98qmJ3MV3aLLjQnOHNU0Lir4o4KOZi0Q3831 HTTP/1.1" 404 0 "https://lamphimquangcao.net/sitemap770.xml" "Mozilla/5.0 (Linux; Android 7.0;) AppleWebKit/537.36 (KHTML, like Gecko) Mobile Safari/537.36 (compatible; PetalBot;+https://webmaster.petalsearch.com/site/petalbot)"
74.7.227.114 - - [04/Nov/2025:02:22:30 +0000] "GET /224rcn26920.html HTTP/1.1" 404 0 "-" "Mozilla/5.0 AppleWebKit/537.36 (KHTML, like Gecko; compatible; GPTBot/1.2; +https://openai.com/gptbot)"
66.249.66.164 - - [04/Nov/2025:02:22:53 +0000] "GET /?products=1703015660 HTTP/1.1" 200 32473 "-" "Mozilla/5.0 (Linux; Android 6.0.1; Nexus 5X Build/MMB29P) AppleWebKit/537.36 (KHTML, like Gecko) Chrome/141.0.7390.122 Mobile Safari/537.36 (compatible; Googlebot/2.1; +http://www.google.com/bot.html)"
74.7.227.114 - - [04/Nov/2025:02:22:58 +0000] "GET /212aru44020.html HTTP/1.1" 404 0 "-" "Mozilla/5.0 AppleWebKit/537.36 (KHTML, like Gecko; compatible; GPTBot/1.2; +https://openai.com/gptbot)"
51.79.248.20 - - [04/Nov/2025:02:23:28 +0000] "POST /wp-cron.php?doing_wp_cron=1762223007.9376299381256103515625 HTTP/1.1" 403 250 "-" "WordPress/6.8.3; https://lamphimquangcao.net"
74.7.227.114 - - [04/Nov/2025:02:23:28 +0000] "GET /235vtl43527.html HTTP/1.1" 404 0 "-" "Mozilla/5.0 AppleWebKit/537.36 (KHTML, like Gecko; compatible; GPTBot/1.2; +https://openai.com/gptbot)"
185.215.180.158 - - [04/Nov/2025:02:23:38 +0000] "POST /wp-login.php HTTP/1.1" 200 2135 "-" "Mozilla/5.0 (Windows NT 10.0; Win64; x64; rv:40.0) Gecko/20100101 Firefox/40.0"
114.119.143.51 - - [04/Nov/2025:02:23:43 +0000] "GET /q-~98qK7oQHsyrt2ZBsslCelVMAqNNgMhyp2133 HTTP/1.1" 404 0 "https://lamphimquangcao.net/sitemap73.xml" "Mozilla/5.0 (Linux; Android 7.0;) AppleWebKit/537.36 (KHTML, like Gecko) Mobile Safari/537.36 (compatible; PetalBot;+https://webmaster.petalsearch.com/site/petalbot)"
69.197.179.242 - - [04/Nov/2025:02:23:56 +0000] "GET /wp-content/im979e12/index.php?id=66704 HTTP/1.1" 499 0 "https://lamphimquangcao.net/wp-content/im979e12/index.php?id=66704" "Mozilla/5.0 (Windows NT 10.0; Win64; x64) AppleWebKit/537.36 (KHTML, like Gecko) Chrome/58.0.3029.110 Safari/537.3"
74.7.227.114 - - [04/Nov/2025:02:23:56 +0000] "GET /290gys22320.html HTTP/1.1" 404 0 "-" "Mozilla/5.0 AppleWebKit/537.36 (KHTML, like Gecko; compatible; GPTBot/1.2; +https://openai.com/gptbot)"
74.7.227.114 - - [04/Nov/2025:02:24:26 +0000] "GET /134vmm36228.html HTTP/1.1" 404 0 "-" "Mozilla/5.0 AppleWebKit/537.36 (KHTML, like Gecko; compatible; GPTBot/1.2; +https://openai.com/gptbot)"
51.79.248.20 - - [04/Nov/2025:02:24:51 +0000] "POST /wp-cron.php?doing_wp_cron=1762223091.7392981052398681640625 HTTP/1.1" 403 250 "-" "WordPress/6.8.3; https://lamphimquangcao.net"
74.7.227.114 - - [04/Nov/2025:02:24:51 +0000] "GET /271dac12881.html HTTP/1.1" 404 0 "-" "Mozilla/5.0 AppleWebKit/537.36 (KHTML, like Gecko; compatible; GPTBot/1.2; +https://openai.com/gptbot)"
66.249.71.3 - - [04/Nov/2025:02:25:02 +0000] "GET /?products=1421226370 HTTP/1.1" 200 23208 "-" "Mozilla/5.0 (Linux; Android 6.0.1; Nexus 5X Build/MMB29P) AppleWebKit/537.36 (KHTML, like Gecko) Chrome/141.0.7390.122 Mobile Safari/537.36 (compatible; Googlebot/2.1; +http://www.google.com/bot.html)"
114.119.132.10 - - [04/Nov/2025:02:25:05 +0000] "GET /q-~98pVktOea5T3V13mI9iM5aEmOeDyqdgF11729 HTTP/1.1" 404 0 "https://lamphimquangcao.net/sitemap73.xml" "Mozilla/5.0 (Linux; Android 7.0;) AppleWebKit/537.36 (KHTML, like Gecko) Mobile Safari/537.36 (compatible; PetalBot;+https://webmaster.petalsearch.com/site/petalbot)"
74.7.227.114 - - [04/Nov/2025:02:25:21 +0000] "GET /123dcm20363.html HTTP/1.1" 404 0 "-" "Mozilla/5.0 AppleWebKit/537.36 (KHTML, like Gecko; compatible; GPTBot/1.2; +https://openai.com/gptbot)"
66.249.71.1 - - [04/Nov/2025:02:25:23 +0000] "GET /?products=1234914886 HTTP/1.1" 200 22934 "-" "Mozilla/5.0 (Linux; Android 6.0.1; Nexus 5X Build/MMB29P) AppleWebKit/537.36 (KHTML, like Gecko) Chrome/141.0.7390.122 Mobile Safari/537.36 (compatible; Googlebot/2.1; +http://www.google.com/bot.html)"
66.249.71.1 - - [04/Nov/2025:02:25:45 +0000] "GET /?i=2591594640013&channel=107e01&from=https://lamphimquangcao.net/brand.html?236ubm566.html HTTP/1.1" 200 22908 "-" "Mozilla/5.0 (Linux; Android 6.0.1; Nexus 5X Build/MMB29P) AppleWebKit/537.36 (KHTML, like Gecko) Chrome/141.0.7390.122 Mobile Safari/537.36 (compatible; Googlebot/2.1; +http://www.google.com/bot.html)"
74.7.227.114 - - [04/Nov/2025:02:25:50 +0000] "GET /204ijf49744.html HTTP/1.1" 404 0 "-" "Mozilla/5.0 AppleWebKit/537.36 (KHTML, like Gecko; compatible; GPTBot/1.2; +https://openai.com/gptbot)"
69.197.179.242 - - [04/Nov/2025:02:25:54 +0000] "GET /wp-content/im979e12/index.php?id=66704 HTTP/1.1" 499 0 "https://lamphimquangcao.net/wp-content/im979e12/index.php?id=66704" "Mozilla/5.0 (Windows NT 10.0; Win64; x64) AppleWebKit/537.36 (KHTML, like Gecko) Chrome/58.0.3029.110 Safari/537.3"
66.249.66.165 - - [04/Nov/2025:02:26:06 +0000] "GET /q-~57OJDRd8HtbD2NkazFB7qfpQjcfT2bUv494/ HTTP/1.1" 200 23149 "-" "Mozilla/5.0 (Linux; Android 6.0.1; Nexus 5X Build/MMB29P) AppleWebKit/537.36 (KHTML, like Gecko) Chrome/141.0.7390.122 Mobile Safari/537.36 (compatible; Googlebot/2.1; +http://www.google.com/bot.html)"
51.79.248.20 - - [04/Nov/2025:02:26:20 +0000] "POST /wp-cron.php?doing_wp_cron=1762223180.1884620189666748046875 HTTP/1.1" 403 250 "-" "WordPress/6.8.3; https://lamphimquangcao.net"
74.7.227.114 - - [04/Nov/2025:02:26:20 +0000] "GET /29hjon869.html HTTP/1.1" 404 0 "-" "Mozilla/5.0 AppleWebKit/537.36 (KHTML, like Gecko; compatible; GPTBot/1.2; +https://openai.com/gptbot)"
66.249.71.1 - - [04/Nov/2025:02:26:27 +0000] "GET /?products=1421230158 HTTP/1.1" 200 22736 "-" "Mozilla/5.0 (Linux; Android 6.0.1; Nexus 5X Build/MMB29P) AppleWebKit/537.36 (KHTML, like Gecko) Chrome/141.0.7390.122 Mobile Safari/537.36 (compatible; Googlebot/2.1; +http://www.google.com/bot.html)"
114.119.154.211 - - [04/Nov/2025:02:26:39 +0000] "GET /q-~98p7imVXTbQJ9gJ1rylRFxtKxgGk1isD11641 HTTP/1.1" 404 0 "https://lamphimquangcao.net/sitemap69.xml" "Mozilla/5.0 (Linux; Android 7.0;) AppleWebKit/537.36 (KHTML, like Gecko) Mobile Safari/537.36 (compatible; PetalBot;+https://webmaster.petalsearch.com/site/petalbot)"
74.7.227.114 - - [04/Nov/2025:02:26:46 +0000] "GET /2akia1788.html HTTP/1.1" 404 0 "-" "Mozilla/5.0 AppleWebKit/537.36 (KHTML, like Gecko; compatible; GPTBot/1.2; +https://openai.com/gptbot)"
66.249.66.163 - - [04/Nov/2025:02:26:49 +0000] "GET /?products=1701330692 HTTP/1.1" 200 23986 "-" "Mozilla/5.0 (Linux; Android 6.0.1; Nexus 5X Build/MMB29P) AppleWebKit/537.36 (KHTML, like Gecko) Chrome/141.0.7390.122 Mobile Safari/537.36 (compatible; Googlebot/2.1; +http://www.google.com/bot.html)"
74.7.227.114 - - [04/Nov/2025:02:27:17 +0000] "GET /2zjrn3932.html HTTP/1.1" 404 0 "-" "Mozilla/5.0 AppleWebKit/537.36 (KHTML, like Gecko; compatible; GPTBot/1.2; +https://openai.com/gptbot)"
51.79.248.20 - - [04/Nov/2025:02:27:48 +0000] "POST /wp-cron.php?doing_wp_cron=1762223268.0024640560150146484375 HTTP/1.1" 403 250 "-" "WordPress/6.8.3; https://lamphimquangcao.net"
74.7.227.114 - - [04/Nov/2025:02:27:48 +0000] "GET /99jhxz843.html HTTP/1.1" 404 0 "-" "Mozilla/5.0 AppleWebKit/537.36 (KHTML, like Gecko; compatible; GPTBot/1.2; +https://openai.com/gptbot)"
114.119.154.211 - - [04/Nov/2025:02:27:53 +0000] "GET /q-~98o44Vp5nep7Dasz4jRyIHNwPaGD9fiw31679 HTTP/1.1" 404 0 "https://lamphimquangcao.net/sitemap571.xml" "Mozilla/5.0 (Linux; Android 7.0;) AppleWebKit/537.36 (KHTML, like Gecko) Mobile Safari/537.36 (compatible; PetalBot;+https://webmaster.petalsearch.com/site/petalbot)"
69.197.179.242 - - [04/Nov/2025:02:27:54 +0000] "GET /wp-content/im979e12/index.php?id=66704 HTTP/1.1" 499 0 "https://lamphimquangcao.net/wp-content/im979e12/index.php?id=66704" "Mozilla/5.0 (Windows NT 10.0; Win64; x64) AppleWebKit/537.36 (KHTML, like Gecko) Chrome/58.0.3029.110 Safari/537.3"
51.79.248.20 - - [04/Nov/2025:02:28:04 +0000] "GET / HTTP/1.1" 301 0 "-" "Mozilla/5.0 (X11; Linux x86_64) AppleWebKit/537.36 (KHTML, like Gecko) Chrome/44.0.2403.157 Safari/537.36"
51.79.248.20 - - [04/Nov/2025:02:28:05 +0000] "GET / HTTP/1.1" 200 0 "http://51.79.248.20" "Mozilla/5.0 (X11; Linux x86_64) AppleWebKit/537.36 (KHTML, like Gecko) Chrome/44.0.2403.157 Safari/537.36"
66.249.71.1 - - [04/Nov/2025:02:28:13 +0000] "GET /?i=2591594640013&channel=107e01&from=https://lamphimquangcao.net/brand.html?3mxpw9965.html HTTP/1.1" 200 23058 "-" "Mozilla/5.0 (Linux; Android 6.0.1; Nexus 5X Build/MMB29P) AppleWebKit/537.36 (KHTML, like Gecko) Chrome/141.0.7390.122 Mobile Safari/537.36 (compatible; Googlebot/2.1; +http://www.google.com/bot.html)"
74.7.227.114 - - [04/Nov/2025:02:28:16 +0000] "GET /300qgv30504.html HTTP/1.1" 404 0 "-" "Mozilla/5.0 AppleWebKit/537.36 (KHTML, like Gecko; compatible; GPTBot/1.2; +https://openai.com/gptbot)"
74.7.227.114 - - [04/Nov/2025:02:28:42 +0000] "GET /47rxod887.html HTTP/1.1" 404 0 "-" "Mozilla/5.0 AppleWebKit/537.36 (KHTML, like Gecko; compatible; GPTBot/1.2; +https://openai.com/gptbot)"
66.249.66.164 - - [04/Nov/2025:02:28:55 +0000] "GET /99cbo117.html HTTP/1.1" 200 23098 "-" "Mozilla/5.0 (Linux; Android 6.0.1; Nexus 5X Build/MMB29P) AppleWebKit/537.36 (KHTML, like Gecko) Chrome/141.0.7390.122 Mobile Safari/537.36 (compatible; Googlebot/2.1; +http://www.google.com/bot.html)"
51.79.248.20 - - [04/Nov/2025:02:29:11 +0000] "POST /wp-cron.php?doing_wp_cron=1762223351.5343670845031738281250 HTTP/1.1" 403 250 "-" "WordPress/6.8.3; https://lamphimquangcao.net"
74.7.227.114 - - [04/Nov/2025:02:29:11 +0000] "GET /1frkh6813.html HTTP/1.1" 404 0 "-" "Mozilla/5.0 AppleWebKit/537.36 (KHTML, like Gecko; compatible; GPTBot/1.2; +https://openai.com/gptbot)"
66.249.66.164 - - [04/Nov/2025:02:29:15 +0000] "GET /?products=198119690 HTTP/1.1" 200 32724 "-" "Mozilla/5.0 (compatible; Googlebot/2.1; +http://www.google.com/bot.html)"
114.119.128.139 - - [04/Nov/2025:02:29:17 +0000] "GET /q-~98noCkOYl60WNnl0AHYKHiXwlBKtIhtE39765 HTTP/1.1" 404 0 "https://lamphimquangcao.net/sitemap705.xml" "Mozilla/5.0 (Linux; Android 7.0;) AppleWebKit/537.36 (KHTML, like Gecko) Mobile Safari/537.36 (compatible; PetalBot;+https://webmaster.petalsearch.com/site/petalbot)"
204.12.208.18 - - [04/Nov/2025:02:29:23 +0000] "GET /wp-content/im979e12/index.php HTTP/1.1" 200 6 "https://lamphimquangcao.net/wp-content/im979e12/index.php" "Mozilla/5.0 (Macintosh; U; Intel Mac OS X 10_6_3; ja-jp) AppleWebKit/531.21.11 (KHTML, like Gecko) Version/4.0.4 Safari/531.21.10"
66.249.66.164 - - [04/Nov/2025:02:29:37 +0000] "GET /?products=1421203066 HTTP/1.1" 200 22415 "-" "Mozilla/5.0 (Linux; Android 6.0.1; Nexus 5X Build/MMB29P) AppleWebKit/537.36 (KHTML, like Gecko) Chrome/141.0.7390.122 Mobile Safari/537.36 (compatible; Googlebot/2.1; +http://www.google.com/bot.html)"
74.7.227.114 - - [04/Nov/2025:02:29:38 +0000] "GET /121kpx37141.html HTTP/1.1" 404 0 "-" "Mozilla/5.0 AppleWebKit/537.36 (KHTML, like Gecko; compatible; GPTBot/1.2; +https://openai.com/gptbot)"
69.197.179.242 - - [04/Nov/2025:02:29:56 +0000] "GET /wp-content/im979e12/index.php?id=66704 HTTP/1.1" 499 0 "https://lamphimquangcao.net/wp-content/im979e12/index.php?id=66704" "Mozilla/5.0 (Windows NT 10.0; Win64; x64) AppleWebKit/537.36 (KHTML, like Gecko) Chrome/58.0.3029.110 Safari/537.3"
66.249.66.163 - - [04/Nov/2025:02:29:57 +0000] "GET /?i=2591594640013&channel=107e01&from=https://lamphimquangcao.net/brand.html?38bao128.html HTTP/1.1" 200 22956 "-" "Mozilla/5.0 (Linux; Android 6.0.1; Nexus 5X Build/MMB29P) AppleWebKit/537.36 (KHTML, like Gecko) Chrome/141.0.7390.122 Mobile Safari/537.36 (compatible; Googlebot/2.1; +http://www.google.com/bot.html)"
74.7.227.114 - - [04/Nov/2025:02:30:06 +0000] "GET /37atle605.html HTTP/1.1" 404 0 "-" "Mozilla/5.0 AppleWebKit/537.36 (KHTML, like Gecko; compatible; GPTBot/1.2; +https://openai.com/gptbot)"
45.227.253.15 - - [04/Nov/2025:02:30:15 +0000] "GET /?of=1 HTTP/1.1" 200 14196 "-" "Mozilla/5.0 (Windows NT 10.0; Win64; x64; rv:82.0) Gecko/20100101 Firefox/82.0"
66.249.71.3 - - [04/Nov/2025:02:30:18 +0000] "GET /?products=1421205024 HTTP/1.1" 200 24025 "-" "Mozilla/5.0 (Linux; Android 6.0.1; Nexus 5X Build/MMB29P) AppleWebKit/537.36 (KHTML, like Gecko) Chrome/141.0.7390.122 Mobile Safari/537.36 (compatible; Googlebot/2.1; +http://www.google.com/bot.html)"
51.79.248.20 - - [04/Nov/2025:02:30:36 +0000] "POST /wp-cron.php?doing_wp_cron=1762223436.7593419551849365234375 HTTP/1.1" 403 250 "-" "WordPress/6.8.3; https://lamphimquangcao.net"
74.7.227.114 - - [04/Nov/2025:02:30:36 +0000] "GET /42xbq46464.html HTTP/1.1" 404 0 "-" "Mozilla/5.0 AppleWebKit/537.36 (KHTML, like Gecko; compatible; GPTBot/1.2; +https://openai.com/gptbot)"
114.119.131.139 - - [04/Nov/2025:02:30:40 +0000] "GET /q-~98nUTCkWc4joV7zqRIvmV5nQWb8jtf0G5701 HTTP/1.1" 404 0 "https://lamphimquangcao.net/sitemap791.xml" "Mozilla/5.0 (Linux; Android 7.0;) AppleWebKit/537.36 (KHTML, like Gecko) Mobile Safari/537.36 (compatible; PetalBot;+https://webmaster.petalsearch.com/site/petalbot)"
74.7.227.114 - - [04/Nov/2025:02:31:04 +0000] "GET /76hhyp924.html HTTP/1.1" 404 0 "-" "Mozilla/5.0 AppleWebKit/537.36 (KHTML, like Gecko; compatible; GPTBot/1.2; +https://openai.com/gptbot)"
66.249.66.163 - - [04/Nov/2025:02:31:22 +0000] "GET /q-~59fUny1ahtWWRP18wkI3ZjPz6uAWHdpR702/ HTTP/1.1" 200 23100 "-" "Mozilla/5.0 (Linux; Android 6.0.1; Nexus 5X Build/MMB29P) AppleWebKit/537.36 (KHTML, like Gecko) Chrome/141.0.7390.122 Mobile Safari/537.36 (compatible; Googlebot/2.1; +http://www.google.com/bot.html)"
74.7.227.114 - - [04/Nov/2025:02:31:33 +0000] "GET /q-~266X8vjTmINSiF67NneSe1WuDHAx6aTep95/ HTTP/1.1" 404 0 "-" "Mozilla/5.0 AppleWebKit/537.36 (KHTML, like Gecko; compatible; GPTBot/1.2; +https://openai.com/gptbot)"
66.249.71.1 - - [04/Nov/2025:02:31:43 +0000] "GET /47jnmpv223.html HTTP/1.1" 200 23057 "-" "Mozilla/5.0 (Linux; Android 6.0.1; Nexus 5X Build/MMB29P) AppleWebKit/537.36 (KHTML, like Gecko) Chrome/141.0.7390.122 Mobile Safari/537.36 (compatible; Googlebot/2.1; +http://www.google.com/bot.html)"
51.79.248.20 - - [04/Nov/2025:02:32:00 +0000] "POST /wp-cron.php?doing_wp_cron=1762223520.5222599506378173828125 HTTP/1.1" 403 250 "-" "WordPress/6.8.3; https://lamphimquangcao.net"
74.7.227.114 - - [04/Nov/2025:02:32:00 +0000] "GET /q-~12uPYwLJGPPQ2HQ10dNS6wS1DGQGCRXc869/ HTTP/1.1" 404 0 "-" "Mozilla/5.0 AppleWebKit/537.36 (KHTML, like Gecko; compatible; GPTBot/1.2; +https://openai.com/gptbot)"
66.249.71.2 - - [04/Nov/2025:02:32:04 +0000] "GET /?products=1704187860 HTTP/1.1" 200 22673 "-" "Mozilla/5.0 (compatible; Googlebot/2.1; +http://www.google.com/bot.html)"
114.119.131.139 - - [04/Nov/2025:02:32:05 +0000] "GET /q-~98mfCnhlTn2Ipex7taGUQjy4FsEYDdaX17331 HTTP/1.1" 404 0 "https://lamphimquangcao.net/sitemap602.xml" "Mozilla/5.0 (Linux; Android 7.0;) AppleWebKit/537.36 (KHTML, like Gecko) Mobile Safari/537.36 (compatible; PetalBot;+https://webmaster.petalsearch.com/site/petalbot)"
69.197.179.242 - - [04/Nov/2025:02:32:10 +0000] "GET /wp-content/im979e12/index.php?id=66704 HTTP/1.1" 499 0 "https://lamphimquangcao.net/wp-content/im979e12/index.php?id=66704" "Mozilla/5.0 (Windows NT 10.0; Win64; x64) AppleWebKit/537.36 (KHTML, like Gecko) Chrome/58.0.3029.110 Safari/537.3"
66.249.66.164 - - [04/Nov/2025:02:32:26 +0000] "GET /?products=1496229974 HTTP/1.1" 200 23524 "-" "Mozilla/5.0 (Linux; Android 6.0.1; Nexus 5X Build/MMB29P) AppleWebKit/537.36 (KHTML, like Gecko) Chrome/141.0.7390.122 Mobile Safari/537.36 (compatible; Googlebot/2.1; +http://www.google.com/bot.html)"
74.7.227.114 - - [04/Nov/2025:02:32:29 +0000] "GET /q-~263KIMn56QHHG5GHRpjtYQyYtkt4hv7BP64/ HTTP/1.1" 404 0 "-" "Mozilla/5.0 AppleWebKit/537.36 (KHTML, like Gecko; compatible; GPTBot/1.2; +https://openai.com/gptbot)"
66.249.71.1 - - [04/Nov/2025:02:32:47 +0000] "GET /?i=2591594640013&channel=107e01&from=https://lamphimquangcao.net/brand.html?290xkur11338.html HTTP/1.1" 200 24989 "-" "Mozilla/5.0 (Linux; Android 6.0.1; Nexus 5X Build/MMB29P) AppleWebKit/537.36 (KHTML, like Gecko) Chrome/141.0.7390.122 Mobile Safari/537.36 (compatible; Googlebot/2.1; +http://www.google.com/bot.html)"
74.7.227.114 - - [04/Nov/2025:02:32:59 +0000] "GET /q-~11HTj1aR2F6dk3PlHtQQEKTrbRO8wIJE466/ HTTP/1.1" 404 0 "-" "Mozilla/5.0 AppleWebKit/537.36 (KHTML, like Gecko; compatible; GPTBot/1.2; +https://openai.com/gptbot)"
51.79.248.20 - - [04/Nov/2025:02:33:27 +0000] "POST /wp-cron.php?doing_wp_cron=1762223607.0187160968780517578125 HTTP/1.1" 403 250 "-" "WordPress/6.8.3; https://lamphimquangcao.net"
74.7.227.114 - - [04/Nov/2025:02:33:27 +0000] "GET /q-~3MW1yuOenSNcxn2HLfHQ2iuAi4yn6iY1978/ HTTP/1.1" 404 0 "-" "Mozilla/5.0 AppleWebKit/537.36 (KHTML, like Gecko; compatible; GPTBot/1.2; +https://openai.com/gptbot)"
66.249.66.165 - - [04/Nov/2025:02:33:31 +0000] "GET /?products=1154907802 HTTP/1.1" 200 22848 "-" "Mozilla/5.0 (Linux; Android 6.0.1; Nexus 5X Build/MMB29P) AppleWebKit/537.36 (KHTML, like Gecko) Chrome/141.0.7390.122 Mobile Safari/537.36 (compatible; Googlebot/2.1; +http://www.google.com/bot.html)"
114.119.152.32 - - [04/Nov/2025:02:33:33 +0000] "GET /q-~98mSCHNIi1xXjf7oR8RQOYFFYQhgF76D12769 HTTP/1.1" 404 0 "https://lamphimquangcao.net/sitemap537.xml" "Mozilla/5.0 (Linux; Android 7.0;) AppleWebKit/537.36 (KHTML, like Gecko) Mobile Safari/537.36 (compatible; PetalBot;+https://webmaster.petalsearch.com/site/petalbot)"
66.249.71.1 - - [04/Nov/2025:02:33:54 +0000] "GET /q-~54QgD0kXyrPVb4jhCfD8N6YgEjFyvRsi6965/ HTTP/1.1" 200 22841 "-" "Mozilla/5.0 (Linux; Android 6.0.1; Nexus 5X Build/MMB29P) AppleWebKit/537.36 (KHTML, like Gecko) Chrome/141.0.7390.122 Mobile Safari/537.36 (compatible; Googlebot/2.1; +http://www.google.com/bot.html)"
74.7.227.114 - - [04/Nov/2025:02:33:56 +0000] "GET /249vyr38383.html HTTP/1.1" 404 0 "-" "Mozilla/5.0 AppleWebKit/537.36 (KHTML, like Gecko; compatible; GPTBot/1.2; +https://openai.com/gptbot)"
66.249.66.163 - - [04/Nov/2025:02:34:16 +0000] "GET /?products=1421335268 HTTP/1.1" 200 22706 "-" "Mozilla/5.0 (Linux; Android 6.0.1; Nexus 5X Build/MMB29P) AppleWebKit/537.36 (KHTML, like Gecko) Chrome/141.0.7390.122 Mobile Safari/537.36 (compatible; Googlebot/2.1; +http://www.google.com/bot.html)"
69.197.179.242 - - [04/Nov/2025:02:34:17 +0000] "GET /wp-content/im979e12/index.php?id=66704 HTTP/1.1" 499 0 "https://lamphimquangcao.net/wp-content/im979e12/index.php?id=66704" "Mozilla/5.0 (Windows NT 10.0; Win64; x64) AppleWebKit/537.36 (KHTML, like Gecko) Chrome/58.0.3029.110 Safari/537.3"
74.7.227.114 - - [04/Nov/2025:02:34:23 +0000] "GET /q-~173GPxnWnLmV5fcAHXJPe2onys011VfKp14/ HTTP/1.1" 404 0 "-" "Mozilla/5.0 AppleWebKit/537.36 (KHTML, like Gecko; compatible; GPTBot/1.2; +https://openai.com/gptbot)"
66.249.66.163 - - [04/Nov/2025:02:34:39 +0000] "GET /131iovd28919.html HTTP/1.1" 200 30968 "-" "Mozilla/5.0 (compatible; Googlebot/2.1; +http://www.google.com/bot.html)"
51.79.248.20 - - [04/Nov/2025:02:34:51 +0000] "POST /wp-cron.php?doing_wp_cron=1762223691.2561359405517578125000 HTTP/1.1" 403 250 "-" "WordPress/6.8.3; https://lamphimquangcao.net"
74.7.227.114 - - [04/Nov/2025:02:34:51 +0000] "GET /9bpgx9883.html HTTP/1.1" 404 0 "-" "Mozilla/5.0 AppleWebKit/537.36 (KHTML, like Gecko; compatible; GPTBot/1.2; +https://openai.com/gptbot)"
114.119.152.32 - - [04/Nov/2025:02:34:57 +0000] "GET /q-~98mQnSwvqENJsdiHrT5fPhuJgZF2E6Sn1587 HTTP/1.1" 404 0 "https://lamphimquangcao.net/sitemap748.xml" "Mozilla/5.0 (Linux; Android 7.0;) AppleWebKit/537.36 (KHTML, like Gecko) Mobile Safari/537.36 (compatible; PetalBot;+https://webmaster.petalsearch.com/site/petalbot)"
74.7.227.114 - - [04/Nov/2025:02:35:20 +0000] "GET /q-~42vVb0d1qHMLynAh3uYslwx5s4Mqauln511/ HTTP/1.1" 404 0 "-" "Mozilla/5.0 AppleWebKit/537.36 (KHTML, like Gecko; compatible; GPTBot/1.2; +https://openai.com/gptbot)"
66.249.71.2 - - [04/Nov/2025:02:35:27 +0000] "GET /?i=2591594640013&channel=107e01&from=https://lamphimquangcao.net/brand.html?284sbhi4088.html HTTP/1.1" 200 22683 "-" "Mozilla/5.0 (Linux; Android 6.0.1; Nexus 5X Build/MMB29P) AppleWebKit/537.36 (KHTML, like Gecko) Chrome/141.0.7390.122 Mobile Safari/537.36 (compatible; Googlebot/2.1; +http://www.google.com/bot.html)"
74.7.227.114 - - [04/Nov/2025:02:35:48 +0000] "GET /q-~5Xj3dFVv9dWMJWFCT0wK6wIFKiZi0Yk4884/ HTTP/1.1" 404 0 "-" "Mozilla/5.0 AppleWebKit/537.36 (KHTML, like Gecko; compatible; GPTBot/1.2; +https://openai.com/gptbot)"
