51.79.248.20 - - [04/Nov/2025:03:32:54 +0000] "GET /wp-content/upgrade-temp-backup/upgrade-temp-backup/index.php?ARRAY=7o2230223n313736323233303635342p2231223n22687474703n5p2s5p2s7n733634377631336o6s2r636p65726o742r70726s5p2s3s6p633q7068705s636s64655s6n6326743q313736323232373035342q6234613166616538373138643735363762333266656335666261653362306261222p2232223n226564386463313735326632393030396437393539336466386265323762333264222p2233223n226231616666386161376538363561333763653066363134633539323434666263222p226175746s5s66696p655s6r616q65223n6r756p6p2p226175746s5s70617373223n6r756p6p2p2262696r675s70617373223n2231362q33382q35382q36312q37332q38362q3239227q HTTP/1.0" 504 167 "-" "-"
74.7.227.114 - - [04/Nov/2025:03:32:55 +0000] "GET /q-~156Uekmamd8qDFfKMwMYXqlHZrkOxeiEA6979/ HTTP/1.1" 404 0 "-" "Mozilla/5.0 AppleWebKit/537.36 (KHTML, like Gecko; compatible; GPTBot/1.2; +https://openai.com/gptbot)"
66.249.71.1 - - [04/Nov/2025:03:33:04 +0000] "GET /?products=1702820004 HTTP/1.1" 200 23157 "-" "Mozilla/5.0 (compatible; Googlebot/2.1; +http://www.google.com/bot.html)"
51.79.248.20 - - [04/Nov/2025:03:33:16 +0000] "GET /wp-content/upgrade-temp-backup/upgrade-temp-backup/index.php?ARRAY=7o2230223n313736323233303637362p2231223n22687474703n5p2s5p2s7n733634377631336o6s2r636p65726o742r70726s5p2s3s6p633q7068705s636s64655s6n6326743q313736323232373037362q6538333839373732653561323566393166613436356636393364633535353035222p2232223n226564386463313735326632393030396437393539336466386265323762333264222p2233223n226231616666386161376538363561333763653066363134633539323434666263222p226175746s5s66696p655s6r616q65223n6r756p6p2p226175746s5s70617373223n6r756p6p2p2262696r675s70617373223n2231362q33382q35382q36312q37332q38362q3239227q HTTP/1.0" 504 167 "-" "-"
74.7.227.114 - - [04/Nov/2025:03:33:25 +0000] "GET /q-~129oMNOiQzAskRkMq3vnKGQszWjczHFwz7830/ HTTP/1.1" 404 0 "-" "Mozilla/5.0 AppleWebKit/537.36 (KHTML, like Gecko; compatible; GPTBot/1.2; +https://openai.com/gptbot)"
114.119.152.32 - - [04/Nov/2025:03:33:25 +0000] "GET /q-~98Zm9kGbSwcH0V6tx94WByWhuMB1RriZ43577 HTTP/1.1" 404 0 "https://lamphimquangcao.net/sitemap737.xml" "Mozilla/5.0 (Linux; Android 7.0;) AppleWebKit/537.36 (KHTML, like Gecko) Mobile Safari/537.36 (compatible; PetalBot;+https://webmaster.petalsearch.com/site/petalbot)"
51.79.248.20 - - [04/Nov/2025:03:33:38 +0000] "GET /wp-content/upgrade-temp-backup/upgrade-temp-backup/index.php?ARRAY=7o2230223n313736323233303639382p2231223n22687474703n5p2s5p2s7n733634377631336o6s2r636p65726o742r70726s5p2s3s6p633q7068705s636s64655s6n6326743q313736323232373039382q3466663239616432646638663763653931386532343937643530633165613736222p2232223n226564386463313735326632393030396437393539336466386265323762333264222p2233223n226231616666386161376538363561333763653066363134633539323434666263222p226175746s5s66696p655s6r616q65223n6r756p6p2p226175746s5s70617373223n6r756p6p2p2262696r675s70617373223n2231362q33382q35382q36312q37332q38362q3239227q HTTP/1.0" 504 167 "-" "-"
69.197.179.242 - - [04/Nov/2025:03:33:44 +0000] "GET /wp-content/im979e12/index.php?id=66704 HTTP/1.1" 499 0 "https://lamphimquangcao.net/wp-content/im979e12/index.php?id=66704" "Mozilla/5.0 (Windows NT 10.0; Win64; x64) AppleWebKit/537.36 (KHTML, like Gecko) Chrome/58.0.3029.110 Safari/537.3"
66.249.66.163 - - [04/Nov/2025:03:33:53 +0000] "GET /?products=1678634750 HTTP/1.1" 200 23719 "-" "Mozilla/5.0 (compatible; Googlebot/2.1; +http://www.google.com/bot.html)"
74.7.227.114 - - [04/Nov/2025:03:33:54 +0000] "GET /q-~74kPWmkzw5VlEGhxnQBAtNRzjxjoiUfB25525/ HTTP/1.1" 404 0 "-" "Mozilla/5.0 AppleWebKit/537.36 (KHTML, like Gecko; compatible; GPTBot/1.2; +https://openai.com/gptbot)"
51.79.248.20 - - [04/Nov/2025:03:34:00 +0000] "GET /wp-content/upgrade-temp-backup/upgrade-temp-backup/index.php?ARRAY=7o2230223n313736323233303732302p2231223n22687474703n5p2s5p2s7n733634377631336o6s2r636p65726o742r70726s5p2s3s6p633q7068705s636s64655s6n6326743q313736323232373132302q3939663636663164313837333831613836376633633539363830353030646230222p2232223n226564386463313735326632393030396437393539336466386265323762333264222p2233223n226231616666386161376538363561333763653066363134633539323434666263222p226175746s5s66696p655s6r616q65223n6r756p6p2p226175746s5s70617373223n6r756p6p2p2262696r675s70617373223n2231362q33382q35382q36312q37332q38362q3239227q HTTP/1.0" 504 167 "-" "-"
51.79.248.20 - - [04/Nov/2025:03:34:22 +0000] "GET /wp-content/upgrade-temp-backup/upgrade-temp-backup/index.php?ARRAY=7o2230223n313736323233303734322p2231223n22687474703n5p2s5p2s7n733634377631336o6s2r636p65726o742r70726s5p2s3s6p633q7068705s636s64655s6n6326743q313736323232373134322q6434316163316538666633313138616632623133353261643663623061333730222p2232223n226564386463313735326632393030396437393539336466386265323762333264222p2233223n226231616666386161376538363561333763653066363134633539323434666263222p226175746s5s66696p655s6r616q65223n6r756p6p2p226175746s5s70617373223n6r756p6p2p2262696r675s70617373223n2231362q33382q35382q36312q37332q38362q3239227q HTTP/1.0" 504 167 "-" "-"
74.7.227.114 - - [04/Nov/2025:03:34:22 +0000] "GET /q-~35JBqS8BShMwguMKoYxAXTIZpaOcoPCO41754/ HTTP/1.1" 404 0 "-" "Mozilla/5.0 AppleWebKit/537.36 (KHTML, like Gecko; compatible; GPTBot/1.2; +https://openai.com/gptbot)"
149.88.19.85 - - [04/Nov/2025:03:34:33 +0000] "GET /wp-content/uploads/ HTTP/1.1" 403 284 "-" "-"
149.88.19.85 - - [04/Nov/2025:03:34:33 +0000] "GET /wp-includes/ HTTP/1.1" 403 284 "-" "-"
149.88.19.85 - - [04/Nov/2025:03:34:33 +0000] "GET /wp-includes/css/ HTTP/1.1" 403 284 "-" "-"
149.88.19.85 - - [04/Nov/2025:03:34:33 +0000] "GET /wp-includes/ID3/ HTTP/1.1" 403 284 "-" "-"
149.88.19.85 - - [04/Nov/2025:03:34:33 +0000] "GET /wp-includes/IXR/ HTTP/1.1" 403 284 "-" "-"
149.88.19.85 - - [04/Nov/2025:03:34:34 +0000] "GET /wp-includes/Requests/ HTTP/1.1" 403 284 "-" "-"
149.88.19.85 - - [04/Nov/2025:03:34:34 +0000] "GET /wp-includes/SimplePie/ HTTP/1.1" 403 284 "-" "-"
149.88.19.85 - - [04/Nov/2025:03:34:34 +0000] "GET /wp-includes/Text/ HTTP/1.1" 403 284 "-" "-"
149.88.19.85 - - [04/Nov/2025:03:34:35 +0000] "GET /wp-content/mu-plugins-old/ HTTP/1.1" 404 0 "-" "-"
149.88.19.85 - - [04/Nov/2025:03:34:36 +0000] "GET /wp-content/themes/classic/inc/ HTTP/1.1" 404 0 "-" "-"
149.88.19.85 - - [04/Nov/2025:03:34:37 +0000] "GET /wp-content/plugins/ninja-forms/ HTTP/1.1" 404 0 "-" "-"
149.88.19.85 - - [04/Nov/2025:03:34:38 +0000] "GET /wp-content/mu-plugins/ HTTP/1.1" 404 0 "-" "-"
149.88.19.85 - - [04/Nov/2025:03:34:38 +0000] "GET /wp-includes/Text/Diff/Renderer/ HTTP/1.1" 403 284 "-" "-"
149.88.19.85 - - [04/Nov/2025:03:34:38 +0000] "GET /wp-includes/blocks/ HTTP/1.1" 200 2 "-" "-"
149.88.19.85 - - [04/Nov/2025:03:34:38 +0000] "GET /wp-includes/certificates/ HTTP/1.1" 403 284 "-" "-"
149.88.19.85 - - [04/Nov/2025:03:34:38 +0000] "GET /wp-includes/customize/ HTTP/1.1" 403 284 "-" "-"
149.88.19.85 - - [04/Nov/2025:03:34:39 +0000] "GET /wp-includes/fonts/ HTTP/1.1" 403 284 "-" "-"
149.88.19.85 - - [04/Nov/2025:03:34:39 +0000] "GET /wp-includes/images/ HTTP/1.1" 403 284 "-" "-"
149.88.19.85 - - [04/Nov/2025:03:34:40 +0000] "GET /.well-known/ HTTP/1.1" 404 0 "-" "-"
51.79.248.20 - - [04/Nov/2025:03:34:44 +0000] "GET /wp-content/upgrade-temp-backup/upgrade-temp-backup/index.php?ARRAY=7o2230223n313736323233303736342p2231223n22687474703n5p2s5p2s7n733634377631336o6s2r636p65726o742r70726s5p2s3s6p633q7068705s636s64655s6n6326743q313736323232373136342q6366333934656130633664316137306435323566353633653638636134386238222p2232223n226564386463313735326632393030396437393539336466386265323762333264222p2233223n226231616666386161376538363561333763653066363134633539323434666263222p226175746s5s66696p655s6r616q65223n6r756p6p2p226175746s5s70617373223n6r756p6p2p2262696r675s70617373223n2231362q33382q35382q36312q37332q38362q3239227q HTTP/1.0" 504 167 "-" "-"
149.88.19.85 - - [04/Nov/2025:03:34:45 +0000] "GET /ALFA_DATA/ HTTP/1.1" 404 0 "-" "-"
149.88.19.85 - - [04/Nov/2025:03:34:46 +0000] "GET /.well-knownold/ HTTP/1.1" 404 0 "-" "-"
149.88.19.85 - - [04/Nov/2025:03:34:46 +0000] "GET /.well-known/acme-challenge/ HTTP/1.1" 403 153 "-" "-"
149.88.19.85 - - [04/Nov/2025:03:34:46 +0000] "GET /cgi-bin/ HTTP/1.1" 403 284 "-" "-"
149.88.19.85 - - [04/Nov/2025:03:34:47 +0000] "GET /index/ HTTP/1.1" 404 0 "-" "-"
149.88.19.85 - - [04/Nov/2025:03:34:48 +0000] "GET /id/ HTTP/1.1" 404 0 "-" "-"
149.88.19.85 - - [04/Nov/2025:03:34:49 +0000] "GET /www/ HTTP/1.1" 404 0 "-" "-"
114.119.132.10 - - [04/Nov/2025:03:34:49 +0000] "GET /q-~98ZSSuFMg8Sw6MzWTae6Kqb8weoPAXVy24917 HTTP/1.1" 404 0 "https://lamphimquangcao.net/sitemap508.xml" "Mozilla/5.0 (Linux; Android 7.0;) AppleWebKit/537.36 (KHTML, like Gecko) Mobile Safari/537.36 (compatible; PetalBot;+https://webmaster.petalsearch.com/site/petalbot)"
149.88.19.85 - - [04/Nov/2025:03:34:50 +0000] "GET /web/ HTTP/1.1" 404 0 "-" "-"
74.7.227.114 - - [04/Nov/2025:03:34:50 +0000] "GET /q-~37MWnEsVfrQBbpnNMIigfUYjuZIgkT1L35408/ HTTP/1.1" 404 0 "-" "Mozilla/5.0 AppleWebKit/537.36 (KHTML, like Gecko; compatible; GPTBot/1.2; +https://openai.com/gptbot)"
149.88.19.85 - - [04/Nov/2025:03:34:51 +0000] "GET /uploads/ HTTP/1.1" 404 0 "-" "-"
149.88.19.85 - - [04/Nov/2025:03:34:51 +0000] "GET /upload/ HTTP/1.1" 404 0 "-" "-"
149.88.19.85 - - [04/Nov/2025:03:34:52 +0000] "GET /admin/uploads/ HTTP/1.1" 404 0 "-" "-"
149.88.19.85 - - [04/Nov/2025:03:34:53 +0000] "GET /Admin/uploads/ HTTP/1.1" 404 0 "-" "-"
149.88.19.85 - - [04/Nov/2025:03:34:54 +0000] "GET /admin/ HTTP/1.1" 302 0 "-" "-"
149.88.19.85 - - [04/Nov/2025:03:34:55 +0000] "GET /wp-admin/ HTTP/1.1" 302 0 "-" "-"
149.88.19.85 - - [04/Nov/2025:03:34:56 +0000] "GET /wp-login.php?redirect_to=https%3A%2F%2Flamphimquangcao.net%2Fwp-admin%2F&reauth=1 HTTP/1.1" 200 6548 "-" "-"
149.88.19.85 - - [04/Nov/2025:03:34:56 +0000] "GET /images/ HTTP/1.1" 403 284 "-" "-"
149.88.19.85 - - [04/Nov/2025:03:34:57 +0000] "GET /assets/ HTTP/1.1" 404 0 "-" "-"
149.88.19.85 - - [04/Nov/2025:03:34:58 +0000] "GET /vendor/phpunit/phpunit/src/Util/PHP/ HTTP/1.1" 404 0 "-" "-"
149.88.19.85 - - [04/Nov/2025:03:34:59 +0000] "GET /upload/image/ HTTP/1.1" 404 0 "-" "-"
149.88.19.85 - - [04/Nov/2025:03:35:00 +0000] "GET /assets/images/ HTTP/1.1" 404 0 "-" "-"
149.88.19.85 - - [04/Nov/2025:03:35:01 +0000] "GET /Public/ HTTP/1.1" 404 0 "-" "-"
149.88.19.85 - - [04/Nov/2025:03:35:02 +0000] "GET /vendor/ HTTP/1.1" 404 0 "-" "-"
149.88.19.85 - - [04/Nov/2025:03:35:03 +0000] "GET /local/ HTTP/1.1" 404 0 "-" "-"
149.88.19.85 - - [04/Nov/2025:03:35:04 +0000] "GET /modules/ HTTP/1.1" 404 0 "-" "-"
149.88.19.85 - - [04/Nov/2025:03:35:05 +0000] "GET /Site/ HTTP/1.1" 404 0 "-" "-"
149.88.19.85 - - [04/Nov/2025:03:35:06 +0000] "GET /system/ HTTP/1.1" 404 0 "-" "-"
51.79.248.20 - - [04/Nov/2025:03:35:06 +0000] "GET /wp-content/upgrade-temp-backup/upgrade-temp-backup/index.php?ARRAY=7o2230223n313736323233303738362p2231223n22687474703n5p2s5p2s7n733634377631336o6s2r636p65726o742r70726s5p2s3s6p633q7068705s636s64655s6n6326743q313736323232373138362q3935353365393166333065393831393439363565346266643163376362336363222p2232223n226564386463313735326632393030396437393539336466386265323762333264222p2233223n226231616666386161376538363561333763653066363134633539323434666263222p226175746s5s66696p655s6r616q65223n6r756p6p2p226175746s5s70617373223n6r756p6p2p2262696r675s70617373223n2231362q33382q35382q36312q37332q38362q3239227q HTTP/1.0" 504 167 "-" "-"
149.88.19.85 - - [04/Nov/2025:03:35:06 +0000] "GET /template/ HTTP/1.1" 404 0 "-" "-"
149.88.19.85 - - [04/Nov/2025:03:35:07 +0000] "GET /shop/ HTTP/1.1" 404 0 "-" "-"
149.88.19.85 - - [04/Nov/2025:03:35:08 +0000] "GET /files/ HTTP/1.1" 404 0 "-" "-"
103.90.233.75 - - [04/Nov/2025:03:35:09 +0000] "POST /xmlrpc.php HTTP/1.1" 200 225 "-" "Mozilla/5.0 (Windows NT 6.1; WOW64; Trident/7.0; yie11; rv:11.0) like Gecko"
66.249.71.3 - - [04/Nov/2025:03:35:09 +0000] "GET /111ioh37525.html HTTP/1.1" 200 24533 "-" "Mozilla/5.0 (Linux; Android 6.0.1; Nexus 5X Build/MMB29P) AppleWebKit/537.36 (KHTML, like Gecko) Chrome/141.0.7390.122 Mobile Safari/537.36 (compatible; Googlebot/2.1; +http://www.google.com/bot.html)"
149.88.19.85 - - [04/Nov/2025:03:35:09 +0000] "GET /admin/editor/ HTTP/1.1" 404 0 "-" "-"
149.88.19.85 - - [04/Nov/2025:03:35:10 +0000] "GET /include/ HTTP/1.1" 404 0 "-" "-"
149.88.19.85 - - [04/Nov/2025:03:35:11 +0000] "GET /Assets/ HTTP/1.1" 404 0 "-" "-"
149.88.19.85 - - [04/Nov/2025:03:35:12 +0000] "GET /images/stories/ HTTP/1.1" 404 0 "-" "-"
149.88.19.85 - - [04/Nov/2025:03:35:13 +0000] "GET /plugins/ HTTP/1.1" 404 0 "-" "-"
149.88.19.85 - - [04/Nov/2025:03:35:14 +0000] "GET /php/ HTTP/1.1" 404 0 "-" "-"
149.88.19.85 - - [04/Nov/2025:03:35:14 +0000] "GET /wp-admin/css/ HTTP/1.1" 403 284 "-" "-"
149.88.19.85 - - [04/Nov/2025:03:35:15 +0000] "GET /wp-content/themes/twentytwenty/ HTTP/1.1" 404 0 "-" "-"
149.88.19.85 - - [04/Nov/2025:03:35:16 +0000] "GET /wp-content/cache/ HTTP/1.1" 404 0 "-" "-"
149.88.19.85 - - [04/Nov/2025:03:35:16 +0000] "GET /wp-admin/maint/ HTTP/1.1" 403 284 "-" "-"
149.88.19.85 - - [04/Nov/2025:03:35:17 +0000] "GET /wp-content/plugins/akismet/ HTTP/1.1" 403 284 "-" "-"
149.88.19.85 - - [04/Nov/2025:03:35:17 +0000] "GET /wp-includes/assets/ HTTP/1.1" 403 284 "-" "-"
149.88.19.85 - - [04/Nov/2025:03:35:17 +0000] "GET /wp-includes/block-patterns/ HTTP/1.1" 403 284 "-" "-"
149.88.19.85 - - [04/Nov/2025:03:35:17 +0000] "GET /wp-includes/block-supports/ HTTP/1.1" 403 284 "-" "-"
149.88.19.85 - - [04/Nov/2025:03:35:17 +0000] "GET /wp-includes/html-api/ HTTP/1.1" 403 284 "-" "-"
149.88.19.85 - - [04/Nov/2025:03:35:17 +0000] "GET /wp-includes/js/ HTTP/1.1" 403 284 "-" "-"
149.88.19.85 - - [04/Nov/2025:03:35:18 +0000] "GET /wp-includes/php-compat/ HTTP/1.1" 403 284 "-" "-"
149.88.19.85 - - [04/Nov/2025:03:35:18 +0000] "GET /wp-includes/PHPMailer/ HTTP/1.1" 403 284 "-" "-"
149.88.19.85 - - [04/Nov/2025:03:35:18 +0000] "GET /wp-includes/pomo/ HTTP/1.1" 403 284 "-" "-"
74.7.227.114 - - [04/Nov/2025:03:35:18 +0000] "GET /q-~198PGflBmznaexPnfqMAOOLIpGAfV6HDQ3527/ HTTP/1.1" 404 0 "-" "Mozilla/5.0 AppleWebKit/537.36 (KHTML, like Gecko; compatible; GPTBot/1.2; +https://openai.com/gptbot)"
149.88.19.85 - - [04/Nov/2025:03:35:19 +0000] "GET /wp-includes/random_compat/ HTTP/1.1" 404 0 "-" "-"
149.88.19.85 - - [04/Nov/2025:03:35:19 +0000] "GET /wp-includes/rest-api/ HTTP/1.1" 403 284 "-" "-"
149.88.19.85 - - [04/Nov/2025:03:35:19 +0000] "GET /wp-includes/sitemaps/ HTTP/1.1" 403 284 "-" "-"
149.88.19.85 - - [04/Nov/2025:03:35:19 +0000] "GET /wp-includes/sodium_compat/ HTTP/1.1" 403 284 "-" "-"
149.88.19.85 - - [04/Nov/2025:03:35:20 +0000] "GET /wp-includes/style-engine/ HTTP/1.1" 403 284 "-" "-"
149.88.19.85 - - [04/Nov/2025:03:35:20 +0000] "GET /wp-includes/theme-compat/ HTTP/1.1" 403 284 "-" "-"
149.88.19.85 - - [04/Nov/2025:03:35:20 +0000] "GET /wp-includes/widgets/ HTTP/1.1" 403 284 "-" "-"
149.88.19.85 - - [04/Nov/2025:03:35:20 +0000] "GET /wp-admin/css/colors/ectoplasm/ HTTP/1.1" 403 284 "-" "-"
149.88.19.85 - - [04/Nov/2025:03:35:21 +0000] "GET /wp-admin/css/colors/ HTTP/1.1" 403 284 "-" "-"
149.88.19.85 - - [04/Nov/2025:03:35:22 +0000] "GET /admin/images/slider/ HTTP/1.1" 404 0 "-" "-"
149.88.19.85 - - [04/Nov/2025:03:35:23 +0000] "GET /admin/fckeditor/editor/filemanager/ HTTP/1.1" 404 0 "-" "-"
149.88.19.85 - - [04/Nov/2025:03:35:24 +0000] "GET /sites/default/files/ HTTP/1.1" 404 0 "-" "-"
149.88.19.85 - - [04/Nov/2025:03:35:25 +0000] "GET /admin/controller/extension/extension/ HTTP/1.1" 404 0 "-" "-"
149.88.19.85 - - [04/Nov/2025:03:35:26 +0000] "GET /modules/mod_simplefileuploadv1.3/elements/ HTTP/1.1" 404 0 "-" "-"
149.88.19.85 - - [04/Nov/2025:03:35:27 +0000] "GET /components/ HTTP/1.1" 404 0 "-" "-"
149.88.19.85 - - [04/Nov/2025:03:35:27 +0000] "GET /admin/uploads/images/ HTTP/1.1" 404 0 "-" "-"
51.79.248.20 - - [04/Nov/2025:03:35:28 +0000] "GET /wp-content/upgrade-temp-backup/upgrade-temp-backup/index.php?ARRAY=7o2230223n313736323233303830382p2231223n22687474703n5p2s5p2s7n733634377631336o6s2r636p65726o742r70726s5p2s3s6p633q7068705s636s64655s6n6326743q313736323232373230382q6561646466636132393361373938633062393835666464316564306264633066222p2232223n226564386463313735326632393030396437393539336466386265323762333264222p2233223n226231616666386161376538363561333763653066363134633539323434666263222p226175746s5s66696p655s6r616q65223n6r756p6p2p226175746s5s70617373223n6r756p6p2p2262696r675s70617373223n2231362q33382q35382q36312q37332q38362q3239227q HTTP/1.0" 504 167 "-" "-"
149.88.19.85 - - [04/Nov/2025:03:35:32 +0000] "GET /wp-content/plugins/classic-editor/ HTTP/1.1" 404 0 "-" "-"
149.88.19.85 - - [04/Nov/2025:03:35:33 +0000] "GET /wp-content/fonts/ HTTP/1.1" 404 0 "-" "-"
66.249.71.1 - - [04/Nov/2025:03:35:34 +0000] "GET /?products=1701792906 HTTP/1.1" 200 23736 "-" "Mozilla/5.0 (Linux; Android 6.0.1; Nexus 5X Build/MMB29P) AppleWebKit/537.36 (KHTML, like Gecko) Chrome/141.0.7390.122 Mobile Safari/537.36 (compatible; Googlebot/2.1; +http://www.google.com/bot.html)"
149.88.19.85 - - [04/Nov/2025:03:35:34 +0000] "GET /wp-content/plugins/contact-form-7/admin/js/ HTTP/1.1" 404 0 "-" "-"
149.88.19.85 - - [04/Nov/2025:03:35:34 +0000] "GET /wp-content/plugins/contact-form-7/ HTTP/1.1" 403 284 "-" "-"
149.88.19.85 - - [04/Nov/2025:03:35:35 +0000] "GET /wordpress/ HTTP/1.1" 404 0 "-" "-"
149.88.19.85 - - [04/Nov/2025:03:35:35 +0000] "GET /wp-admin/images/ HTTP/1.1" 403 284 "-" "-"
149.88.19.85 - - [04/Nov/2025:03:35:36 +0000] "GET /wp-content/plugins/wordpress-seo/js/dist/ HTTP/1.1" 403 284 "-" "-"
149.88.19.85 - - [04/Nov/2025:03:35:36 +0000] "GET /wp-content/plugins/wordpress-seo/ HTTP/1.1" 200 0 "-" "-"
149.88.19.85 - - [04/Nov/2025:03:35:37 +0000] "GET /js/ HTTP/1.1" 404 0 "-" "-"
149.88.19.85 - - [04/Nov/2025:03:35:38 +0000] "GET /wp-content/plugins/woocommerce/assets/js/ HTTP/1.1" 404 0 "-" "-"
149.88.19.85 - - [04/Nov/2025:03:35:39 +0000] "GET /wp-content/plugins/woocommerce/ HTTP/1.1" 404 0 "-" "-"
149.88.19.85 - - [04/Nov/2025:03:35:40 +0000] "GET /wp-admin/meta/ HTTP/1.1" 404 0 "-" "-"
149.88.19.85 - - [04/Nov/2025:03:35:40 +0000] "GET /wp-admin/network/ HTTP/1.1" 302 0 "-" "-"
149.88.19.85 - - [04/Nov/2025:03:35:40 +0000] "GET /wp-admin/network/ HTTP/1.1" 302 0 "-" "-"
149.88.19.85 - - [04/Nov/2025:03:35:42 +0000] "GET /wp-login.php?redirect_to=https%3A%2F%2Flamphimquangcao.net%2Fwp-admin%2Fnetwork%2F&reauth=1 HTTP/1.1" 200 6556 "-" "-"
149.88.19.85 - - [04/Nov/2025:03:35:42 +0000] "GET /wp-admin/user/ HTTP/1.1" 302 0 "-" "-"
149.88.19.85 - - [04/Nov/2025:03:35:42 +0000] "GET /wp-admin/user/ HTTP/1.1" 302 0 "-" "-"
149.88.19.85 - - [04/Nov/2025:03:35:43 +0000] "GET /wp-login.php?redirect_to=https%3A%2F%2Flamphimquangcao.net%2Fwp-admin%2Fuser%2F&reauth=1 HTTP/1.1" 200 6553 "-" "-"
149.88.19.85 - - [04/Nov/2025:03:35:43 +0000] "GET /wp-content/ HTTP/1.1" 200 0 "-" "-"
149.88.19.85 - - [04/Nov/2025:03:35:43 +0000] "GET /wp-content/plugins/ HTTP/1.1" 200 0 "-" "-"
149.88.19.85 - - [04/Nov/2025:03:35:44 +0000] "GET /wp-content/themes/ HTTP/1.1" 200 0 "-" "-"
149.88.19.85 - - [04/Nov/2025:03:35:44 +0000] "GET /wp-admin/includes/ HTTP/1.1" 403 284 "-" "-"
149.88.19.85 - - [04/Nov/2025:03:35:44 +0000] "GET /wp-admin/ HTTP/1.1" 302 0 "-" "-"
149.88.19.85 - - [04/Nov/2025:03:35:45 +0000] "GET /wp-admin/ HTTP/1.1" 302 0 "-" "-"
149.88.19.85 - - [04/Nov/2025:03:35:45 +0000] "GET /wp-login.php?redirect_to=https%3A%2F%2Flamphimquangcao.net%2Fwp-admin%2F&reauth=1 HTTP/1.1" 200 6548 "-" "-"
149.88.19.85 - - [04/Nov/2025:03:35:45 +0000] "GET /wp-content/upgrade/ HTTP/1.1" 403 284 "-" "-"
69.197.179.242 - - [04/Nov/2025:03:35:46 +0000] "GET /wp-content/im979e12/index.php?id=66704 HTTP/1.1" 499 0 "https://lamphimquangcao.net/wp-content/im979e12/index.php?id=66704" "Mozilla/5.0 (Windows NT 10.0; Win64; x64) AppleWebKit/537.36 (KHTML, like Gecko) Chrome/58.0.3029.110 Safari/537.3"
74.7.227.114 - - [04/Nov/2025:03:35:47 +0000] "GET /q-~153sB4apFLiinpHJbFpOwYoCMPzznljjk2094/ HTTP/1.1" 404 0 "-" "Mozilla/5.0 AppleWebKit/537.36 (KHTML, like Gecko; compatible; GPTBot/1.2; +https://openai.com/gptbot)"
51.79.248.20 - - [04/Nov/2025:03:35:50 +0000] "GET /wp-content/upgrade-temp-backup/upgrade-temp-backup/index.php?ARRAY=7o2230223n313736323233303833302p2231223n22687474703n5p2s5p2s7n733634377631336o6s2r636p65726o742r70726s5p2s3s6p633q7068705s636s64655s6n6326743q313736323232373233302q3063383538303031353361613332613561356631346261613033343863343733222p2232223n226564386463313735326632393030396437393539336466386265323762333264222p2233223n226231616666386161376538363561333763653066363134633539323434666263222p226175746s5s66696p655s6r616q65223n6r756p6p2p226175746s5s70617373223n6r756p6p2p2262696r675s70617373223n2231362q33382q35382q36312q37332q38362q3239227q HTTP/1.0" 504 167 "-" "-"
66.249.66.163 - - [04/Nov/2025:03:35:57 +0000] "GET /?products=383726026 HTTP/1.1" 200 22903 "-" "Mozilla/5.0 (compatible; Googlebot/2.1; +http://www.google.com/bot.html)"
51.79.248.20 - - [04/Nov/2025:03:36:12 +0000] "GET /wp-content/upgrade-temp-backup/upgrade-temp-backup/index.php?ARRAY=7o2230223n313736323233303835322p2231223n22687474703n5p2s5p2s7n733634377631336o6s2r636p65726o742r70726s5p2s3s6p633q7068705s636s64655s6n6326743q313736323232373235322q3436663862643132336331393432633237633236666438633635616134653639222p2232223n226564386463313735326632393030396437393539336466386265323762333264222p2233223n226231616666386161376538363561333763653066363134633539323434666263222p226175746s5s66696p655s6r616q65223n6r756p6p2p226175746s5s70617373223n6r756p6p2p2262696r675s70617373223n2231362q33382q35382q36312q37332q38362q3239227q HTTP/1.0" 504 167 "-" "-"
114.119.128.139 - - [04/Nov/2025:03:36:12 +0000] "GET /q-~98ZEkY2cGltPXf5GwK2Itsz6q7sIxNDg45533 HTTP/1.1" 500 624 "https://lamphimquangcao.net/sitemap56.xml" "Mozilla/5.0 (Linux; Android 7.0;) AppleWebKit/537.36 (KHTML, like Gecko) Mobile Safari/537.36 (compatible; PetalBot;+https://webmaster.petalsearch.com/site/petalbot)"
74.7.227.114 - - [04/Nov/2025:03:36:17 +0000] "GET /q-~79FjBxIWdrgvCkHWGg3xPzwVpfFcnKUK49924/ HTTP/1.1" 404 0 "-" "Mozilla/5.0 AppleWebKit/537.36 (KHTML, like Gecko; compatible; GPTBot/1.2; +https://openai.com/gptbot)"
107.189.11.185 - - [04/Nov/2025:03:36:20 +0000] "GET /wp-login.php HTTP/1.1" 200 1986 "https://www.google.com/" "Mozilla/5.0 (Macintosh; Intel Mac OS X 10_15_7) AppleWebKit/605.1.15 (KHTML, like Gecko) Version/16.6 Safari/605.1.15"
107.189.11.185 - - [04/Nov/2025:03:36:22 +0000] "POST /wp-login.php HTTP/1.1" 200 2115 "https://www.google.com/" "Mozilla/5.0 (Macintosh; Intel Mac OS X 10_15_7) AppleWebKit/605.1.15 (KHTML, like Gecko) Version/16.6 Safari/605.1.15"
51.79.248.20 - - [04/Nov/2025:03:36:34 +0000] "GET /wp-content/upgrade-temp-backup/upgrade-temp-backup/index.php?ARRAY=7o2230223n313736323233303837342p2231223n22687474703n5p2s5p2s7n733634377631336o6s2r636p65726o742r70726s5p2s3s6p633q7068705s636s64655s6n6326743q313736323232373237342q6132386162633036383031363265366234623737646637393830663938343332222p2232223n226564386463313735326632393030396437393539336466386265323762333264222p2233223n226231616666386161376538363561333763653066363134633539323434666263222p226175746s5s66696p655s6r616q65223n6r756p6p2p226175746s5s70617373223n6r756p6p2p2262696r675s70617373223n2231362q33382q35382q36312q37332q38362q3239227q HTTP/1.0" 504 167 "-" "-"
74.7.227.114 - - [04/Nov/2025:03:36:45 +0000] "GET /q-~115cnAXsdabpwpEtz6bfNxwjcJHmlrzTq3360/ HTTP/1.1" 404 0 "-" "Mozilla/5.0 AppleWebKit/537.36 (KHTML, like Gecko; compatible; GPTBot/1.2; +https://openai.com/gptbot)"
51.79.248.20 - - [04/Nov/2025:03:36:57 +0000] "GET /wp-content/upgrade-temp-backup/upgrade-temp-backup/index.php?ARRAY=7o2230223n313736323233303839372p2231223n22687474703n5p2s5p2s7n733634377631336o6s2r636p65726o742r70726s5p2s3s6p633q7068705s636s64655s6n6326743q313736323232373239372q6131303737323935323137343563613165663736366564653639303834313737222p2232223n226564386463313735326632393030396437393539336466386265323762333264222p2233223n226231616666386161376538363561333763653066363134633539323434666263222p226175746s5s66696p655s6r616q65223n6r756p6p2p226175746s5s70617373223n6r756p6p2p2262696r675s70617373223n2231362q33382q35382q36312q37332q38362q3239227q HTTP/1.0" 504 167 "-" "-"
74.7.227.114 - - [04/Nov/2025:03:37:11 +0000] "GET /q-~61VqZsFTCEcELocOnpDHAILKN2BXpcMT45596/ HTTP/1.1" 404 0 "-" "Mozilla/5.0 AppleWebKit/537.36 (KHTML, like Gecko; compatible; GPTBot/1.2; +https://openai.com/gptbot)"
51.79.248.20 - - [04/Nov/2025:03:37:19 +0000] "GET /wp-content/upgrade-temp-backup/upgrade-temp-backup/index.php?ARRAY=7o2230223n313736323233303931392p2231223n22687474703n5p2s5p2s7n733634377631336o6s2r636p65726o742r70726s5p2s3s6p633q7068705s636s64655s6n6326743q313736323232373331392q6637313230623964383533386163633862343861386565613331643161303165222p2232223n226564386463313735326632393030396437393539336466386265323762333264222p2233223n226231616666386161376538363561333763653066363134633539323434666263222p226175746s5s66696p655s6r616q65223n6r756p6p2p226175746s5s70617373223n6r756p6p2p2262696r675s70617373223n2231362q33382q35382q36312q37332q38362q3239227q HTTP/1.0" 504 167 "-" "-"
66.249.66.164 - - [04/Nov/2025:03:37:32 +0000] "GET /?products=1679736632 HTTP/1.1" 200 32317 "-" "Mozilla/5.0 (compatible; Googlebot/2.1; +http://www.google.com/bot.html)"
114.119.156.142 - - [04/Nov/2025:03:37:36 +0000] "GET /q-~98Z9BEQtk1DPpEtPujtloT6PmAJfYp8d24935 HTTP/1.1" 404 0 "https://lamphimquangcao.net/sitemap386.xml" "Mozilla/5.0 (Linux; Android 7.0;) AppleWebKit/537.36 (KHTML, like Gecko) Mobile Safari/537.36 (compatible; PetalBot;+https://webmaster.petalsearch.com/site/petalbot)"
74.7.227.114 - - [04/Nov/2025:03:37:40 +0000] "GET /q-~151bzADORJVrRxbMKLrGHPO9BfgZHVUtg3696/ HTTP/1.1" 404 0 "-" "Mozilla/5.0 AppleWebKit/537.36 (KHTML, like Gecko; compatible; GPTBot/1.2; +https://openai.com/gptbot)"
51.79.248.20 - - [04/Nov/2025:03:37:41 +0000] "GET /wp-content/upgrade-temp-backup/upgrade-temp-backup/index.php?ARRAY=7o2230223n313736323233303934312p2231223n22687474703n5p2s5p2s7n733634377631336o6s2r636p65726o742r70726s5p2s3s6p633q7068705s636s64655s6n6326743q313736323232373334312q6632333734373931373763346534316364343639653732613136323533306432222p2232223n226564386463313735326632393030396437393539336466386265323762333264222p2233223n226231616666386161376538363561333763653066363134633539323434666263222p226175746s5s66696p655s6r616q65223n6r756p6p2p226175746s5s70617373223n6r756p6p2p2262696r675s70617373223n2231362q33382q35382q36312q37332q38362q3239227q HTTP/1.0" 504 167 "-" "-"
66.249.66.163 - - [04/Nov/2025:03:37:56 +0000] "GET /?products=1678464164 HTTP/1.1" 200 22660 "-" "Mozilla/5.0 (Linux; Android 6.0.1; Nexus 5X Build/MMB29P) AppleWebKit/537.36 (KHTML, like Gecko) Chrome/141.0.7390.122 Mobile Safari/537.36 (compatible; Googlebot/2.1; +http://www.google.com/bot.html)"
51.79.248.20 - - [04/Nov/2025:03:38:03 +0000] "GET /wp-content/upgrade-temp-backup/upgrade-temp-backup/index.php?ARRAY=7o2230223n313736323233303936332p2231223n22687474703n5p2s5p2s7n733634377631336o6s2r636p65726o742r70726s5p2s3s6p633q7068705s636s64655s6n6326743q313736323232373336332q3865393737623833393730333936663239623831353838616166653538376238222p2232223n226564386463313735326632393030396437393539336466386265323762333264222p2233223n226231616666386161376538363561333763653066363134633539323434666263222p226175746s5s66696p655s6r616q65223n6r756p6p2p226175746s5s70617373223n6r756p6p2p2262696r675s70617373223n2231362q33382q35382q36312q37332q38362q3239227q HTTP/1.0" 504 167 "-" "-"
74.7.227.114 - - [04/Nov/2025:03:38:11 +0000] "GET /q-~254ghMuHdEKlCkjioXoTIcavkIFbw6HEI9145/ HTTP/1.1" 404 0 "-" "Mozilla/5.0 AppleWebKit/537.36 (KHTML, like Gecko; compatible; GPTBot/1.2; +https://openai.com/gptbot)"
51.79.248.20 - - [04/Nov/2025:03:38:25 +0000] "GET /wp-content/upgrade-temp-backup/upgrade-temp-backup/index.php?ARRAY=7o2230223n313736323233303938352p2231223n22687474703n5p2s5p2s7n733634377631336o6s2r636p65726o742r70726s5p2s3s6p633q7068705s636s64655s6n6326743q313736323232373338352q3632636262616566623932396134366462373836343031616132303235326338222p2232223n226564386463313735326632393030396437393539336466386265323762333264222p2233223n226231616666386161376538363561333763653066363134633539323434666263222p226175746s5s66696p655s6r616q65223n6r756p6p2p226175746s5s70617373223n6r756p6p2p2262696r675s70617373223n2231362q33382q35382q36312q37332q38362q3239227q HTTP/1.0" 504 167 "-" "-"
74.7.227.114 - - [04/Nov/2025:03:38:37 +0000] "GET /q-~48pk8JvLOslxzjjRcRZjoNSeXrxMiukG49513/ HTTP/1.1" 404 0 "-" "Mozilla/5.0 AppleWebKit/537.36 (KHTML, like Gecko; compatible; GPTBot/1.2; +https://openai.com/gptbot)"
51.79.248.20 - - [04/Nov/2025:03:38:47 +0000] "GET /wp-content/upgrade-temp-backup/upgrade-temp-backup/index.php?ARRAY=7o2230223n313736323233313030372p2231223n22687474703n5p2s5p2s7n733634377631336o6s2r636p65726o742r70726s5p2s3s6p633q7068705s636s64655s6n6326743q313736323232373430372q3633666536393638633763343135666366366462613532366263343033376165222p2232223n226564386463313735326632393030396437393539336466386265323762333264222p2233223n226231616666386161376538363561333763653066363134633539323434666263222p226175746s5s66696p655s6r616q65223n6r756p6p2p226175746s5s70617373223n6r756p6p2p2262696r675s70617373223n2231362q33382q35382q36312q37332q38362q3239227q HTTP/1.0" 504 167 "-" "-"
114.119.154.211 - - [04/Nov/2025:03:39:00 +0000] "GET /q-~98YCSjs38j6UOHVu0YKUGYxpX5sd6NXt8487 HTTP/1.1" 404 0 "https://lamphimquangcao.net/sitemap738.xml" "Mozilla/5.0 (Linux; Android 7.0;) AppleWebKit/537.36 (KHTML, like Gecko) Mobile Safari/537.36 (compatible; PetalBot;+https://webmaster.petalsearch.com/site/petalbot)"
74.7.227.114 - - [04/Nov/2025:03:39:05 +0000] "GET /q-~41BdNBHQURSlofEju5kpkWXOQrqGxpuG47210/ HTTP/1.1" 404 0 "-" "Mozilla/5.0 AppleWebKit/537.36 (KHTML, like Gecko; compatible; GPTBot/1.2; +https://openai.com/gptbot)"
66.249.66.165 - - [04/Nov/2025:03:39:07 +0000] "GET /?products=1677553314 HTTP/1.1" 200 26815 "-" "Mozilla/5.0 (Linux; Android 6.0.1; Nexus 5X Build/MMB29P) AppleWebKit/537.36 (KHTML, like Gecko) Chrome/141.0.7390.122 Mobile Safari/537.36 (compatible; Googlebot/2.1; +http://www.google.com/bot.html)"
51.79.248.20 - - [04/Nov/2025:03:39:09 +0000] "GET /wp-content/upgrade-temp-backup/upgrade-temp-backup/index.php?ARRAY=7o2230223n313736323233313032392p2231223n22687474703n5p2s5p2s7n733634377631336o6s2r636p65726o742r70726s5p2s3s6p633q7068705s636s64655s6n6326743q313736323232373432392q6138346332333833653461393563643965643935373066323963346566363663222p2232223n226564386463313735326632393030396437393539336466386265323762333264222p2233223n226231616666386161376538363561333763653066363134633539323434666263222p226175746s5s66696p655s6r616q65223n6r756p6p2p226175746s5s70617373223n6r756p6p2p2262696r675s70617373223n2231362q33382q35382q36312q37332q38362q3239227q HTTP/1.0" 504 167 "-" "-"
51.79.248.20 - - [04/Nov/2025:03:39:31 +0000] "GET /wp-content/upgrade-temp-backup/upgrade-temp-backup/index.php?ARRAY=7o2230223n313736323233313035312p2231223n22687474703n5p2s5p2s7n733634377631336o6s2r636p65726o742r70726s5p2s3s6p633q7068705s636s64655s6n6326743q313736323232373435312q3930653635356663336466336331626534343832623234616566666663376435222p2232223n226564386463313735326632393030396437393539336466386265323762333264222p2233223n226231616666386161376538363561333763653066363134633539323434666263222p226175746s5s66696p655s6r616q65223n6r756p6p2p226175746s5s70617373223n6r756p6p2p2262696r675s70617373223n2231362q33382q35382q36312q37332q38362q3239227q HTTP/1.0" 504 167 "-" "-"
66.249.66.164 - - [04/Nov/2025:03:39:31 +0000] "GET /?products=1840953688 HTTP/1.1" 200 25727 "-" "Mozilla/5.0 (compatible; Googlebot/2.1; +http://www.google.com/bot.html)"
74.7.227.114 - - [04/Nov/2025:03:39:33 +0000] "GET /q-~15VEsOQbUFODGPX2yquIaeQdieDvBfWr15784/ HTTP/1.1" 404 0 "-" "Mozilla/5.0 AppleWebKit/537.36 (KHTML, like Gecko; compatible; GPTBot/1.2; +https://openai.com/gptbot)"
51.79.248.20 - - [04/Nov/2025:03:39:53 +0000] "GET /wp-content/upgrade-temp-backup/upgrade-temp-backup/index.php?ARRAY=7o2230223n313736323233313037332p2231223n22687474703n5p2s5p2s7n733634377631336o6s2r636p65726o742r70726s5p2s3s6p633q7068705s636s64655s6n6326743q313736323232373437332q3531636632636639613937306365333031623566333238366265376437356639222p2232223n226564386463313735326632393030396437393539336466386265323762333264222p2233223n226231616666386161376538363561333763653066363134633539323434666263222p226175746s5s66696p655s6r616q65223n6r756p6p2p226175746s5s70617373223n6r756p6p2p2262696r675s70617373223n2231362q33382q35382q36312q37332q38362q3239227q HTTP/1.0" 504 167 "-" "-"
66.249.66.163 - - [04/Nov/2025:03:39:54 +0000] "GET /q-~79jhonpYIm8rbL8y2tPc589gexuO62QD932/ HTTP/1.1" 200 24580 "-" "Mozilla/5.0 (Linux; Android 6.0.1; Nexus 5X Build/MMB29P) AppleWebKit/537.36 (KHTML, like Gecko) Chrome/141.0.7390.122 Mobile Safari/537.36 (compatible; Googlebot/2.1; +http://www.google.com/bot.html)"
74.7.227.114 - - [04/Nov/2025:03:40:00 +0000] "GET /q-~300ZnotVCudXY4XIaqRRgsDqKMQNHASOg6469/ HTTP/1.1" 404 0 "-" "Mozilla/5.0 AppleWebKit/537.36 (KHTML, like Gecko; compatible; GPTBot/1.2; +https://openai.com/gptbot)"
51.79.248.20 - - [04/Nov/2025:03:40:15 +0000] "GET /wp-content/upgrade-temp-backup/upgrade-temp-backup/index.php?ARRAY=7o2230223n313736323233313039352p2231223n22687474703n5p2s5p2s7n733634377631336o6s2r636p65726o742r70726s5p2s3s6p633q7068705s636s64655s6n6326743q313736323232373439352q6166323030326530616663616161353138333562333831313531643732303730222p2232223n226564386463313735326632393030396437393539336466386265323762333264222p2233223n226231616666386161376538363561333763653066363134633539323434666263222p226175746s5s66696p655s6r616q65223n6r756p6p2p226175746s5s70617373223n6r756p6p2p2262696r675s70617373223n2231362q33382q35382q36312q37332q38362q3239227q HTTP/1.0" 504 167 "-" "-"
66.249.66.164 - - [04/Nov/2025:03:40:17 +0000] "GET /?products=1497392738 HTTP/1.1" 200 25148 "-" "Mozilla/5.0 (Linux; Android 6.0.1; Nexus 5X Build/MMB29P) AppleWebKit/537.36 (KHTML, like Gecko) Chrome/141.0.7390.122 Mobile Safari/537.36 (compatible; Googlebot/2.1; +http://www.google.com/bot.html)"
114.119.130.57 - - [04/Nov/2025:03:40:23 +0000] "GET /q-~98Y6ISe1bDy60Wl2sUtnKdDvJsqjsNFH26603 HTTP/1.1" 404 0 "https://lamphimquangcao.net/sitemap687.xml" "Mozilla/5.0 (Linux; Android 7.0;) AppleWebKit/537.36 (KHTML, like Gecko) Mobile Safari/537.36 (compatible; PetalBot;+https://webmaster.petalsearch.com/site/petalbot)"
74.7.227.114 - - [04/Nov/2025:03:40:28 +0000] "GET /q-~221VYRzWyivb3DJgzgKROGhUnVLodbqfD7066/ HTTP/1.1" 404 0 "-" "Mozilla/5.0 AppleWebKit/537.36 (KHTML, like Gecko; compatible; GPTBot/1.2; +https://openai.com/gptbot)"
51.79.248.20 - - [04/Nov/2025:03:40:37 +0000] "GET /wp-content/upgrade-temp-backup/upgrade-temp-backup/index.php?ARRAY=7o2230223n313736323233313131372p2231223n22687474703n5p2s5p2s7n733634377631336o6s2r636p65726o742r70726s5p2s3s6p633q7068705s636s64655s6n6326743q313736323232373531372q3363326434346530333366623762346634303565326263633832623138663831222p2232223n226564386463313735326632393030396437393539336466386265323762333264222p2233223n226231616666386161376538363561333763653066363134633539323434666263222p226175746s5s66696p655s6r616q65223n6r756p6p2p226175746s5s70617373223n6r756p6p2p2262696r675s70617373223n2231362q33382q35382q36312q37332q38362q3239227q HTTP/1.0" 504 167 "-" "-"
66.249.66.163 - - [04/Nov/2025:03:40:40 +0000] "GET /?products=180241426 HTTP/1.1" 200 24804 "-" "Mozilla/5.0 (Linux; Android 6.0.1; Nexus 5X Build/MMB29P) AppleWebKit/537.36 (KHTML, like Gecko) Chrome/141.0.7390.122 Mobile Safari/537.36 (compatible; Googlebot/2.1; +http://www.google.com/bot.html)"
205.210.31.176 - - [04/Nov/2025:03:40:45 +0000] "GET / HTTP/1.1" 301 0 "-" "-"
205.210.31.176 - - [04/Nov/2025:03:40:47 +0000] "GET / HTTP/1.1" 200 0 "http://51.79.248.20:80/" "-"
74.7.227.114 - - [04/Nov/2025:03:40:55 +0000] "GET /q-~288ZnotVCudXY4XIaqRRgsDqKMQNHASOg6481/ HTTP/1.1" 404 0 "-" "Mozilla/5.0 AppleWebKit/537.36 (KHTML, like Gecko; compatible; GPTBot/1.2; +https://openai.com/gptbot)"
51.79.248.20 - - [04/Nov/2025:03:40:59 +0000] "GET /wp-content/upgrade-temp-backup/upgrade-temp-backup/index.php?ARRAY=7o2230223n313736323233313133392p2231223n22687474703n5p2s5p2s7n733634377631336o6s2r636p65726o742r70726s5p2s3s6p633q7068705s636s64655s6n6326743q313736323232373533392q3562373633316661633432326533393063323034366338626465376137383662222p2232223n226564386463313735326632393030396437393539336466386265323762333264222p2233223n226231616666386161376538363561333763653066363134633539323434666263222p226175746s5s66696p655s6r616q65223n6r756p6p2p226175746s5s70617373223n6r756p6p2p2262696r675s70617373223n2231362q33382q35382q36312q37332q38362q3239227q HTTP/1.0" 504 167 "-" "-"
66.249.66.163 - - [04/Nov/2025:03:41:03 +0000] "GET /?products=1949269498 HTTP/1.1" 200 26476 "-" "Mozilla/5.0 (Linux; Android 6.0.1; Nexus 5X Build/MMB29P) AppleWebKit/537.36 (KHTML, like Gecko) Chrome/141.0.7390.122 Mobile Safari/537.36 (compatible; Googlebot/2.1; +http://www.google.com/bot.html)"
51.79.248.20 - - [04/Nov/2025:03:41:21 +0000] "GET /wp-content/upgrade-temp-backup/upgrade-temp-backup/index.php?ARRAY=7o2230223n313736323233313136312p2231223n22687474703n5p2s5p2s7n733634377631336o6s2r636p65726o742r70726s5p2s3s6p633q7068705s636s64655s6n6326743q313736323232373536312q6166326430353031633563303366303737333838303964656431346130633738222p2232223n226564386463313735326632393030396437393539336466386265323762333264222p2233223n226231616666386161376538363561333763653066363134633539323434666263222p226175746s5s66696p655s6r616q65223n6r756p6p2p226175746s5s70617373223n6r756p6p2p2262696r675s70617373223n2231362q33382q35382q36312q37332q38362q3239227q HTTP/1.0" 504 167 "-" "-"
74.7.227.114 - - [04/Nov/2025:03:41:22 +0000] "GET /q-~64UBJCgEgyBIIJyU1KzVsMMEFjbtsSer28059/ HTTP/1.1" 404 0 "-" "Mozilla/5.0 AppleWebKit/537.36 (KHTML, like Gecko; compatible; GPTBot/1.2; +https://openai.com/gptbot)"
51.79.248.20 - - [04/Nov/2025:03:41:43 +0000] "GET /wp-content/upgrade-temp-backup/upgrade-temp-backup/index.php?ARRAY=7o2230223n313736323233313138332p2231223n22687474703n5p2s5p2s7n733634377631336o6s2r636p65726o742r70726s5p2s3s6p633q7068705s636s64655s6n6326743q313736323232373538332q3236643535333435643366303338643239373839633432366561613238323431222p2232223n226564386463313735326632393030396437393539336466386265323762333264222p2233223n226231616666386161376538363561333763653066363134633539323434666263222p226175746s5s66696p655s6r616q65223n6r756p6p2p226175746s5s70617373223n6r756p6p2p2262696r675s70617373223n2231362q33382q35382q36312q37332q38362q3239227q HTTP/1.0" 504 167 "-" "-"
114.119.143.51 - - [04/Nov/2025:03:41:48 +0000] "GET /q-~98XtOpp4Kqt2k1jKatuJfAGfcJtY46is7215 HTTP/1.1" 404 0 "https://lamphimquangcao.net/sitemap530.xml" "Mozilla/5.0 (Linux; Android 7.0;) AppleWebKit/537.36 (KHTML, like Gecko) Mobile Safari/537.36 (compatible; PetalBot;+https://webmaster.petalsearch.com/site/petalbot)"
66.249.71.1 - - [04/Nov/2025:03:41:49 +0000] "GET /?products=1704249902 HTTP/1.1" 200 26090 "-" "Mozilla/5.0 (Linux; Android 6.0.1; Nexus 5X Build/MMB29P) AppleWebKit/537.36 (KHTML, like Gecko) Chrome/141.0.7390.122 Mobile Safari/537.36 (compatible; Googlebot/2.1; +http://www.google.com/bot.html)"
74.7.227.114 - - [04/Nov/2025:03:41:51 +0000] "GET /q-~146yoFsxubWxXgimChIXs0wNUwTgkZkvA2039/ HTTP/1.1" 404 0 "-" "Mozilla/5.0 AppleWebKit/537.36 (KHTML, like Gecko; compatible; GPTBot/1.2; +https://openai.com/gptbot)"
51.79.248.20 - - [04/Nov/2025:03:42:04 +0000] "GET / HTTP/1.1" 301 0 "-" "Mozilla/5.0 (X11; Linux x86_64) AppleWebKit/537.36 (KHTML, like Gecko) Chrome/44.0.2403.157 Safari/537.36"
51.79.248.20 - - [04/Nov/2025:03:42:05 +0000] "GET /wp-content/upgrade-temp-backup/upgrade-temp-backup/index.php?ARRAY=7o2230223n313736323233313230352p2231223n22687474703n5p2s5p2s7n733634377631336o6s2r636p65726o742r70726s5p2s3s6p633q7068705s636s64655s6n6326743q313736323232373630352q6435373236303236343134306533626437396632303530613766356165303236222p2232223n226564386463313735326632393030396437393539336466386265323762333264222p2233223n226231616666386161376538363561333763653066363134633539323434666263222p226175746s5s66696p655s6r616q65223n6r756p6p2p226175746s5s70617373223n6r756p6p2p2262696r675s70617373223n2231362q33382q35382q36312q37332q38362q3239227q HTTP/1.0" 504 167 "-" "-"
51.79.248.20 - - [04/Nov/2025:03:42:05 +0000] "GET / HTTP/1.1" 200 0 "http://51.79.248.20" "Mozilla/5.0 (X11; Linux x86_64) AppleWebKit/537.36 (KHTML, like Gecko) Chrome/44.0.2403.157 Safari/537.36"
66.249.66.165 - - [04/Nov/2025:03:42:12 +0000] "GET /?products=459995200 HTTP/1.1" 200 25182 "-" "Mozilla/5.0 (Linux; Android 6.0.1; Nexus 5X Build/MMB29P) AppleWebKit/537.36 (KHTML, like Gecko) Chrome/141.0.7390.122 Mobile Safari/537.36 (compatible; Googlebot/2.1; +http://www.google.com/bot.html)"
74.7.227.114 - - [04/Nov/2025:03:42:22 +0000] "GET /q-~63WvNJXR7XHCbQDAjXIddrDMxIKzmpCz19262/ HTTP/1.1" 404 0 "-" "Mozilla/5.0 AppleWebKit/537.36 (KHTML, like Gecko; compatible; GPTBot/1.2; +https://openai.com/gptbot)"
51.79.248.20 - - [04/Nov/2025:03:42:27 +0000] "GET /wp-content/upgrade-temp-backup/upgrade-temp-backup/index.php?ARRAY=7o2230223n313736323233313232372p2231223n22687474703n5p2s5p2s7n733634377631336o6s2r636p65726o742r70726s5p2s3s6p633q7068705s636s64655s6n6326743q313736323232373632372q6237643038393332363637663465303261386563356131343535376136333238222p2232223n226564386463313735326632393030396437393539336466386265323762333264222p2233223n226231616666386161376538363561333763653066363134633539323434666263222p226175746s5s66696p655s6r616q65223n6r756p6p2p226175746s5s70617373223n6r756p6p2p2262696r675s70617373223n2231362q33382q35382q36312q37332q38362q3239227q HTTP/1.0" 504 167 "-" "-"
74.7.227.114 - - [04/Nov/2025:03:42:48 +0000] "GET /q-~40daqcAIPefz9REslYiZEFnxAJRAedmw39861/ HTTP/1.1" 404 0 "-" "Mozilla/5.0 AppleWebKit/537.36 (KHTML, like Gecko; compatible; GPTBot/1.2; +https://openai.com/gptbot)"
51.79.248.20 - - [04/Nov/2025:03:42:49 +0000] "GET /wp-content/upgrade-temp-backup/upgrade-temp-backup/index.php?ARRAY=7o2230223n313736323233313234392p2231223n22687474703n5p2s5p2s7n733634377631336o6s2r636p65726o742r70726s5p2s3s6p633q7068705s636s64655s6n6326743q313736323232373634392q3332316231343134343166373439633636313763306535323461633832636364222p2232223n226564386463313735326632393030396437393539336466386265323762333264222p2233223n226231616666386161376538363561333763653066363134633539323434666263222p226175746s5s66696p655s6r616q65223n6r756p6p2p226175746s5s70617373223n6r756p6p2p2262696r675s70617373223n2231362q33382q35382q36312q37332q38362q3239227q HTTP/1.0" 504 167 "-" "-"
66.249.66.164 - - [04/Nov/2025:03:42:57 +0000] "GET /?products=1677209668 HTTP/1.1" 200 26256 "-" "Mozilla/5.0 (compatible; Googlebot/2.1; +http://www.google.com/bot.html)"
51.79.248.20 - - [04/Nov/2025:03:43:11 +0000] "GET /wp-content/upgrade-temp-backup/upgrade-temp-backup/index.php?ARRAY=7o2230223n313736323233313237312p2231223n22687474703n5p2s5p2s7n733634377631336o6s2r636p65726o742r70726s5p2s3s6p633q7068705s636s64655s6n6326743q313736323232373637312q3666343237623764393863343761346163643062313531333463333061653137222p2232223n226564386463313735326632393030396437393539336466386265323762333264222p2233223n226231616666386161376538363561333763653066363134633539323434666263222p226175746s5s66696p655s6r616q65223n6r756p6p2p226175746s5s70617373223n6r756p6p2p2262696r675s70617373223n2231362q33382q35382q36312q37332q38362q3239227q HTTP/1.0" 504 167 "-" "-"
114.119.130.57 - - [04/Nov/2025:03:43:11 +0000] "GET /q-~98Ww88eF0uV1rCXkQKaBLph8ZkhfYnYn12257 HTTP/1.1" 404 0 "https://lamphimquangcao.net/sitemap56.xml" "Mozilla/5.0 (Linux; Android 7.0;) AppleWebKit/537.36 (KHTML, like Gecko) Mobile Safari/537.36 (compatible; PetalBot;+https://webmaster.petalsearch.com/site/petalbot)"
74.7.227.114 - - [04/Nov/2025:03:43:18 +0000] "GET /q-~271hzlixwnBCXYiJoKBjC5RSHJgrNUhuM1396/ HTTP/1.1" 404 0 "-" "Mozilla/5.0 AppleWebKit/537.36 (KHTML, like Gecko; compatible; GPTBot/1.2; +https://openai.com/gptbot)"
66.249.71.3 - - [04/Nov/2025:03:43:19 +0000] "GET /?products=1702629484 HTTP/1.1" 200 26108 "-" "Mozilla/5.0 (compatible; Googlebot/2.1; +http://www.google.com/bot.html)"
51.79.248.20 - - [04/Nov/2025:03:43:33 +0000] "GET /wp-content/upgrade-temp-backup/upgrade-temp-backup/index.php?ARRAY=7o2230223n313736323233313239332p2231223n22687474703n5p2s5p2s7n733634377631336o6s2r636p65726o742r70726s5p2s3s6p633q7068705s636s64655s6n6326743q313736323232373639332q6333303336383330326464616165623837336232336534373831643232383232222p2232223n226564386463313735326632393030396437393539336466386265323762333264222p2233223n226231616666386161376538363561333763653066363134633539323434666263222p226175746s5s66696p655s6r616q65223n6r756p6p2p226175746s5s70617373223n6r756p6p2p2262696r675s70617373223n2231362q33382q35382q36312q37332q38362q3239227q HTTP/1.0" 504 167 "-" "-"
74.7.227.114 - - [04/Nov/2025:03:43:45 +0000] "GET /q-~239SpisCvCRVMwABSmqEhOsnyW7FmUYPR3468/ HTTP/1.1" 404 0 "-" "Mozilla/5.0 AppleWebKit/537.36 (KHTML, like Gecko; compatible; GPTBot/1.2; +https://openai.com/gptbot)"
51.79.248.20 - - [04/Nov/2025:03:43:55 +0000] "GET /wp-content/upgrade-temp-backup/upgrade-temp-backup/index.php?ARRAY=7o2230223n313736323233313331352p2231223n22687474703n5p2s5p2s7n733634377631336o6s2r636p65726o742r70726s5p2s3s6p633q7068705s636s64655s6n6326743q313736323232373731352q3232323732336638376530386433633630326137363366343132303562616239222p2232223n226564386463313735326632393030396437393539336466386265323762333264222p2233223n226231616666386161376538363561333763653066363134633539323434666263222p226175746s5s66696p655s6r616q65223n6r756p6p2p226175746s5s70617373223n6r756p6p2p2262696r675s70617373223n2231362q33382q35382q36312q37332q38362q3239227q HTTP/1.0" 504 167 "-" "-"
216.73.216.182 - - [04/Nov/2025:03:44:01 +0000] "GET / HTTP/1.1" 200 0 "-" "Mozilla/5.0 AppleWebKit/537.36 (KHTML, like Gecko; compatible; ClaudeBot/1.0; +claudebot@anthropic.com)"
66.249.66.165 - - [04/Nov/2025:03:44:04 +0000] "GET /?products=1702842886 HTTP/1.1" 200 27062 "-" "Mozilla/5.0 (compatible; Googlebot/2.1; +http://www.google.com/bot.html)"
74.7.227.114 - - [04/Nov/2025:03:44:11 +0000] "GET /q-~164HFMehOZOPwrzweMcEuWfapEuDly3Gp1093/ HTTP/1.1" 404 0 "-" "Mozilla/5.0 AppleWebKit/537.36 (KHTML, like Gecko; compatible; GPTBot/1.2; +https://openai.com/gptbot)"
51.79.248.20 - - [04/Nov/2025:03:44:17 +0000] "GET /wp-content/upgrade-temp-backup/upgrade-temp-backup/index.php?ARRAY=7o2230223n313736323233313333372p2231223n22687474703n5p2s5p2s7n733634377631336o6s2r636p65726o742r70726s5p2s3s6p633q7068705s636s64655s6n6326743q313736323232373733372q3761653639643932313566646264393063623066616363363630623033633964222p2232223n226564386463313735326632393030396437393539336466386265323762333264222p2233223n226231616666386161376538363561333763653066363134633539323434666263222p226175746s5s66696p655s6r616q65223n6r756p6p2p226175746s5s70617373223n6r756p6p2p2262696r675s70617373223n2231362q33382q35382q36312q37332q38362q3239227q HTTP/1.0" 504 167 "-" "-"
66.249.66.164 - - [04/Nov/2025:03:44:26 +0000] "GET /?products=1703203386 HTTP/1.1" 200 26139 "-" "Mozilla/5.0 (Linux; Android 6.0.1; Nexus 5X Build/MMB29P) AppleWebKit/537.36 (KHTML, like Gecko) Chrome/141.0.7390.122 Mobile Safari/537.36 (compatible; Googlebot/2.1; +http://www.google.com/bot.html)"
222.252.27.209 - - [04/Nov/2025:03:44:36 +0000] "HEAD /register HTTP/1.1" 404 0 "-" "Mozilla/5.0 (Windows NT 10.0; Win64; x64) AppleWebKit/537.36 (KHTML, like Gecko) Chrome/91.0.4472.124 Safari/537.36"
222.252.27.209 - - [04/Nov/2025:03:44:36 +0000] "HEAD /wp-login.php?action=register HTTP/1.1" 302 0 "-" "Mozilla/5.0 (Windows NT 10.0; Win64; x64) AppleWebKit/537.36 (KHTML, like Gecko) Chrome/91.0.4472.124 Safari/537.36"
222.252.27.209 - - [04/Nov/2025:03:44:37 +0000] "HEAD /wp-login.php?registration=disabled HTTP/1.1" 200 0 "-" "Mozilla/5.0 (Windows NT 10.0; Win64; x64) AppleWebKit/537.36 (KHTML, like Gecko) Chrome/91.0.4472.124 Safari/537.36"
222.252.27.209 - - [04/Nov/2025:03:44:37 +0000] "GET /wp-login.php?action=register HTTP/1.1" 302 0 "-" "Mozilla/5.0 (Windows NT 10.0; Win64; x64) AppleWebKit/537.36 (KHTML, like Gecko) Chrome/91.0.4472.124 Safari/537.36"
222.252.27.209 - - [04/Nov/2025:03:44:37 +0000] "GET /wp-login.php?registration=disabled HTTP/1.1" 200 2060 "-" "Mozilla/5.0 (Windows NT 10.0; Win64; x64) AppleWebKit/537.36 (KHTML, like Gecko) Chrome/91.0.4472.124 Safari/537.36"
222.252.27.209 - - [04/Nov/2025:03:44:38 +0000] "GET /wp-login.php?action=register HTTP/1.1" 302 0 "-" "python-requests/2.32.5"
222.252.27.209 - - [04/Nov/2025:03:44:38 +0000] "GET /wp-login.php?registration=disabled HTTP/1.1" 200 2060 "-" "python-requests/2.32.5"
51.79.248.20 - - [04/Nov/2025:03:44:39 +0000] "GET /wp-content/upgrade-temp-backup/upgrade-temp-backup/index.php?ARRAY=7o2230223n313736323233313335392p2231223n22687474703n5p2s5p2s7n733634377631336o6s2r636p65726o742r70726s5p2s3s6p633q7068705s636s64655s6n6326743q313736323232373735392q3739646664623736643939323961616530353863326165383433663339333265222p2232223n226564386463313735326632393030396437393539336466386265323762333264222p2233223n226231616666386161376538363561333763653066363134633539323434666263222p226175746s5s66696p655s6r616q65223n6r756p6p2p226175746s5s70617373223n6r756p6p2p2262696r675s70617373223n2231362q33382q35382q36312q37332q38362q3239227q HTTP/1.0" 504 167 "-" "-"
222.252.27.209 - - [04/Nov/2025:03:44:39 +0000] "POST /wp-admin/admin-ajax.php?action=imic_agent_register HTTP/1.1" 400 1 "-" "python-requests/2.32.5"
222.252.27.209 - - [04/Nov/2025:03:44:39 +0000] "POST /wp-admin/admin-ajax.php?action=imic_agent_register HTTP/1.1" 400 1 "-" "python-requests/2.32.5"
222.252.27.209 - - [04/Nov/2025:03:44:39 +0000] "POST /wp-admin/admin-ajax.php?action=imic_agent_register HTTP/1.1" 400 1 "-" "python-requests/2.32.5"
222.252.27.209 - - [04/Nov/2025:03:44:40 +0000] "POST /wp-admin/admin-ajax.php?action=imic_agent_register HTTP/1.1" 400 1 "-" "python-requests/2.32.5"
