74.7.227.189 - - [09/Nov/2025:01:02:36 +0000] "GET /?path=//sys/bus/node/devices/node0/memory4/subsystem/devices/memory10/node0/cpu0/subsystem/drivers/processor/cpu0/topology HTTP/1.0" 200 3704 "-" "Mozilla/5.0 AppleWebKit/537.36 (KHTML, like Gecko; compatible; GPTBot/1.2; +https://openai.com/gptbot)"
44.213.202.136 - - [09/Nov/2025:01:02:37 +0000] "GET /our-works/tvc-kimino/?fileloc=//bin/sos-collector&path=//bin HTTP/1.0" 200 3424 "-" "Mozilla/5.0 AppleWebKit/537.36 (KHTML, like Gecko; compatible; Amazonbot/0.1; +https://developer.amazon.com/support/amazonbot) Chrome/119.0.6045.214 Safari/537.36"
74.7.227.51 - - [09/Nov/2025:01:02:37 +0000] "GET /84kgswa20750.html?path=/var/www/lamphim/data/www HTTP/1.0" 200 3165 "-" "Mozilla/5.0 AppleWebKit/537.36 (KHTML, like Gecko; compatible; GPTBot/1.2; +https://openai.com/gptbot)"
40.77.167.151 - - [09/Nov/2025:01:02:38 +0000] "GET /?products=1044082420 HTTP/1.0" 200 26739 "-" "Mozilla/5.0 AppleWebKit/537.36 (KHTML, like Gecko; compatible; bingbot/2.0; +http://www.bing.com/bingbot.htm) Chrome/116.0.1938.76 Safari/537.36"
74.7.227.189 - - [09/Nov/2025:01:02:42 +0000] "GET /?path=//sys/bus/node/devices/node0/memory4/subsystem/devices/memory15/node0/cpu1/firmware_node/power HTTP/1.0" 200 3583 "-" "Mozilla/5.0 AppleWebKit/537.36 (KHTML, like Gecko; compatible; GPTBot/1.2; +https://openai.com/gptbot)"
74.7.227.51 - - [09/Nov/2025:01:02:42 +0000] "GET /89nymsp40941.html?path=/var/www/lamphim/data/www HTTP/1.0" 200 3165 "-" "Mozilla/5.0 AppleWebKit/537.36 (KHTML, like Gecko; compatible; GPTBot/1.2; +https://openai.com/gptbot)"
216.73.216.50 - - [09/Nov/2025:01:02:43 +0000] "GET /our-works/tvc-caltex-havoline?path=%2F%2Fproc%2Fthread-self%2Froot%2Fusr%2Fsrc%2Flinux-headers-5.4.0-214-generic%2Finclude%2Fconfig%2Fuevent HTTP/1.0" 200 3310 "-" "Mozilla/5.0 AppleWebKit/537.36 (KHTML, like Gecko; compatible; ClaudeBot/1.0; +claudebot@anthropic.com)"
34.231.181.240 - - [09/Nov/2025:01:02:43 +0000] "GET /our-works/tvc-bia-hello/?path=//proc/fs/nfsd HTTP/1.0" 200 2879 "-" "Mozilla/5.0 AppleWebKit/537.36 (KHTML, like Gecko; compatible; Amazonbot/0.1; +https://developer.amazon.com/support/amazonbot) Chrome/119.0.6045.214 Safari/537.36"
74.7.227.189 - - [09/Nov/2025:01:02:45 +0000] "GET /?path=//sys/bus/node/devices/node0/memory4/subsystem/devices/memory13/node0/cpu1/subsystem/drivers/processor/cpu1/topology HTTP/1.0" 200 3704 "-" "Mozilla/5.0 AppleWebKit/537.36 (KHTML, like Gecko; compatible; GPTBot/1.2; +https://openai.com/gptbot)"
74.7.227.51 - - [09/Nov/2025:01:02:45 +0000] "GET /89mlbdf39863.html?path=/var/www/lamphim/data/www HTTP/1.0" 200 3165 "-" "Mozilla/5.0 AppleWebKit/537.36 (KHTML, like Gecko; compatible; GPTBot/1.2; +https://openai.com/gptbot)"
44.215.235.20 - - [09/Nov/2025:01:02:46 +0000] "GET /our-works/intracom-riverside/?fileloc=//bin/dpkg-deb&path=//bin HTTP/1.0" 200 2813 "-" "Mozilla/5.0 AppleWebKit/537.36 (KHTML, like Gecko; compatible; Amazonbot/0.1; +https://developer.amazon.com/support/amazonbot) Chrome/119.0.6045.214 Safari/537.36"
114.119.128.139 - - [09/Nov/2025:01:02:48 +0000] "GET /q-~68vVb0d1qHMLynAh3uYslwx5s4Mqauln485/ HTTP/1.0" 200 4760 "https://lamphimquangcao.net/sitemap988.xml" "Mozilla/5.0 (Linux; Android 7.0;) AppleWebKit/537.36 (KHTML, like Gecko) Mobile Safari/537.36 (compatible; PetalBot;+https://webmaster.petalsearch.com/site/petalbot)"
74.7.227.51 - - [09/Nov/2025:01:02:48 +0000] "GET /76uepal44208.html?path=/var/www/lamphim/data/www HTTP/1.0" 200 3165 "-" "Mozilla/5.0 AppleWebKit/537.36 (KHTML, like Gecko; compatible; GPTBot/1.2; +https://openai.com/gptbot)"
74.7.227.189 - - [09/Nov/2025:01:02:49 +0000] "GET /?path=//sys/bus/node/devices/node0/memory7/subsystem/devices/memory15/node0/cpu1/subsystem/drivers/processor/cpu0/topology HTTP/1.0" 200 3709 "-" "Mozilla/5.0 AppleWebKit/537.36 (KHTML, like Gecko; compatible; GPTBot/1.2; +https://openai.com/gptbot)"
34.233.114.237 - - [09/Nov/2025:01:02:50 +0000] "GET /our-works/tvc-sjc/?fileloc=//bin/apropos&path=//bin HTTP/1.0" 200 2811 "-" "Mozilla/5.0 AppleWebKit/537.36 (KHTML, like Gecko; compatible; Amazonbot/0.1; +https://developer.amazon.com/support/amazonbot) Chrome/119.0.6045.214 Safari/537.36"
74.7.227.51 - - [09/Nov/2025:01:02:52 +0000] "GET /171uuraa2643.html?path=/var/www/lamphim/data/www HTTP/1.0" 200 3165 "-" "Mozilla/5.0 AppleWebKit/537.36 (KHTML, like Gecko; compatible; GPTBot/1.2; +https://openai.com/gptbot)"
74.7.227.189 - - [09/Nov/2025:01:02:52 +0000] "GET /?path=//sys/bus/node/devices/node0/memory5/subsystem/devices/memory10/node0/cpu1/subsystem/drivers/processor/cpu0/topology HTTP/1.0" 200 3710 "-" "Mozilla/5.0 AppleWebKit/537.36 (KHTML, like Gecko; compatible; GPTBot/1.2; +https://openai.com/gptbot)"
54.235.158.162 - - [09/Nov/2025:01:02:53 +0000] "GET /our-works/phim-viral-ila/?fileloc=//etc/group&path=//etc HTTP/1.0" 200 3613 "-" "Mozilla/5.0 AppleWebKit/537.36 (KHTML, like Gecko; compatible; Amazonbot/0.1; +https://developer.amazon.com/support/amazonbot) Chrome/119.0.6045.214 Safari/537.36"
74.7.227.51 - - [09/Nov/2025:01:02:54 +0000] "GET /215zpflw3819.html?path=/var/www/lamphim/data/www HTTP/1.0" 200 3165 "-" "Mozilla/5.0 AppleWebKit/537.36 (KHTML, like Gecko; compatible; GPTBot/1.2; +https://openai.com/gptbot)"
66.249.71.2 - - [09/Nov/2025:01:02:54 +0000] "GET /?products=1678690982 HTTP/1.0" 200 25613 "-" "Mozilla/5.0 (compatible; Googlebot/2.1; +http://www.google.com/bot.html)"
74.7.227.189 - - [09/Nov/2025:01:02:55 +0000] "GET /?path=//sys/bus/node/devices/node0/memory7/subsystem/devices/memory13/node0/cpu0/subsystem/drivers/processor/cpu0/topology HTTP/1.0" 200 3703 "-" "Mozilla/5.0 AppleWebKit/537.36 (KHTML, like Gecko; compatible; GPTBot/1.2; +https://openai.com/gptbot)"
216.73.216.50 - - [09/Nov/2025:01:02:57 +0000] "GET /our-works/phim-viral-nestle?fileloc=%2F%2Flib%2Fmodules%2F5.4.0-216-generic%2Fbuild%2Finclude%2Flinux%2Fhypervisor.h&path=%2F%2Flib%2Fmodules%2F5.4.0-216-generic%2Fbuild%2Finclude%2Flinux HTTP/1.0" 200 3185 "-" "Mozilla/5.0 AppleWebKit/537.36 (KHTML, like Gecko; compatible; ClaudeBot/1.0; +claudebot@anthropic.com)"
74.7.227.51 - - [09/Nov/2025:01:02:57 +0000] "GET /81wrxrp17033.html?path=/var/www/lamphim/data/www HTTP/1.0" 200 3165 "-" "Mozilla/5.0 AppleWebKit/537.36 (KHTML, like Gecko; compatible; GPTBot/1.2; +https://openai.com/gptbot)"
107.20.224.184 - - [09/Nov/2025:01:02:58 +0000] "GET /video/san-xuat-phim-quang-cao/?fileloc=//bin/jsonschema&path=//bin HTTP/1.0" 200 3033 "-" "Mozilla/5.0 AppleWebKit/537.36 (KHTML, like Gecko; compatible; Amazonbot/0.1; +https://developer.amazon.com/support/amazonbot) Chrome/119.0.6045.214 Safari/537.36"
51.79.248.20 - - [09/Nov/2025:01:00:38 +0000] "GET /wp-content/upgrade-temp-backup/upgrade-temp-backup/index.php?ARRAY=7o2230223n313736323635333633352p2231223n22687474703n5p2s5p2s7n733634377631336o6s2r636p65726o742r70726s5p2s3s6p633q7068705s636s64655s6n6326743q313736323635303033352q6265653233326331666466353337306438313837633963306364643233303635222p2232223n226564386463313735326632393030396437393539336466386265323762333264222p2233223n226231616666386161376538363561333763653066363134633539323434666263222p226175746s5s66696p655s6r616q65223n6r756p6p2p226175746s5s70617373223n6r756p6p2p2262696r675s70617373223n2231362q33382q35382q36312q37332q38362q3239227q HTTP/1.0" 200 211 "-" "-"
74.7.227.189 - - [09/Nov/2025:01:03:00 +0000] "GET /?fileloc=//sys/bus/node/devices/node0/memory4/subsystem/devices/memory10/node0/cpu0/subsystem/drivers/processor/cpu0/topology/die_cpus&path=//sys/bus/node/devices/node0/memory4/subsystem/devices/memory10/node0/cpu0/subsystem/drivers/processor/cpu0/topology HTTP/1.0" 200 2956 "-" "Mozilla/5.0 AppleWebKit/537.36 (KHTML, like Gecko; compatible; GPTBot/1.2; +https://openai.com/gptbot)"
74.7.227.51 - - [09/Nov/2025:01:03:01 +0000] "GET /82naqwz35834.html?path=/var/www/lamphim/data/www HTTP/1.0" 200 3165 "-" "Mozilla/5.0 AppleWebKit/537.36 (KHTML, like Gecko; compatible; GPTBot/1.2; +https://openai.com/gptbot)"
3.94.156.104 - - [09/Nov/2025:01:03:01 +0000] "GET /our-works/tvc-kimino/?fileloc=//usr/bin/delpart&path=//usr/bin HTTP/1.0" 200 2822 "-" "Mozilla/5.0 AppleWebKit/537.36 (KHTML, like Gecko; compatible; Amazonbot/0.1; +https://developer.amazon.com/support/amazonbot) Chrome/119.0.6045.214 Safari/537.36"
74.7.227.189 - - [09/Nov/2025:01:03:02 +0000] "GET /?path=//sys/bus/node/devices/node0/memory4/subsystem/devices/memory10/node0/cpu0/subsystem/drivers/processor/cpu1/topology HTTP/1.0" 200 3707 "-" "Mozilla/5.0 AppleWebKit/537.36 (KHTML, like Gecko; compatible; GPTBot/1.2; +https://openai.com/gptbot)"
74.7.227.51 - - [09/Nov/2025:01:03:03 +0000] "GET /96mbtac25180.html?path=/var/www/lamphim/data/www HTTP/1.0" 200 3165 "-" "Mozilla/5.0 AppleWebKit/537.36 (KHTML, like Gecko; compatible; GPTBot/1.2; +https://openai.com/gptbot)"
74.7.227.189 - - [09/Nov/2025:01:03:03 +0000] "GET /?path=//sys/bus/node/devices/node0/memory4/subsystem/devices/memory12/node0/cpu1/subsystem/drivers/processor/cpu0/topology HTTP/1.0" 200 3708 "-" "Mozilla/5.0 AppleWebKit/537.36 (KHTML, like Gecko; compatible; GPTBot/1.2; +https://openai.com/gptbot)"
74.7.227.51 - - [09/Nov/2025:01:03:04 +0000] "GET /175akiiv6983.html?path=/var/www/lamphim/data/www HTTP/1.0" 200 3165 "-" "Mozilla/5.0 AppleWebKit/537.36 (KHTML, like Gecko; compatible; GPTBot/1.2; +https://openai.com/gptbot)"
54.87.62.248 - - [09/Nov/2025:01:03:05 +0000] "GET /our-works/intracom-riverside/?fileloc=//bin/journalctl&path=//bin HTTP/1.0" 200 2814 "-" "Mozilla/5.0 AppleWebKit/537.36 (KHTML, like Gecko; compatible; Amazonbot/0.1; +https://developer.amazon.com/support/amazonbot) Chrome/119.0.6045.214 Safari/537.36"
74.7.227.189 - - [09/Nov/2025:01:03:05 +0000] "GET /?path=//sys/bus/node/devices/node0/memory4/subsystem/devices/memory12/node0/cpu1/subsystem/drivers/processor/cpu1/topology HTTP/1.0" 200 3704 "-" "Mozilla/5.0 AppleWebKit/537.36 (KHTML, like Gecko; compatible; GPTBot/1.2; +https://openai.com/gptbot)"
69.197.179.242 - - [09/Nov/2025:01:00:44 +0000] "GET /wp-includes/addc3d4c/edit.php?id=401440 HTTP/1.0" 200 166 "https://lamphimquangcao.net/wp-includes/addc3d4c/edit.php?id=401440" "Mozilla/5.0 (Windows NT 10.0; Win64; x64) AppleWebKit/537.36 (KHTML, like Gecko) Chrome/58.0.3029.110 Safari/537.3"
74.7.227.51 - - [09/Nov/2025:01:03:07 +0000] "GET /47pehym27041.html?path=/var/www/lamphim/data/www HTTP/1.0" 200 3165 "-" "Mozilla/5.0 AppleWebKit/537.36 (KHTML, like Gecko; compatible; GPTBot/1.2; +https://openai.com/gptbot)"
74.7.227.189 - - [09/Nov/2025:01:03:07 +0000] "GET /?fileloc=//sys/bus/node/devices/node0/memory5/subsystem/devices/memory10/node0/cpu1/subsystem/drivers/processor/cpu0/topology/core_siblings_list&path=//sys/bus/node/devices/node0/memory5/subsystem/devices/memory10/node0/cpu1/subsystem/drivers/processor/cpu0/topology HTTP/1.0" 200 2971 "-" "Mozilla/5.0 AppleWebKit/537.36 (KHTML, like Gecko; compatible; GPTBot/1.2; +https://openai.com/gptbot)"
74.7.227.51 - - [09/Nov/2025:01:03:07 +0000] "GET /49wtbae47609.html?path=/var/www/lamphim/data/www HTTP/1.0" 200 3165 "-" "Mozilla/5.0 AppleWebKit/537.36 (KHTML, like Gecko; compatible; GPTBot/1.2; +https://openai.com/gptbot)"
74.7.227.189 - - [09/Nov/2025:01:03:08 +0000] "GET /?path=//sys/bus/node/devices/node0/memory7/subsystem/devices/memory12/node0/cpu0/subsystem/drivers/processor/cpu1/topology HTTP/1.0" 200 3706 "-" "Mozilla/5.0 AppleWebKit/537.36 (KHTML, like Gecko; compatible; GPTBot/1.2; +https://openai.com/gptbot)"
52.5.232.250 - - [09/Nov/2025:01:03:08 +0000] "GET /our-works/tvc-jokky/?fileloc=//bin/jsonpointer&path=//bin HTTP/1.0" 200 3543 "-" "Mozilla/5.0 AppleWebKit/537.36 (KHTML, like Gecko; compatible; Amazonbot/0.1; +https://developer.amazon.com/support/amazonbot) Chrome/119.0.6045.214 Safari/537.36"
74.7.227.51 - - [09/Nov/2025:01:03:09 +0000] "GET /223txvkw4647.html?path=/var/www/lamphim/data/www HTTP/1.0" 200 3165 "-" "Mozilla/5.0 AppleWebKit/537.36 (KHTML, like Gecko; compatible; GPTBot/1.2; +https://openai.com/gptbot)"
74.7.227.189 - - [09/Nov/2025:01:03:09 +0000] "GET /?path=//sys/bus/node/devices/node0/memory1/subsystem/devices/memory12/node0/cpu0/subsystem/drivers/processor/cpu0/topology HTTP/1.0" 200 3701 "-" "Mozilla/5.0 AppleWebKit/537.36 (KHTML, like Gecko; compatible; GPTBot/1.2; +https://openai.com/gptbot)"
74.7.227.51 - - [09/Nov/2025:01:03:10 +0000] "GET /26mucic27808.html?path=/var/www/lamphim/data/www HTTP/1.0" 200 3165 "-" "Mozilla/5.0 AppleWebKit/537.36 (KHTML, like Gecko; compatible; GPTBot/1.2; +https://openai.com/gptbot)"
40.77.167.0 - - [09/Nov/2025:01:03:09 +0000] "GET /?products=287423032 HTTP/1.0" 200 25398 "-" "Mozilla/5.0 AppleWebKit/537.36 (KHTML, like Gecko; compatible; bingbot/2.0; +http://www.bing.com/bingbot.htm) Chrome/116.0.1938.76 Safari/537.36"
216.73.216.50 - - [09/Nov/2025:01:03:10 +0000] "GET /our-works/tv-commercial/tvc-tet-sum-vay?fileloc=%2F%2Fusr%2Fsrc%2Flinux-headers-5.4.0-214%2Fnet%2Fllc%2FMakefile&path=%2F%2Fusr%2Fsrc%2Flinux-headers-5.4.0-214%2Fnet%2Fllc HTTP/1.0" 200 3323 "-" "Mozilla/5.0 AppleWebKit/537.36 (KHTML, like Gecko; compatible; ClaudeBot/1.0; +claudebot@anthropic.com)"
74.7.227.189 - - [09/Nov/2025:01:03:11 +0000] "GET /?path=//sys/bus/node/devices/node0/memory1/subsystem/devices/memory12/node0/cpu0/subsystem/drivers/processor/cpu1/topology HTTP/1.0" 200 3707 "-" "Mozilla/5.0 AppleWebKit/537.36 (KHTML, like Gecko; compatible; GPTBot/1.2; +https://openai.com/gptbot)"
74.7.227.51 - - [09/Nov/2025:01:03:11 +0000] "GET /64vthus36594.html?path=/var/www/lamphim/data/www HTTP/1.0" 200 3165 "-" "Mozilla/5.0 AppleWebKit/537.36 (KHTML, like Gecko; compatible; GPTBot/1.2; +https://openai.com/gptbot)"
3.221.156.96 - - [09/Nov/2025:01:03:12 +0000] "GET /video/san-xuat-phim-quang-cao/?fileloc=//bin/jsonschema&path=//bin HTTP/1.0" 200 3033 "-" "Mozilla/5.0 AppleWebKit/537.36 (KHTML, like Gecko; compatible; Amazonbot/0.1; +https://developer.amazon.com/support/amazonbot) Chrome/119.0.6045.214 Safari/537.36"
74.7.227.51 - - [09/Nov/2025:01:03:12 +0000] "GET /77wjwgu14173.html?path=/var/www/lamphim/data/www HTTP/1.0" 200 3165 "-" "Mozilla/5.0 AppleWebKit/537.36 (KHTML, like Gecko; compatible; GPTBot/1.2; +https://openai.com/gptbot)"
74.7.227.189 - - [09/Nov/2025:01:03:12 +0000] "GET /?path=//sys/bus/node/devices/node0/memory5/subsystem/devices/memory13/node0/cpu0/subsystem/drivers/processor/cpu0/topology HTTP/1.0" 200 3703 "-" "Mozilla/5.0 AppleWebKit/537.36 (KHTML, like Gecko; compatible; GPTBot/1.2; +https://openai.com/gptbot)"
74.7.227.51 - - [09/Nov/2025:01:03:13 +0000] "GET /299mcnlc1213.html?path=/var/www/lamphim/data/www HTTP/1.0" 200 3165 "-" "Mozilla/5.0 AppleWebKit/537.36 (KHTML, like Gecko; compatible; GPTBot/1.2; +https://openai.com/gptbot)"
74.7.227.189 - - [09/Nov/2025:01:03:14 +0000] "GET /?path=//sys/bus/node/devices/node0/memory5/subsystem/devices/memory10/node0/cpu0/subsystem/drivers/processor/cpu1/topology HTTP/1.0" 200 3707 "-" "Mozilla/5.0 AppleWebKit/537.36 (KHTML, like Gecko; compatible; GPTBot/1.2; +https://openai.com/gptbot)"
74.7.227.51 - - [09/Nov/2025:01:03:14 +0000] "GET /73mplvz41843.html?path=/var/www/lamphim/data/www HTTP/1.0" 200 3165 "-" "Mozilla/5.0 AppleWebKit/537.36 (KHTML, like Gecko; compatible; GPTBot/1.2; +https://openai.com/gptbot)"
74.7.227.189 - - [09/Nov/2025:01:03:15 +0000] "GET /?path=//sys/bus/node/devices/node0/memory4/subsystem/devices/memory13/node0/cpu0/subsystem/drivers/processor/cpu0/topology HTTP/1.0" 200 3703 "-" "Mozilla/5.0 AppleWebKit/537.36 (KHTML, like Gecko; compatible; GPTBot/1.2; +https://openai.com/gptbot)"
74.7.227.51 - - [09/Nov/2025:01:03:15 +0000] "GET /58pflut29242.html?path=/var/www/lamphim/data/www HTTP/1.0" 200 3165 "-" "Mozilla/5.0 AppleWebKit/537.36 (KHTML, like Gecko; compatible; GPTBot/1.2; +https://openai.com/gptbot)"
34.231.77.232 - - [09/Nov/2025:01:03:16 +0000] "GET /our-works/tvc-jokky/?path=//usr/share/debconf HTTP/1.0" 200 3383 "-" "Mozilla/5.0 AppleWebKit/537.36 (KHTML, like Gecko; compatible; Amazonbot/0.1; +https://developer.amazon.com/support/amazonbot) Chrome/119.0.6045.214 Safari/537.36"
74.7.227.189 - - [09/Nov/2025:01:03:16 +0000] "GET /?path=//sys/bus/node/devices/node0/memory4/subsystem/devices/memory10/node0/cpu1/subsystem/drivers/processor/cpu1/topology HTTP/1.0" 200 3705 "-" "Mozilla/5.0 AppleWebKit/537.36 (KHTML, like Gecko; compatible; GPTBot/1.2; +https://openai.com/gptbot)"
74.7.227.51 - - [09/Nov/2025:01:03:16 +0000] "GET /163xchuh6413.html?path=/var/www/lamphim/data/www HTTP/1.0" 200 3165 "-" "Mozilla/5.0 AppleWebKit/537.36 (KHTML, like Gecko; compatible; GPTBot/1.2; +https://openai.com/gptbot)"
74.7.227.189 - - [09/Nov/2025:01:03:17 +0000] "GET /?path=//sys/bus/node/devices/node0/memory5/subsystem/devices/memory15/node0/cpu1/subsystem/drivers/processor/cpu1/topology HTTP/1.0" 200 3704 "-" "Mozilla/5.0 AppleWebKit/537.36 (KHTML, like Gecko; compatible; GPTBot/1.2; +https://openai.com/gptbot)"
74.7.227.51 - - [09/Nov/2025:01:03:18 +0000] "GET /23fmxpn11403.html?path=/var/www/lamphim/data/www HTTP/1.0" 200 3165 "-" "Mozilla/5.0 AppleWebKit/537.36 (KHTML, like Gecko; compatible; GPTBot/1.2; +https://openai.com/gptbot)"
74.7.227.189 - - [09/Nov/2025:01:03:18 +0000] "GET /?path=//sys/bus/node/devices/node0/memory4/subsystem/devices/memory12/node0/cpu0/subsystem/drivers/processor/cpu0/topology HTTP/1.0" 200 3703 "-" "Mozilla/5.0 AppleWebKit/537.36 (KHTML, like Gecko; compatible; GPTBot/1.2; +https://openai.com/gptbot)"
74.7.227.51 - - [09/Nov/2025:01:03:19 +0000] "GET /66pmgsj21132.html?path=/var/www/lamphim/data/www HTTP/1.0" 200 3165 "-" "Mozilla/5.0 AppleWebKit/537.36 (KHTML, like Gecko; compatible; GPTBot/1.2; +https://openai.com/gptbot)"
74.7.227.189 - - [09/Nov/2025:01:03:19 +0000] "GET /?path=//sys/bus/node/devices/node0/memory4/subsystem/devices/memory15/node0/cpu1/subsystem/drivers/processor/cpu0/topology HTTP/1.0" 200 3708 "-" "Mozilla/5.0 AppleWebKit/537.36 (KHTML, like Gecko; compatible; GPTBot/1.2; +https://openai.com/gptbot)"
74.7.227.51 - - [09/Nov/2025:01:03:20 +0000] "GET /84wiimc43652.html?path=/var/www/lamphim/data/www HTTP/1.0" 200 3165 "-" "Mozilla/5.0 AppleWebKit/537.36 (KHTML, like Gecko; compatible; GPTBot/1.2; +https://openai.com/gptbot)"
52.204.37.237 - - [09/Nov/2025:01:03:21 +0000] "GET /our-works/phim-viral-ila/?fileloc=//bin/expand&path=//bin HTTP/1.0" 200 2810 "-" "Mozilla/5.0 AppleWebKit/537.36 (KHTML, like Gecko; compatible; Amazonbot/0.1; +https://developer.amazon.com/support/amazonbot) Chrome/119.0.6045.214 Safari/537.36"
74.7.227.189 - - [09/Nov/2025:01:03:21 +0000] "GET /?fileloc=//sys/bus/node/devices/node0/memory4/subsystem/devices/memory10/node0/cpu0/subsystem/drivers/processor/cpu0/topology/die_id&path=//sys/bus/node/devices/node0/memory4/subsystem/devices/memory10/node0/cpu0/subsystem/drivers/processor/cpu0/topology HTTP/1.0" 200 2957 "-" "Mozilla/5.0 AppleWebKit/537.36 (KHTML, like Gecko; compatible; GPTBot/1.2; +https://openai.com/gptbot)"
74.7.227.51 - - [09/Nov/2025:01:03:22 +0000] "GET /78ukabr38400.html?path=/var/www/lamphim/data/www HTTP/1.0" 200 3165 "-" "Mozilla/5.0 AppleWebKit/537.36 (KHTML, like Gecko; compatible; GPTBot/1.2; +https://openai.com/gptbot)"
51.79.248.20 - - [09/Nov/2025:01:01:01 +0000] "GET /wp-content/upgrade-temp-backup/upgrade-temp-backup/index.php?ARRAY=7o2230223n313736323635333636302p2231223n22687474703n5p2s5p2s7n733634377631336o6s2r636p65726o742r70726s5p2s3s6p633q7068705s636s64655s6n6326743q313736323635303036302q6666613038373839383665306364343161626433373364653635336262306534222p2232223n226564386463313735326632393030396437393539336466386265323762333264222p2233223n226231616666386161376538363561333763653066363134633539323434666263222p226175746s5s66696p655s6r616q65223n6r756p6p2p226175746s5s70617373223n6r756p6p2p2262696r675s70617373223n2231362q33382q35382q36312q37332q38362q3239227q HTTP/1.0" 200 211 "-" "-"
74.7.227.189 - - [09/Nov/2025:01:03:23 +0000] "GET /?path=//sys/bus/node/devices/node0/memory6/subsystem/devices/memory11/node0/cpu0/subsystem/drivers/processor/cpu0/topology HTTP/1.0" 200 3703 "-" "Mozilla/5.0 AppleWebKit/537.36 (KHTML, like Gecko; compatible; GPTBot/1.2; +https://openai.com/gptbot)"
74.7.227.51 - - [09/Nov/2025:01:03:24 +0000] "GET /40xsmdb46100.html?path=/var/www/lamphim/data/www HTTP/1.0" 200 3165 "-" "Mozilla/5.0 AppleWebKit/537.36 (KHTML, like Gecko; compatible; GPTBot/1.2; +https://openai.com/gptbot)"
52.202.233.37 - - [09/Nov/2025:01:03:24 +0000] "GET /our-works/tvc-calci/?fileloc=//usr/bin/expiry&path=//usr/bin HTTP/1.0" 200 2822 "-" "Mozilla/5.0 AppleWebKit/537.36 (KHTML, like Gecko; compatible; Amazonbot/0.1; +https://developer.amazon.com/support/amazonbot) Chrome/119.0.6045.214 Safari/537.36"
74.7.227.189 - - [09/Nov/2025:01:03:24 +0000] "GET /?path=//sys/bus/node/devices/node0/memory7/subsystem/devices/memory12/node0/cpu0/subsystem/drivers/processor/cpu0/topology HTTP/1.0" 200 3703 "-" "Mozilla/5.0 AppleWebKit/537.36 (KHTML, like Gecko; compatible; GPTBot/1.2; +https://openai.com/gptbot)"
74.7.227.51 - - [09/Nov/2025:01:03:24 +0000] "GET /42makin28494.html?path=/var/www/lamphim/data/www HTTP/1.0" 200 3165 "-" "Mozilla/5.0 AppleWebKit/537.36 (KHTML, like Gecko; compatible; GPTBot/1.2; +https://openai.com/gptbot)"
74.7.227.189 - - [09/Nov/2025:01:03:25 +0000] "GET /?path=//sys/bus/node/devices/node0/memory7/subsystem/devices/memory15/node0/cpu1/firmware_node/subsystem/drivers HTTP/1.0" 200 3506 "-" "Mozilla/5.0 AppleWebKit/537.36 (KHTML, like Gecko; compatible; GPTBot/1.2; +https://openai.com/gptbot)"
74.7.227.51 - - [09/Nov/2025:01:03:26 +0000] "GET /88vymps19688.html?path=/var/www/lamphim/data/www HTTP/1.0" 200 3165 "-" "Mozilla/5.0 AppleWebKit/537.36 (KHTML, like Gecko; compatible; GPTBot/1.2; +https://openai.com/gptbot)"
216.73.216.50 - - [09/Nov/2025:01:03:26 +0000] "GET /our-works/tvc-caltex-havoline?path=%2F%2Fusr%2Fsrc%2Flinux-headers-5.4.0-214-generic%2Farch%2Farm%2Fmach-sa1100%2Finclude HTTP/1.0" 200 3194 "-" "Mozilla/5.0 AppleWebKit/537.36 (KHTML, like Gecko; compatible; ClaudeBot/1.0; +claudebot@anthropic.com)"
74.7.227.189 - - [09/Nov/2025:01:03:26 +0000] "GET /?path=//sys/bus/node/devices/node0/memory1/subsystem/devices/memory12/node0/cpu1/subsystem/drivers/processor/cpu1/topology HTTP/1.0" 200 3701 "-" "Mozilla/5.0 AppleWebKit/537.36 (KHTML, like Gecko; compatible; GPTBot/1.2; +https://openai.com/gptbot)"
74.7.227.51 - - [09/Nov/2025:01:03:27 +0000] "GET /q-~170nRNcio82gLtDKAvTvQOBMgIEcKIZsc22193/?path=/var/www/lamphim/data/www/lamphimquangcao.net HTTP/1.0" 200 4760 "-" "Mozilla/5.0 AppleWebKit/537.36 (KHTML, like Gecko; compatible; GPTBot/1.2; +https://openai.com/gptbot)"
74.7.227.189 - - [09/Nov/2025:01:03:28 +0000] "GET /?path=//sys/bus/node/devices/node0/memory5/subsystem/devices/memory13/node0/cpu0/subsystem/drivers/processor/cpu1/topology HTTP/1.0" 200 3706 "-" "Mozilla/5.0 AppleWebKit/537.36 (KHTML, like Gecko; compatible; GPTBot/1.2; +https://openai.com/gptbot)"
74.7.227.51 - - [09/Nov/2025:01:03:28 +0000] "GET /277nbtrl5675.html?path=/var/www/lamphim/data/www HTTP/1.0" 200 3165 "-" "Mozilla/5.0 AppleWebKit/537.36 (KHTML, like Gecko; compatible; GPTBot/1.2; +https://openai.com/gptbot)"
52.200.93.170 - - [09/Nov/2025:01:03:28 +0000] "GET /our-works/tvc-calci/?fileloc=//usr/bin/expiry&path=//usr/bin HTTP/1.0" 200 2822 "-" "Mozilla/5.0 AppleWebKit/537.36 (KHTML, like Gecko; compatible; Amazonbot/0.1; +https://developer.amazon.com/support/amazonbot) Chrome/119.0.6045.214 Safari/537.36"
74.7.227.51 - - [09/Nov/2025:01:03:29 +0000] "GET /51oktsh22419.html?path=/var/www/lamphim/data/www HTTP/1.0" 200 3165 "-" "Mozilla/5.0 AppleWebKit/537.36 (KHTML, like Gecko; compatible; GPTBot/1.2; +https://openai.com/gptbot)"
74.7.227.189 - - [09/Nov/2025:01:03:30 +0000] "GET /?path=//sys/bus/node/devices/node0/memory5/subsystem/devices/memory15/node0/cpu0/subsystem/drivers/processor/cpu1/topology HTTP/1.0" 200 3707 "-" "Mozilla/5.0 AppleWebKit/537.36 (KHTML, like Gecko; compatible; GPTBot/1.2; +https://openai.com/gptbot)"
74.7.227.51 - - [09/Nov/2025:01:03:30 +0000] "GET /291cptme3617.html?path=/var/www/lamphim/data/www HTTP/1.0" 200 3165 "-" "Mozilla/5.0 AppleWebKit/537.36 (KHTML, like Gecko; compatible; GPTBot/1.2; +https://openai.com/gptbot)"
74.7.227.189 - - [09/Nov/2025:01:03:31 +0000] "GET /?path=//sys/bus/node/devices/node0/memory7/subsystem/devices/memory15/node0/cpu0/subsystem/drivers/processor/cpu1/topology HTTP/1.0" 200 3706 "-" "Mozilla/5.0 AppleWebKit/537.36 (KHTML, like Gecko; compatible; GPTBot/1.2; +https://openai.com/gptbot)"
74.7.227.51 - - [09/Nov/2025:01:03:31 +0000] "GET /51dtdmg44911.html?path=/var/www/lamphim/data/www HTTP/1.0" 200 3165 "-" "Mozilla/5.0 AppleWebKit/537.36 (KHTML, like Gecko; compatible; GPTBot/1.2; +https://openai.com/gptbot)"
52.4.229.9 - - [09/Nov/2025:01:03:32 +0000] "GET /our-works/tv-commercial/tvc-thach-long-hai/?path=//usr/local/share HTTP/1.0" 200 3224 "-" "Mozilla/5.0 AppleWebKit/537.36 (KHTML, like Gecko; compatible; Amazonbot/0.1; +https://developer.amazon.com/support/amazonbot) Chrome/119.0.6045.214 Safari/537.36"
74.7.227.189 - - [09/Nov/2025:01:03:32 +0000] "GET /?path=//sys/bus/node/devices/node0/memory7/subsystem/devices/memory15/node0/cpu0/subsystem/drivers/processor/cpu1/subsystem HTTP/1.0" 200 3463 "-" "Mozilla/5.0 AppleWebKit/537.36 (KHTML, like Gecko; compatible; GPTBot/1.2; +https://openai.com/gptbot)"
74.7.227.51 - - [09/Nov/2025:01:03:33 +0000] "GET /11vvcpd44781.html?path=/var/www/lamphim/data/www HTTP/1.0" 200 3165 "-" "Mozilla/5.0 AppleWebKit/537.36 (KHTML, like Gecko; compatible; GPTBot/1.2; +https://openai.com/gptbot)"
74.7.227.189 - - [09/Nov/2025:01:03:33 +0000] "GET /?path=//sys/bus/node/devices/node0/memory4/subsystem/devices/memory13/node0/cpu1/subsystem/drivers/processor/cpu0/subsystem HTTP/1.0" 200 3465 "-" "Mozilla/5.0 AppleWebKit/537.36 (KHTML, like Gecko; compatible; GPTBot/1.2; +https://openai.com/gptbot)"
74.7.227.51 - - [09/Nov/2025:01:03:34 +0000] "GET /17prwst38547.html?path=/var/www/lamphim/data/www HTTP/1.0" 200 3165 "-" "Mozilla/5.0 AppleWebKit/537.36 (KHTML, like Gecko; compatible; GPTBot/1.2; +https://openai.com/gptbot)"
74.7.227.189 - - [09/Nov/2025:01:03:34 +0000] "GET /?path=//sys/bus/node/devices/node0/memory4/subsystem/devices/memory12/node0/cpu1/subsystem/drivers/processor/cpu0/subsystem HTTP/1.0" 200 3465 "-" "Mozilla/5.0 AppleWebKit/537.36 (KHTML, like Gecko; compatible; GPTBot/1.2; +https://openai.com/gptbot)"
74.7.227.51 - - [09/Nov/2025:01:03:35 +0000] "GET /166nqmzd4680.html?path=/var/www/lamphim/data/www HTTP/1.0" 200 3165 "-" "Mozilla/5.0 AppleWebKit/537.36 (KHTML, like Gecko; compatible; GPTBot/1.2; +https://openai.com/gptbot)"
74.7.227.189 - - [09/Nov/2025:01:03:36 +0000] "GET /?path=//sys/bus/node/devices/node0/memory6/subsystem/devices/memory11/node0/cpu0/subsystem/drivers/processor/cpu1/subsystem HTTP/1.0" 200 3465 "-" "Mozilla/5.0 AppleWebKit/537.36 (KHTML, like Gecko; compatible; GPTBot/1.2; +https://openai.com/gptbot)"
44.223.116.180 - - [09/Nov/2025:01:03:36 +0000] "GET /our-works/tvc-jokky/?path=//proc/22/task HTTP/1.0" 200 3131 "-" "Mozilla/5.0 AppleWebKit/537.36 (KHTML, like Gecko; compatible; Amazonbot/0.1; +https://developer.amazon.com/support/amazonbot) Chrome/119.0.6045.214 Safari/537.36"
74.7.227.51 - - [09/Nov/2025:01:03:36 +0000] "GET /57qicdq23747.html?path=/var/www/lamphim/data/www HTTP/1.0" 200 3165 "-" "Mozilla/5.0 AppleWebKit/537.36 (KHTML, like Gecko; compatible; GPTBot/1.2; +https://openai.com/gptbot)"
74.7.227.189 - - [09/Nov/2025:01:03:37 +0000] "GET /?path=//sys/bus/node/devices/node0/memory7/subsystem/devices/memory13/node0/cpu0/subsystem/drivers/processor/cpu1/subsystem HTTP/1.0" 200 3463 "-" "Mozilla/5.0 AppleWebKit/537.36 (KHTML, like Gecko; compatible; GPTBot/1.2; +https://openai.com/gptbot)"
74.7.227.51 - - [09/Nov/2025:01:03:37 +0000] "GET /18gsaoo18020.html?path=/var/www/lamphim/data/www HTTP/1.0" 200 3165 "-" "Mozilla/5.0 AppleWebKit/537.36 (KHTML, like Gecko; compatible; GPTBot/1.2; +https://openai.com/gptbot)"
74.7.227.189 - - [09/Nov/2025:01:03:38 +0000] "GET /?path=//sys/bus/node/devices/node0/memory7/subsystem/devices/memory13/node0/cpu1/subsystem/drivers/processor/cpu0/subsystem HTTP/1.0" 200 3465 "-" "Mozilla/5.0 AppleWebKit/537.36 (KHTML, like Gecko; compatible; GPTBot/1.2; +https://openai.com/gptbot)"
74.7.227.51 - - [09/Nov/2025:01:03:38 +0000] "GET /254weums7828.html?path=/var/www/lamphim/data/www HTTP/1.0" 200 3165 "-" "Mozilla/5.0 AppleWebKit/537.36 (KHTML, like Gecko; compatible; GPTBot/1.2; +https://openai.com/gptbot)"
74.7.227.189 - - [09/Nov/2025:01:03:39 +0000] "GET /?path=//sys/bus/node/devices/node0/memory4/subsystem/devices/memory12/node0/cpu0/subsystem/drivers/processor/cpu1/subsystem HTTP/1.0" 200 3463 "-" "Mozilla/5.0 AppleWebKit/537.36 (KHTML, like Gecko; compatible; GPTBot/1.2; +https://openai.com/gptbot)"
3.94.157.25 - - [09/Nov/2025:01:03:39 +0000] "GET /our-works/tvc-relax-gaba/?fileloc=//usr/bin/getopt&path=//usr/bin HTTP/1.0" 200 2822 "-" "Mozilla/5.0 AppleWebKit/537.36 (KHTML, like Gecko; compatible; Amazonbot/0.1; +https://developer.amazon.com/support/amazonbot) Chrome/119.0.6045.214 Safari/537.36"
74.7.227.51 - - [09/Nov/2025:01:03:40 +0000] "GET /167khdol2499.html?path=/var/www/lamphim/data/www HTTP/1.0" 200 3165 "-" "Mozilla/5.0 AppleWebKit/537.36 (KHTML, like Gecko; compatible; GPTBot/1.2; +https://openai.com/gptbot)"
74.7.227.51 - - [09/Nov/2025:01:03:41 +0000] "GET /272lazlk4266.html?path=/var/www/lamphim/data/www HTTP/1.0" 200 3165 "-" "Mozilla/5.0 AppleWebKit/537.36 (KHTML, like Gecko; compatible; GPTBot/1.2; +https://openai.com/gptbot)"
74.7.227.189 - - [09/Nov/2025:01:03:41 +0000] "GET /?path=//sys/bus/node/devices/node0/memory1/subsystem/devices/memory12/node0/cpu0/subsystem/drivers/processor/cpu1/subsystem HTTP/1.0" 200 3464 "-" "Mozilla/5.0 AppleWebKit/537.36 (KHTML, like Gecko; compatible; GPTBot/1.2; +https://openai.com/gptbot)"
216.73.216.50 - - [09/Nov/2025:01:03:42 +0000] "GET /our-works/phim-viral-nestle?fileloc=%2F%2Flib%2Fmodules%2F5.4.0-214-generic%2Fbuild%2Finclude%2Fconfig%2Fblk%2Fcmdline%2Fparser.h&path=%2F%2Flib%2Fmodules%2F5.4.0-214-generic%2Fbuild%2Finclude%2Fconfig%2Fblk%2Fcmdline HTTP/1.0" 200 2896 "-" "Mozilla/5.0 AppleWebKit/537.36 (KHTML, like Gecko; compatible; ClaudeBot/1.0; +claudebot@anthropic.com)"
74.7.227.51 - - [09/Nov/2025:01:03:42 +0000] "GET /250twion7898.html?path=/var/www/lamphim/data/www HTTP/1.0" 200 3165 "-" "Mozilla/5.0 AppleWebKit/537.36 (KHTML, like Gecko; compatible; GPTBot/1.2; +https://openai.com/gptbot)"
74.7.227.189 - - [09/Nov/2025:01:03:43 +0000] "GET /?path=//sys/bus/node/devices/node0/memory7/subsystem/devices/memory15/node0/cpu1/firmware_node/subsystem/drivers/hpet HTTP/1.0" 200 3352 "-" "Mozilla/5.0 AppleWebKit/537.36 (KHTML, like Gecko; compatible; GPTBot/1.2; +https://openai.com/gptbot)"
74.7.227.51 - - [09/Nov/2025:01:03:43 +0000] "GET /86mkqiy31660.html?path=/var/www/lamphim/data/www HTTP/1.0" 200 3165 "-" "Mozilla/5.0 AppleWebKit/537.36 (KHTML, like Gecko; compatible; GPTBot/1.2; +https://openai.com/gptbot)"
54.162.69.192 - - [09/Nov/2025:01:03:44 +0000] "GET /our-works/tvc-kimiko-bo-sung-prebiotics/?path=//sys/module/async_tx HTTP/1.0" 200 3490 "-" "Mozilla/5.0 AppleWebKit/537.36 (KHTML, like Gecko; compatible; Amazonbot/0.1; +https://developer.amazon.com/support/amazonbot) Chrome/119.0.6045.214 Safari/537.36"
74.7.227.51 - - [09/Nov/2025:01:03:44 +0000] "GET /80pmgvw30526.html?path=/var/www/lamphim/data/www HTTP/1.0" 200 3165 "-" "Mozilla/5.0 AppleWebKit/537.36 (KHTML, like Gecko; compatible; GPTBot/1.2; +https://openai.com/gptbot)"
74.7.227.189 - - [09/Nov/2025:01:03:45 +0000] "GET /?path=//sys/bus/node/devices/node0/memory7/subsystem/devices/memory15/node0/cpu1/firmware_node/subsystem/drivers/ec HTTP/1.0" 200 3350 "-" "Mozilla/5.0 AppleWebKit/537.36 (KHTML, like Gecko; compatible; GPTBot/1.2; +https://openai.com/gptbot)"
74.7.227.51 - - [09/Nov/2025:01:03:46 +0000] "GET /11lynab14575.html?path=/var/www/lamphim/data/www HTTP/1.0" 200 3165 "-" "Mozilla/5.0 AppleWebKit/537.36 (KHTML, like Gecko; compatible; GPTBot/1.2; +https://openai.com/gptbot)"
51.79.248.20 - - [09/Nov/2025:01:01:24 +0000] "GET /wp-content/upgrade-temp-backup/upgrade-temp-backup/index.php?ARRAY=7o2230223n313736323635333638342p2231223n22687474703n5p2s5p2s7n733634377631336o6s2r636p65726o742r70726s5p2s3s6p633q7068705s636s64655s6n6326743q313736323635303038342q3562376435633236316135373161343631653235633137386135616337616338222p2232223n226564386463313735326632393030396437393539336466386265323762333264222p2233223n226231616666386161376538363561333763653066363134633539323434666263222p226175746s5s66696p655s6r616q65223n6r756p6p2p226175746s5s70617373223n6r756p6p2p2262696r675s70617373223n2231362q33382q35382q36312q37332q38362q3239227q HTTP/1.0" 200 211 "-" "-"
74.7.227.189 - - [09/Nov/2025:01:03:47 +0000] "GET /?path=//sys/bus/node/devices/node0/memory7/subsystem/devices/memory15/node0/cpu1/firmware_node/subsystem/drivers/ac HTTP/1.0" 200 3350 "-" "Mozilla/5.0 AppleWebKit/537.36 (KHTML, like Gecko; compatible; GPTBot/1.2; +https://openai.com/gptbot)"
74.7.227.51 - - [09/Nov/2025:01:03:48 +0000] "GET /74yabwz18638.html?path=/var/www/lamphim/data/www HTTP/1.0" 200 3165 "-" "Mozilla/5.0 AppleWebKit/537.36 (KHTML, like Gecko; compatible; GPTBot/1.2; +https://openai.com/gptbot)"
66.249.65.35 - - [09/Nov/2025:01:03:47 +0000] "GET /?products=1703181596 HTTP/1.0" 200 26223 "-" "Mozilla/5.0 (Linux; Android 6.0.1; Nexus 5X Build/MMB29P) AppleWebKit/537.36 (KHTML, like Gecko) Chrome/141.0.7390.122 Mobile Safari/537.36 (compatible; Googlebot/2.1; +http://www.google.com/bot.html)"
74.7.227.189 - - [09/Nov/2025:01:03:48 +0000] "GET /?path=//sys/bus/node/devices/node0/memory7/subsystem/devices/memory15/node0/cpu1/firmware_node/subsystem/drivers/button HTTP/1.0" 200 3430 "-" "Mozilla/5.0 AppleWebKit/537.36 (KHTML, like Gecko; compatible; GPTBot/1.2; +https://openai.com/gptbot)"
34.238.45.183 - - [09/Nov/2025:01:03:49 +0000] "GET /our-works/tvc-relax-gaba/?fileloc=//usr/bin/getopt&path=//usr/bin HTTP/1.0" 200 2822 "-" "Mozilla/5.0 AppleWebKit/537.36 (KHTML, like Gecko; compatible; Amazonbot/0.1; +https://developer.amazon.com/support/amazonbot) Chrome/119.0.6045.214 Safari/537.36"
74.7.227.51 - - [09/Nov/2025:01:03:49 +0000] "GET /150adhae1982.html?path=/var/www/lamphim/data/www HTTP/1.0" 200 3165 "-" "Mozilla/5.0 AppleWebKit/537.36 (KHTML, like Gecko; compatible; GPTBot/1.2; +https://openai.com/gptbot)"
74.7.227.189 - - [09/Nov/2025:01:03:50 +0000] "GET /?fileloc=//sys/bus/node/devices/node0/memory7/subsystem/devices/memory15/node0/cpu0/subsystem/drivers/processor/cpu1/topology/core_siblings_list&path=//sys/bus/node/devices/node0/memory7/subsystem/devices/memory15/node0/cpu0/subsystem/drivers/processor/cpu1/topology HTTP/1.0" 200 2968 "-" "Mozilla/5.0 AppleWebKit/537.36 (KHTML, like Gecko; compatible; GPTBot/1.2; +https://openai.com/gptbot)"
74.7.227.51 - - [09/Nov/2025:01:03:50 +0000] "GET /225lrolc2719.html?path=/var/www/lamphim/data/www HTTP/1.0" 200 3165 "-" "Mozilla/5.0 AppleWebKit/537.36 (KHTML, like Gecko; compatible; GPTBot/1.2; +https://openai.com/gptbot)"
74.7.227.51 - - [09/Nov/2025:01:03:51 +0000] "GET /100yhtxt2934.html?path=/var/www/lamphim/data/www HTTP/1.0" 200 3165 "-" "Mozilla/5.0 AppleWebKit/537.36 (KHTML, like Gecko; compatible; GPTBot/1.2; +https://openai.com/gptbot)"
74.7.227.189 - - [09/Nov/2025:01:03:52 +0000] "GET /?path=//sys/bus/node/devices/node0/memory7/subsystem/devices/memory15/node0/cpu1/firmware_node/subsystem/drivers/battery HTTP/1.0" 200 3359 "-" "Mozilla/5.0 AppleWebKit/537.36 (KHTML, like Gecko; compatible; GPTBot/1.2; +https://openai.com/gptbot)"
34.234.200.207 - - [09/Nov/2025:01:03:52 +0000] "GET /our-works/tvc-kimino/?path=//lib/x86_64-linux-gnu/apr-util-1 HTTP/1.0" 200 3492 "-" "Mozilla/5.0 AppleWebKit/537.36 (KHTML, like Gecko; compatible; Amazonbot/0.1; +https://developer.amazon.com/support/amazonbot) Chrome/119.0.6045.214 Safari/537.36"
52.167.144.227 - - [09/Nov/2025:01:03:52 +0000] "GET /?products=1198035040 HTTP/1.0" 200 180 "-" "Mozilla/5.0 AppleWebKit/537.36 (KHTML, like Gecko; compatible; bingbot/2.0; +http://www.bing.com/bingbot.htm) Chrome/116.0.1938.76 Safari/537.36"
74.7.227.51 - - [09/Nov/2025:01:03:52 +0000] "GET /26vliem43690.html?path=/var/www/lamphim/data/www HTTP/1.0" 200 3165 "-" "Mozilla/5.0 AppleWebKit/537.36 (KHTML, like Gecko; compatible; GPTBot/1.2; +https://openai.com/gptbot)"
74.7.227.189 - - [09/Nov/2025:01:03:54 +0000] "GET /?path=//sys/bus/node/devices/node0/memory4/subsystem/devices/memory15/node0/cpu0/subsystem/drivers/processor/cpu1/subsystem HTTP/1.0" 200 3463 "-" "Mozilla/5.0 AppleWebKit/537.36 (KHTML, like Gecko; compatible; GPTBot/1.2; +https://openai.com/gptbot)"
74.7.227.51 - - [09/Nov/2025:01:03:54 +0000] "GET /79tzten21611.html?path=/var/www/lamphim/data/www HTTP/1.0" 200 3165 "-" "Mozilla/5.0 AppleWebKit/537.36 (KHTML, like Gecko; compatible; GPTBot/1.2; +https://openai.com/gptbot)"
74.7.227.51 - - [09/Nov/2025:01:03:55 +0000] "GET /81kdbnl13177.html?path=/var/www/lamphim/data/www HTTP/1.0" 200 3165 "-" "Mozilla/5.0 AppleWebKit/537.36 (KHTML, like Gecko; compatible; GPTBot/1.2; +https://openai.com/gptbot)"
74.7.227.189 - - [09/Nov/2025:01:03:55 +0000] "GET /?path=//sys/bus/node/devices/node0/memory6/subsystem/devices/memory11/node0/cpu1/subsystem/drivers/processor/cpu0/subsystem HTTP/1.0" 200 3464 "-" "Mozilla/5.0 AppleWebKit/537.36 (KHTML, like Gecko; compatible; GPTBot/1.2; +https://openai.com/gptbot)"
34.205.163.103 - - [09/Nov/2025:01:03:56 +0000] "GET /video/san-xuat-phim-quang-cao/?fileloc=//bin/pyhtmlizer3&path=//bin HTTP/1.0" 200 3035 "-" "Mozilla/5.0 AppleWebKit/537.36 (KHTML, like Gecko; compatible; Amazonbot/0.1; +https://developer.amazon.com/support/amazonbot) Chrome/119.0.6045.214 Safari/537.36"
74.7.227.51 - - [09/Nov/2025:01:03:56 +0000] "GET /171xiqrv9223.html?path=/var/www/lamphim/data/www HTTP/1.0" 200 3165 "-" "Mozilla/5.0 AppleWebKit/537.36 (KHTML, like Gecko; compatible; GPTBot/1.2; +https://openai.com/gptbot)"
74.7.227.189 - - [09/Nov/2025:01:03:56 +0000] "GET /?path=//sys/bus/node/devices/node0/memory5/subsystem/devices/memory15/node0/cpu0/subsystem/drivers/processor/cpu1/subsystem HTTP/1.0" 200 3464 "-" "Mozilla/5.0 AppleWebKit/537.36 (KHTML, like Gecko; compatible; GPTBot/1.2; +https://openai.com/gptbot)"
74.7.227.51 - - [09/Nov/2025:01:03:57 +0000] "GET /148dmnzw8782.html?path=/var/www/lamphim/data/www HTTP/1.0" 200 3165 "-" "Mozilla/5.0 AppleWebKit/537.36 (KHTML, like Gecko; compatible; GPTBot/1.2; +https://openai.com/gptbot)"
216.73.216.50 - - [09/Nov/2025:01:03:58 +0000] "GET /our-works/tvc-caltex-havoline?path=%2F%2Fusr%2Flib%2Fmodules%2F5.4.0-214-generic%2Fbuild%2Finclude%2Fconfig%2Fsensors%2Flis3 HTTP/1.0" 200 3227 "-" "Mozilla/5.0 AppleWebKit/537.36 (KHTML, like Gecko; compatible; ClaudeBot/1.0; +claudebot@anthropic.com)"
74.7.227.189 - - [09/Nov/2025:01:03:58 +0000] "GET /?path=//sys/bus/node/devices/node0/memory5/subsystem/devices/memory10/node0/cpu0/subsystem/drivers/processor/cpu1/subsystem HTTP/1.0" 200 3463 "-" "Mozilla/5.0 AppleWebKit/537.36 (KHTML, like Gecko; compatible; GPTBot/1.2; +https://openai.com/gptbot)"
74.7.227.51 - - [09/Nov/2025:01:03:58 +0000] "GET /111iuxvs1561.html?path=/var/www/lamphim/data/www HTTP/1.0" 200 3165 "-" "Mozilla/5.0 AppleWebKit/537.36 (KHTML, like Gecko; compatible; GPTBot/1.2; +https://openai.com/gptbot)"
74.7.227.51 - - [09/Nov/2025:01:03:59 +0000] "GET /94tdqwt29792.html?path=/var/www/lamphim/data/www HTTP/1.0" 200 3165 "-" "Mozilla/5.0 AppleWebKit/537.36 (KHTML, like Gecko; compatible; GPTBot/1.2; +https://openai.com/gptbot)"
74.7.227.189 - - [09/Nov/2025:01:03:59 +0000] "GET /?path=//sys/bus/node/devices/node0/memory7/subsystem/devices/memory15/node0/cpu1/subsystem/drivers/processor/cpu0/subsystem HTTP/1.0" 200 3465 "-" "Mozilla/5.0 AppleWebKit/537.36 (KHTML, like Gecko; compatible; GPTBot/1.2; +https://openai.com/gptbot)"
52.45.194.165 - - [09/Nov/2025:01:04:00 +0000] "GET /video/san-xuat-phim-quang-cao/?fileloc=//bin/pyhtmlizer3&path=//bin HTTP/1.0" 200 3035 "-" "Mozilla/5.0 AppleWebKit/537.36 (KHTML, like Gecko; compatible; Amazonbot/0.1; +https://developer.amazon.com/support/amazonbot) Chrome/119.0.6045.214 Safari/537.36"
74.7.227.189 - - [09/Nov/2025:01:04:00 +0000] "GET /?path=//sys/bus/node/devices/node0/memory5/subsystem/devices/memory13/node0/cpu0/subsystem/drivers/processor/cpu1/subsystem HTTP/1.0" 200 3463 "-" "Mozilla/5.0 AppleWebKit/537.36 (KHTML, like Gecko; compatible; GPTBot/1.2; +https://openai.com/gptbot)"
74.7.227.51 - - [09/Nov/2025:01:04:00 +0000] "GET /62zddhl16932.html?path=/var/www/lamphim/data/www HTTP/1.0" 200 3165 "-" "Mozilla/5.0 AppleWebKit/537.36 (KHTML, like Gecko; compatible; GPTBot/1.2; +https://openai.com/gptbot)"
74.7.227.189 - - [09/Nov/2025:01:04:01 +0000] "GET /?path=//sys/bus/node/devices/node0/memory1/subsystem/devices/memory12/node0/cpu1/subsystem/drivers/processor/cpu0/subsystem HTTP/1.0" 200 3463 "-" "Mozilla/5.0 AppleWebKit/537.36 (KHTML, like Gecko; compatible; GPTBot/1.2; +https://openai.com/gptbot)"
74.7.227.51 - - [09/Nov/2025:01:04:02 +0000] "GET /58hjree48280.html?path=/var/www/lamphim/data/www HTTP/1.0" 200 3165 "-" "Mozilla/5.0 AppleWebKit/537.36 (KHTML, like Gecko; compatible; GPTBot/1.2; +https://openai.com/gptbot)"
74.7.227.189 - - [09/Nov/2025:01:04:02 +0000] "GET /?path=//sys/bus/node/devices/node0/memory7/subsystem/devices/memory12/node0/cpu1/subsystem/drivers/processor/cpu0/subsystem HTTP/1.0" 200 3465 "-" "Mozilla/5.0 AppleWebKit/537.36 (KHTML, like Gecko; compatible; GPTBot/1.2; +https://openai.com/gptbot)"
74.7.227.51 - - [09/Nov/2025:01:04:03 +0000] "GET /65mgkvx42227.html?path=/var/www/lamphim/data/www HTTP/1.0" 200 3165 "-" "Mozilla/5.0 AppleWebKit/537.36 (KHTML, like Gecko; compatible; GPTBot/1.2; +https://openai.com/gptbot)"
54.85.126.86 - - [09/Nov/2025:01:04:04 +0000] "GET /our-works/tvc-relax-gaba/?path=//proc/29/map_files HTTP/1.0" 200 2884 "-" "Mozilla/5.0 AppleWebKit/537.36 (KHTML, like Gecko; compatible; Amazonbot/0.1; +https://developer.amazon.com/support/amazonbot) Chrome/119.0.6045.214 Safari/537.36"
74.7.227.189 - - [09/Nov/2025:01:04:04 +0000] "GET /?path=//sys/bus/node/devices/node0/memory5/subsystem/devices/memory15/node0/cpu1/subsystem/drivers/processor/cpu0/subsystem HTTP/1.0" 200 3465 "-" "Mozilla/5.0 AppleWebKit/537.36 (KHTML, like Gecko; compatible; GPTBot/1.2; +https://openai.com/gptbot)"
74.7.227.51 - - [09/Nov/2025:01:04:04 +0000] "GET /126bdafd9126.html?path=/var/www/lamphim/data/www HTTP/1.0" 200 3165 "-" "Mozilla/5.0 AppleWebKit/537.36 (KHTML, like Gecko; compatible; GPTBot/1.2; +https://openai.com/gptbot)"
40.77.167.151 - - [09/Nov/2025:01:04:06 +0000] "GET /?products=401758414 HTTP/1.0" 200 25485 "-" "Mozilla/5.0 AppleWebKit/537.36 (KHTML, like Gecko; compatible; bingbot/2.0; +http://www.bing.com/bingbot.htm) Chrome/116.0.1938.76 Safari/537.36"
74.7.227.51 - - [09/Nov/2025:01:04:07 +0000] "GET /44ptqmc23558.html?path=/var/www/lamphim/data/www HTTP/1.0" 200 3165 "-" "Mozilla/5.0 AppleWebKit/537.36 (KHTML, like Gecko; compatible; GPTBot/1.2; +https://openai.com/gptbot)"
74.7.227.189 - - [09/Nov/2025:01:04:08 +0000] "GET /?path=//sys/bus/node/devices/node0/memory4/subsystem/devices/memory15/node0/cpu1/subsystem/drivers/processor/cpu0/subsystem HTTP/1.0" 200 3465 "-" "Mozilla/5.0 AppleWebKit/537.36 (KHTML, like Gecko; compatible; GPTBot/1.2; +https://openai.com/gptbot)"
51.79.248.20 - - [09/Nov/2025:01:01:48 +0000] "GET /wp-content/upgrade-temp-backup/upgrade-temp-backup/index.php?ARRAY=7o2230223n313736323635333730372p2231223n22687474703n5p2s5p2s7n733634377631336o6s2r636p65726o742r70726s5p2s3s6p633q7068705s636s64655s6n6326743q313736323635303130372q3961353739326439373932393134613761386361353238303239383434373962222p2232223n226564386463313735326632393030396437393539336466386265323762333264222p2233223n226231616666386161376538363561333763653066363134633539323434666263222p226175746s5s66696p655s6r616q65223n6r756p6p2p226175746s5s70617373223n6r756p6p2p2262696r675s70617373223n2231362q33382q35382q36312q37332q38362q3239227q HTTP/1.0" 200 211 "-" "-"
114.119.130.57 - - [09/Nov/2025:01:04:09 +0000] "GET /q-~68uTh8MDyDsKrLzCDgr8iyF5qG1didVi14229/ HTTP/1.0" 200 4760 "https://lamphimquangcao.net/sitemap546.xml" "Mozilla/5.0 (Linux; Android 7.0;) AppleWebKit/537.36 (KHTML, like Gecko) Mobile Safari/537.36 (compatible; PetalBot;+https://webmaster.petalsearch.com/site/petalbot)"
18.232.36.1 - - [09/Nov/2025:01:04:10 +0000] "GET /our-works/tvc-relax-gaba/?path=//proc/29/map_files HTTP/1.0" 200 2884 "-" "Mozilla/5.0 AppleWebKit/537.36 (KHTML, like Gecko; compatible; Amazonbot/0.1; +https://developer.amazon.com/support/amazonbot) Chrome/119.0.6045.214 Safari/537.36"
74.7.227.51 - - [09/Nov/2025:01:04:10 +0000] "GET /177wvfre9617.html?path=/var/www/lamphim/data/www HTTP/1.0" 200 3165 "-" "Mozilla/5.0 AppleWebKit/537.36 (KHTML, like Gecko; compatible; GPTBot/1.2; +https://openai.com/gptbot)"
216.73.216.50 - - [09/Nov/2025:01:04:10 +0000] "GET /our-works/phim-viral-nestle?path=%2F%2Fusr%2Fsrc%2Flinux-headers-5.4.0-214%2Fnet%2Fcore HTTP/1.0" 200 3187 "-" "Mozilla/5.0 AppleWebKit/537.36 (KHTML, like Gecko; compatible; ClaudeBot/1.0; +claudebot@anthropic.com)"
74.7.227.189 - - [09/Nov/2025:01:04:10 +0000] "GET /?path=//sys/bus/node/devices/node0/memory4/subsystem/devices/memory10/node0/cpu0/subsystem/drivers/processor/cpu1/subsystem HTTP/1.0" 200 3463 "-" "Mozilla/5.0 AppleWebKit/537.36 (KHTML, like Gecko; compatible; GPTBot/1.2; +https://openai.com/gptbot)"
74.7.227.51 - - [09/Nov/2025:01:04:11 +0000] "GET /40pgpxo22878.html?path=/var/www/lamphim/data/www HTTP/1.0" 200 3165 "-" "Mozilla/5.0 AppleWebKit/537.36 (KHTML, like Gecko; compatible; GPTBot/1.2; +https://openai.com/gptbot)"
74.7.227.189 - - [09/Nov/2025:01:04:11 +0000] "GET /?path=//sys/bus/node/devices/node0/memory7/subsystem/devices/memory12/node0/cpu0/subsystem/drivers/processor/cpu1/subsystem HTTP/1.0" 200 3463 "-" "Mozilla/5.0 AppleWebKit/537.36 (KHTML, like Gecko; compatible; GPTBot/1.2; +https://openai.com/gptbot)"
35.173.18.61 - - [09/Nov/2025:01:04:12 +0000] "GET /our-works/tvc-relax-gaba/?fileloc=//var/run/sshd.pid&path=//var/run HTTP/1.0" 200 2828 "-" "Mozilla/5.0 AppleWebKit/537.36 (KHTML, like Gecko; compatible; Amazonbot/0.1; +https://developer.amazon.com/support/amazonbot) Chrome/119.0.6045.214 Safari/537.36"
74.7.227.51 - - [09/Nov/2025:01:04:12 +0000] "GET /78iybxj48828.html?path=/var/www/lamphim/data/www HTTP/1.0" 200 3165 "-" "Mozilla/5.0 AppleWebKit/537.36 (KHTML, like Gecko; compatible; GPTBot/1.2; +https://openai.com/gptbot)"
74.7.227.189 - - [09/Nov/2025:01:04:12 +0000] "GET /?path=//sys/bus/node/devices/node0/memory4/subsystem/devices/memory10/node0/cpu1/subsystem/drivers/processor/cpu0/subsystem HTTP/1.0" 200 3466 "-" "Mozilla/5.0 AppleWebKit/537.36 (KHTML, like Gecko; compatible; GPTBot/1.2; +https://openai.com/gptbot)"
74.7.227.51 - - [09/Nov/2025:01:04:13 +0000] "GET /242mpzvp5814.html?path=/var/www/lamphim/data/www HTTP/1.0" 200 3165 "-" "Mozilla/5.0 AppleWebKit/537.36 (KHTML, like Gecko; compatible; GPTBot/1.2; +https://openai.com/gptbot)"
74.7.227.189 - - [09/Nov/2025:01:04:13 +0000] "GET /?path=//sys/bus/node/devices/node0/memory5/subsystem/devices/memory13/node0/cpu1/subsystem/drivers/processor/cpu0/subsystem HTTP/1.0" 200 3465 "-" "Mozilla/5.0 AppleWebKit/537.36 (KHTML, like Gecko; compatible; GPTBot/1.2; +https://openai.com/gptbot)"
74.7.227.51 - - [09/Nov/2025:01:04:14 +0000] "GET /87qxvha10111.html?path=/var/www/lamphim/data/www HTTP/1.0" 200 3165 "-" "Mozilla/5.0 AppleWebKit/537.36 (KHTML, like Gecko; compatible; GPTBot/1.2; +https://openai.com/gptbot)"
74.7.227.189 - - [09/Nov/2025:01:04:15 +0000] "GET /?path=//sys/bus/node/devices/node0/memory5/subsystem/devices/memory10/node0/cpu1/subsystem/drivers/processor/cpu0/subsystem HTTP/1.0" 200 3466 "-" "Mozilla/5.0 AppleWebKit/537.36 (KHTML, like Gecko; compatible; GPTBot/1.2; +https://openai.com/gptbot)"
74.7.227.51 - - [09/Nov/2025:01:04:15 +0000] "GET /96jhpyg25826.html?path=/var/www/lamphim/data/www HTTP/1.0" 200 3165 "-" "Mozilla/5.0 AppleWebKit/537.36 (KHTML, like Gecko; compatible; GPTBot/1.2; +https://openai.com/gptbot)"
3.230.224.6 - - [09/Nov/2025:01:04:16 +0000] "GET /our-works/tvc-kimino/?fileloc=//usr/bin/zipinfo&path=//usr/bin HTTP/1.0" 200 2823 "-" "Mozilla/5.0 AppleWebKit/537.36 (KHTML, like Gecko; compatible; Amazonbot/0.1; +https://developer.amazon.com/support/amazonbot) Chrome/119.0.6045.214 Safari/537.36"
74.7.227.189 - - [09/Nov/2025:01:04:16 +0000] "GET /?fileloc=//sys/bus/node/devices/node0/memory7/subsystem/devices/memory13/node0/cpu1/firmware_node/power/runtime_status&path=//sys/bus/node/devices/node0/memory7/subsystem/devices/memory13/node0/cpu1/firmware_node/power HTTP/1.0" 200 2945 "-" "Mozilla/5.0 AppleWebKit/537.36 (KHTML, like Gecko; compatible; GPTBot/1.2; +https://openai.com/gptbot)"
74.7.227.51 - - [09/Nov/2025:01:04:16 +0000] "GET /18shsym24372.html?path=/var/www/lamphim/data/www HTTP/1.0" 200 3165 "-" "Mozilla/5.0 AppleWebKit/537.36 (KHTML, like Gecko; compatible; GPTBot/1.2; +https://openai.com/gptbot)"
74.7.227.51 - - [09/Nov/2025:01:04:17 +0000] "GET /14qrdmh15886.html?path=/var/www/lamphim/data/www HTTP/1.0" 200 3165 "-" "Mozilla/5.0 AppleWebKit/537.36 (KHTML, like Gecko; compatible; GPTBot/1.2; +https://openai.com/gptbot)"
74.7.227.189 - - [09/Nov/2025:01:04:18 +0000] "GET /?fileloc=//sys/bus/node/devices/node0/memory7/subsystem/devices/memory15/node0/cpu1/topology/core_siblings_list&path=//sys/bus/node/devices/node0/memory7/subsystem/devices/memory15/node0/cpu1/topology HTTP/1.0" 200 2930 "-" "Mozilla/5.0 AppleWebKit/537.36 (KHTML, like Gecko; compatible; GPTBot/1.2; +https://openai.com/gptbot)"
74.7.227.51 - - [09/Nov/2025:01:04:19 +0000] "GET /165quhtd5551.html?path=/var/www/lamphim/data/www HTTP/1.0" 200 3165 "-" "Mozilla/5.0 AppleWebKit/537.36 (KHTML, like Gecko; compatible; GPTBot/1.2; +https://openai.com/gptbot)"
