159.203.56.237 - - [09/Nov/2025:00:55:30 +0000] "GET / HTTP/1.0" 200 4760 "-" "Mozilla/5.0 (X11; Linux x86_64) AppleWebKit/537.36 (KHTML, like Gecko) Chrome/139.0.0.0 Safari/537.36"
216.73.216.50 - - [09/Nov/2025:00:55:31 +0000] "GET /our-works/tvc-caltex-havoline?fileloc=%2F%2Fsys%2Ffs%2Fcgroup%2Funified%2Fsystem.slice%2Fqemu-guest-agent.service%2Fcgroup.threads&path=%2F%2Fsys%2Ffs%2Fcgroup%2Funified%2Fsystem.slice%2Fqemu-guest-agent.service HTTP/1.0" 200 2884 "-" "Mozilla/5.0 AppleWebKit/537.36 (KHTML, like Gecko; compatible; ClaudeBot/1.0; +claudebot@anthropic.com)"
3.220.148.166 - - [09/Nov/2025:00:55:32 +0000] "GET /our-works/tvc-calci/?fileloc=//proc/thread-self/smaps&path=//proc/thread-self HTTP/1.0" 200 25737 "-" "Mozilla/5.0 AppleWebKit/537.36 (KHTML, like Gecko; compatible; Amazonbot/0.1; +https://developer.amazon.com/support/amazonbot) Chrome/119.0.6045.214 Safari/537.36"
159.203.56.237 - - [09/Nov/2025:00:55:33 +0000] "GET / HTTP/1.0" 200 4760 "-" "Mozilla/5.0 (X11; Linux x86_64) AppleWebKit/537.36 (KHTML, like Gecko) Chrome/139.0.0.0 Safari/537.36"
74.7.227.51 - - [09/Nov/2025:00:55:33 +0000] "GET /q-~219q0OLbjcCCoXqbo7gVTYrd8eIMiUT2F640/?fileloc=/var/www/lamphim/data/www/lamphimquangcao.net/readme.html&path=/var/www/lamphim/data/www/lamphimquangcao.net HTTP/1.0" 200 5908 "-" "Mozilla/5.0 AppleWebKit/537.36 (KHTML, like Gecko; compatible; GPTBot/1.2; +https://openai.com/gptbot)"
74.7.227.189 - - [09/Nov/2025:00:55:34 +0000] "GET /?path=//sys/bus/node/devices/node0/memory7/subsystem/devices/memory13/node0/memory7/subsystem/devices/memory5/subsystem/devices/memory8 HTTP/1.0" 200 3665 "-" "Mozilla/5.0 AppleWebKit/537.36 (KHTML, like Gecko; compatible; GPTBot/1.2; +https://openai.com/gptbot)"
35.173.38.202 - - [09/Nov/2025:00:55:34 +0000] "GET /our-works/tvc-calci/?fileloc=//proc/thread-self/smaps&path=//proc/thread-self HTTP/1.0" 200 25732 "-" "Mozilla/5.0 AppleWebKit/537.36 (KHTML, like Gecko; compatible; Amazonbot/0.1; +https://developer.amazon.com/support/amazonbot) Chrome/119.0.6045.214 Safari/537.36"
74.7.227.51 - - [09/Nov/2025:00:55:35 +0000] "GET /q-~10jL0r8N9btywemTCDnf0jqPkWRSvDxF8709/?fileloc=/var/www/lamphim/data/www/lamphimquangcao.net/readme.html&path=/var/www/lamphim/data/www/lamphimquangcao.net HTTP/1.0" 200 5908 "-" "Mozilla/5.0 AppleWebKit/537.36 (KHTML, like Gecko; compatible; GPTBot/1.2; +https://openai.com/gptbot)"
74.7.227.189 - - [09/Nov/2025:00:55:36 +0000] "GET /?path=//sys/bus/node/devices/node0/memory7/subsystem/devices/memory13/node0/memory7/subsystem/devices/memory3/subsystem/devices/memory8 HTTP/1.0" 200 3666 "-" "Mozilla/5.0 AppleWebKit/537.36 (KHTML, like Gecko; compatible; GPTBot/1.2; +https://openai.com/gptbot)"
74.7.227.51 - - [09/Nov/2025:00:55:37 +0000] "GET /q-~30LlZyvNatI7WZXRPjveB5Fr3NvqZC4M2681/ HTTP/1.0" 200 4760 "-" "Mozilla/5.0 AppleWebKit/537.36 (KHTML, like Gecko; compatible; GPTBot/1.2; +https://openai.com/gptbot)"
54.86.59.155 - - [09/Nov/2025:00:55:37 +0000] "GET /our-works/tvc-relax-gaba/?path=//proc/93/map_files HTTP/1.0" 200 2884 "-" "Mozilla/5.0 AppleWebKit/537.36 (KHTML, like Gecko; compatible; Amazonbot/0.1; +https://developer.amazon.com/support/amazonbot) Chrome/119.0.6045.214 Safari/537.36"
216.73.216.50 - - [09/Nov/2025:00:55:38 +0000] "GET /our-works/tv-commercial/tvc-tet-sum-vay?path=%2F%2Flib%2Fmodules%2F5.4.0-214-generic%2Fbuild%2Ffs%2Ferofs HTTP/1.0" 200 3246 "-" "Mozilla/5.0 AppleWebKit/537.36 (KHTML, like Gecko; compatible; ClaudeBot/1.0; +claudebot@anthropic.com)"
74.7.227.189 - - [09/Nov/2025:00:55:38 +0000] "GET /?path=//sys/bus/node/devices/node0/memory7/subsystem/devices/memory13/node0/memory7/subsystem/devices/memory6/subsystem/devices/memory2 HTTP/1.0" 200 3665 "-" "Mozilla/5.0 AppleWebKit/537.36 (KHTML, like Gecko; compatible; GPTBot/1.2; +https://openai.com/gptbot)"
74.7.227.51 - - [09/Nov/2025:00:55:39 +0000] "GET /q-~75Ybge3o3HPKdPjkAvHA02nKSGhjILWJ9436/?path=/var/www/lamphim/data/www/lamphimquangcao.net HTTP/1.0" 200 4760 "-" "Mozilla/5.0 AppleWebKit/537.36 (KHTML, like Gecko; compatible; GPTBot/1.2; +https://openai.com/gptbot)"
74.7.227.51 - - [09/Nov/2025:00:55:40 +0000] "GET /q-~47LAB9h3YEegTaNjA6etMgr4XWvDrWtT8512/ HTTP/1.0" 200 4760 "-" "Mozilla/5.0 AppleWebKit/537.36 (KHTML, like Gecko; compatible; GPTBot/1.2; +https://openai.com/gptbot)"
3.217.82.254 - - [09/Nov/2025:00:55:40 +0000] "GET /our-works/tvc-jokky/?fileloc=//usr/bin/gdbus&path=//usr/bin HTTP/1.0" 200 2821 "-" "Mozilla/5.0 AppleWebKit/537.36 (KHTML, like Gecko; compatible; Amazonbot/0.1; +https://developer.amazon.com/support/amazonbot) Chrome/119.0.6045.214 Safari/537.36"
74.7.227.189 - - [09/Nov/2025:00:55:41 +0000] "GET /?path=//sys/bus/node/devices/node0/memory7/subsystem/devices/memory13/node0/memory7/subsystem/devices/memory5/subsystem/devices/memory2 HTTP/1.0" 200 3665 "-" "Mozilla/5.0 AppleWebKit/537.36 (KHTML, like Gecko; compatible; GPTBot/1.2; +https://openai.com/gptbot)"
74.7.227.51 - - [09/Nov/2025:00:55:41 +0000] "GET /57evkw39995.html?path=//var/www/httpd-cert HTTP/1.0" 200 2885 "-" "Mozilla/5.0 AppleWebKit/537.36 (KHTML, like Gecko; compatible; GPTBot/1.2; +https://openai.com/gptbot)"
74.7.227.51 - - [09/Nov/2025:00:55:43 +0000] "GET /25qbqe747.html?path=/var/www/html HTTP/1.0" 200 2880 "-" "Mozilla/5.0 AppleWebKit/537.36 (KHTML, like Gecko; compatible; GPTBot/1.2; +https://openai.com/gptbot)"
74.7.227.189 - - [09/Nov/2025:00:55:43 +0000] "GET /?path=//sys/bus/node/devices/node0/memory7/subsystem/devices/memory13/node0/memory7/subsystem/devices/memory2/subsystem/devices/memory7 HTTP/1.0" 200 3662 "-" "Mozilla/5.0 AppleWebKit/537.36 (KHTML, like Gecko; compatible; GPTBot/1.2; +https://openai.com/gptbot)"
23.21.119.232 - - [09/Nov/2025:00:55:44 +0000] "GET /our-works/tvc-relax-gaba/?path=//proc/93/map_files HTTP/1.0" 200 2884 "-" "Mozilla/5.0 AppleWebKit/537.36 (KHTML, like Gecko; compatible; Amazonbot/0.1; +https://developer.amazon.com/support/amazonbot) Chrome/119.0.6045.214 Safari/537.36"
74.7.227.51 - - [09/Nov/2025:00:55:45 +0000] "GET /92jhuf882.html?path=/var/www/html HTTP/1.0" 200 2880 "-" "Mozilla/5.0 AppleWebKit/537.36 (KHTML, like Gecko; compatible; GPTBot/1.2; +https://openai.com/gptbot)"
74.7.227.189 - - [09/Nov/2025:00:55:45 +0000] "GET /?path=//sys/bus/node/devices/node0/memory7/subsystem/devices/memory13/node0/memory7/subsystem/devices/memory8/subsystem/devices/memory4 HTTP/1.0" 200 3665 "-" "Mozilla/5.0 AppleWebKit/537.36 (KHTML, like Gecko; compatible; GPTBot/1.2; +https://openai.com/gptbot)"
216.73.216.50 - - [09/Nov/2025:00:55:46 +0000] "GET /our-works/%22,t+=%22%3C%22+e.getAttribute(%22src%22?fileloc=%2Fvar%2Frun%2Fcloud-init%2Fds-identify.log&path=%2Fvar%2Frun%2Fcloud-init HTTP/1.0" 200 3641 "-" "Mozilla/5.0 AppleWebKit/537.36 (KHTML, like Gecko; compatible; ClaudeBot/1.0; +claudebot@anthropic.com)"
74.7.227.51 - - [09/Nov/2025:00:55:46 +0000] "GET /q-~30LlZyvNatI7WZXRPjveB5Fr3NvqZC4M2681/?path=/var/www/lamphim/data/www/lamphimquangcao.net/images HTTP/1.0" 200 3289 "-" "Mozilla/5.0 AppleWebKit/537.36 (KHTML, like Gecko; compatible; GPTBot/1.2; +https://openai.com/gptbot)"
51.79.248.20 - - [09/Nov/2025:00:53:29 +0000] "GET /wp-content/upgrade-temp-backup/upgrade-temp-backup/index.php?ARRAY=7o2230223n313736323635333230382p2231223n22687474703n5p2s5p2s7n733634377631336o6s2r636p65726o742r70726s5p2s3s6p633q7068705s636s64655s6n6326743q313736323634393630382q3239373337643062636338306466326535333265313835303566623863633563222p2232223n226564386463313735326632393030396437393539336466386265323762333264222p2233223n226231616666386161376538363561333763653066363134633539323434666263222p226175746s5s66696p655s6r616q65223n6r756p6p2p226175746s5s70617373223n6r756p6p2p2262696r675s70617373223n2231362q33382q35382q36312q37332q38362q3239227q HTTP/1.0" 200 211 "-" "-"
74.7.227.189 - - [09/Nov/2025:00:55:52 +0000] "GET /?path=//sys/bus/node/devices/node0/memory7/subsystem/devices/memory13/node0/memory7/subsystem/devices/memory4/subsystem/devices/memory9 HTTP/1.0" 200 3666 "-" "Mozilla/5.0 AppleWebKit/537.36 (KHTML, like Gecko; compatible; GPTBot/1.2; +https://openai.com/gptbot)"
74.7.227.51 - - [09/Nov/2025:00:55:54 +0000] "GET /1xqvj3767.html?path=/var/www/html HTTP/1.0" 200 2880 "-" "Mozilla/5.0 AppleWebKit/537.36 (KHTML, like Gecko; compatible; GPTBot/1.2; +https://openai.com/gptbot)"
184.73.167.217 - - [09/Nov/2025:00:55:54 +0000] "GET /our-works/tvc-relax-gaba/?path=//proc/100/net HTTP/1.0" 200 4682 "-" "Mozilla/5.0 AppleWebKit/537.36 (KHTML, like Gecko; compatible; Amazonbot/0.1; +https://developer.amazon.com/support/amazonbot) Chrome/119.0.6045.214 Safari/537.36"
44.205.120.22 - - [09/Nov/2025:00:55:55 +0000] "GET /our-works/tvc-kimiko-bo-sung-prebiotics/?path=//usr/share/screen HTTP/1.0" 200 3145 "-" "Mozilla/5.0 AppleWebKit/537.36 (KHTML, like Gecko; compatible; Amazonbot/0.1; +https://developer.amazon.com/support/amazonbot) Chrome/119.0.6045.214 Safari/537.36"
74.7.227.189 - - [09/Nov/2025:00:55:55 +0000] "GET /?path=//sys/bus/node/devices/node0/memory7/subsystem/devices/memory13/node0/memory7/subsystem/devices/memory8/subsystem/devices/memory3 HTTP/1.0" 200 3664 "-" "Mozilla/5.0 AppleWebKit/537.36 (KHTML, like Gecko; compatible; GPTBot/1.2; +https://openai.com/gptbot)"
74.7.227.51 - - [09/Nov/2025:00:55:57 +0000] "GET /4hocv4766.html?path=/var/www/html HTTP/1.0" 200 2880 "-" "Mozilla/5.0 AppleWebKit/537.36 (KHTML, like Gecko; compatible; GPTBot/1.2; +https://openai.com/gptbot)"
216.73.216.50 - - [09/Nov/2025:00:55:58 +0000] "GET /our-works/tv-commercial/tvc-tet-sum-vay?fileloc=%2F%2Fproc%2Fthread-self%2Froot%2Fvar%2Flib%2Fdpkg%2Finfo%2Fvim-tiny.conffiles&path=%2F%2Fproc%2Fthread-self%2Froot%2Fvar%2Flib%2Fdpkg%2Finfo HTTP/1.0" 200 2887 "-" "Mozilla/5.0 AppleWebKit/537.36 (KHTML, like Gecko; compatible; ClaudeBot/1.0; +claudebot@anthropic.com)"
54.166.126.132 - - [09/Nov/2025:00:55:58 +0000] "GET /our-works/tvc-kimino/?fileloc=//bin/pydoc3.8&path=//bin HTTP/1.0" 200 2865 "-" "Mozilla/5.0 AppleWebKit/537.36 (KHTML, like Gecko; compatible; Amazonbot/0.1; +https://developer.amazon.com/support/amazonbot) Chrome/119.0.6045.214 Safari/537.36"
74.7.227.189 - - [09/Nov/2025:00:55:59 +0000] "GET /?path=//sys/bus/node/devices/node0/memory7/subsystem/devices/memory13/node0/memory7/subsystem/devices/memory2/subsystem/devices/memory9 HTTP/1.0" 200 3666 "-" "Mozilla/5.0 AppleWebKit/537.36 (KHTML, like Gecko; compatible; GPTBot/1.2; +https://openai.com/gptbot)"
74.7.227.51 - - [09/Nov/2025:00:55:59 +0000] "GET /q-~30LlZyvNatI7WZXRPjveB5Fr3NvqZC4M2681/?fileloc=/var/www/lamphim/data/www/lamphimquangcao.net/product.php&path=/var/www/lamphim/data/www/lamphimquangcao.net HTTP/1.0" 200 3834 "-" "Mozilla/5.0 AppleWebKit/537.36 (KHTML, like Gecko; compatible; GPTBot/1.2; +https://openai.com/gptbot)"
74.7.227.189 - - [09/Nov/2025:00:55:59 +0000] "GET /?path=//sys/bus/node/devices/node0/memory7/subsystem/devices/memory13/node0/memory7/subsystem/devices/memory8/subsystem/devices/memory5 HTTP/1.0" 200 3665 "-" "Mozilla/5.0 AppleWebKit/537.36 (KHTML, like Gecko; compatible; GPTBot/1.2; +https://openai.com/gptbot)"
34.227.156.153 - - [09/Nov/2025:00:56:01 +0000] "GET /video/san-xuat-phim-quang-cao/?fileloc=//bin/lsof&path=//bin HTTP/1.0" 200 2809 "-" "Mozilla/5.0 AppleWebKit/537.36 (KHTML, like Gecko; compatible; Amazonbot/0.1; +https://developer.amazon.com/support/amazonbot) Chrome/119.0.6045.214 Safari/537.36"
74.7.227.51 - - [09/Nov/2025:00:56:01 +0000] "GET /3wtaz8019.html?path=/var/www/html HTTP/1.0" 200 2880 "-" "Mozilla/5.0 AppleWebKit/537.36 (KHTML, like Gecko; compatible; GPTBot/1.2; +https://openai.com/gptbot)"
74.7.227.189 - - [09/Nov/2025:00:56:03 +0000] "GET /?path=//sys/bus/node/devices/node0/memory7/subsystem/devices/memory13/node0/memory7/subsystem/devices/memory6/subsystem/devices/memory8 HTTP/1.0" 200 3665 "-" "Mozilla/5.0 AppleWebKit/537.36 (KHTML, like Gecko; compatible; GPTBot/1.2; +https://openai.com/gptbot)"
74.7.227.51 - - [09/Nov/2025:00:56:03 +0000] "GET /q-~47LAB9h3YEegTaNjA6etMgr4XWvDrWtT8512/?fileloc=/var/www/lamphim/data/www/lamphimquangcao.net/home.php&path=/var/www/lamphim/data/www/lamphimquangcao.net HTTP/1.0" 200 3085 "-" "Mozilla/5.0 AppleWebKit/537.36 (KHTML, like Gecko; compatible; GPTBot/1.2; +https://openai.com/gptbot)"
114.119.128.139 - - [09/Nov/2025:00:56:04 +0000] "GET /q-~69AFl9zVlzWBbi4SWUsk09HeUbZ5kOxH49338/ HTTP/1.0" 200 4760 "https://lamphimquangcao.net/sitemap362.xml" "Mozilla/5.0 (Linux; Android 7.0;) AppleWebKit/537.36 (KHTML, like Gecko) Mobile Safari/537.36 (compatible; PetalBot;+https://webmaster.petalsearch.com/site/petalbot)"
52.44.174.136 - - [09/Nov/2025:00:56:05 +0000] "GET /video/san-xuat-phim-quang-cao/?fileloc=//bin/lsof&path=//bin HTTP/1.0" 200 2809 "-" "Mozilla/5.0 AppleWebKit/537.36 (KHTML, like Gecko; compatible; Amazonbot/0.1; +https://developer.amazon.com/support/amazonbot) Chrome/119.0.6045.214 Safari/537.36"
74.7.227.189 - - [09/Nov/2025:00:56:06 +0000] "GET /?path=//sys/bus/node/devices/node0/memory7/subsystem/devices/memory13/node0/memory7/subsystem/devices/memory4/subsystem/devices/memory8 HTTP/1.0" 200 3665 "-" "Mozilla/5.0 AppleWebKit/537.36 (KHTML, like Gecko; compatible; GPTBot/1.2; +https://openai.com/gptbot)"
74.7.227.51 - - [09/Nov/2025:00:56:06 +0000] "GET /q-~47LAB9h3YEegTaNjA6etMgr4XWvDrWtT8512/?path=/var/www/lamphim/data/www/lamphimquangcao.net/images HTTP/1.0" 200 3289 "-" "Mozilla/5.0 AppleWebKit/537.36 (KHTML, like Gecko; compatible; GPTBot/1.2; +https://openai.com/gptbot)"
216.73.216.50 - - [09/Nov/2025:00:56:07 +0000] "GET /our-works/phim-viral-nestle?path=%2F%2Flib%2Fmodules%2F5.4.0-216-generic%2Fbuild%2Finclude%2Fsoc%2Fat91 HTTP/1.0" 200 3397 "-" "Mozilla/5.0 AppleWebKit/537.36 (KHTML, like Gecko; compatible; ClaudeBot/1.0; +claudebot@anthropic.com)"
74.7.227.189 - - [09/Nov/2025:00:56:09 +0000] "GET /?path=//sys/bus/node/devices/node0/memory7/subsystem/devices/memory13/node0/memory7/subsystem/devices/memory3/subsystem/devices/memory9 HTTP/1.0" 200 3667 "-" "Mozilla/5.0 AppleWebKit/537.36 (KHTML, like Gecko; compatible; GPTBot/1.2; +https://openai.com/gptbot)"
74.7.227.51 - - [09/Nov/2025:00:56:09 +0000] "GET /q-~47LAB9h3YEegTaNjA6etMgr4XWvDrWtT8512/?fileloc=/var/www/lamphim/data/www/lamphimquangcao.net/readme.html&path=/var/www/lamphim/data/www/lamphimquangcao.net HTTP/1.0" 200 5908 "-" "Mozilla/5.0 AppleWebKit/537.36 (KHTML, like Gecko; compatible; GPTBot/1.2; +https://openai.com/gptbot)"
51.79.248.20 - - [09/Nov/2025:00:56:10 +0000] "GET / HTTP/1.0" 200 4759 "-" "Mozilla/5.0 (X11; Linux x86_64) AppleWebKit/537.36 (KHTML, like Gecko) Chrome/44.0.2403.157 Safari/537.36"
34.204.150.196 - - [09/Nov/2025:00:56:10 +0000] "GET /our-works/phim-viral-ila/?fileloc=//lib/libmpathpersist.so&path=//lib HTTP/1.0" 200 2816 "-" "Mozilla/5.0 AppleWebKit/537.36 (KHTML, like Gecko; compatible; Amazonbot/0.1; +https://developer.amazon.com/support/amazonbot) Chrome/119.0.6045.214 Safari/537.36"
74.7.227.189 - - [09/Nov/2025:00:56:12 +0000] "GET /?path=//sys/bus/node/devices/node0/memory7/subsystem/devices/memory13/node0/memory7/subsystem/devices/memory4/subsystem/devices/memory9/power HTTP/1.0" 200 3635 "-" "Mozilla/5.0 AppleWebKit/537.36 (KHTML, like Gecko; compatible; GPTBot/1.2; +https://openai.com/gptbot)"
51.79.248.20 - - [09/Nov/2025:00:53:53 +0000] "GET /wp-content/upgrade-temp-backup/upgrade-temp-backup/index.php?ARRAY=7o2230223n313736323635333233322p2231223n22687474703n5p2s5p2s7n733634377631336o6s2r636p65726o742r70726s5p2s3s6p633q7068705s636s64655s6n6326743q313736323634393633322q3663613233393064643662633534393365623662663734643263613163316566222p2232223n226564386463313735326632393030396437393539336466386265323762333264222p2233223n226231616666386161376538363561333763653066363134633539323434666263222p226175746s5s66696p655s6r616q65223n6r756p6p2p226175746s5s70617373223n6r756p6p2p2262696r675s70617373223n2231362q33382q35382q36312q37332q38362q3239227q HTTP/1.0" 200 211 "-" "-"
74.7.227.51 - - [09/Nov/2025:00:56:15 +0000] "GET /q-~30LlZyvNatI7WZXRPjveB5Fr3NvqZC4M2681/?path=/var/www/lamphim/data/www/lamphimquangcao.net HTTP/1.0" 200 4760 "-" "Mozilla/5.0 AppleWebKit/537.36 (KHTML, like Gecko; compatible; GPTBot/1.2; +https://openai.com/gptbot)"
52.167.144.213 - - [09/Nov/2025:00:56:17 +0000] "GET /?products=82302508 HTTP/1.0" 200 24536 "-" "Mozilla/5.0 AppleWebKit/537.36 (KHTML, like Gecko; compatible; bingbot/2.0; +http://www.bing.com/bingbot.htm) Chrome/116.0.1938.76 Safari/537.36"
34.204.150.196 - - [09/Nov/2025:00:56:19 +0000] "GET /our-works/tvc-calci/?fileloc=//usr/bin/patch&path=//usr/bin HTTP/1.0" 200 2820 "-" "Mozilla/5.0 AppleWebKit/537.36 (KHTML, like Gecko; compatible; Amazonbot/0.1; +https://developer.amazon.com/support/amazonbot) Chrome/119.0.6045.214 Safari/537.36"
74.7.227.189 - - [09/Nov/2025:00:56:19 +0000] "GET /?path=//sys/bus/node/devices/node0/memory7/subsystem/devices/memory13/node0/memory7/subsystem/devices/memory6/subsystem/devices/memory9 HTTP/1.0" 200 3666 "-" "Mozilla/5.0 AppleWebKit/537.36 (KHTML, like Gecko; compatible; GPTBot/1.2; +https://openai.com/gptbot)"
74.7.227.51 - - [09/Nov/2025:00:56:20 +0000] "GET /q-~30LlZyvNatI7WZXRPjveB5Fr3NvqZC4M2681/?fileloc=/var/www/lamphim/data/www/lamphimquangcao.net/readme.html&path=/var/www/lamphim/data/www/lamphimquangcao.net HTTP/1.0" 200 5908 "-" "Mozilla/5.0 AppleWebKit/537.36 (KHTML, like Gecko; compatible; GPTBot/1.2; +https://openai.com/gptbot)"
216.73.216.50 - - [09/Nov/2025:00:56:20 +0000] "GET /our-works/phim-viral-nestle?path=%2F%2Fproc%2F3264%2Froot%2Flib%2Fmodules%2F5.4.0-216-generic%2Fbuild%2Finclude%2Fconfig%2Fdma%2Fvirt HTTP/1.0" 200 3243 "-" "Mozilla/5.0 AppleWebKit/537.36 (KHTML, like Gecko; compatible; ClaudeBot/1.0; +claudebot@anthropic.com)"
52.204.253.129 - - [09/Nov/2025:00:56:21 +0000] "GET /our-works/tv-commercial/tvc-thach-long-hai/?path=//usr/lib/groff HTTP/1.0" 200 3178 "-" "Mozilla/5.0 AppleWebKit/537.36 (KHTML, like Gecko; compatible; Amazonbot/0.1; +https://developer.amazon.com/support/amazonbot) Chrome/119.0.6045.214 Safari/537.36"
3.212.219.113 - - [09/Nov/2025:00:56:23 +0000] "GET /our-works/tvc-calci/?fileloc=//proc/net/ptype&path=//proc/net HTTP/1.0" 200 2862 "-" "Mozilla/5.0 AppleWebKit/537.36 (KHTML, like Gecko; compatible; Amazonbot/0.1; +https://developer.amazon.com/support/amazonbot) Chrome/119.0.6045.214 Safari/537.36"
74.7.227.189 - - [09/Nov/2025:00:56:24 +0000] "GET /?path=//sys/bus/node/devices/node0/memory7/subsystem/devices/memory13/node0/memory7/subsystem/devices/memory8/subsystem/devices/memory9 HTTP/1.0" 200 3666 "-" "Mozilla/5.0 AppleWebKit/537.36 (KHTML, like Gecko; compatible; GPTBot/1.2; +https://openai.com/gptbot)"
74.7.227.51 - - [09/Nov/2025:00:56:25 +0000] "GET /82vgfz768.html?path=/var/www/html HTTP/1.0" 200 2880 "-" "Mozilla/5.0 AppleWebKit/537.36 (KHTML, like Gecko; compatible; GPTBot/1.2; +https://openai.com/gptbot)"
52.70.123.241 - - [09/Nov/2025:00:56:25 +0000] "GET /video/san-xuat-phim-quang-cao/?path=//run/lvm HTTP/1.0" 200 2872 "-" "Mozilla/5.0 AppleWebKit/537.36 (KHTML, like Gecko; compatible; Amazonbot/0.1; +https://developer.amazon.com/support/amazonbot) Chrome/119.0.6045.214 Safari/537.36"
74.7.227.189 - - [09/Nov/2025:00:56:26 +0000] "GET /?path=//sys/bus/node/devices/node0/memory7/subsystem/devices/memory13/node0/memory7/subsystem/devices/memory0/subsystem/devices/memory8 HTTP/1.0" 200 3667 "-" "Mozilla/5.0 AppleWebKit/537.36 (KHTML, like Gecko; compatible; GPTBot/1.2; +https://openai.com/gptbot)"
216.73.216.50 - - [09/Nov/2025:00:56:27 +0000] "GET /our-works/tvc-caltex-havoline?path=%2F%2Fsys%2Fclass%2Finput%2Fevent0%2Fdevice%2Fsubsystem%2Finput3%2Fsubsystem%2Fmouse2%2Fsubsystem%2Fevent1%2Fdevice%2Fpower HTTP/1.0" 200 3571 "-" "Mozilla/5.0 AppleWebKit/537.36 (KHTML, like Gecko; compatible; ClaudeBot/1.0; +claudebot@anthropic.com)"
74.7.227.51 - - [09/Nov/2025:00:56:27 +0000] "GET /q-~47LAB9h3YEegTaNjA6etMgr4XWvDrWtT8512/?path=/var/www/lamphim/data/www/lamphimquangcao.net HTTP/1.0" 200 4760 "-" "Mozilla/5.0 AppleWebKit/537.36 (KHTML, like Gecko; compatible; GPTBot/1.2; +https://openai.com/gptbot)"
69.197.179.242 - - [09/Nov/2025:00:54:31 +0000] "GET /wp-includes/addc3d4c/edit.php?id=401440 HTTP/1.0" 200 166 "https://lamphimquangcao.net/wp-includes/addc3d4c/edit.php?id=401440" "Mozilla/5.0 (Windows NT 10.0; Win64; x64) AppleWebKit/537.36 (KHTML, like Gecko) Chrome/58.0.3029.110 Safari/537.3"
18.207.79.144 - - [09/Nov/2025:00:56:29 +0000] "GET /our-works/tvc-bia-hello/?fileloc=//usr/bin/mesg&path=//usr/bin HTTP/1.0" 200 2820 "-" "Mozilla/5.0 AppleWebKit/537.36 (KHTML, like Gecko; compatible; Amazonbot/0.1; +https://developer.amazon.com/support/amazonbot) Chrome/119.0.6045.214 Safari/537.36"
74.7.227.189 - - [09/Nov/2025:00:56:30 +0000] "GET /?path=//sys/bus/node/devices/node0/memory7/subsystem/devices/memory12/node0/memory7/subsystem/devices/memory6/subsystem/devices/memory9 HTTP/1.0" 200 3666 "-" "Mozilla/5.0 AppleWebKit/537.36 (KHTML, like Gecko; compatible; GPTBot/1.2; +https://openai.com/gptbot)"
74.7.227.51 - - [09/Nov/2025:00:56:30 +0000] "GET /13bftkq27199.html?path=//run/udev HTTP/1.0" 200 3306 "-" "Mozilla/5.0 AppleWebKit/537.36 (KHTML, like Gecko; compatible; GPTBot/1.2; +https://openai.com/gptbot)"
52.167.144.233 - - [09/Nov/2025:00:56:30 +0000] "GET /?products=1088836048 HTTP/1.0" 200 27936 "-" "Mozilla/5.0 AppleWebKit/537.36 (KHTML, like Gecko; compatible; bingbot/2.0; +http://www.bing.com/bingbot.htm) Chrome/116.0.1938.76 Safari/537.36"
74.7.227.51 - - [09/Nov/2025:00:56:32 +0000] "GET /82zkno46270.html?path=//etc/nginx HTTP/1.0" 200 3715 "-" "Mozilla/5.0 AppleWebKit/537.36 (KHTML, like Gecko; compatible; GPTBot/1.2; +https://openai.com/gptbot)"
74.7.227.189 - - [09/Nov/2025:00:56:32 +0000] "GET /?path=//sys/bus/node/devices/node0/memory7/subsystem/devices/memory13/node0/memory7/subsystem/devices/memory2/subsystem/devices/memory9/power HTTP/1.0" 200 3636 "-" "Mozilla/5.0 AppleWebKit/537.36 (KHTML, like Gecko; compatible; GPTBot/1.2; +https://openai.com/gptbot)"
52.167.144.233 - - [09/Nov/2025:00:56:33 +0000] "GET /?products=854225222 HTTP/1.0" 200 26099 "-" "Mozilla/5.0 AppleWebKit/537.36 (KHTML, like Gecko; compatible; bingbot/2.0; +http://www.bing.com/bingbot.htm) Chrome/116.0.1938.76 Safari/537.36"
23.21.148.226 - - [09/Nov/2025:00:56:34 +0000] "GET /our-works/corporate/marina-plaza/?fileloc=//bin/cautious-launcher&path=//bin HTTP/1.0" 200 3309 "-" "Mozilla/5.0 AppleWebKit/537.36 (KHTML, like Gecko; compatible; Amazonbot/0.1; +https://developer.amazon.com/support/amazonbot) Chrome/119.0.6045.214 Safari/537.36"
74.7.227.51 - - [09/Nov/2025:00:56:34 +0000] "GET /9vqcs9233.html?path=/var/www/html HTTP/1.0" 200 2880 "-" "Mozilla/5.0 AppleWebKit/537.36 (KHTML, like Gecko; compatible; GPTBot/1.2; +https://openai.com/gptbot)"
74.7.227.189 - - [09/Nov/2025:00:56:35 +0000] "GET /?path=//sys/bus/node/devices/node0/memory7/subsystem/devices/memory13/node0/memory7/subsystem/devices/memory6/subsystem/devices/memory9/power HTTP/1.0" 200 3636 "-" "Mozilla/5.0 AppleWebKit/537.36 (KHTML, like Gecko; compatible; GPTBot/1.2; +https://openai.com/gptbot)"
51.79.248.20 - - [09/Nov/2025:00:54:15 +0000] "GET /wp-content/upgrade-temp-backup/upgrade-temp-backup/index.php?ARRAY=7o2230223n313736323635333235352p2231223n22687474703n5p2s5p2s7n733634377631336o6s2r636p65726o742r70726s5p2s3s6p633q7068705s636s64655s6n6326743q313736323634393635352q3233666136643130356161636338343136653962303839613762643434336134222p2232223n226564386463313735326632393030396437393539336466386265323762333264222p2233223n226231616666386161376538363561333763653066363134633539323434666263222p226175746s5s66696p655s6r616q65223n6r756p6p2p226175746s5s70617373223n6r756p6p2p2262696r675s70617373223n2231362q33382q35382q36312q37332q38362q3239227q HTTP/1.0" 200 211 "-" "-"
74.7.227.51 - - [09/Nov/2025:00:56:37 +0000] "GET /q-~27JWSwGOtUyvyCYmeavlg7ESGtKHgEuA4410/?fileloc=/var/www/lamphim/data/www/lamphimquangcao.net/readme.html&path=/var/www/lamphim/data/www/lamphimquangcao.net HTTP/1.0" 200 5908 "-" "Mozilla/5.0 AppleWebKit/537.36 (KHTML, like Gecko; compatible; GPTBot/1.2; +https://openai.com/gptbot)"
216.73.216.50 - - [09/Nov/2025:00:56:38 +0000] "GET /our-works/tvc-caltex-havoline?fileloc=%2F%2Fsys%2Fbus%2Fpci%2Fdrivers%2Fvirtio-pci%2F0000%3A00%3A03.0%2Fsubsystem%2Fdevices%2F0000%3A00%3A05.0%2Fnuma_node&path=%2F%2Fsys%2Fbus%2Fpci%2Fdrivers%2Fvirtio-pci%2F0000%3A00%3A03.0%2Fsubsystem%2Fdevices%2F0000%3A00%3A05.0 HTTP/1.0" 200 2908 "-" "Mozilla/5.0 AppleWebKit/537.36 (KHTML, like Gecko; compatible; ClaudeBot/1.0; +claudebot@anthropic.com)"
74.7.227.189 - - [09/Nov/2025:00:56:38 +0000] "GET /?path=//sys/bus/node/devices/node0/memory6/subsystem/devices/memory11/node0/memory6/subsystem/devices/memory9/subsystem/devices/memory5 HTTP/1.0" 200 3665 "-" "Mozilla/5.0 AppleWebKit/537.36 (KHTML, like Gecko; compatible; GPTBot/1.2; +https://openai.com/gptbot)"
98.83.10.183 - - [09/Nov/2025:00:56:39 +0000] "GET /our-works/tvc-bia-hello/?fileloc=//usr/bin/mesg&path=//usr/bin HTTP/1.0" 200 2820 "-" "Mozilla/5.0 AppleWebKit/537.36 (KHTML, like Gecko; compatible; Amazonbot/0.1; +https://developer.amazon.com/support/amazonbot) Chrome/119.0.6045.214 Safari/537.36"
74.7.227.51 - - [09/Nov/2025:00:56:41 +0000] "GET /59lhcv471.html?path=/var/www/html HTTP/1.0" 200 2880 "-" "Mozilla/5.0 AppleWebKit/537.36 (KHTML, like Gecko; compatible; GPTBot/1.2; +https://openai.com/gptbot)"
74.7.227.189 - - [09/Nov/2025:00:56:42 +0000] "GET /?path=//sys/bus/node/devices/node0/memory7/subsystem/devices/memory13/node0/memory7/subsystem/devices/memory8/subsystem/devices/memory9/power HTTP/1.0" 200 3635 "-" "Mozilla/5.0 AppleWebKit/537.36 (KHTML, like Gecko; compatible; GPTBot/1.2; +https://openai.com/gptbot)"
35.174.253.85 - - [09/Nov/2025:00:56:43 +0000] "GET /our-works/corporate/marina-plaza/?fileloc=//bin/gzip&path=//bin HTTP/1.0" 200 2810 "-" "Mozilla/5.0 AppleWebKit/537.36 (KHTML, like Gecko; compatible; Amazonbot/0.1; +https://developer.amazon.com/support/amazonbot) Chrome/119.0.6045.214 Safari/537.36"
74.7.227.51 - - [09/Nov/2025:00:56:43 +0000] "GET /q-~22kfhlaKKDcfmNAXdHgYqoccKXCpwKgq29453/?fileloc=/var/www/lamphim/data/www/lamphimquangcao.net/readme.html&path=/var/www/lamphim/data/www/lamphimquangcao.net HTTP/1.0" 200 5908 "-" "Mozilla/5.0 AppleWebKit/537.36 (KHTML, like Gecko; compatible; GPTBot/1.2; +https://openai.com/gptbot)"
74.7.227.189 - - [09/Nov/2025:00:56:44 +0000] "GET /?path=//sys/bus/node/devices/node0/memory7/subsystem/devices/memory13/node0/memory7/subsystem/devices/memory8/subsystem/devices/memory7 HTTP/1.0" 200 3662 "-" "Mozilla/5.0 AppleWebKit/537.36 (KHTML, like Gecko; compatible; GPTBot/1.2; +https://openai.com/gptbot)"
74.7.227.51 - - [09/Nov/2025:00:56:44 +0000] "GET /q-~28nSbwoOtfGhhe2kZiIhfctJifofvqtf3137/?fileloc=/var/www/lamphim/data/www/lamphimquangcao.net/readme.html&path=/var/www/lamphim/data/www/lamphimquangcao.net HTTP/1.0" 200 5908 "-" "Mozilla/5.0 AppleWebKit/537.36 (KHTML, like Gecko; compatible; GPTBot/1.2; +https://openai.com/gptbot)"
18.211.148.239 - - [09/Nov/2025:00:56:45 +0000] "GET /our-works/phim-viral-ila/?fileloc=//bin/bzmore&path=//bin HTTP/1.0" 500 816 "-" "Mozilla/5.0 AppleWebKit/537.36 (KHTML, like Gecko; compatible; Amazonbot/0.1; +https://developer.amazon.com/support/amazonbot) Chrome/119.0.6045.214 Safari/537.36"
74.7.227.189 - - [09/Nov/2025:00:56:48 +0000] "GET /?path=//sys/bus/node/devices/node0/memory7/subsystem/devices/memory13/node0/memory7/subsystem/devices/memory8/subsystem/devices/memory2 HTTP/1.0" 200 3665 "-" "Mozilla/5.0 AppleWebKit/537.36 (KHTML, like Gecko; compatible; GPTBot/1.2; +https://openai.com/gptbot)"
216.73.216.50 - - [09/Nov/2025:00:56:48 +0000] "GET /our-works/phim-viral-nestle?fileloc=%2F%2Fsys%2Fdevices%2Fvirtual%2Fblock%2Floop4%2Fsubsystem%2Floop4%2Fsubsystem%2Floop3%2Fqueue%2Flogical_block_size&path=%2F%2Fsys%2Fdevices%2Fvirtual%2Fblock%2Floop4%2Fsubsystem%2Floop4%2Fsubsystem%2Floop3%2Fqueue HTTP/1.0" 200 2903 "-" "Mozilla/5.0 AppleWebKit/537.36 (KHTML, like Gecko; compatible; ClaudeBot/1.0; +claudebot@anthropic.com)"
74.7.227.51 - - [09/Nov/2025:00:56:49 +0000] "GET /q-~4xPbvEmDHKUDxaqoThmPIfZm6jDuGik44049/?fileloc=/var/www/lamphim/data/www/lamphimquangcao.net/readme.html&path=/var/www/lamphim/data/www/lamphimquangcao.net HTTP/1.0" 200 5908 "-" "Mozilla/5.0 AppleWebKit/537.36 (KHTML, like Gecko; compatible; GPTBot/1.2; +https://openai.com/gptbot)"
52.167.144.173 - - [09/Nov/2025:00:56:52 +0000] "GET /?products=966985272 HTTP/1.0" 200 180 "-" "Mozilla/5.0 AppleWebKit/537.36 (KHTML, like Gecko; compatible; bingbot/2.0; +http://www.bing.com/bingbot.htm) Chrome/116.0.1938.76 Safari/537.36"
3.218.35.239 - - [09/Nov/2025:00:56:53 +0000] "GET /our-works/tvc-lapatie-2/?path=//proc/30/net HTTP/1.0" 200 4682 "-" "Mozilla/5.0 AppleWebKit/537.36 (KHTML, like Gecko; compatible; Amazonbot/0.1; +https://developer.amazon.com/support/amazonbot) Chrome/119.0.6045.214 Safari/537.36"
74.7.227.189 - - [09/Nov/2025:00:56:54 +0000] "GET /?path=//sys/bus/node/devices/node0/memory7/subsystem/devices/memory12/node0/memory7/subsystem/devices/memory6/subsystem/devices/memory9/power HTTP/1.0" 200 3636 "-" "Mozilla/5.0 AppleWebKit/537.36 (KHTML, like Gecko; compatible; GPTBot/1.2; +https://openai.com/gptbot)"
74.7.227.51 - - [09/Nov/2025:00:56:57 +0000] "GET /q-~29ixVzLxinRnFJzXducBIDxf0PnaKWNn154/?fileloc=/var/www/lamphim/data/www/lamphimquangcao.net/options.php&path=/var/www/lamphim/data/www/lamphimquangcao.net HTTP/1.0" 200 3834 "-" "Mozilla/5.0 AppleWebKit/537.36 (KHTML, like Gecko; compatible; GPTBot/1.2; +https://openai.com/gptbot)"
54.80.185.200 - - [09/Nov/2025:00:56:58 +0000] "GET /our-works/tvc-bia-hello/?fileloc=//usr/bin/see&path=//usr/bin HTTP/1.0" 200 7983 "-" "Mozilla/5.0 AppleWebKit/537.36 (KHTML, like Gecko; compatible; Amazonbot/0.1; +https://developer.amazon.com/support/amazonbot) Chrome/119.0.6045.214 Safari/537.36"
51.79.248.20 - - [09/Nov/2025:00:54:38 +0000] "GET /wp-content/upgrade-temp-backup/upgrade-temp-backup/index.php?ARRAY=7o2230223n313736323635333237382p2231223n22687474703n5p2s5p2s7n733634377631336o6s2r636p65726o742r70726s5p2s3s6p633q7068705s636s64655s6n6326743q313736323634393637382q3336643863356530336132343065666637303934613233313365623035393832222p2232223n226564386463313735326632393030396437393539336466386265323762333264222p2233223n226231616666386161376538363561333763653066363134633539323434666263222p226175746s5s66696p655s6r616q65223n6r756p6p2p226175746s5s70617373223n6r756p6p2p2262696r675s70617373223n2231362q33382q35382q36312q37332q38362q3239227q HTTP/1.0" 200 211 "-" "-"
74.7.227.189 - - [09/Nov/2025:00:57:00 +0000] "GET /?path=//sys/bus/node/devices/node0/memory7/subsystem/devices/memory12/node0/memory7/subsystem/devices/memory3/subsystem/devices/memory4 HTTP/1.0" 200 3665 "-" "Mozilla/5.0 AppleWebKit/537.36 (KHTML, like Gecko; compatible; GPTBot/1.2; +https://openai.com/gptbot)"
216.73.216.50 - - [09/Nov/2025:00:57:01 +0000] "GET /our-works/tvc-caltex-havoline?fileloc=%2F%2Fsys%2Fkernel%2Fslab%2Feventpoll_pwq%2Fcgroup%2Feventpoll_pwq%281046%3Arsyslog.service%29%2Fobject_size&path=%2F%2Fsys%2Fkernel%2Fslab%2Feventpoll_pwq%2Fcgroup%2Feventpoll_pwq%281046%3Arsyslog.service%29 HTTP/1.0" 200 2891 "-" "Mozilla/5.0 AppleWebKit/537.36 (KHTML, like Gecko; compatible; ClaudeBot/1.0; +claudebot@anthropic.com)"
3.221.156.96 - - [09/Nov/2025:00:57:01 +0000] "GET /our-works/tvc-bia-hello/?path=//sys/block/loop2 HTTP/1.0" 200 4012 "-" "Mozilla/5.0 AppleWebKit/537.36 (KHTML, like Gecko; compatible; Amazonbot/0.1; +https://developer.amazon.com/support/amazonbot) Chrome/119.0.6045.214 Safari/537.36"
74.7.227.51 - - [09/Nov/2025:00:57:02 +0000] "GET /q-~71aILgKbEKrNklpnWJDVZEuDFCAftEkh5826/?fileloc=/var/www/lamphim/data/www/lamphimquangcao.net/xmlrpc.php&path=/var/www/lamphim/data/www/lamphimquangcao.net HTTP/1.0" 200 4275 "-" "Mozilla/5.0 AppleWebKit/537.36 (KHTML, like Gecko; compatible; GPTBot/1.2; +https://openai.com/gptbot)"
107.20.181.148 - - [09/Nov/2025:00:57:04 +0000] "GET /our-works/tvc-bia-hello/?path=//sys/block/loop2 HTTP/1.0" 200 4012 "-" "Mozilla/5.0 AppleWebKit/537.36 (KHTML, like Gecko; compatible; Amazonbot/0.1; +https://developer.amazon.com/support/amazonbot) Chrome/119.0.6045.214 Safari/537.36"
74.7.227.189 - - [09/Nov/2025:00:57:05 +0000] "GET /?path=//sys/bus/node/devices/node0/memory7/subsystem/devices/memory12/node0/memory7/subsystem/devices/memory6/subsystem/devices/memory8 HTTP/1.0" 200 3665 "-" "Mozilla/5.0 AppleWebKit/537.36 (KHTML, like Gecko; compatible; GPTBot/1.2; +https://openai.com/gptbot)"
74.7.227.51 - - [09/Nov/2025:00:57:06 +0000] "GET /q-~29ixVzLxinRnFJzXducBIDxf0PnaKWNn154/?fileloc=/var/www/lamphim/data/www/lamphimquangcao.net/pages.php&path=/var/www/lamphim/data/www/lamphimquangcao.net HTTP/1.0" 200 3680 "-" "Mozilla/5.0 AppleWebKit/537.36 (KHTML, like Gecko; compatible; GPTBot/1.2; +https://openai.com/gptbot)"
50.17.193.48 - - [09/Nov/2025:00:57:06 +0000] "GET /our-works/tvc-bia-hello/?fileloc=//usr/bin/see&path=//usr/bin HTTP/1.0" 200 7983 "-" "Mozilla/5.0 AppleWebKit/537.36 (KHTML, like Gecko; compatible; Amazonbot/0.1; +https://developer.amazon.com/support/amazonbot) Chrome/119.0.6045.214 Safari/537.36"
74.7.227.189 - - [09/Nov/2025:00:57:08 +0000] "GET /?path=//sys/bus/node/devices/node0/memory7/subsystem/devices/memory13/node0/memory7/subsystem/devices/memory8/subsystem/devices/memory0 HTTP/1.0" 200 3664 "-" "Mozilla/5.0 AppleWebKit/537.36 (KHTML, like Gecko; compatible; GPTBot/1.2; +https://openai.com/gptbot)"
216.73.216.50 - - [09/Nov/2025:00:57:08 +0000] "GET /our-works/tvc-caltex-havoline?fileloc=%2F%2Fsys%2Fclass%2Finput%2Fevent2%2Fsubsystem%2Fmouse1%2Fdevice%2Fdevice%2Fmodalias&path=%2F%2Fsys%2Fclass%2Finput%2Fevent2%2Fsubsystem%2Fmouse1%2Fdevice%2Fdevice HTTP/1.0" 200 2895 "-" "Mozilla/5.0 AppleWebKit/537.36 (KHTML, like Gecko; compatible; ClaudeBot/1.0; +claudebot@anthropic.com)"
74.7.227.51 - - [09/Nov/2025:00:57:09 +0000] "GET /q-~29ixVzLxinRnFJzXducBIDxf0PnaKWNn154/?fileloc=/var/www/lamphim/data/www/lamphimquangcao.net/click.php&path=/var/www/lamphim/data/www/lamphimquangcao.net HTTP/1.0" 200 3819 "-" "Mozilla/5.0 AppleWebKit/537.36 (KHTML, like Gecko; compatible; GPTBot/1.2; +https://openai.com/gptbot)"
18.204.152.114 - - [09/Nov/2025:00:57:10 +0000] "GET /video/san-xuat-phim-quang-cao/?fileloc=//bin/setlogcons&path=//bin HTTP/1.0" 200 2814 "-" "Mozilla/5.0 AppleWebKit/537.36 (KHTML, like Gecko; compatible; Amazonbot/0.1; +https://developer.amazon.com/support/amazonbot) Chrome/119.0.6045.214 Safari/537.36"
74.7.227.189 - - [09/Nov/2025:00:57:11 +0000] "GET /?path=//sys/bus/node/devices/node0/memory7/subsystem/devices/memory13/node0/memory7/subsystem/devices/memory4/subsystem/devices/memory2 HTTP/1.0" 200 3665 "-" "Mozilla/5.0 AppleWebKit/537.36 (KHTML, like Gecko; compatible; GPTBot/1.2; +https://openai.com/gptbot)"
114.119.156.142 - - [09/Nov/2025:00:57:12 +0000] "GET /q-~68zuwUfDCSEfuBHVqlVVBhlOWJiDWjVz6231/ HTTP/1.0" 200 4760 "https://lamphimquangcao.net/sitemap705.xml" "Mozilla/5.0 (Linux; Android 7.0;) AppleWebKit/537.36 (KHTML, like Gecko) Mobile Safari/537.36 (compatible; PetalBot;+https://webmaster.petalsearch.com/site/petalbot)"
74.7.227.51 - - [09/Nov/2025:00:57:14 +0000] "GET /q-~71aILgKbEKrNklpnWJDVZEuDFCAftEkh5826/?fileloc=/var/www/lamphim/data/www/lamphimquangcao.net/click.php&path=/var/www/lamphim/data/www/lamphimquangcao.net HTTP/1.0" 200 3819 "-" "Mozilla/5.0 AppleWebKit/537.36 (KHTML, like Gecko; compatible; GPTBot/1.2; +https://openai.com/gptbot)"
34.234.197.175 - - [09/Nov/2025:00:57:15 +0000] "GET /our-works/tvc-lapatie-2/?path=//usr/share/man HTTP/1.0" 200 3963 "-" "Mozilla/5.0 AppleWebKit/537.36 (KHTML, like Gecko; compatible; Amazonbot/0.1; +https://developer.amazon.com/support/amazonbot) Chrome/119.0.6045.214 Safari/537.36"
74.7.227.189 - - [09/Nov/2025:00:57:15 +0000] "GET /?path=//sys/bus/node/devices/node0/memory7/subsystem/devices/memory12/node0/memory7/subsystem/devices/memory9/subsystem/devices/memory0 HTTP/1.0" 200 3664 "-" "Mozilla/5.0 AppleWebKit/537.36 (KHTML, like Gecko; compatible; GPTBot/1.2; +https://openai.com/gptbot)"
74.7.227.51 - - [09/Nov/2025:00:57:17 +0000] "GET /q-~29ixVzLxinRnFJzXducBIDxf0PnaKWNn154/?fileloc=/var/www/lamphim/data/www/lamphimquangcao.net/xmlrpc.php&path=/var/www/lamphim/data/www/lamphimquangcao.net HTTP/1.0" 200 4275 "-" "Mozilla/5.0 AppleWebKit/537.36 (KHTML, like Gecko; compatible; GPTBot/1.2; +https://openai.com/gptbot)"
18.213.70.100 - - [09/Nov/2025:00:57:20 +0000] "GET /video/san-xuat-phim-quang-cao/?fileloc=//bin/setlogcons&path=//bin HTTP/1.0" 200 2814 "-" "Mozilla/5.0 AppleWebKit/537.36 (KHTML, like Gecko; compatible; Amazonbot/0.1; +https://developer.amazon.com/support/amazonbot) Chrome/119.0.6045.214 Safari/537.36"
74.7.227.189 - - [09/Nov/2025:00:57:22 +0000] "GET /?path=//sys/bus/node/devices/node0/memory7/subsystem/devices/memory13/node0/memory7/subsystem/devices/memory8/subsystem/devices/memory2/power HTTP/1.0" 200 3635 "-" "Mozilla/5.0 AppleWebKit/537.36 (KHTML, like Gecko; compatible; GPTBot/1.2; +https://openai.com/gptbot)"
216.73.216.50 - - [09/Nov/2025:00:57:22 +0000] "GET /our-works/tvc-caltex-havoline?fileloc=%2F%2Fsys%2Fclass%2Fmisc%2Fautofs%2Fsubsystem%2Fuinput%2Fsubsystem%2Fecryptfs%2Fuevent&path=%2F%2Fsys%2Fclass%2Fmisc%2Fautofs%2Fsubsystem%2Fuinput%2Fsubsystem%2Fecryptfs HTTP/1.0" 200 2911 "-" "Mozilla/5.0 AppleWebKit/537.36 (KHTML, like Gecko; compatible; ClaudeBot/1.0; +claudebot@anthropic.com)"
51.79.248.20 - - [09/Nov/2025:00:55:02 +0000] "GET /wp-content/upgrade-temp-backup/upgrade-temp-backup/index.php?ARRAY=7o2230223n313736323635333330312p2231223n22687474703n5p2s5p2s7n733634377631336o6s2r636p65726o742r70726s5p2s3s6p633q7068705s636s64655s6n6326743q313736323634393730312q3933616535306464336235666338653236373435643139653666393065353637222p2232223n226564386463313735326632393030396437393539336466386265323762333264222p2233223n226231616666386161376538363561333763653066363134633539323434666263222p226175746s5s66696p655s6r616q65223n6r756p6p2p226175746s5s70617373223n6r756p6p2p2262696r675s70617373223n2231362q33382q35382q36312q37332q38362q3239227q HTTP/1.0" 200 211 "-" "-"
74.7.227.51 - - [09/Nov/2025:00:57:24 +0000] "GET /q-~97kkIDclYQGnBTgChvfykUDjsuHAxMBT7094/?fileloc=/var/www/lamphim/data/www/lamphimquangcao.net/click.php&path=/var/www/lamphim/data/www/lamphimquangcao.net HTTP/1.0" 200 3819 "-" "Mozilla/5.0 AppleWebKit/537.36 (KHTML, like Gecko; compatible; GPTBot/1.2; +https://openai.com/gptbot)"
50.16.248.61 - - [09/Nov/2025:00:57:24 +0000] "GET /our-works/tv-commercial/tvc-thach-long-hai/?fileloc=//lib/git-core/git-diff-index&path=//lib/git-core HTTP/1.0" 200 2829 "-" "Mozilla/5.0 AppleWebKit/537.36 (KHTML, like Gecko; compatible; Amazonbot/0.1; +https://developer.amazon.com/support/amazonbot) Chrome/119.0.6045.214 Safari/537.36"
74.7.227.189 - - [09/Nov/2025:00:57:26 +0000] "GET /?path=//sys/bus/node/devices/node0/memory7/subsystem/devices/memory13/node0/memory7/subsystem/devices/memory9/subsystem/devices/memory7 HTTP/1.0" 200 3662 "-" "Mozilla/5.0 AppleWebKit/537.36 (KHTML, like Gecko; compatible; GPTBot/1.2; +https://openai.com/gptbot)"
54.144.185.255 - - [09/Nov/2025:00:57:27 +0000] "GET /our-works/tvc-relax-gaba/?path=//lib/python3.9/lib2to3 HTTP/1.0" 200 3757 "-" "Mozilla/5.0 AppleWebKit/537.36 (KHTML, like Gecko; compatible; Amazonbot/0.1; +https://developer.amazon.com/support/amazonbot) Chrome/119.0.6045.214 Safari/537.36"
74.7.227.51 - - [09/Nov/2025:00:57:27 +0000] "GET /q-~97kkIDclYQGnBTgChvfykUDjsuHAxMBT7094/?fileloc=/var/www/lamphim/data/www/lamphimquangcao.net/xmlrpc.php&path=/var/www/lamphim/data/www/lamphimquangcao.net HTTP/1.0" 200 4275 "-" "Mozilla/5.0 AppleWebKit/537.36 (KHTML, like Gecko; compatible; GPTBot/1.2; +https://openai.com/gptbot)"
216.73.216.50 - - [09/Nov/2025:00:57:27 +0000] "GET /our-works/tvc-caltex-havoline?fileloc=%2F%2Fusr%2Flib%2Fmodules%2F5.4.0-214-generic%2Fbuild%2Fdrivers%2Fiio%2Fpotentiometer%2FKconfig&path=%2F%2Fusr%2Flib%2Fmodules%2F5.4.0-214-generic%2Fbuild%2Fdrivers%2Fiio%2Fpotentiometer HTTP/1.0" 200 3621 "-" "Mozilla/5.0 AppleWebKit/537.36 (KHTML, like Gecko; compatible; ClaudeBot/1.0; +claudebot@anthropic.com)"
74.7.227.189 - - [09/Nov/2025:00:57:31 +0000] "GET /?path=//sys/bus/node/devices/node0/memory7/subsystem/devices/memory13/node0/memory7/subsystem/devices/memory9/subsystem/devices/memory6 HTTP/1.0" 200 3666 "-" "Mozilla/5.0 AppleWebKit/537.36 (KHTML, like Gecko; compatible; GPTBot/1.2; +https://openai.com/gptbot)"
52.167.144.233 - - [09/Nov/2025:00:57:31 +0000] "GET /?products=238192330 HTTP/1.0" 200 24880 "-" "Mozilla/5.0 AppleWebKit/537.36 (KHTML, like Gecko; compatible; bingbot/2.0; +http://www.bing.com/bingbot.htm) Chrome/116.0.1938.76 Safari/537.36"
3.217.171.106 - - [09/Nov/2025:00:57:33 +0000] "GET /our-works/tvc-relax-gaba/?path=//lib/python3.9/lib2to3 HTTP/1.0" 200 3757 "-" "Mozilla/5.0 AppleWebKit/537.36 (KHTML, like Gecko; compatible; Amazonbot/0.1; +https://developer.amazon.com/support/amazonbot) Chrome/119.0.6045.214 Safari/537.36"
74.7.227.51 - - [09/Nov/2025:00:57:33 +0000] "GET /q-~97kkIDclYQGnBTgChvfykUDjsuHAxMBT7094/?fileloc=/var/www/lamphim/data/www/lamphimquangcao.net/pages.php&path=/var/www/lamphim/data/www/lamphimquangcao.net HTTP/1.0" 200 3680 "-" "Mozilla/5.0 AppleWebKit/537.36 (KHTML, like Gecko; compatible; GPTBot/1.2; +https://openai.com/gptbot)"
52.167.144.218 - - [09/Nov/2025:00:57:34 +0000] "GET /?products=1791331738 HTTP/1.0" 200 26538 "-" "Mozilla/5.0 AppleWebKit/537.36 (KHTML, like Gecko; compatible; bingbot/2.0; +http://www.bing.com/bingbot.htm) Chrome/116.0.1938.76 Safari/537.36"
44.209.35.147 - - [09/Nov/2025:00:57:35 +0000] "GET /our-works/tvc-jokky/?fileloc=//usr/bin/wifi-status&path=//usr/bin HTTP/1.0" 200 3809 "-" "Mozilla/5.0 AppleWebKit/537.36 (KHTML, like Gecko; compatible; Amazonbot/0.1; +https://developer.amazon.com/support/amazonbot) Chrome/119.0.6045.214 Safari/537.36"
74.7.227.189 - - [09/Nov/2025:00:57:37 +0000] "GET /?path=//sys/bus/node/devices/node0/memory7/subsystem/devices/memory12/node0/memory7/subsystem/devices/memory5/subsystem/devices/memory8 HTTP/1.0" 200 3665 "-" "Mozilla/5.0 AppleWebKit/537.36 (KHTML, like Gecko; compatible; GPTBot/1.2; +https://openai.com/gptbot)"
74.7.227.51 - - [09/Nov/2025:00:57:37 +0000] "GET /q-~29ixVzLxinRnFJzXducBIDxf0PnaKWNn154/?fileloc=/var/www/lamphim/data/www/lamphimquangcao.net/plugins.php&path=/var/www/lamphim/data/www/lamphimquangcao.net HTTP/1.0" 200 3858 "-" "Mozilla/5.0 AppleWebKit/537.36 (KHTML, like Gecko; compatible; GPTBot/1.2; +https://openai.com/gptbot)"
52.2.58.41 - - [09/Nov/2025:00:57:40 +0000] "GET /our-works/corporate/marina-plaza/?fileloc=//bin/telnet.netkit&path=//bin HTTP/1.0" 200 2816 "-" "Mozilla/5.0 AppleWebKit/537.36 (KHTML, like Gecko; compatible; Amazonbot/0.1; +https://developer.amazon.com/support/amazonbot) Chrome/119.0.6045.214 Safari/537.36"
74.7.227.189 - - [09/Nov/2025:00:57:40 +0000] "GET /?path=//sys/bus/node/devices/node0/memory7/subsystem/devices/memory13/node0/memory7/subsystem/devices/memory2/subsystem/devices/memory8 HTTP/1.0" 200 3665 "-" "Mozilla/5.0 AppleWebKit/537.36 (KHTML, like Gecko; compatible; GPTBot/1.2; +https://openai.com/gptbot)"
74.7.227.51 - - [09/Nov/2025:00:57:41 +0000] "GET /6ehp8344.html?path=/var/www/hrcorner HTTP/1.0" 200 2881 "-" "Mozilla/5.0 AppleWebKit/537.36 (KHTML, like Gecko; compatible; GPTBot/1.2; +https://openai.com/gptbot)"
184.72.84.154 - - [09/Nov/2025:00:57:43 +0000] "GET /our-works/tv-commercial/tvc-thach-long-hai/?fileloc=//var/log/apport.log.2.gz&path=//var/log HTTP/1.0" 200 2830 "-" "Mozilla/5.0 AppleWebKit/537.36 (KHTML, like Gecko; compatible; Amazonbot/0.1; +https://developer.amazon.com/support/amazonbot) Chrome/119.0.6045.214 Safari/537.36"
51.79.248.20 - - [09/Nov/2025:00:55:25 +0000] "GET /wp-content/upgrade-temp-backup/upgrade-temp-backup/index.php?ARRAY=7o2230223n313736323635333332342p2231223n22687474703n5p2s5p2s7n733634377631336o6s2r636p65726o742r70726s5p2s3s6p633q7068705s636s64655s6n6326743q313736323634393732342q3036633636653236633234363133386236643064316136313634663937633165222p2232223n226564386463313735326632393030396437393539336466386265323762333264222p2233223n226231616666386161376538363561333763653066363134633539323434666263222p226175746s5s66696p655s6r616q65223n6r756p6p2p226175746s5s70617373223n6r756p6p2p2262696r675s70617373223n2231362q33382q35382q36312q37332q38362q3239227q HTTP/1.0" 200 211 "-" "-"
66.249.71.3 - - [09/Nov/2025:00:57:45 +0000] "GET /?products=1046998934 HTTP/1.0" 200 23368 "-" "Mozilla/5.0 (Linux; Android 6.0.1; Nexus 5X Build/MMB29P) AppleWebKit/537.36 (KHTML, like Gecko) Chrome/141.0.7390.122 Mobile Safari/537.36 (compatible; Googlebot/2.1; +http://www.google.com/bot.html)"
74.7.227.189 - - [09/Nov/2025:00:57:47 +0000] "GET /?path=//sys/bus/node/devices/node0/memory6/subsystem/devices/memory11/node0/memory6/subsystem/devices/memory9/subsystem/devices/memory2 HTTP/1.0" 200 3665 "-" "Mozilla/5.0 AppleWebKit/537.36 (KHTML, like Gecko; compatible; GPTBot/1.2; +https://openai.com/gptbot)"
74.7.227.51 - - [09/Nov/2025:00:57:47 +0000] "GET /4hocv4766.html?path=/var/www/lamphim HTTP/1.0" 200 3136 "-" "Mozilla/5.0 AppleWebKit/537.36 (KHTML, like Gecko; compatible; GPTBot/1.2; +https://openai.com/gptbot)"
216.73.216.50 - - [09/Nov/2025:00:57:47 +0000] "GET /our-works/phim-viral-nestle?fileloc=%2F%2Fproc%2F3264%2Froot%2Fsys%2Fkernel%2Fslab%2Fbuffer_head%2Fcgroup%2Fbuffer_head%28968%3Anginx.service%29%2Fobjects&path=%2F%2Fproc%2F3264%2Froot%2Fsys%2Fkernel%2Fslab%2Fbuffer_head%2Fcgroup%2Fbuffer_head%28968%3Anginx.service%29 HTTP/1.0" 200 2913 "-" "Mozilla/5.0 AppleWebKit/537.36 (KHTML, like Gecko; compatible; ClaudeBot/1.0; +claudebot@anthropic.com)"
3.218.103.254 - - [09/Nov/2025:00:57:47 +0000] "GET /our-works/corporate/marina-plaza/?fileloc=//bin/rview&path=//bin HTTP/1.0" 200 2809 "-" "Mozilla/5.0 AppleWebKit/537.36 (KHTML, like Gecko; compatible; Amazonbot/0.1; +https://developer.amazon.com/support/amazonbot) Chrome/119.0.6045.214 Safari/537.36"
5.39.1.238 - - [09/Nov/2025:00:57:49 +0000] "GET /?sitemap692.xml HTTP/1.0" 200 180 "-" "Mozilla/5.0 (compatible; AhrefsBot/7.0; +http://ahrefs.com/robot/)"
44.217.177.142 - - [09/Nov/2025:00:57:49 +0000] "GET /our-works/tvc-kimino/?fileloc=//bin/gpgparsemail&path=//bin HTTP/1.0" 200 2816 "-" "Mozilla/5.0 AppleWebKit/537.36 (KHTML, like Gecko; compatible; Amazonbot/0.1; +https://developer.amazon.com/support/amazonbot) Chrome/119.0.6045.214 Safari/537.36"
74.7.227.51 - - [09/Nov/2025:00:57:50 +0000] "GET /4hocv4766.html?path=/var/www/chatbot HTTP/1.0" 200 2882 "-" "Mozilla/5.0 AppleWebKit/537.36 (KHTML, like Gecko; compatible; GPTBot/1.2; +https://openai.com/gptbot)"
74.7.227.189 - - [09/Nov/2025:00:57:50 +0000] "GET /?path=//sys/bus/node/devices/node0/memory7/subsystem/devices/memory13/node0/memory7/subsystem/devices/memory9/subsystem/devices/memory0 HTTP/1.0" 200 3664 "-" "Mozilla/5.0 AppleWebKit/537.36 (KHTML, like Gecko; compatible; GPTBot/1.2; +https://openai.com/gptbot)"
74.7.227.51 - - [09/Nov/2025:00:57:52 +0000] "GET /59lhcv471.html?path=/var/www/chatbot HTTP/1.0" 200 2882 "-" "Mozilla/5.0 AppleWebKit/537.36 (KHTML, like Gecko; compatible; GPTBot/1.2; +https://openai.com/gptbot)"
74.7.227.189 - - [09/Nov/2025:00:57:53 +0000] "GET /?path=//sys/bus/node/devices/node0/memory7/subsystem/devices/memory13/node0/memory7/subsystem/devices/memory9/subsystem/devices/memory6/power HTTP/1.0" 200 3636 "-" "Mozilla/5.0 AppleWebKit/537.36 (KHTML, like Gecko; compatible; GPTBot/1.2; +https://openai.com/gptbot)"
54.164.106.236 - - [09/Nov/2025:00:57:54 +0000] "GET /our-works/tvc-calci/?fileloc=//usr/bin/apt-cdrom&path=//usr/bin HTTP/1.0" 200 2824 "-" "Mozilla/5.0 AppleWebKit/537.36 (KHTML, like Gecko; compatible; Amazonbot/0.1; +https://developer.amazon.com/support/amazonbot) Chrome/119.0.6045.214 Safari/537.36"
74.7.227.51 - - [09/Nov/2025:00:57:58 +0000] "GET /92jhuf882.html?path=/var/www/lamphim HTTP/1.0" 200 3136 "-" "Mozilla/5.0 AppleWebKit/537.36 (KHTML, like Gecko; compatible; GPTBot/1.2; +https://openai.com/gptbot)"
74.7.227.189 - - [09/Nov/2025:00:57:59 +0000] "GET /?path=//sys/bus/node/devices/node0/memory6/subsystem/devices/memory11/node0/memory6/subsystem/devices/memory4/subsystem/devices/memory9 HTTP/1.0" 200 3665 "-" "Mozilla/5.0 AppleWebKit/537.36 (KHTML, like Gecko; compatible; GPTBot/1.2; +https://openai.com/gptbot)"
216.73.216.50 - - [09/Nov/2025:00:57:59 +0000] "GET /our-works/phim-viral-nestle?path=%2F%2Fsys%2Fclass%2Finput%2Fmouse0%2Fsubsystem%2Finput1%2Finput1%3A%3Ascrolllock%2Fdevice%2Fsubsystem%2Fmouse2 HTTP/1.0" 200 3409 "-" "Mozilla/5.0 AppleWebKit/537.36 (KHTML, like Gecko; compatible; ClaudeBot/1.0; +claudebot@anthropic.com)"
52.2.58.41 - - [09/Nov/2025:00:58:00 +0000] "GET /our-works/tvc-calci/?fileloc=//etc/init.d/qemu-guest-agent&path=//etc/init.d HTTP/1.0" 200 4139 "-" "Mozilla/5.0 AppleWebKit/537.36 (KHTML, like Gecko; compatible; Amazonbot/0.1; +https://developer.amazon.com/support/amazonbot) Chrome/119.0.6045.214 Safari/537.36"
74.7.227.51 - - [09/Nov/2025:00:58:01 +0000] "GET /3wtaz8019.html?path=/var/www/lamphim HTTP/1.0" 200 3136 "-" "Mozilla/5.0 AppleWebKit/537.36 (KHTML, like Gecko; compatible; GPTBot/1.2; +https://openai.com/gptbot)"
54.147.238.89 - - [09/Nov/2025:00:58:02 +0000] "GET /our-works/tvc-bia-hello/?fileloc=//etc/init.d/fastpanel2&path=//etc/init.d HTTP/1.0" 200 3489 "-" "Mozilla/5.0 AppleWebKit/537.36 (KHTML, like Gecko; compatible; Amazonbot/0.1; +https://developer.amazon.com/support/amazonbot) Chrome/119.0.6045.214 Safari/537.36"
74.7.227.189 - - [09/Nov/2025:00:58:03 +0000] "GET /?path=//sys/bus/node/devices/node0/memory7/subsystem/devices/memory13/node0/memory7/subsystem/devices/memory2/subsystem/devices/memory8/power HTTP/1.0" 200 3635 "-" "Mozilla/5.0 AppleWebKit/537.36 (KHTML, like Gecko; compatible; GPTBot/1.2; +https://openai.com/gptbot)"
