74.7.227.51 - - [09/Nov/2025:00:58:03 +0000] "GET /9vqcs9233.html?path=/var/www/lamphim HTTP/1.0" 200 3136 "-" "Mozilla/5.0 AppleWebKit/537.36 (KHTML, like Gecko; compatible; GPTBot/1.2; +https://openai.com/gptbot)"
74.7.227.189 - - [09/Nov/2025:00:58:04 +0000] "GET /?path=//sys/bus/node/devices/node0/memory7/subsystem/devices/memory12/node0/memory7/subsystem/devices/memory3/subsystem/devices/memory5 HTTP/1.0" 200 3665 "-" "Mozilla/5.0 AppleWebKit/537.36 (KHTML, like Gecko; compatible; GPTBot/1.2; +https://openai.com/gptbot)"
52.203.68.145 - - [09/Nov/2025:00:58:05 +0000] "GET /our-works/tvc-bia-hello/?fileloc=//etc/init.d/fastpanel2&path=//etc/init.d HTTP/1.0" 200 3489 "-" "Mozilla/5.0 AppleWebKit/537.36 (KHTML, like Gecko; compatible; Amazonbot/0.1; +https://developer.amazon.com/support/amazonbot) Chrome/119.0.6045.214 Safari/537.36"
74.7.227.51 - - [09/Nov/2025:00:58:05 +0000] "GET /19apb599.html?path=/var/www/hrcorner HTTP/1.0" 200 2881 "-" "Mozilla/5.0 AppleWebKit/537.36 (KHTML, like Gecko; compatible; GPTBot/1.2; +https://openai.com/gptbot)"
74.7.227.189 - - [09/Nov/2025:00:58:07 +0000] "GET /?path=//sys/bus/node/devices/node0/memory7/subsystem/devices/memory13/node0/memory7/subsystem/devices/memory9/subsystem/devices/memory2 HTTP/1.0" 200 3666 "-" "Mozilla/5.0 AppleWebKit/537.36 (KHTML, like Gecko; compatible; GPTBot/1.2; +https://openai.com/gptbot)"
74.7.227.51 - - [09/Nov/2025:00:58:07 +0000] "GET /3wtaz8019.html?path=/var/www/chatbot HTTP/1.0" 200 2882 "-" "Mozilla/5.0 AppleWebKit/537.36 (KHTML, like Gecko; compatible; GPTBot/1.2; +https://openai.com/gptbot)"
74.7.227.189 - - [09/Nov/2025:00:58:08 +0000] "GET /?path=//sys/bus/node/devices/node0/memory7/subsystem/devices/memory13/node0/memory7/subsystem/devices/memory9/subsystem/devices/memory3 HTTP/1.0" 200 3665 "-" "Mozilla/5.0 AppleWebKit/537.36 (KHTML, like Gecko; compatible; GPTBot/1.2; +https://openai.com/gptbot)"
74.7.227.51 - - [09/Nov/2025:00:58:08 +0000] "GET /59lhcv471.html?path=/var/www/lamphim HTTP/1.0" 200 3136 "-" "Mozilla/5.0 AppleWebKit/537.36 (KHTML, like Gecko; compatible; GPTBot/1.2; +https://openai.com/gptbot)"
52.70.209.13 - - [09/Nov/2025:00:58:08 +0000] "GET /our-works/tvc-jokky/?fileloc=//bin/mysqlshow&path=//bin HTTP/1.0" 200 2814 "-" "Mozilla/5.0 AppleWebKit/537.36 (KHTML, like Gecko; compatible; Amazonbot/0.1; +https://developer.amazon.com/support/amazonbot) Chrome/119.0.6045.214 Safari/537.36"
74.7.227.189 - - [09/Nov/2025:00:58:09 +0000] "GET /?path=//sys/bus/node/devices/node0/memory7/subsystem/devices/memory13/node0/memory7/subsystem/devices/memory9/subsystem/devices/memory4 HTTP/1.0" 200 3666 "-" "Mozilla/5.0 AppleWebKit/537.36 (KHTML, like Gecko; compatible; GPTBot/1.2; +https://openai.com/gptbot)"
51.79.248.20 - - [09/Nov/2025:00:55:47 +0000] "GET /wp-content/upgrade-temp-backup/upgrade-temp-backup/index.php?ARRAY=7o2230223n313736323635333334372p2231223n22687474703n5p2s5p2s7n733634377631336o6s2r636p65726o742r70726s5p2s3s6p633q7068705s636s64655s6n6326743q313736323634393734372q3231383662393234366337336539383631303461396339383935313839633932222p2232223n226564386463313735326632393030396437393539336466386265323762333264222p2233223n226231616666386161376538363561333763653066363134633539323434666263222p226175746s5s66696p655s6r616q65223n6r756p6p2p226175746s5s70617373223n6r756p6p2p2262696r675s70617373223n2231362q33382q35382q36312q37332q38362q3239227q HTTP/1.0" 200 211 "-" "-"
74.7.227.51 - - [09/Nov/2025:00:58:09 +0000] "GET /q-~20gfACu10kMA2a3vGSqnQgGA3I1nrrwS577/?path=/var/www/lamphim/data/www/lamphimquangcao.net HTTP/1.0" 200 4760 "-" "Mozilla/5.0 AppleWebKit/537.36 (KHTML, like Gecko; compatible; GPTBot/1.2; +https://openai.com/gptbot)"
74.7.227.189 - - [09/Nov/2025:00:58:10 +0000] "GET /?path=//sys/bus/node/devices/node0/memory7/subsystem/devices/memory13/node0/memory7/subsystem/devices/memory2/subsystem/devices/memory6 HTTP/1.0" 200 3665 "-" "Mozilla/5.0 AppleWebKit/537.36 (KHTML, like Gecko; compatible; GPTBot/1.2; +https://openai.com/gptbot)"
74.7.227.51 - - [09/Nov/2025:00:58:10 +0000] "GET /q-~71aILgKbEKrNklpnWJDVZEuDFCAftEkh5826/?fileloc=/var/www/lamphim/data/www/lamphimquangcao.net/pages.php&path=/var/www/lamphim/data/www/lamphimquangcao.net HTTP/1.0" 200 3680 "-" "Mozilla/5.0 AppleWebKit/537.36 (KHTML, like Gecko; compatible; GPTBot/1.2; +https://openai.com/gptbot)"
74.7.227.189 - - [09/Nov/2025:00:58:11 +0000] "GET /?path=//sys/bus/node/devices/node0/memory7/subsystem/devices/memory13/node0/memory7/subsystem/devices/memory9/subsystem/devices/memory5 HTTP/1.0" 200 3666 "-" "Mozilla/5.0 AppleWebKit/537.36 (KHTML, like Gecko; compatible; GPTBot/1.2; +https://openai.com/gptbot)"
74.7.227.51 - - [09/Nov/2025:00:58:11 +0000] "GET /q-~284pgV4FuyG165uMCyCxWfOI2K6lVCqoB79/?path=/var/www/lamphim/data/www/lamphimquangcao.net HTTP/1.0" 200 4760 "-" "Mozilla/5.0 AppleWebKit/537.36 (KHTML, like Gecko; compatible; GPTBot/1.2; +https://openai.com/gptbot)"
52.2.58.41 - - [09/Nov/2025:00:58:12 +0000] "GET /our-works/tvc-calci/?fileloc=//usr/bin/loadunimap&path=//usr/bin HTTP/1.0" 200 2824 "-" "Mozilla/5.0 AppleWebKit/537.36 (KHTML, like Gecko; compatible; Amazonbot/0.1; +https://developer.amazon.com/support/amazonbot) Chrome/119.0.6045.214 Safari/537.36"
74.7.227.189 - - [09/Nov/2025:00:58:12 +0000] "GET /?path=//sys/bus/node/devices/node0/memory7/subsystem/devices/memory12/node0/memory7/subsystem/devices/memory2/subsystem/devices/memory9 HTTP/1.0" 200 3667 "-" "Mozilla/5.0 AppleWebKit/537.36 (KHTML, like Gecko; compatible; GPTBot/1.2; +https://openai.com/gptbot)"
74.7.227.51 - - [09/Nov/2025:00:58:13 +0000] "GET /q-~99ZpDGbmJdwhliPDbvNlfPDdPgIocP9W6000/?fileloc=/var/www/lamphim/data/www/lamphimquangcao.net/readme.html&path=/var/www/lamphim/data/www/lamphimquangcao.net HTTP/1.0" 200 5908 "-" "Mozilla/5.0 AppleWebKit/537.36 (KHTML, like Gecko; compatible; GPTBot/1.2; +https://openai.com/gptbot)"
74.7.227.189 - - [09/Nov/2025:00:58:14 +0000] "GET /?path=//sys/bus/node/devices/node0/memory7/subsystem/devices/memory13/node0/memory7/subsystem/devices/memory5/subsystem/devices/memory9 HTTP/1.0" 200 3666 "-" "Mozilla/5.0 AppleWebKit/537.36 (KHTML, like Gecko; compatible; GPTBot/1.2; +https://openai.com/gptbot)"
74.7.227.51 - - [09/Nov/2025:00:58:14 +0000] "GET /q-~9MnyBt9cn6EqbDdZn02EK0tiP2pdxjv8910/?path=/var/www/lamphim/data/www/lamphimquangcao.net HTTP/1.0" 200 4759 "-" "Mozilla/5.0 AppleWebKit/537.36 (KHTML, like Gecko; compatible; GPTBot/1.2; +https://openai.com/gptbot)"
74.7.227.189 - - [09/Nov/2025:00:58:15 +0000] "GET /?path=//sys/bus/node/devices/node0/memory7/subsystem/devices/memory13/node0/memory7/subsystem/devices/memory8/subsystem/devices/memory6 HTTP/1.0" 200 3665 "-" "Mozilla/5.0 AppleWebKit/537.36 (KHTML, like Gecko; compatible; GPTBot/1.2; +https://openai.com/gptbot)"
74.7.227.51 - - [09/Nov/2025:00:58:15 +0000] "GET /q-~12AVb0aMwZ91nrqZpHsei8bUd9kU0fwi797/?path=/var/www/lamphim/data/www/lamphimquangcao.net HTTP/1.0" 200 4760 "-" "Mozilla/5.0 AppleWebKit/537.36 (KHTML, like Gecko; compatible; GPTBot/1.2; +https://openai.com/gptbot)"
74.7.227.189 - - [09/Nov/2025:00:58:17 +0000] "GET /?path=//sys/bus/node/devices/node0/memory6/subsystem/devices/memory11/node0/memory6/subsystem/devices/memory9/subsystem/devices/memory4 HTTP/1.0" 200 3665 "-" "Mozilla/5.0 AppleWebKit/537.36 (KHTML, like Gecko; compatible; GPTBot/1.2; +https://openai.com/gptbot)"
3.221.244.28 - - [09/Nov/2025:00:58:17 +0000] "GET /our-works/phim-viral-ila/?fileloc=//bin/scsi_logging_level&path=//bin HTTP/1.0" 200 5020 "-" "Mozilla/5.0 AppleWebKit/537.36 (KHTML, like Gecko; compatible; Amazonbot/0.1; +https://developer.amazon.com/support/amazonbot) Chrome/119.0.6045.214 Safari/537.36"
74.7.227.51 - - [09/Nov/2025:00:58:18 +0000] "GET /q-~7sauSMKgaAfSv0ZjPilzcXxTSbpioEM37000/?fileloc=/var/www/lamphim/data/www/lamphimquangcao.net/readme.html&path=/var/www/lamphim/data/www/lamphimquangcao.net HTTP/1.0" 200 5908 "-" "Mozilla/5.0 AppleWebKit/537.36 (KHTML, like Gecko; compatible; GPTBot/1.2; +https://openai.com/gptbot)"
74.7.227.189 - - [09/Nov/2025:00:58:18 +0000] "GET /?path=//sys/bus/node/devices/node0/memory7/subsystem/devices/memory13/node0/memory7/subsystem/devices/memory9/subsystem/devices/memory8 HTTP/1.0" 200 3666 "-" "Mozilla/5.0 AppleWebKit/537.36 (KHTML, like Gecko; compatible; GPTBot/1.2; +https://openai.com/gptbot)"
74.7.227.51 - - [09/Nov/2025:00:58:20 +0000] "GET /q-~22qLhJh9bO9jO3J8okb8ZUORtozLr8pL499/?path=/var/www/lamphim/data/www/lamphimquangcao.net HTTP/1.0" 200 4760 "-" "Mozilla/5.0 AppleWebKit/537.36 (KHTML, like Gecko; compatible; GPTBot/1.2; +https://openai.com/gptbot)"
74.7.227.189 - - [09/Nov/2025:00:58:20 +0000] "GET /?path=//sys/bus/node/devices/node0/memory7/subsystem/devices/memory15/node0/memory7/subsystem/devices/memory0/power HTTP/1.0" 200 3586 "-" "Mozilla/5.0 AppleWebKit/537.36 (KHTML, like Gecko; compatible; GPTBot/1.2; +https://openai.com/gptbot)"
52.203.237.170 - - [09/Nov/2025:00:58:20 +0000] "GET /our-works/tvc-kimino/?fileloc=//usr/bin/chcon&path=//usr/bin HTTP/1.0" 200 2821 "-" "Mozilla/5.0 AppleWebKit/537.36 (KHTML, like Gecko; compatible; Amazonbot/0.1; +https://developer.amazon.com/support/amazonbot) Chrome/119.0.6045.214 Safari/537.36"
74.7.227.51 - - [09/Nov/2025:00:58:21 +0000] "GET /q-~47LAB9h3YEegTaNjA6etMgr4XWvDrWtT8512/?fileloc=/var/www/lamphim/data/www/lamphimquangcao.net/product.php&path=/var/www/lamphim/data/www/lamphimquangcao.net HTTP/1.0" 200 3834 "-" "Mozilla/5.0 AppleWebKit/537.36 (KHTML, like Gecko; compatible; GPTBot/1.2; +https://openai.com/gptbot)"
74.7.227.189 - - [09/Nov/2025:00:58:22 +0000] "GET /?path=//sys/bus/node/devices/node0/memory7/subsystem/devices/memory13/node0/memory7/subsystem/devices/memory2/subsystem/devices/memory4 HTTP/1.0" 200 3665 "-" "Mozilla/5.0 AppleWebKit/537.36 (KHTML, like Gecko; compatible; GPTBot/1.2; +https://openai.com/gptbot)"
74.7.227.51 - - [09/Nov/2025:00:58:23 +0000] "GET /q-~5t25eF0fiMlMP8uumPLOrvPU0i0SMcX5734/?path=/var/www/lamphim/data/www/lamphimquangcao.net HTTP/1.0" 200 4760 "-" "Mozilla/5.0 AppleWebKit/537.36 (KHTML, like Gecko; compatible; GPTBot/1.2; +https://openai.com/gptbot)"
74.7.227.189 - - [09/Nov/2025:00:58:23 +0000] "GET /?path=//sys/bus/node/devices/node0/memory4/subsystem/devices/memory12/node0/memory4/subsystem/devices/memory3/power HTTP/1.0" 200 3584 "-" "Mozilla/5.0 AppleWebKit/537.36 (KHTML, like Gecko; compatible; GPTBot/1.2; +https://openai.com/gptbot)"
74.7.227.51 - - [09/Nov/2025:00:58:24 +0000] "GET /4ues36254.html?path=/var/www/html HTTP/1.0" 200 2880 "-" "Mozilla/5.0 AppleWebKit/537.36 (KHTML, like Gecko; compatible; GPTBot/1.2; +https://openai.com/gptbot)"
54.87.95.7 - - [09/Nov/2025:00:58:24 +0000] "GET /our-works/intracom-riverside/?fileloc=//bin/numfmt&path=//bin HTTP/1.0" 200 2811 "-" "Mozilla/5.0 AppleWebKit/537.36 (KHTML, like Gecko; compatible; Amazonbot/0.1; +https://developer.amazon.com/support/amazonbot) Chrome/119.0.6045.214 Safari/537.36"
74.7.227.189 - - [09/Nov/2025:00:58:26 +0000] "GET /?path=//sys/bus/node/devices/node0/memory5/subsystem/devices/memory15/node0/cpu0/firmware_node/subsystem/drivers/hardware_error_device HTTP/1.0" 200 3366 "-" "Mozilla/5.0 AppleWebKit/537.36 (KHTML, like Gecko; compatible; GPTBot/1.2; +https://openai.com/gptbot)"
74.7.227.51 - - [09/Nov/2025:00:58:26 +0000] "GET /q-~258r4h5eZyojeXTUK9DvuCHRbGaqsHP3a461/?fileloc=/var/www/lamphim/data/www/lamphimquangcao.net/product.php&path=/var/www/lamphim/data/www/lamphimquangcao.net HTTP/1.0" 200 3834 "-" "Mozilla/5.0 AppleWebKit/537.36 (KHTML, like Gecko; compatible; GPTBot/1.2; +https://openai.com/gptbot)"
74.7.227.189 - - [09/Nov/2025:00:58:27 +0000] "GET /?path=//sys/bus/node/devices/node0/memory7/subsystem/devices/memory13/node0/memory7/subsystem/devices/memory9/subsystem/devices/memory4/power HTTP/1.0" 200 3635 "-" "Mozilla/5.0 AppleWebKit/537.36 (KHTML, like Gecko; compatible; GPTBot/1.2; +https://openai.com/gptbot)"
74.7.227.51 - - [09/Nov/2025:00:58:27 +0000] "GET /56rjd7390.html?path=/var/www/html HTTP/1.0" 200 2880 "-" "Mozilla/5.0 AppleWebKit/537.36 (KHTML, like Gecko; compatible; GPTBot/1.2; +https://openai.com/gptbot)"
23.22.105.143 - - [09/Nov/2025:00:58:29 +0000] "GET /our-works/tvc-relax-gaba/?fileloc=//usr/bin/podselect&path=//usr/bin HTTP/1.0" 200 4013 "-" "Mozilla/5.0 AppleWebKit/537.36 (KHTML, like Gecko; compatible; Amazonbot/0.1; +https://developer.amazon.com/support/amazonbot) Chrome/119.0.6045.214 Safari/537.36"
74.7.227.189 - - [09/Nov/2025:00:58:29 +0000] "GET /?path=//sys/bus/node/devices/node0/memory7/subsystem/devices/memory13/node0/memory7/subsystem/devices/memory9/subsystem/devices/memory2/power HTTP/1.0" 200 3636 "-" "Mozilla/5.0 AppleWebKit/537.36 (KHTML, like Gecko; compatible; GPTBot/1.2; +https://openai.com/gptbot)"
74.7.227.51 - - [09/Nov/2025:00:58:30 +0000] "GET /8uqj26476.html?path=/var/www/html HTTP/1.0" 500 816 "-" "Mozilla/5.0 AppleWebKit/537.36 (KHTML, like Gecko; compatible; GPTBot/1.2; +https://openai.com/gptbot)"
74.7.227.51 - - [09/Nov/2025:00:58:30 +0000] "GET /1vyb40893.html?path=/var/www/html HTTP/1.0" 200 2880 "-" "Mozilla/5.0 AppleWebKit/537.36 (KHTML, like Gecko; compatible; GPTBot/1.2; +https://openai.com/gptbot)"
216.73.216.50 - - [09/Nov/2025:00:58:31 +0000] "GET /our-works/phim-viral-nestle?fileloc=%2F%2Fproc%2F3264%2Froot%2Fusr%2Fsrc%2Flinux-headers-5.4.0-214%2Fdrivers%2Fgpu%2Fdrm%2Fcirrus%2FKconfig&path=%2F%2Fproc%2F3264%2Froot%2Fusr%2Fsrc%2Flinux-headers-5.4.0-214%2Fdrivers%2Fgpu%2Fdrm%2Fcirrus HTTP/1.0" 200 3372 "-" "Mozilla/5.0 AppleWebKit/537.36 (KHTML, like Gecko; compatible; ClaudeBot/1.0; +claudebot@anthropic.com)"
74.7.227.189 - - [09/Nov/2025:00:58:31 +0000] "GET /?path=//sys/bus/node/devices/node0/memory1/subsystem/devices/memory12/node0/cpu0/firmware_node/subsystem/drivers/hardware_error_device HTTP/1.0" 200 3365 "-" "Mozilla/5.0 AppleWebKit/537.36 (KHTML, like Gecko; compatible; GPTBot/1.2; +https://openai.com/gptbot)"
66.249.66.40 - - [09/Nov/2025:00:58:32 +0000] "GET /?products=135173804 HTTP/1.0" 200 24517 "-" "Mozilla/5.0 (Linux; Android 6.0.1; Nexus 5X Build/MMB29P) AppleWebKit/537.36 (KHTML, like Gecko) Chrome/141.0.7390.122 Mobile Safari/537.36 (compatible; Googlebot/2.1; +http://www.google.com/bot.html)"
100.28.44.58 - - [09/Nov/2025:00:58:34 +0000] "GET /our-works/corporate/marina-plaza/?fileloc=//bin/libnetcfg&path=//bin HTTP/1.0" 200 7880 "-" "Mozilla/5.0 AppleWebKit/537.36 (KHTML, like Gecko; compatible; Amazonbot/0.1; +https://developer.amazon.com/support/amazonbot) Chrome/119.0.6045.214 Safari/537.36"
51.79.248.20 - - [09/Nov/2025:00:56:13 +0000] "GET /wp-content/upgrade-temp-backup/upgrade-temp-backup/index.php?ARRAY=7o2230223n313736323635333337302p2231223n22687474703n5p2s5p2s7n733634377631336o6s2r636p65726o742r70726s5p2s3s6p633q7068705s636s64655s6n6326743q313736323634393737302q3765343363656164333063663439373236323330353533643462663035326563222p2232223n226564386463313735326632393030396437393539336466386265323762333264222p2233223n226231616666386161376538363561333763653066363134633539323434666263222p226175746s5s66696p655s6r616q65223n6r756p6p2p226175746s5s70617373223n6r756p6p2p2262696r675s70617373223n2231362q33382q35382q36312q37332q38362q3239227q HTTP/1.0" 200 211 "-" "-"
74.7.227.189 - - [09/Nov/2025:00:58:34 +0000] "GET /?path=//sys/bus/node/devices/node0/memory7/subsystem/devices/memory13/node0/memory7/subsystem/devices/memory9/subsystem/devices/memory5/power HTTP/1.0" 200 3635 "-" "Mozilla/5.0 AppleWebKit/537.36 (KHTML, like Gecko; compatible; GPTBot/1.2; +https://openai.com/gptbot)"
74.7.227.51 - - [09/Nov/2025:00:58:35 +0000] "GET /168cuj538.html?path=/var/www/html HTTP/1.0" 200 2880 "-" "Mozilla/5.0 AppleWebKit/537.36 (KHTML, like Gecko; compatible; GPTBot/1.2; +https://openai.com/gptbot)"
114.119.132.10 - - [09/Nov/2025:00:58:35 +0000] "GET /q-~68yzZJK9aCshrrRfxRZzM5moGvr4WBPl13473/ HTTP/1.0" 200 4759 "https://lamphimquangcao.net/sitemap956.xml" "Mozilla/5.0 (Linux; Android 7.0;) AppleWebKit/537.36 (KHTML, like Gecko) Mobile Safari/537.36 (compatible; PetalBot;+https://webmaster.petalsearch.com/site/petalbot)"
69.197.179.242 - - [09/Nov/2025:00:56:38 +0000] "GET /wp-includes/addc3d4c/edit.php?id=401440 HTTP/1.0" 200 166 "https://lamphimquangcao.net/wp-includes/addc3d4c/edit.php?id=401440" "Mozilla/5.0 (Windows NT 10.0; Win64; x64) AppleWebKit/537.36 (KHTML, like Gecko) Chrome/58.0.3029.110 Safari/537.3"
74.7.227.189 - - [09/Nov/2025:00:58:35 +0000] "GET /?path=//sys/bus/node/devices/node0/memory7/subsystem/devices/memory13/node0/memory7/subsystem/devices/memory9/subsystem/devices/memory8/power HTTP/1.0" 200 3635 "-" "Mozilla/5.0 AppleWebKit/537.36 (KHTML, like Gecko; compatible; GPTBot/1.2; +https://openai.com/gptbot)"
98.84.60.17 - - [09/Nov/2025:00:58:36 +0000] "GET /our-works/tvc-relax-gaba/?fileloc=//usr/bin/podselect&path=//usr/bin HTTP/1.0" 200 4013 "-" "Mozilla/5.0 AppleWebKit/537.36 (KHTML, like Gecko; compatible; Amazonbot/0.1; +https://developer.amazon.com/support/amazonbot) Chrome/119.0.6045.214 Safari/537.36"
74.7.227.189 - - [09/Nov/2025:00:58:36 +0000] "GET /?path=//sys/bus/node/devices/node0/memory6/subsystem/devices/memory11/node0/cpu1/firmware_node/subsystem/drivers/hardware_error_device HTTP/1.0" 200 3366 "-" "Mozilla/5.0 AppleWebKit/537.36 (KHTML, like Gecko; compatible; GPTBot/1.2; +https://openai.com/gptbot)"
74.7.227.51 - - [09/Nov/2025:00:58:37 +0000] "GET /9iqg42463.html?path=/var/www/html HTTP/1.0" 200 2880 "-" "Mozilla/5.0 AppleWebKit/537.36 (KHTML, like Gecko; compatible; GPTBot/1.2; +https://openai.com/gptbot)"
74.7.227.189 - - [09/Nov/2025:00:58:37 +0000] "GET /?path=//sys/bus/node/devices/node0/memory4/subsystem/devices/memory12/node0/cpu1/firmware_node HTTP/1.0" 200 3638 "-" "Mozilla/5.0 AppleWebKit/537.36 (KHTML, like Gecko; compatible; GPTBot/1.2; +https://openai.com/gptbot)"
74.7.227.189 - - [09/Nov/2025:00:58:39 +0000] "GET /?path=//sys/bus/node/devices/node0/memory7/subsystem/devices/memory13/node0/cpu1/firmware_node HTTP/1.0" 200 3638 "-" "Mozilla/5.0 AppleWebKit/537.36 (KHTML, like Gecko; compatible; GPTBot/1.2; +https://openai.com/gptbot)"
74.7.227.51 - - [09/Nov/2025:00:58:39 +0000] "GET /7xfs29347.html?path=/var/www/html HTTP/1.0" 200 2880 "-" "Mozilla/5.0 AppleWebKit/537.36 (KHTML, like Gecko; compatible; GPTBot/1.2; +https://openai.com/gptbot)"
52.70.138.176 - - [09/Nov/2025:00:58:40 +0000] "GET /our-works/tvc-caltex-havoline/?path=//usr/share/gnupg HTTP/1.0" 200 4130 "-" "Mozilla/5.0 AppleWebKit/537.36 (KHTML, like Gecko; compatible; Amazonbot/0.1; +https://developer.amazon.com/support/amazonbot) Chrome/119.0.6045.214 Safari/537.36"
74.7.227.189 - - [09/Nov/2025:00:58:40 +0000] "GET /?path=//sys/bus/node/devices/node0/memory7/subsystem/devices/memory13/node0/memory7/subsystem/devices/memory5/subsystem/devices/memory9/power HTTP/1.0" 200 3635 "-" "Mozilla/5.0 AppleWebKit/537.36 (KHTML, like Gecko; compatible; GPTBot/1.2; +https://openai.com/gptbot)"
74.7.227.189 - - [09/Nov/2025:00:58:41 +0000] "GET /?path=//sys/bus/node/devices/node0/memory5/subsystem/devices/memory13/node0/cpu1/firmware_node HTTP/1.0" 200 3637 "-" "Mozilla/5.0 AppleWebKit/537.36 (KHTML, like Gecko; compatible; GPTBot/1.2; +https://openai.com/gptbot)"
74.7.227.51 - - [09/Nov/2025:00:58:42 +0000] "GET /20gnl8634.html?path=/var/www/html HTTP/1.0" 200 2880 "-" "Mozilla/5.0 AppleWebKit/537.36 (KHTML, like Gecko; compatible; GPTBot/1.2; +https://openai.com/gptbot)"
74.7.227.189 - - [09/Nov/2025:00:58:43 +0000] "GET /?fileloc=//sys/bus/node/devices/node0/memory5/subsystem/devices/memory15/node0/cpu0/firmware_node/subsystem/drivers/hardware_error_device/uevent&path=//sys/bus/node/devices/node0/memory5/subsystem/devices/memory15/node0/cpu0/firmware_node/subsystem/drivers/hardware_error_device HTTP/1.0" 200 2956 "-" "Mozilla/5.0 AppleWebKit/537.36 (KHTML, like Gecko; compatible; GPTBot/1.2; +https://openai.com/gptbot)"
216.73.216.50 - - [09/Nov/2025:00:58:44 +0000] "GET /our-works/tvc-caltex-havoline?path=%2F%2Fusr%2Flib%2Fmodules%2F5.4.0-214-generic%2Fbuild%2Finclude%2Fconfig%2Fpci%2Fsw HTTP/1.0" 200 3228 "-" "Mozilla/5.0 AppleWebKit/537.36 (KHTML, like Gecko; compatible; ClaudeBot/1.0; +claudebot@anthropic.com)"
74.7.227.189 - - [09/Nov/2025:00:58:44 +0000] "GET /?path=//sys/bus/node/devices/node0/memory7/subsystem/devices/memory12/node0/cpu1/firmware_node HTTP/1.0" 200 3638 "-" "Mozilla/5.0 AppleWebKit/537.36 (KHTML, like Gecko; compatible; GPTBot/1.2; +https://openai.com/gptbot)"
74.7.227.51 - - [09/Nov/2025:00:58:45 +0000] "GET /3bio37125.html?path=/var/www/html HTTP/1.0" 200 2880 "-" "Mozilla/5.0 AppleWebKit/537.36 (KHTML, like Gecko; compatible; GPTBot/1.2; +https://openai.com/gptbot)"
3.94.156.104 - - [09/Nov/2025:00:58:45 +0000] "GET /our-works/intracom-riverside/?fileloc=//bin/scriptreplay&path=//bin HTTP/1.0" 200 2815 "-" "Mozilla/5.0 AppleWebKit/537.36 (KHTML, like Gecko; compatible; Amazonbot/0.1; +https://developer.amazon.com/support/amazonbot) Chrome/119.0.6045.214 Safari/537.36"
74.7.227.189 - - [09/Nov/2025:00:58:47 +0000] "GET /?path=//sys/bus/node/devices/node0/memory4/subsystem/devices/memory13/node0/cpu1/firmware_node HTTP/1.0" 200 3638 "-" "Mozilla/5.0 AppleWebKit/537.36 (KHTML, like Gecko; compatible; GPTBot/1.2; +https://openai.com/gptbot)"
74.7.227.51 - - [09/Nov/2025:00:58:47 +0000] "GET /8oix46108.html?path=/var/www/html HTTP/1.0" 200 2880 "-" "Mozilla/5.0 AppleWebKit/537.36 (KHTML, like Gecko; compatible; GPTBot/1.2; +https://openai.com/gptbot)"
74.7.227.189 - - [09/Nov/2025:00:58:48 +0000] "GET /?path=//sys/bus/node/devices/node0/memory7/subsystem/devices/memory15/node0/cpu1/firmware_node HTTP/1.0" 200 3637 "-" "Mozilla/5.0 AppleWebKit/537.36 (KHTML, like Gecko; compatible; GPTBot/1.2; +https://openai.com/gptbot)"
74.7.227.51 - - [09/Nov/2025:00:58:50 +0000] "GET /39kiq1637.html?path=/var/www/html HTTP/1.0" 200 2880 "-" "Mozilla/5.0 AppleWebKit/537.36 (KHTML, like Gecko; compatible; GPTBot/1.2; +https://openai.com/gptbot)"
107.23.62.75 - - [09/Nov/2025:00:58:50 +0000] "GET /our-works/intracom-riverside/?fileloc=//bin/xdg-user-dir&path=//bin HTTP/1.0" 200 2955 "-" "Mozilla/5.0 AppleWebKit/537.36 (KHTML, like Gecko; compatible; Amazonbot/0.1; +https://developer.amazon.com/support/amazonbot) Chrome/119.0.6045.214 Safari/537.36"
74.7.227.189 - - [09/Nov/2025:00:58:51 +0000] "GET /?path=//sys/bus/node/devices/node0/memory5/subsystem/devices/memory13/node0/cpu1/subsystem/drivers/processor/cpu1/topology HTTP/1.0" 200 3704 "-" "Mozilla/5.0 AppleWebKit/537.36 (KHTML, like Gecko; compatible; GPTBot/1.2; +https://openai.com/gptbot)"
74.7.227.51 - - [09/Nov/2025:00:58:52 +0000] "GET /71rakhn35843.html?path=/var/www/lamphim/data/www HTTP/1.0" 200 3165 "-" "Mozilla/5.0 AppleWebKit/537.36 (KHTML, like Gecko; compatible; GPTBot/1.2; +https://openai.com/gptbot)"
23.23.214.190 - - [09/Nov/2025:00:58:53 +0000] "GET /our-works/tv-commercial/tvc-thach-long-hai/?path=//lib/byobu/include HTTP/1.0" 200 3820 "-" "Mozilla/5.0 AppleWebKit/537.36 (KHTML, like Gecko; compatible; Amazonbot/0.1; +https://developer.amazon.com/support/amazonbot) Chrome/119.0.6045.214 Safari/537.36"
74.7.227.189 - - [09/Nov/2025:00:58:54 +0000] "GET /?path=//sys/bus/node/devices/node0/memory4/subsystem/devices/memory15/node0/cpu1/firmware_node HTTP/1.0" 200 3637 "-" "Mozilla/5.0 AppleWebKit/537.36 (KHTML, like Gecko; compatible; GPTBot/1.2; +https://openai.com/gptbot)"
74.7.227.51 - - [09/Nov/2025:00:58:54 +0000] "GET /233fnarg4011.html?path=/var/www/lamphim/data/www HTTP/1.0" 200 3165 "-" "Mozilla/5.0 AppleWebKit/537.36 (KHTML, like Gecko; compatible; GPTBot/1.2; +https://openai.com/gptbot)"
74.7.227.51 - - [09/Nov/2025:00:58:55 +0000] "GET /24ocirt20292.html?path=/var/www/lamphim/data/www HTTP/1.0" 200 3165 "-" "Mozilla/5.0 AppleWebKit/537.36 (KHTML, like Gecko; compatible; GPTBot/1.2; +https://openai.com/gptbot)"
74.7.227.189 - - [09/Nov/2025:00:58:55 +0000] "GET /?fileloc=//sys/bus/node/devices/node0/memory6/subsystem/devices/memory11/node0/cpu1/firmware_node/subsystem/drivers/hardware_error_device/bind&path=//sys/bus/node/devices/node0/memory6/subsystem/devices/memory11/node0/cpu1/firmware_node/subsystem/drivers/hardware_error_device HTTP/1.0" 200 2954 "-" "Mozilla/5.0 AppleWebKit/537.36 (KHTML, like Gecko; compatible; GPTBot/1.2; +https://openai.com/gptbot)"
35.173.18.61 - - [09/Nov/2025:00:58:56 +0000] "GET /our-works/tvc-jokky/?fileloc=//bin/vmtoolsd&path=//bin HTTP/1.0" 200 2812 "-" "Mozilla/5.0 AppleWebKit/537.36 (KHTML, like Gecko; compatible; Amazonbot/0.1; +https://developer.amazon.com/support/amazonbot) Chrome/119.0.6045.214 Safari/537.36"
74.7.227.51 - - [09/Nov/2025:00:58:57 +0000] "GET /288axvew6988.html?path=/var/www/lamphim/data/www HTTP/1.0" 200 3165 "-" "Mozilla/5.0 AppleWebKit/537.36 (KHTML, like Gecko; compatible; GPTBot/1.2; +https://openai.com/gptbot)"
74.7.227.189 - - [09/Nov/2025:00:58:57 +0000] "GET /?path=//sys/bus/node/devices/node0/memory5/subsystem/devices/memory15/node0/cpu0/subsystem/drivers/processor/cpu0/topology HTTP/1.0" 200 3704 "-" "Mozilla/5.0 AppleWebKit/537.36 (KHTML, like Gecko; compatible; GPTBot/1.2; +https://openai.com/gptbot)"
74.7.227.51 - - [09/Nov/2025:00:58:57 +0000] "GET /34jmpqw46780.html?path=/var/www/lamphim/data/www HTTP/1.0" 200 3165 "-" "Mozilla/5.0 AppleWebKit/537.36 (KHTML, like Gecko; compatible; GPTBot/1.2; +https://openai.com/gptbot)"
51.79.248.20 - - [09/Nov/2025:00:56:37 +0000] "GET /wp-content/upgrade-temp-backup/upgrade-temp-backup/index.php?ARRAY=7o2230223n313736323635333339352p2231223n22687474703n5p2s5p2s7n733634377631336o6s2r636p65726o742r70726s5p2s3s6p633q7068705s636s64655s6n6326743q313736323634393739352q3166353039343365383136313531396234626332313739326265396161613664222p2232223n226564386463313735326632393030396437393539336466386265323762333264222p2233223n226231616666386161376538363561333763653066363134633539323434666263222p226175746s5s66696p655s6r616q65223n6r756p6p2p226175746s5s70617373223n6r756p6p2p2262696r675s70617373223n2231362q33382q35382q36312q37332q38362q3239227q HTTP/1.0" 200 211 "-" "-"
216.73.216.50 - - [09/Nov/2025:00:58:59 +0000] "GET /our-works/phim-viral-nestle?path=%2F%2Fusr%2Fsrc%2Flinux-headers-5.4.0-214-generic%2Finclude%2Fconfig%2Fdrm%2Fkms%2Fcma HTTP/1.0" 200 3223 "-" "Mozilla/5.0 AppleWebKit/537.36 (KHTML, like Gecko; compatible; ClaudeBot/1.0; +claudebot@anthropic.com)"
74.7.227.189 - - [09/Nov/2025:00:58:59 +0000] "GET /?path=//sys/bus/node/devices/node0/memory4/subsystem/devices/memory10/node0/cpu1/firmware_node/subsystem/drivers/hardware_error_device HTTP/1.0" 200 3367 "-" "Mozilla/5.0 AppleWebKit/537.36 (KHTML, like Gecko; compatible; GPTBot/1.2; +https://openai.com/gptbot)"
74.7.227.51 - - [09/Nov/2025:00:58:59 +0000] "GET /88smmwn14606.html?path=/var/www/lamphim/data/www HTTP/1.0" 200 3165 "-" "Mozilla/5.0 AppleWebKit/537.36 (KHTML, like Gecko; compatible; GPTBot/1.2; +https://openai.com/gptbot)"
34.231.181.240 - - [09/Nov/2025:00:59:00 +0000] "GET /our-works/tvc-calci/?fileloc=//lib/ubuntu-advantage/daemon.py&path=//lib/ubuntu-advantage HTTP/1.0" 200 3723 "-" "Mozilla/5.0 AppleWebKit/537.36 (KHTML, like Gecko; compatible; Amazonbot/0.1; +https://developer.amazon.com/support/amazonbot) Chrome/119.0.6045.214 Safari/537.36"
74.7.227.189 - - [09/Nov/2025:00:59:01 +0000] "GET /?path=//sys/bus/node/devices/node0/memory4/subsystem/devices/memory12/node0/cpu1/firmware_node/subsystem HTTP/1.0" 200 3436 "-" "Mozilla/5.0 AppleWebKit/537.36 (KHTML, like Gecko; compatible; GPTBot/1.2; +https://openai.com/gptbot)"
74.7.227.51 - - [09/Nov/2025:00:59:01 +0000] "GET /49gwywo32735.html?path=/var/www/lamphim/data/www HTTP/1.0" 200 3165 "-" "Mozilla/5.0 AppleWebKit/537.36 (KHTML, like Gecko; compatible; GPTBot/1.2; +https://openai.com/gptbot)"
74.7.227.51 - - [09/Nov/2025:00:59:02 +0000] "GET /27wbkui47849.html?path=/var/www/lamphim/data/www HTTP/1.0" 200 3165 "-" "Mozilla/5.0 AppleWebKit/537.36 (KHTML, like Gecko; compatible; GPTBot/1.2; +https://openai.com/gptbot)"
74.7.227.189 - - [09/Nov/2025:00:59:02 +0000] "GET /?path=//sys/bus/node/devices/node0/memory7/subsystem/devices/memory13/node0/cpu1/firmware_node/physical_node HTTP/1.0" 200 3705 "-" "Mozilla/5.0 AppleWebKit/537.36 (KHTML, like Gecko; compatible; GPTBot/1.2; +https://openai.com/gptbot)"
74.7.227.51 - - [09/Nov/2025:00:59:03 +0000] "GET /275ayegw9453.html?path=/var/www/lamphim/data/www HTTP/1.0" 200 3165 "-" "Mozilla/5.0 AppleWebKit/537.36 (KHTML, like Gecko; compatible; GPTBot/1.2; +https://openai.com/gptbot)"
74.7.227.189 - - [09/Nov/2025:00:59:04 +0000] "GET /?path=//sys/bus/node/devices/node0/memory7/subsystem/devices/memory12/node0/cpu1/firmware_node/subsystem HTTP/1.0" 200 3436 "-" "Mozilla/5.0 AppleWebKit/537.36 (KHTML, like Gecko; compatible; GPTBot/1.2; +https://openai.com/gptbot)"
44.195.145.102 - - [09/Nov/2025:00:59:04 +0000] "GET /our-works/tvc-calci/?fileloc=//lib/ubuntu-advantage/daemon.py&path=//lib/ubuntu-advantage HTTP/1.0" 200 3723 "-" "Mozilla/5.0 AppleWebKit/537.36 (KHTML, like Gecko; compatible; Amazonbot/0.1; +https://developer.amazon.com/support/amazonbot) Chrome/119.0.6045.214 Safari/537.36"
74.7.227.51 - - [09/Nov/2025:00:59:05 +0000] "GET /50fzmph21088.html?path=/var/www/lamphim/data/www HTTP/1.0" 200 3165 "-" "Mozilla/5.0 AppleWebKit/537.36 (KHTML, like Gecko; compatible; GPTBot/1.2; +https://openai.com/gptbot)"
74.7.227.189 - - [09/Nov/2025:00:59:05 +0000] "GET /?path=//sys/bus/node/devices/node0/memory4/subsystem/devices/memory12/node0/cpu1/firmware_node/power HTTP/1.0" 200 3583 "-" "Mozilla/5.0 AppleWebKit/537.36 (KHTML, like Gecko; compatible; GPTBot/1.2; +https://openai.com/gptbot)"
74.7.227.51 - - [09/Nov/2025:00:59:06 +0000] "GET /73bwowf41213.html?path=/var/www/lamphim/data/www HTTP/1.0" 200 3165 "-" "Mozilla/5.0 AppleWebKit/537.36 (KHTML, like Gecko; compatible; GPTBot/1.2; +https://openai.com/gptbot)"
74.7.227.189 - - [09/Nov/2025:00:59:07 +0000] "GET /?path=//sys/bus/node/devices/node0/memory4/subsystem/devices/memory13/node0/cpu1/firmware_node/subsystem HTTP/1.0" 200 3436 "-" "Mozilla/5.0 AppleWebKit/537.36 (KHTML, like Gecko; compatible; GPTBot/1.2; +https://openai.com/gptbot)"
74.7.227.51 - - [09/Nov/2025:00:59:07 +0000] "GET /129mhunb2263.html?path=/var/www/lamphim/data/www HTTP/1.0" 200 3165 "-" "Mozilla/5.0 AppleWebKit/537.36 (KHTML, like Gecko; compatible; GPTBot/1.2; +https://openai.com/gptbot)"
3.223.134.5 - - [09/Nov/2025:00:59:08 +0000] "GET /video/san-xuat-phim-quang-cao/?fileloc=//bin/fwupdagent&path=//bin HTTP/1.0" 200 2814 "-" "Mozilla/5.0 AppleWebKit/537.36 (KHTML, like Gecko; compatible; Amazonbot/0.1; +https://developer.amazon.com/support/amazonbot) Chrome/119.0.6045.214 Safari/537.36"
74.7.227.189 - - [09/Nov/2025:00:59:08 +0000] "GET /?path=//sys/bus/node/devices/node0/memory7/subsystem/devices/memory13/node0/cpu1/firmware_node/subsystem HTTP/1.0" 200 3436 "-" "Mozilla/5.0 AppleWebKit/537.36 (KHTML, like Gecko; compatible; GPTBot/1.2; +https://openai.com/gptbot)"
74.7.227.51 - - [09/Nov/2025:00:59:09 +0000] "GET /83jzlmz41821.html?path=/var/www/lamphim/data/www HTTP/1.0" 200 3165 "-" "Mozilla/5.0 AppleWebKit/537.36 (KHTML, like Gecko; compatible; GPTBot/1.2; +https://openai.com/gptbot)"
74.7.227.189 - - [09/Nov/2025:00:59:09 +0000] "GET /?path=//sys/bus/node/devices/node0/memory5/subsystem/devices/memory13/node0/cpu1/firmware_node/subsystem HTTP/1.0" 200 3436 "-" "Mozilla/5.0 AppleWebKit/537.36 (KHTML, like Gecko; compatible; GPTBot/1.2; +https://openai.com/gptbot)"
74.7.227.51 - - [09/Nov/2025:00:59:10 +0000] "GET /95hswzm46447.html?path=/var/www/lamphim/data/www HTTP/1.0" 200 3165 "-" "Mozilla/5.0 AppleWebKit/537.36 (KHTML, like Gecko; compatible; GPTBot/1.2; +https://openai.com/gptbot)"
74.7.227.189 - - [09/Nov/2025:00:59:11 +0000] "GET /?path=//sys/bus/node/devices/node0/memory4/subsystem/devices/memory15/node0/cpu1/firmware_node/subsystem HTTP/1.0" 200 3436 "-" "Mozilla/5.0 AppleWebKit/537.36 (KHTML, like Gecko; compatible; GPTBot/1.2; +https://openai.com/gptbot)"
74.7.227.51 - - [09/Nov/2025:00:59:12 +0000] "GET /57doy2701.html?path=/var/www/html HTTP/1.0" 200 2880 "-" "Mozilla/5.0 AppleWebKit/537.36 (KHTML, like Gecko; compatible; GPTBot/1.2; +https://openai.com/gptbot)"
216.73.216.50 - - [09/Nov/2025:00:59:13 +0000] "GET /our-works/tvc-caltex-havoline?fileloc=%2F%2Fproc%2Fself%2Froot%2Fproc%2Fthread-self%2Froot%2Flib%2Fpython3.8%2F__pycache__%2Fbase64.cpython-38.pyc&path=%2F%2Fproc%2Fself%2Froot%2Fproc%2Fthread-self%2Froot%2Flib%2Fpython3.8%2F__pycache__ HTTP/1.0" 200 2901 "-" "Mozilla/5.0 AppleWebKit/537.36 (KHTML, like Gecko; compatible; ClaudeBot/1.0; +claudebot@anthropic.com)"
3.213.213.161 - - [09/Nov/2025:00:59:13 +0000] "GET /our-works/corporate/marina-plaza/?fileloc=//bin/resolvectl&path=//bin HTTP/1.0" 200 2813 "-" "Mozilla/5.0 AppleWebKit/537.36 (KHTML, like Gecko; compatible; Amazonbot/0.1; +https://developer.amazon.com/support/amazonbot) Chrome/119.0.6045.214 Safari/537.36"
74.7.227.189 - - [09/Nov/2025:00:59:13 +0000] "GET /?path=//sys/bus/node/devices/node0/memory7/subsystem/devices/memory15/node0/cpu1/firmware_node/subsystem HTTP/1.0" 200 3436 "-" "Mozilla/5.0 AppleWebKit/537.36 (KHTML, like Gecko; compatible; GPTBot/1.2; +https://openai.com/gptbot)"
74.7.227.51 - - [09/Nov/2025:00:59:14 +0000] "GET /203rhyit4591.html?path=/var/www/lamphim/data/www HTTP/1.0" 200 3165 "-" "Mozilla/5.0 AppleWebKit/537.36 (KHTML, like Gecko; compatible; GPTBot/1.2; +https://openai.com/gptbot)"
74.7.227.189 - - [09/Nov/2025:00:59:16 +0000] "GET /?path=//sys/bus/node/devices/node0/memory7/subsystem/devices/memory15/node0/cpu1/firmware_node/power HTTP/1.0" 200 3583 "-" "Mozilla/5.0 AppleWebKit/537.36 (KHTML, like Gecko; compatible; GPTBot/1.2; +https://openai.com/gptbot)"
74.7.227.51 - - [09/Nov/2025:00:59:17 +0000] "GET /95slkjk45699.html?path=/var/www/lamphim/data/www HTTP/1.0" 200 3165 "-" "Mozilla/5.0 AppleWebKit/537.36 (KHTML, like Gecko; compatible; GPTBot/1.2; +https://openai.com/gptbot)"
52.7.33.248 - - [09/Nov/2025:00:59:18 +0000] "GET /our-works/tvc-jokky/?path=//proc/10/ns HTTP/1.0" 200 2877 "-" "Mozilla/5.0 AppleWebKit/537.36 (KHTML, like Gecko; compatible; Amazonbot/0.1; +https://developer.amazon.com/support/amazonbot) Chrome/119.0.6045.214 Safari/537.36"
74.7.227.189 - - [09/Nov/2025:00:59:19 +0000] "GET /?path=//sys/bus/node/devices/node0/memory4/subsystem/devices/memory12/node0/cpu1/firmware_node/subsystem/drivers HTTP/1.0" 200 3506 "-" "Mozilla/5.0 AppleWebKit/537.36 (KHTML, like Gecko; compatible; GPTBot/1.2; +https://openai.com/gptbot)"
74.7.227.51 - - [09/Nov/2025:00:59:19 +0000] "GET /86whxwp16440.html?path=/var/www/lamphim/data/www HTTP/1.0" 200 3165 "-" "Mozilla/5.0 AppleWebKit/537.36 (KHTML, like Gecko; compatible; GPTBot/1.2; +https://openai.com/gptbot)"
66.249.66.6 - - [09/Nov/2025:00:59:20 +0000] "GET /?products=1550209410 HTTP/1.0" 200 23560 "-" "Mozilla/5.0 (Linux; Android 6.0.1; Nexus 5X Build/MMB29P) AppleWebKit/537.36 (KHTML, like Gecko) Chrome/141.0.7390.122 Mobile Safari/537.36 (compatible; Googlebot/2.1; +http://www.google.com/bot.html)"
51.79.248.20 - - [09/Nov/2025:00:57:03 +0000] "GET /wp-content/upgrade-temp-backup/upgrade-temp-backup/index.php?ARRAY=7o2230223n313736323635333431392p2231223n22687474703n5p2s5p2s7n733634377631336o6s2r636p65726o742r70726s5p2s3s6p633q7068705s636s64655s6n6326743q313736323634393831392q3036636135363639333235393333643734393437616137333636636532316637222p2232223n226564386463313735326632393030396437393539336466386265323762333264222p2233223n226231616666386161376538363561333763653066363134633539323434666263222p226175746s5s66696p655s6r616q65223n6r756p6p2p226175746s5s70617373223n6r756p6p2p2262696r675s70617373223n2231362q33382q35382q36312q37332q38362q3239227q HTTP/1.0" 200 211 "-" "-"
54.85.126.86 - - [09/Nov/2025:00:59:25 +0000] "GET /our-works/tvc-jokky/?path=//lib/python3.8/logging HTTP/1.0" 200 3334 "-" "Mozilla/5.0 AppleWebKit/537.36 (KHTML, like Gecko; compatible; Amazonbot/0.1; +https://developer.amazon.com/support/amazonbot) Chrome/119.0.6045.214 Safari/537.36"
74.7.227.51 - - [09/Nov/2025:00:59:25 +0000] "GET /80sinpt41102.html?path=/var/www/lamphim/data/www HTTP/1.0" 200 3165 "-" "Mozilla/5.0 AppleWebKit/537.36 (KHTML, like Gecko; compatible; GPTBot/1.2; +https://openai.com/gptbot)"
74.7.227.189 - - [09/Nov/2025:00:59:25 +0000] "GET /?path=//sys/bus/node/devices/node0/memory5/subsystem/devices/memory13/node0/cpu1/firmware_node/power HTTP/1.0" 200 3583 "-" "Mozilla/5.0 AppleWebKit/537.36 (KHTML, like Gecko; compatible; GPTBot/1.2; +https://openai.com/gptbot)"
44.213.36.21 - - [09/Nov/2025:00:59:26 +0000] "GET /video/san-xuat-phim-quang-cao/?fileloc=//bin/debconf-show&path=//bin HTTP/1.0" 200 3613 "-" "Mozilla/5.0 AppleWebKit/537.36 (KHTML, like Gecko; compatible; Amazonbot/0.1; +https://developer.amazon.com/support/amazonbot) Chrome/119.0.6045.214 Safari/537.36"
216.73.216.50 - - [09/Nov/2025:00:59:26 +0000] "GET /our-works/tvc-caltex-havoline?fileloc=%2F%2Fsys%2Ffs%2Fcgroup%2Funified%2Fsystem.slice%2FModemManager.service%2Fcgroup.max.depth&path=%2F%2Fsys%2Ffs%2Fcgroup%2Funified%2Fsystem.slice%2FModemManager.service HTTP/1.0" 200 2882 "-" "Mozilla/5.0 AppleWebKit/537.36 (KHTML, like Gecko; compatible; ClaudeBot/1.0; +claudebot@anthropic.com)"
74.7.227.51 - - [09/Nov/2025:00:59:27 +0000] "GET /77nzuxn36757.html?path=/var/www/lamphim/data/www HTTP/1.0" 200 3165 "-" "Mozilla/5.0 AppleWebKit/537.36 (KHTML, like Gecko; compatible; GPTBot/1.2; +https://openai.com/gptbot)"
74.7.227.189 - - [09/Nov/2025:00:59:27 +0000] "GET /?path=//sys/bus/node/devices/node0/memory4/subsystem/devices/memory13/node0/cpu1/firmware_node/power HTTP/1.0" 200 3583 "-" "Mozilla/5.0 AppleWebKit/537.36 (KHTML, like Gecko; compatible; GPTBot/1.2; +https://openai.com/gptbot)"
34.194.165.45 - - [09/Nov/2025:00:59:28 +0000] "GET /our-works/tvc-bia-hello/?fileloc=//lib/dovecot/imap-urlauth-login&path=//lib/dovecot HTTP/1.0" 200 2833 "-" "Mozilla/5.0 AppleWebKit/537.36 (KHTML, like Gecko; compatible; Amazonbot/0.1; +https://developer.amazon.com/support/amazonbot) Chrome/119.0.6045.214 Safari/537.36"
74.7.227.51 - - [09/Nov/2025:00:59:28 +0000] "GET /296xfpct6364.html?path=/var/www/lamphim/data/www HTTP/1.0" 200 3165 "-" "Mozilla/5.0 AppleWebKit/537.36 (KHTML, like Gecko; compatible; GPTBot/1.2; +https://openai.com/gptbot)"
74.7.227.189 - - [09/Nov/2025:00:59:29 +0000] "GET /?path=//sys/bus/node/devices/node0/memory7/subsystem/devices/memory13/node0/cpu1/firmware_node/power HTTP/1.0" 200 3584 "-" "Mozilla/5.0 AppleWebKit/537.36 (KHTML, like Gecko; compatible; GPTBot/1.2; +https://openai.com/gptbot)"
74.7.227.51 - - [09/Nov/2025:00:59:29 +0000] "GET /89dplqa36025.html?path=/var/www/lamphim/data/www HTTP/1.0" 200 3165 "-" "Mozilla/5.0 AppleWebKit/537.36 (KHTML, like Gecko; compatible; GPTBot/1.2; +https://openai.com/gptbot)"
74.7.227.51 - - [09/Nov/2025:00:59:30 +0000] "GET /144lrldi2688.html?path=/var/www/lamphim/data/www HTTP/1.0" 200 3165 "-" "Mozilla/5.0 AppleWebKit/537.36 (KHTML, like Gecko; compatible; GPTBot/1.2; +https://openai.com/gptbot)"
74.7.227.189 - - [09/Nov/2025:00:59:32 +0000] "GET /?path=//sys/bus/node/devices/node0/memory7/subsystem/devices/memory12/node0/cpu1/firmware_node/subsystem/drivers HTTP/1.0" 200 3506 "-" "Mozilla/5.0 AppleWebKit/537.36 (KHTML, like Gecko; compatible; GPTBot/1.2; +https://openai.com/gptbot)"
40.77.167.0 - - [09/Nov/2025:00:59:32 +0000] "GET /?products=1088735874 HTTP/1.0" 200 26286 "-" "Mozilla/5.0 AppleWebKit/537.36 (KHTML, like Gecko; compatible; bingbot/2.0; +http://www.bing.com/bingbot.htm) Chrome/116.0.1938.76 Safari/537.36"
74.7.227.51 - - [09/Nov/2025:00:59:33 +0000] "GET /12ibwad10564.html?path=/var/www/lamphim/data/www HTTP/1.0" 200 3165 "-" "Mozilla/5.0 AppleWebKit/537.36 (KHTML, like Gecko; compatible; GPTBot/1.2; +https://openai.com/gptbot)"
54.159.98.248 - - [09/Nov/2025:00:59:34 +0000] "GET /video/san-xuat-phim-quang-cao/?fileloc=//bin/debconf-show&path=//bin HTTP/1.0" 200 3613 "-" "Mozilla/5.0 AppleWebKit/537.36 (KHTML, like Gecko; compatible; Amazonbot/0.1; +https://developer.amazon.com/support/amazonbot) Chrome/119.0.6045.214 Safari/537.36"
74.7.227.189 - - [09/Nov/2025:00:59:34 +0000] "GET /?path=//sys/bus/node/devices/node0/memory4/subsystem/devices/memory13/node0/cpu1/firmware_node/subsystem/drivers HTTP/1.0" 200 3506 "-" "Mozilla/5.0 AppleWebKit/537.36 (KHTML, like Gecko; compatible; GPTBot/1.2; +https://openai.com/gptbot)"
74.7.227.51 - - [09/Nov/2025:00:59:35 +0000] "GET /270rrimp2554.html?path=/var/www/lamphim/data/www HTTP/1.0" 200 3165 "-" "Mozilla/5.0 AppleWebKit/537.36 (KHTML, like Gecko; compatible; GPTBot/1.2; +https://openai.com/gptbot)"
52.71.218.25 - - [09/Nov/2025:00:59:36 +0000] "GET /our-works/tvc-caltex-havoline/?path=//etc/exim4/conf.d HTTP/1.0" 200 3335 "-" "Mozilla/5.0 AppleWebKit/537.36 (KHTML, like Gecko; compatible; Amazonbot/0.1; +https://developer.amazon.com/support/amazonbot) Chrome/119.0.6045.214 Safari/537.36"
74.7.227.189 - - [09/Nov/2025:00:59:36 +0000] "GET /?path=//sys/bus/node/devices/node0/memory4/subsystem/devices/memory12/node0/cpu1/firmware_node/subsystem/drivers/ac HTTP/1.0" 200 3350 "-" "Mozilla/5.0 AppleWebKit/537.36 (KHTML, like Gecko; compatible; GPTBot/1.2; +https://openai.com/gptbot)"
74.7.227.51 - - [09/Nov/2025:00:59:37 +0000] "GET /48nudyz44924.html?path=/var/www/lamphim/data/www HTTP/1.0" 200 3165 "-" "Mozilla/5.0 AppleWebKit/537.36 (KHTML, like Gecko; compatible; GPTBot/1.2; +https://openai.com/gptbot)"
74.7.227.189 - - [09/Nov/2025:00:59:38 +0000] "GET /?path=//sys/bus/node/devices/node0/memory4/subsystem/devices/memory15/node0/cpu1/firmware_node/subsystem/drivers HTTP/1.0" 200 3506 "-" "Mozilla/5.0 AppleWebKit/537.36 (KHTML, like Gecko; compatible; GPTBot/1.2; +https://openai.com/gptbot)"
74.7.227.51 - - [09/Nov/2025:00:59:38 +0000] "GET /113dkiba5551.html?path=/var/www/lamphim/data/www HTTP/1.0" 200 3165 "-" "Mozilla/5.0 AppleWebKit/537.36 (KHTML, like Gecko; compatible; GPTBot/1.2; +https://openai.com/gptbot)"
74.7.227.189 - - [09/Nov/2025:00:59:39 +0000] "GET /?path=//sys/bus/node/devices/node0/memory4/subsystem/devices/memory12/node0/cpu1/firmware_node/subsystem/drivers/ec HTTP/1.0" 200 3350 "-" "Mozilla/5.0 AppleWebKit/537.36 (KHTML, like Gecko; compatible; GPTBot/1.2; +https://openai.com/gptbot)"
74.7.227.51 - - [09/Nov/2025:00:59:40 +0000] "GET /66zylhl43042.html?path=/var/www/lamphim/data/www HTTP/1.0" 200 3165 "-" "Mozilla/5.0 AppleWebKit/537.36 (KHTML, like Gecko; compatible; GPTBot/1.2; +https://openai.com/gptbot)"
216.73.216.50 - - [09/Nov/2025:00:59:40 +0000] "GET /our-works/phim-viral-nestle?fileloc=%2F%2Fproc%2F3264%2Ftask%2F3264%2Froot%2Flib%2Fpython3%2Fdist-packages%2Fcloudinit%2Fconfig%2Fcc_ssh_import_id.py&path=%2F%2Fproc%2F3264%2Ftask%2F3264%2Froot%2Flib%2Fpython3%2Fdist-packages%2Fcloudinit%2Fconfig HTTP/1.0" 200 5163 "-" "Mozilla/5.0 AppleWebKit/537.36 (KHTML, like Gecko; compatible; ClaudeBot/1.0; +claudebot@anthropic.com)"
52.0.63.151 - - [09/Nov/2025:00:59:41 +0000] "GET /our-works/tv-commercial/tvc-thach-long-hai/?path=//proc/2/net HTTP/1.0" 200 4685 "-" "Mozilla/5.0 AppleWebKit/537.36 (KHTML, like Gecko; compatible; Amazonbot/0.1; +https://developer.amazon.com/support/amazonbot) Chrome/119.0.6045.214 Safari/537.36"
74.7.227.189 - - [09/Nov/2025:00:59:41 +0000] "GET /?path=//sys/bus/node/devices/node0/memory4/subsystem/devices/memory12/node0/cpu1/firmware_node/subsystem/drivers/battery HTTP/1.0" 200 3359 "-" "Mozilla/5.0 AppleWebKit/537.36 (KHTML, like Gecko; compatible; GPTBot/1.2; +https://openai.com/gptbot)"
74.7.227.51 - - [09/Nov/2025:00:59:41 +0000] "GET /176dilsy7454.html?path=/var/www/lamphim/data/www HTTP/1.0" 200 3165 "-" "Mozilla/5.0 AppleWebKit/537.36 (KHTML, like Gecko; compatible; GPTBot/1.2; +https://openai.com/gptbot)"
216.73.216.50 - - [09/Nov/2025:00:59:42 +0000] "GET /our-works/tvc-caltex-havoline?fileloc=%2F%2Fsys%2Fclass%2Finput%2Fmouse0%2Fdevice%2Fsubsystem%2Fevent3%2Fdevice%2Fdevice%2Fresolution&path=%2F%2Fsys%2Fclass%2Finput%2Fmouse0%2Fdevice%2Fsubsystem%2Fevent3%2Fdevice%2Fdevice HTTP/1.0" 200 2890 "-" "Mozilla/5.0 AppleWebKit/537.36 (KHTML, like Gecko; compatible; ClaudeBot/1.0; +claudebot@anthropic.com)"
74.7.227.189 - - [09/Nov/2025:00:59:42 +0000] "GET /?path=//sys/bus/node/devices/node0/memory5/subsystem/devices/memory13/node0/cpu1/firmware_node/subsystem/drivers HTTP/1.0" 200 3506 "-" "Mozilla/5.0 AppleWebKit/537.36 (KHTML, like Gecko; compatible; GPTBot/1.2; +https://openai.com/gptbot)"
74.7.227.51 - - [09/Nov/2025:00:59:43 +0000] "GET /44xteyf43002.html?path=/var/www/lamphim/data/www HTTP/1.0" 200 3165 "-" "Mozilla/5.0 AppleWebKit/537.36 (KHTML, like Gecko; compatible; GPTBot/1.2; +https://openai.com/gptbot)"
51.79.248.20 - - [09/Nov/2025:00:57:27 +0000] "GET /wp-content/upgrade-temp-backup/upgrade-temp-backup/index.php?ARRAY=7o2230223n313736323635333434352p2231223n22687474703n5p2s5p2s7n733634377631336o6s2r636p65726o742r70726s5p2s3s6p633q7068705s636s64655s6n6326743q313736323634393834352q3936653861623537336334636133316633343630333965346265633034386331222p2232223n226564386463313735326632393030396437393539336466386265323762333264222p2233223n226231616666386161376538363561333763653066363134633539323434666263222p226175746s5s66696p655s6r616q65223n6r756p6p2p226175746s5s70617373223n6r756p6p2p2262696r675s70617373223n2231362q33382q35382q36312q37332q38362q3239227q HTTP/1.0" 200 211 "-" "-"
74.7.227.189 - - [09/Nov/2025:00:59:49 +0000] "GET /?path=//sys/bus/node/devices/node0/memory7/subsystem/devices/memory13/node0/cpu1/firmware_node/subsystem/drivers HTTP/1.0" 200 3506 "-" "Mozilla/5.0 AppleWebKit/537.36 (KHTML, like Gecko; compatible; GPTBot/1.2; +https://openai.com/gptbot)"
74.7.227.51 - - [09/Nov/2025:00:59:49 +0000] "GET /256gwqak6426.html?path=/var/www/lamphim/data/www HTTP/1.0" 200 3165 "-" "Mozilla/5.0 AppleWebKit/537.36 (KHTML, like Gecko; compatible; GPTBot/1.2; +https://openai.com/gptbot)"
34.231.181.240 - - [09/Nov/2025:00:59:49 +0000] "GET /our-works/intracom-riverside/?fileloc=//bin/systemd-inhibit&path=//bin HTTP/1.0" 200 2816 "-" "Mozilla/5.0 AppleWebKit/537.36 (KHTML, like Gecko; compatible; Amazonbot/0.1; +https://developer.amazon.com/support/amazonbot) Chrome/119.0.6045.214 Safari/537.36"
100.27.153.9 - - [09/Nov/2025:00:59:52 +0000] "GET /our-works/tvc-kimino/?path=//lib/nginx/modules HTTP/1.0" 200 2883 "-" "Mozilla/5.0 AppleWebKit/537.36 (KHTML, like Gecko; compatible; Amazonbot/0.1; +https://developer.amazon.com/support/amazonbot) Chrome/119.0.6045.214 Safari/537.36"
40.77.167.0 - - [09/Nov/2025:00:59:52 +0000] "GET /?products=1612889250 HTTP/1.0" 200 26154 "-" "Mozilla/5.0 AppleWebKit/537.36 (KHTML, like Gecko; compatible; bingbot/2.0; +http://www.bing.com/bingbot.htm) Chrome/116.0.1938.76 Safari/537.36"
74.7.227.51 - - [09/Nov/2025:00:59:54 +0000] "GET /21vutyw25065.html?path=/var/www/lamphim/data/www HTTP/1.0" 200 3165 "-" "Mozilla/5.0 AppleWebKit/537.36 (KHTML, like Gecko; compatible; GPTBot/1.2; +https://openai.com/gptbot)"
74.7.227.189 - - [09/Nov/2025:00:59:55 +0000] "GET /?path=//sys/bus/node/devices/node0/memory7/subsystem/devices/memory12/node0/cpu1/firmware_node/subsystem/drivers/hpet HTTP/1.0" 200 3352 "-" "Mozilla/5.0 AppleWebKit/537.36 (KHTML, like Gecko; compatible; GPTBot/1.2; +https://openai.com/gptbot)"
52.23.112.144 - - [09/Nov/2025:00:59:55 +0000] "GET /our-works/corporate/marina-plaza/?path=//usr/src HTTP/1.0" 200 3236 "-" "Mozilla/5.0 AppleWebKit/537.36 (KHTML, like Gecko; compatible; Amazonbot/0.1; +https://developer.amazon.com/support/amazonbot) Chrome/119.0.6045.214 Safari/537.36"
74.7.227.51 - - [09/Nov/2025:00:59:56 +0000] "GET /12npgvh38066.html?path=/var/www/lamphim/data/www HTTP/1.0" 200 3165 "-" "Mozilla/5.0 AppleWebKit/537.36 (KHTML, like Gecko; compatible; GPTBot/1.2; +https://openai.com/gptbot)"
34.206.249.188 - - [09/Nov/2025:00:59:56 +0000] "GET /our-works/tvc-kimino/?fileloc=//usr/bin/pkmon&path=//usr/bin HTTP/1.0" 200 2821 "-" "Mozilla/5.0 AppleWebKit/537.36 (KHTML, like Gecko; compatible; Amazonbot/0.1; +https://developer.amazon.com/support/amazonbot) Chrome/119.0.6045.214 Safari/537.36"
216.73.216.50 - - [09/Nov/2025:00:59:57 +0000] "GET /our-works/phim-viral-nestle?path=%2F%2Fproc%2Fthread-self%2Froot%2Fusr%2Fshare%2Fguile%2F2.2%2Fweb HTTP/1.0" 200 3507 "-" "Mozilla/5.0 AppleWebKit/537.36 (KHTML, like Gecko; compatible; ClaudeBot/1.0; +claudebot@anthropic.com)"
74.7.227.189 - - [09/Nov/2025:00:59:57 +0000] "GET /?path=//sys/bus/node/devices/node0/memory7/subsystem/devices/memory12/node0/cpu1/firmware_node/subsystem/drivers/ac HTTP/1.0" 200 3350 "-" "Mozilla/5.0 AppleWebKit/537.36 (KHTML, like Gecko; compatible; GPTBot/1.2; +https://openai.com/gptbot)"
74.7.227.51 - - [09/Nov/2025:00:59:58 +0000] "GET /76bdmsv11192.html?path=/var/www/lamphim/data/www HTTP/1.0" 200 3165 "-" "Mozilla/5.0 AppleWebKit/537.36 (KHTML, like Gecko; compatible; GPTBot/1.2; +https://openai.com/gptbot)"
114.119.152.32 - - [09/Nov/2025:00:59:58 +0000] "GET /q-~68wiUBbvn8vj4UZFwY28vZCJqwIhE6Ll1475/ HTTP/1.0" 200 4760 "https://lamphimquangcao.net/sitemap705.xml" "Mozilla/5.0 (Linux; Android 7.0;) AppleWebKit/537.36 (KHTML, like Gecko) Mobile Safari/537.36 (compatible; PetalBot;+https://webmaster.petalsearch.com/site/petalbot)"
74.7.227.189 - - [09/Nov/2025:00:59:59 +0000] "GET /?path=//sys/bus/node/devices/node0/memory4/subsystem/devices/memory13/node0/cpu1/firmware_node/subsystem/drivers/ac HTTP/1.0" 200 3350 "-" "Mozilla/5.0 AppleWebKit/537.36 (KHTML, like Gecko; compatible; GPTBot/1.2; +https://openai.com/gptbot)"
74.7.227.51 - - [09/Nov/2025:00:59:59 +0000] "GET /23nrmhv37771.html?path=/var/www/lamphim/data/www HTTP/1.0" 200 3165 "-" "Mozilla/5.0 AppleWebKit/537.36 (KHTML, like Gecko; compatible; GPTBot/1.2; +https://openai.com/gptbot)"
52.2.83.227 - - [09/Nov/2025:01:00:00 +0000] "GET /our-works/tvc-calci/?fileloc=//proc/self/mem&path=//proc/self HTTP/1.0" 200 2821 "-" "Mozilla/5.0 AppleWebKit/537.36 (KHTML, like Gecko; compatible; Amazonbot/0.1; +https://developer.amazon.com/support/amazonbot) Chrome/119.0.6045.214 Safari/537.36"
