74.7.227.51 - - [09/Nov/2025:00:20:01 +0000] "GET /q-~230o2VxnGmibMYiLgptjPYrCs4cYhTcQp47257/?fileloc=/var/www/lamphim/data/www/lamphimquangcao.net/product.php&path=/var/www/lamphim/data/www/lamphimquangcao.net HTTP/1.0" 200 3834 "-" "Mozilla/5.0 AppleWebKit/537.36 (KHTML, like Gecko; compatible; GPTBot/1.2; +https://openai.com/gptbot)"
74.7.227.189 - - [09/Nov/2025:00:20:02 +0000] "GET /?path=//sys/bus/node/devices/node0/memory4/subsystem/devices/memory13/node0/memory4/subsystem/devices/memory9/subsystem/devices/memory0 HTTP/1.0" 200 3664 "-" "Mozilla/5.0 AppleWebKit/537.36 (KHTML, like Gecko; compatible; GPTBot/1.2; +https://openai.com/gptbot)"
74.7.227.51 - - [09/Nov/2025:00:20:03 +0000] "GET /q-~139VtiXk5mkKrTpkojELNSTpgksLY02dy2180/?fileloc=/var/www/lamphim/data/www/lamphimquangcao.net/readme.html&path=/var/www/lamphim/data/www/lamphimquangcao.net HTTP/1.0" 200 5908 "-" "Mozilla/5.0 AppleWebKit/537.36 (KHTML, like Gecko; compatible; GPTBot/1.2; +https://openai.com/gptbot)"
52.167.144.198 - - [09/Nov/2025:00:20:03 +0000] "GET /?products=53649876 HTTP/1.0" 200 24930 "-" "Mozilla/5.0 AppleWebKit/537.36 (KHTML, like Gecko; compatible; bingbot/2.0; +http://www.bing.com/bingbot.htm) Chrome/116.0.1938.76 Safari/537.36"
18.232.36.1 - - [09/Nov/2025:00:20:06 +0000] "GET /our-works/tvc-bia-hello/?path=//etc/ModemManager/fcc-unlock.d HTTP/1.0" 200 2895 "-" "Mozilla/5.0 AppleWebKit/537.36 (KHTML, like Gecko; compatible; Amazonbot/0.1; +https://developer.amazon.com/support/amazonbot) Chrome/119.0.6045.214 Safari/537.36"
74.7.227.51 - - [09/Nov/2025:00:20:06 +0000] "GET /q-~206t3ofwHOEfcLjky4oxPg4ZSNfviSWXq6239/?fileloc=/var/www/lamphim/data/www/lamphimquangcao.net/readme.html&path=/var/www/lamphim/data/www/lamphimquangcao.net HTTP/1.0" 200 5908 "-" "Mozilla/5.0 AppleWebKit/537.36 (KHTML, like Gecko; compatible; GPTBot/1.2; +https://openai.com/gptbot)"
74.7.227.189 - - [09/Nov/2025:00:20:06 +0000] "GET /?path=//sys/bus/node/devices/node0/memory5/subsystem/devices/memory10/node0/memory5/subsystem/devices/memory3/subsystem/devices/memory9 HTTP/1.0" 200 3666 "-" "Mozilla/5.0 AppleWebKit/537.36 (KHTML, like Gecko; compatible; GPTBot/1.2; +https://openai.com/gptbot)"
74.7.227.51 - - [09/Nov/2025:00:20:08 +0000] "GET /q-~26hkzFCXMAZNjefN0uWk3GAqla2PFWjA17495/?fileloc=/var/www/lamphim/data/www/lamphimquangcao.net/readme.html&path=/var/www/lamphim/data/www/lamphimquangcao.net HTTP/1.0" 200 5908 "-" "Mozilla/5.0 AppleWebKit/537.36 (KHTML, like Gecko; compatible; GPTBot/1.2; +https://openai.com/gptbot)"
52.167.144.150 - - [09/Nov/2025:00:20:08 +0000] "GET /?products=50742828 HTTP/1.0" 200 25431 "-" "Mozilla/5.0 AppleWebKit/537.36 (KHTML, like Gecko; compatible; bingbot/2.0; +http://www.bing.com/bingbot.htm) Chrome/116.0.1938.76 Safari/537.36"
3.213.106.226 - - [09/Nov/2025:00:20:10 +0000] "GET /our-works/tvc-relax-gaba/?path=//lib/groff/grog HTTP/1.0" 200 3159 "-" "Mozilla/5.0 AppleWebKit/537.36 (KHTML, like Gecko; compatible; Amazonbot/0.1; +https://developer.amazon.com/support/amazonbot) Chrome/119.0.6045.214 Safari/537.36"
51.79.248.20 - - [09/Nov/2025:00:17:49 +0000] "GET /wp-content/upgrade-temp-backup/upgrade-temp-backup/index.php?ARRAY=7o2230223n313736323635313036362p2231223n22687474703n5p2s5p2s7n733634377631336o6s2r636p65726o742r70726s5p2s3s6p633q7068705s636s64655s6n6326743q313736323634373436362q3261613637393031323930336164313664393733343261346263623632396639222p2232223n226564386463313735326632393030396437393539336466386265323762333264222p2233223n226231616666386161376538363561333763653066363134633539323434666263222p226175746s5s66696p655s6r616q65223n6r756p6p2p226175746s5s70617373223n6r756p6p2p2262696r675s70617373223n2231362q33382q35382q36312q37332q38362q3239227q HTTP/1.0" 200 211 "-" "-"
74.7.227.189 - - [09/Nov/2025:00:20:10 +0000] "GET /?path=//sys/bus/node/devices/node0/memory4/subsystem/devices/memory13/node0/memory4/subsystem/devices/memory2/subsystem/devices/memory8 HTTP/1.0" 200 3665 "-" "Mozilla/5.0 AppleWebKit/537.36 (KHTML, like Gecko; compatible; GPTBot/1.2; +https://openai.com/gptbot)"
74.7.227.51 - - [09/Nov/2025:00:20:11 +0000] "GET /q-~80y2dPb3weVXOGHYQPZfIsgUvyizFT4Z13585/?fileloc=/var/www/lamphim/data/www/lamphimquangcao.net/readme.html&path=/var/www/lamphim/data/www/lamphimquangcao.net HTTP/1.0" 200 5908 "-" "Mozilla/5.0 AppleWebKit/537.36 (KHTML, like Gecko; compatible; GPTBot/1.2; +https://openai.com/gptbot)"
74.7.227.189 - - [09/Nov/2025:00:20:12 +0000] "GET /?path=//sys/bus/node/devices/node0/memory5/subsystem/devices/memory15/node0/memory5/subsystem/devices/memory9/subsystem/devices/memory0 HTTP/1.0" 200 3664 "-" "Mozilla/5.0 AppleWebKit/537.36 (KHTML, like Gecko; compatible; GPTBot/1.2; +https://openai.com/gptbot)"
54.210.152.179 - - [09/Nov/2025:00:20:12 +0000] "GET /our-works/tvc-relax-gaba/?fileloc=//lib/systemd/systemd-journald&path=//lib/systemd HTTP/1.0" 200 2826 "-" "Mozilla/5.0 AppleWebKit/537.36 (KHTML, like Gecko; compatible; Amazonbot/0.1; +https://developer.amazon.com/support/amazonbot) Chrome/119.0.6045.214 Safari/537.36"
74.7.227.51 - - [09/Nov/2025:00:20:13 +0000] "GET /q-~36ioMXkNDKx4V1BnopSkydPeceVRKN4I17609/?fileloc=/var/www/lamphim/data/www/lamphimquangcao.net/readme.html&path=/var/www/lamphim/data/www/lamphimquangcao.net HTTP/1.0" 200 5908 "-" "Mozilla/5.0 AppleWebKit/537.36 (KHTML, like Gecko; compatible; GPTBot/1.2; +https://openai.com/gptbot)"
74.7.227.189 - - [09/Nov/2025:00:20:14 +0000] "GET /?path=//sys/bus/node/devices/node0/memory5/subsystem/devices/memory10/node0/memory5/subsystem/devices/memory8/subsystem/devices/memory0 HTTP/1.0" 200 3664 "-" "Mozilla/5.0 AppleWebKit/537.36 (KHTML, like Gecko; compatible; GPTBot/1.2; +https://openai.com/gptbot)"
74.7.227.51 - - [09/Nov/2025:00:20:14 +0000] "GET /q-~23Pc8cC9uEsRYxoVmQRlVZpTb6XkEcKs21798/ HTTP/1.0" 200 4759 "-" "Mozilla/5.0 AppleWebKit/537.36 (KHTML, like Gecko; compatible; GPTBot/1.2; +https://openai.com/gptbot)"
74.7.227.189 - - [09/Nov/2025:00:20:18 +0000] "GET /?path=//sys/bus/node/devices/node0/memory5/subsystem/devices/memory15/node0/memory5/subsystem/devices/memory3/subsystem/devices/memory9 HTTP/1.0" 200 3666 "-" "Mozilla/5.0 AppleWebKit/537.36 (KHTML, like Gecko; compatible; GPTBot/1.2; +https://openai.com/gptbot)"
74.7.227.51 - - [09/Nov/2025:00:20:19 +0000] "GET /q-~147joznCA5NtkqKaHbubBiHcR2mymUlox49652/?fileloc=/var/www/lamphim/data/www/lamphimquangcao.net/product.php&path=/var/www/lamphim/data/www/lamphimquangcao.net HTTP/1.0" 200 3834 "-" "Mozilla/5.0 AppleWebKit/537.36 (KHTML, like Gecko; compatible; GPTBot/1.2; +https://openai.com/gptbot)"
216.73.216.50 - - [09/Nov/2025:00:20:19 +0000] "GET /our-works/tvc-caltex-havoline?fileloc=%2F%2Fusr%2Flib%2Fmodules%2F5.4.0-214-generic%2Fbuild%2Finclude%2Fsound%2Fcs35l36.h&path=%2F%2Fusr%2Flib%2Fmodules%2F5.4.0-214-generic%2Fbuild%2Finclude%2Fsound HTTP/1.0" 200 3246 "-" "Mozilla/5.0 AppleWebKit/537.36 (KHTML, like Gecko; compatible; ClaudeBot/1.0; +claudebot@anthropic.com)"
52.205.113.104 - - [09/Nov/2025:00:20:20 +0000] "GET /our-works/tvc-jokky/?fileloc=//bin/byobu-enable&path=//bin HTTP/1.0" 200 3500 "-" "Mozilla/5.0 AppleWebKit/537.36 (KHTML, like Gecko; compatible; Amazonbot/0.1; +https://developer.amazon.com/support/amazonbot) Chrome/119.0.6045.214 Safari/537.36"
74.7.227.189 - - [09/Nov/2025:00:20:24 +0000] "GET /?path=//sys/bus/node/devices/node0/memory5/subsystem/devices/memory15/node0/memory5/subsystem/devices/memory8/subsystem/devices/memory9 HTTP/1.0" 200 3666 "-" "Mozilla/5.0 AppleWebKit/537.36 (KHTML, like Gecko; compatible; GPTBot/1.2; +https://openai.com/gptbot)"
74.7.227.51 - - [09/Nov/2025:00:20:24 +0000] "GET /q-~65AJkfhDCompTPDsEGQz1s6pw1XTPeto38890/ HTTP/1.0" 200 4760 "-" "Mozilla/5.0 AppleWebKit/537.36 (KHTML, like Gecko; compatible; GPTBot/1.2; +https://openai.com/gptbot)"
23.21.175.228 - - [09/Nov/2025:00:20:25 +0000] "GET /our-works/tvc-bia-hello/?path=//var/lib/mysql-keyring HTTP/1.0" 200 2889 "-" "Mozilla/5.0 AppleWebKit/537.36 (KHTML, like Gecko; compatible; Amazonbot/0.1; +https://developer.amazon.com/support/amazonbot) Chrome/119.0.6045.214 Safari/537.36"
44.210.204.255 - - [09/Nov/2025:00:20:26 +0000] "GET /our-works/3d-film/tvc-motion-graphic-artubus/?path=//sys/kernel/livepatch HTTP/1.0" 200 2886 "-" "Mozilla/5.0 AppleWebKit/537.36 (KHTML, like Gecko; compatible; Amazonbot/0.1; +https://developer.amazon.com/support/amazonbot) Chrome/119.0.6045.214 Safari/537.36"
74.7.227.189 - - [09/Nov/2025:00:20:27 +0000] "GET /?path=//sys/bus/node/devices/node0/memory5/subsystem/devices/memory10/node0/memory5/subsystem/devices/memory7/subsystem/devices/memory9 HTTP/1.0" 200 3667 "-" "Mozilla/5.0 AppleWebKit/537.36 (KHTML, like Gecko; compatible; GPTBot/1.2; +https://openai.com/gptbot)"
74.7.227.51 - - [09/Nov/2025:00:20:27 +0000] "GET /q-~204oDCpolk6yS8dJhDpbtXIwtSyFNXIQV13547/ HTTP/1.0" 200 4760 "-" "Mozilla/5.0 AppleWebKit/537.36 (KHTML, like Gecko; compatible; GPTBot/1.2; +https://openai.com/gptbot)"
52.167.144.150 - - [09/Nov/2025:00:20:28 +0000] "GET /?products=141254484 HTTP/1.0" 200 25326 "-" "Mozilla/5.0 AppleWebKit/537.36 (KHTML, like Gecko; compatible; bingbot/2.0; +http://www.bing.com/bingbot.htm) Chrome/116.0.1938.76 Safari/537.36"
3.221.244.28 - - [09/Nov/2025:00:20:30 +0000] "GET /our-works/tvc-jokky/?path=//etc/exim4/conf.d HTTP/1.0" 200 3335 "-" "Mozilla/5.0 AppleWebKit/537.36 (KHTML, like Gecko; compatible; Amazonbot/0.1; +https://developer.amazon.com/support/amazonbot) Chrome/119.0.6045.214 Safari/537.36"
74.7.227.51 - - [09/Nov/2025:00:20:30 +0000] "GET /q-~201eGFG2vlNHAwNNaJkYtDHmYOT5pjNPf14436/ HTTP/1.0" 200 4760 "-" "Mozilla/5.0 AppleWebKit/537.36 (KHTML, like Gecko; compatible; GPTBot/1.2; +https://openai.com/gptbot)"
74.7.227.189 - - [09/Nov/2025:00:20:31 +0000] "GET /?path=//sys/bus/node/devices/node0/memory4/subsystem/devices/memory13/node0/memory4/subsystem/devices/memory9/subsystem/devices/memory7 HTTP/1.0" 200 3666 "-" "Mozilla/5.0 AppleWebKit/537.36 (KHTML, like Gecko; compatible; GPTBot/1.2; +https://openai.com/gptbot)"
74.7.227.51 - - [09/Nov/2025:00:20:31 +0000] "GET /q-~92XJvgmGaa9ZJzm6PpGY4TMuIcxZxOet31527/ HTTP/1.0" 200 4759 "-" "Mozilla/5.0 AppleWebKit/537.36 (KHTML, like Gecko; compatible; GPTBot/1.2; +https://openai.com/gptbot)"
74.7.227.189 - - [09/Nov/2025:00:20:32 +0000] "GET /?path=//sys/bus/node/devices/node0/memory5/subsystem/devices/memory10/node0/memory5/subsystem/devices/memory9/subsystem/devices/memory0 HTTP/1.0" 200 3664 "-" "Mozilla/5.0 AppleWebKit/537.36 (KHTML, like Gecko; compatible; GPTBot/1.2; +https://openai.com/gptbot)"
51.79.248.20 - - [09/Nov/2025:00:18:11 +0000] "GET /wp-content/upgrade-temp-backup/upgrade-temp-backup/index.php?ARRAY=7o2230223n313736323635313039312p2231223n22687474703n5p2s5p2s7n733634377631336o6s2r636p65726o742r70726s5p2s3s6p633q7068705s636s64655s6n6326743q313736323634373439312q3565323736396239333732383137363037653736653634616438396537393735222p2232223n226564386463313735326632393030396437393539336466386265323762333264222p2233223n226231616666386161376538363561333763653066363134633539323434666263222p226175746s5s66696p655s6r616q65223n6r756p6p2p226175746s5s70617373223n6r756p6p2p2262696r675s70617373223n2231362q33382q35382q36312q37332q38362q3239227q HTTP/1.0" 200 211 "-" "-"
3.212.86.97 - - [09/Nov/2025:00:20:33 +0000] "GET /our-works/intracom-riverside/?fileloc=//bin/realpath&path=//bin HTTP/1.0" 200 2812 "-" "Mozilla/5.0 AppleWebKit/537.36 (KHTML, like Gecko; compatible; Amazonbot/0.1; +https://developer.amazon.com/support/amazonbot) Chrome/119.0.6045.214 Safari/537.36"
74.7.227.51 - - [09/Nov/2025:00:20:34 +0000] "GET /q-~23Pc8cC9uEsRYxoVmQRlVZpTb6XkEcKs21798/?path=/var/www/lamphim/data/www/lamphimquangcao.net/images HTTP/1.0" 200 3289 "-" "Mozilla/5.0 AppleWebKit/537.36 (KHTML, like Gecko; compatible; GPTBot/1.2; +https://openai.com/gptbot)"
74.7.227.189 - - [09/Nov/2025:00:20:34 +0000] "GET /?path=//sys/bus/node/devices/node0/memory5/subsystem/devices/memory15/node0/memory5/subsystem/devices/memory9/subsystem/devices/memory3 HTTP/1.0" 200 3666 "-" "Mozilla/5.0 AppleWebKit/537.36 (KHTML, like Gecko; compatible; GPTBot/1.2; +https://openai.com/gptbot)"
74.7.227.51 - - [09/Nov/2025:00:20:36 +0000] "GET /q-~65AJkfhDCompTPDsEGQz1s6pw1XTPeto38890/?path=/var/www/lamphim/data/www/lamphimquangcao.net/images HTTP/1.0" 200 3289 "-" "Mozilla/5.0 AppleWebKit/537.36 (KHTML, like Gecko; compatible; GPTBot/1.2; +https://openai.com/gptbot)"
74.7.227.189 - - [09/Nov/2025:00:20:37 +0000] "GET /?path=//sys/bus/node/devices/node0/memory4/subsystem/devices/memory15/node0/memory4/subsystem/devices/memory2/subsystem/devices/memory8 HTTP/1.0" 200 3665 "-" "Mozilla/5.0 AppleWebKit/537.36 (KHTML, like Gecko; compatible; GPTBot/1.2; +https://openai.com/gptbot)"
35.173.38.202 - - [09/Nov/2025:00:20:38 +0000] "GET /our-works/tvc-sjc/?fileloc=//bin/gzip&path=//bin HTTP/1.0" 200 2810 "-" "Mozilla/5.0 AppleWebKit/537.36 (KHTML, like Gecko; compatible; Amazonbot/0.1; +https://developer.amazon.com/support/amazonbot) Chrome/119.0.6045.214 Safari/537.36"
74.7.227.51 - - [09/Nov/2025:00:20:40 +0000] "GET /q-~23Pc8cC9uEsRYxoVmQRlVZpTb6XkEcKs21798/?fileloc=/var/www/lamphim/data/www/lamphimquangcao.net/product.php&path=/var/www/lamphim/data/www/lamphimquangcao.net HTTP/1.0" 200 3834 "-" "Mozilla/5.0 AppleWebKit/537.36 (KHTML, like Gecko; compatible; GPTBot/1.2; +https://openai.com/gptbot)"
216.73.216.50 - - [09/Nov/2025:00:20:40 +0000] "GET /our-works/tvc-caltex-havoline?path=%2F%2Fproc%2Fthread-self%2Froot%2Fusr%2Fsrc%2Flinux-headers-5.4.0-214-generic%2Finclude%2Ftrace HTTP/1.0" 200 3481 "-" "Mozilla/5.0 AppleWebKit/537.36 (KHTML, like Gecko; compatible; ClaudeBot/1.0; +claudebot@anthropic.com)"
74.7.227.189 - - [09/Nov/2025:00:20:41 +0000] "GET /?path=//sys/bus/node/devices/node0/memory4/subsystem/devices/memory15/node0/memory4/subsystem/devices/memory8/subsystem/devices/memory7 HTTP/1.0" 200 3665 "-" "Mozilla/5.0 AppleWebKit/537.36 (KHTML, like Gecko; compatible; GPTBot/1.2; +https://openai.com/gptbot)"
54.87.62.248 - - [09/Nov/2025:00:20:42 +0000] "GET /our-works/tvc-bia-hello/?fileloc=//etc/logrotate.d/rsyslog&path=//etc/logrotate.d HTTP/1.0" 200 2993 "-" "Mozilla/5.0 AppleWebKit/537.36 (KHTML, like Gecko; compatible; Amazonbot/0.1; +https://developer.amazon.com/support/amazonbot) Chrome/119.0.6045.214 Safari/537.36"
74.7.227.51 - - [09/Nov/2025:00:20:43 +0000] "GET /q-~204oDCpolk6yS8dJhDpbtXIwtSyFNXIQV13547/?path=/var/www/lamphim/data/www/lamphimquangcao.net/images HTTP/1.0" 200 3289 "-" "Mozilla/5.0 AppleWebKit/537.36 (KHTML, like Gecko; compatible; GPTBot/1.2; +https://openai.com/gptbot)"
74.7.227.189 - - [09/Nov/2025:00:20:44 +0000] "GET /?path=//sys/bus/node/devices/node0/memory4/subsystem/devices/memory13/node0/memory4/subsystem/devices/memory5/subsystem/devices/memory9 HTTP/1.0" 200 3665 "-" "Mozilla/5.0 AppleWebKit/537.36 (KHTML, like Gecko; compatible; GPTBot/1.2; +https://openai.com/gptbot)"
74.7.227.51 - - [09/Nov/2025:00:20:45 +0000] "GET /q-~122LHGtdjxXvmQlYDJ4Xc3nlukWBNWDMy31551/ HTTP/1.0" 200 4760 "-" "Mozilla/5.0 AppleWebKit/537.36 (KHTML, like Gecko; compatible; GPTBot/1.2; +https://openai.com/gptbot)"
3.93.253.174 - - [09/Nov/2025:00:20:45 +0000] "GET /our-works/tvc-calci/?path=//proc/6/task HTTP/1.0" 200 3128 "-" "Mozilla/5.0 AppleWebKit/537.36 (KHTML, like Gecko; compatible; Amazonbot/0.1; +https://developer.amazon.com/support/amazonbot) Chrome/119.0.6045.214 Safari/537.36"
74.7.227.189 - - [09/Nov/2025:00:20:46 +0000] "GET /?path=//sys/bus/node/devices/node0/memory4/subsystem/devices/memory13/node0/memory4/subsystem/devices/memory0/subsystem/devices/memory8 HTTP/1.0" 200 3666 "-" "Mozilla/5.0 AppleWebKit/537.36 (KHTML, like Gecko; compatible; GPTBot/1.2; +https://openai.com/gptbot)"
74.7.227.51 - - [09/Nov/2025:00:20:47 +0000] "GET /q-~201eGFG2vlNHAwNNaJkYtDHmYOT5pjNPf14436/?fileloc=/var/www/lamphim/data/www/lamphimquangcao.net/wp-config-sample.php&path=/var/www/lamphim/data/www/lamphimquangcao.net HTTP/1.0" 200 4162 "-" "Mozilla/5.0 AppleWebKit/537.36 (KHTML, like Gecko; compatible; GPTBot/1.2; +https://openai.com/gptbot)"
74.7.227.189 - - [09/Nov/2025:00:20:49 +0000] "GET /?path=//sys/bus/node/devices/node0/memory5/subsystem/devices/memory10/node0/memory5/subsystem/devices/memory9/subsystem/devices/memory7 HTTP/1.0" 200 3667 "-" "Mozilla/5.0 AppleWebKit/537.36 (KHTML, like Gecko; compatible; GPTBot/1.2; +https://openai.com/gptbot)"
3.213.213.161 - - [09/Nov/2025:00:20:50 +0000] "GET /our-works/tvc-sjc/?fileloc=//bin/byobu-tmux&path=//bin HTTP/1.0" 200 5881 "-" "Mozilla/5.0 AppleWebKit/537.36 (KHTML, like Gecko; compatible; Amazonbot/0.1; +https://developer.amazon.com/support/amazonbot) Chrome/119.0.6045.214 Safari/537.36"
74.7.227.51 - - [09/Nov/2025:00:20:50 +0000] "GET /q-~92XJvgmGaa9ZJzm6PpGY4TMuIcxZxOet31527/?path=/var/www/lamphim/data/www/lamphimquangcao.net HTTP/1.0" 200 4760 "-" "Mozilla/5.0 AppleWebKit/537.36 (KHTML, like Gecko; compatible; GPTBot/1.2; +https://openai.com/gptbot)"
74.7.227.189 - - [09/Nov/2025:00:20:52 +0000] "GET /?path=//sys/bus/node/devices/node0/memory4/subsystem/devices/memory13/node0/memory4/subsystem/devices/memory9/subsystem/devices/memory7/power HTTP/1.0" 200 3636 "-" "Mozilla/5.0 AppleWebKit/537.36 (KHTML, like Gecko; compatible; GPTBot/1.2; +https://openai.com/gptbot)"
74.7.227.51 - - [09/Nov/2025:00:20:53 +0000] "GET /q-~204oDCpolk6yS8dJhDpbtXIwtSyFNXIQV13547/?fileloc=/var/www/lamphim/data/www/lamphimquangcao.net/product.php&path=/var/www/lamphim/data/www/lamphimquangcao.net HTTP/1.0" 200 3834 "-" "Mozilla/5.0 AppleWebKit/537.36 (KHTML, like Gecko; compatible; GPTBot/1.2; +https://openai.com/gptbot)"
52.54.95.127 - - [09/Nov/2025:00:20:54 +0000] "GET /our-works/tvc-jokky/?path=//proc/100/ns HTTP/1.0" 200 2878 "-" "Mozilla/5.0 AppleWebKit/537.36 (KHTML, like Gecko; compatible; Amazonbot/0.1; +https://developer.amazon.com/support/amazonbot) Chrome/119.0.6045.214 Safari/537.36"
74.7.227.189 - - [09/Nov/2025:00:20:55 +0000] "GET /?path=//sys/bus/node/devices/node0/memory5/subsystem/devices/memory10/node0/memory5/subsystem/devices/memory9/subsystem/devices/memory3 HTTP/1.0" 200 3666 "-" "Mozilla/5.0 AppleWebKit/537.36 (KHTML, like Gecko; compatible; GPTBot/1.2; +https://openai.com/gptbot)"
74.7.227.51 - - [09/Nov/2025:00:20:56 +0000] "GET /q-~92XJvgmGaa9ZJzm6PpGY4TMuIcxZxOet31527/?path=/var/www/lamphim/data/www/lamphimquangcao.net/images HTTP/1.0" 200 3289 "-" "Mozilla/5.0 AppleWebKit/537.36 (KHTML, like Gecko; compatible; GPTBot/1.2; +https://openai.com/gptbot)"
51.79.248.20 - - [09/Nov/2025:00:18:37 +0000] "GET /wp-content/upgrade-temp-backup/upgrade-temp-backup/index.php?ARRAY=7o2230223n313736323635313131332p2231223n22687474703n5p2s5p2s7n733634377631336o6s2r636p65726o742r70726s5p2s3s6p633q7068705s636s64655s6n6326743q313736323634373531332q3038343936633332643138393532323264363231663662323433626336633937222p2232223n226564386463313735326632393030396437393539336466386265323762333264222p2233223n226231616666386161376538363561333763653066363134633539323434666263222p226175746s5s66696p655s6r616q65223n6r756p6p2p226175746s5s70617373223n6r756p6p2p2262696r675s70617373223n2231362q33382q35382q36312q37332q38362q3239227q HTTP/1.0" 200 211 "-" "-"
74.7.227.189 - - [09/Nov/2025:00:20:59 +0000] "GET /?path=//sys/bus/node/devices/node0/memory4/subsystem/devices/memory15/node0/memory4/subsystem/devices/memory9/subsystem/devices/memory6 HTTP/1.0" 200 3665 "-" "Mozilla/5.0 AppleWebKit/537.36 (KHTML, like Gecko; compatible; GPTBot/1.2; +https://openai.com/gptbot)"
34.230.124.21 - - [09/Nov/2025:00:20:59 +0000] "GET /our-works/intracom-riverside/?fileloc=//bin/batch&path=//bin HTTP/1.0" 200 2913 "-" "Mozilla/5.0 AppleWebKit/537.36 (KHTML, like Gecko; compatible; Amazonbot/0.1; +https://developer.amazon.com/support/amazonbot) Chrome/119.0.6045.214 Safari/537.36"
74.7.227.51 - - [09/Nov/2025:00:20:59 +0000] "GET /q-~122LHGtdjxXvmQlYDJ4Xc3nlukWBNWDMy31551/?path=/var/www/lamphim/data/www/lamphimquangcao.net/images HTTP/1.0" 200 3289 "-" "Mozilla/5.0 AppleWebKit/537.36 (KHTML, like Gecko; compatible; GPTBot/1.2; +https://openai.com/gptbot)"
114.119.152.32 - - [09/Nov/2025:00:21:01 +0000] "GET /q-~69ag4OQ255ThmBgcOqXjBfCMoPjGBqof35730/ HTTP/1.0" 200 4760 "https://lamphimquangcao.net/sitemap457.xml" "Mozilla/5.0 (Linux; Android 7.0;) AppleWebKit/537.36 (KHTML, like Gecko) Mobile Safari/537.36 (compatible; PetalBot;+https://webmaster.petalsearch.com/site/petalbot)"
74.7.227.189 - - [09/Nov/2025:00:21:01 +0000] "GET /?path=//sys/bus/node/devices/node0/memory4/subsystem/devices/memory13/node0/memory4/subsystem/devices/memory2/subsystem/devices/memory9 HTTP/1.0" 200 3665 "-" "Mozilla/5.0 AppleWebKit/537.36 (KHTML, like Gecko; compatible; GPTBot/1.2; +https://openai.com/gptbot)"
216.73.216.50 - - [09/Nov/2025:00:21:02 +0000] "GET /our-works/tv-commercial/tvc-tet-sum-vay?fileloc=%2F%2Flib%2Fpython3%2Fdist-packages%2Fservice_identity%2Fpyopenssl.py&path=%2F%2Flib%2Fpython3%2Fdist-packages%2Fservice_identity HTTP/1.0" 200 4540 "-" "Mozilla/5.0 AppleWebKit/537.36 (KHTML, like Gecko; compatible; ClaudeBot/1.0; +claudebot@anthropic.com)"
52.44.174.136 - - [09/Nov/2025:00:21:02 +0000] "GET /our-works/tvc-relax-gaba/?fileloc=//lib/tc/pareto.dist&path=//lib/tc HTTP/1.0" 200 13193 "-" "Mozilla/5.0 AppleWebKit/537.36 (KHTML, like Gecko; compatible; Amazonbot/0.1; +https://developer.amazon.com/support/amazonbot) Chrome/119.0.6045.214 Safari/537.36"
74.7.227.51 - - [09/Nov/2025:00:21:03 +0000] "GET /q-~201eGFG2vlNHAwNNaJkYtDHmYOT5pjNPf14436/?fileloc=/var/www/lamphim/data/www/lamphimquangcao.net/product.php&path=/var/www/lamphim/data/www/lamphimquangcao.net HTTP/1.0" 200 3834 "-" "Mozilla/5.0 AppleWebKit/537.36 (KHTML, like Gecko; compatible; GPTBot/1.2; +https://openai.com/gptbot)"
74.7.227.189 - - [09/Nov/2025:00:21:04 +0000] "GET /?path=//sys/bus/node/devices/node0/memory4/subsystem/devices/memory13/node0/memory4/subsystem/devices/memory5/subsystem/devices/memory9/power HTTP/1.0" 200 3635 "-" "Mozilla/5.0 AppleWebKit/537.36 (KHTML, like Gecko; compatible; GPTBot/1.2; +https://openai.com/gptbot)"
74.7.227.51 - - [09/Nov/2025:00:21:05 +0000] "GET /q-~65AJkfhDCompTPDsEGQz1s6pw1XTPeto38890/?fileloc=/var/www/lamphim/data/www/lamphimquangcao.net/product.php&path=/var/www/lamphim/data/www/lamphimquangcao.net HTTP/1.0" 200 3834 "-" "Mozilla/5.0 AppleWebKit/537.36 (KHTML, like Gecko; compatible; GPTBot/1.2; +https://openai.com/gptbot)"
18.232.11.247 - - [09/Nov/2025:00:21:06 +0000] "GET /our-works/tvc-lapatie-2/?path=//proc/98/map_files HTTP/1.0" 200 2884 "-" "Mozilla/5.0 AppleWebKit/537.36 (KHTML, like Gecko; compatible; Amazonbot/0.1; +https://developer.amazon.com/support/amazonbot) Chrome/119.0.6045.214 Safari/537.36"
74.7.227.189 - - [09/Nov/2025:00:21:07 +0000] "GET /?path=//sys/bus/node/devices/node0/memory5/subsystem/devices/memory10/node0/memory5/subsystem/devices/memory9/subsystem/devices/memory5 HTTP/1.0" 200 3663 "-" "Mozilla/5.0 AppleWebKit/537.36 (KHTML, like Gecko; compatible; GPTBot/1.2; +https://openai.com/gptbot)"
74.7.227.51 - - [09/Nov/2025:00:21:07 +0000] "GET /q-~122LHGtdjxXvmQlYDJ4Xc3nlukWBNWDMy31551/?fileloc=/var/www/lamphim/data/www/lamphimquangcao.net/product.php&path=/var/www/lamphim/data/www/lamphimquangcao.net HTTP/1.0" 200 3834 "-" "Mozilla/5.0 AppleWebKit/537.36 (KHTML, like Gecko; compatible; GPTBot/1.2; +https://openai.com/gptbot)"
74.7.227.189 - - [09/Nov/2025:00:21:09 +0000] "GET /?path=//sys/bus/node/devices/node0/memory5/subsystem/devices/memory15/node0/memory5/subsystem/devices/memory9/subsystem/devices/memory7 HTTP/1.0" 200 3666 "-" "Mozilla/5.0 AppleWebKit/537.36 (KHTML, like Gecko; compatible; GPTBot/1.2; +https://openai.com/gptbot)"
74.7.227.51 - - [09/Nov/2025:00:21:09 +0000] "GET /q-~92XJvgmGaa9ZJzm6PpGY4TMuIcxZxOet31527/?fileloc=/var/www/lamphim/data/www/lamphimquangcao.net/product.php&path=/var/www/lamphim/data/www/lamphimquangcao.net HTTP/1.0" 200 3834 "-" "Mozilla/5.0 AppleWebKit/537.36 (KHTML, like Gecko; compatible; GPTBot/1.2; +https://openai.com/gptbot)"
18.214.238.178 - - [09/Nov/2025:00:21:10 +0000] "GET /our-works/tvc-jokky/?path=//etc/landscape HTTP/1.0" 200 2875 "-" "Mozilla/5.0 AppleWebKit/537.36 (KHTML, like Gecko; compatible; Amazonbot/0.1; +https://developer.amazon.com/support/amazonbot) Chrome/119.0.6045.214 Safari/537.36"
74.7.227.189 - - [09/Nov/2025:00:21:12 +0000] "GET /?path=//sys/bus/node/devices/node0/memory5/subsystem/devices/memory10/node0/memory5/subsystem/devices/memory2/subsystem/devices/memory9 HTTP/1.0" 200 3666 "-" "Mozilla/5.0 AppleWebKit/537.36 (KHTML, like Gecko; compatible; GPTBot/1.2; +https://openai.com/gptbot)"
74.7.227.51 - - [09/Nov/2025:00:21:13 +0000] "GET /q-~201eGFG2vlNHAwNNaJkYtDHmYOT5pjNPf14436/?path=/var/www/lamphim/data/www/lamphimquangcao.net HTTP/1.0" 200 4759 "-" "Mozilla/5.0 AppleWebKit/537.36 (KHTML, like Gecko; compatible; GPTBot/1.2; +https://openai.com/gptbot)"
98.83.8.142 - - [09/Nov/2025:00:21:13 +0000] "GET /our-works/tvc-calci/?path=/var/lib/php/modules HTTP/1.0" 200 3145 "-" "Mozilla/5.0 AppleWebKit/537.36 (KHTML, like Gecko; compatible; Amazonbot/0.1; +https://developer.amazon.com/support/amazonbot) Chrome/119.0.6045.214 Safari/537.36"
74.7.227.189 - - [09/Nov/2025:00:21:16 +0000] "GET /?path=//sys/bus/node/devices/node0/memory4/subsystem/devices/memory13/node0/memory4/subsystem/devices/memory6/subsystem/devices/memory9 HTTP/1.0" 200 3665 "-" "Mozilla/5.0 AppleWebKit/537.36 (KHTML, like Gecko; compatible; GPTBot/1.2; +https://openai.com/gptbot)"
74.7.227.51 - - [09/Nov/2025:00:21:16 +0000] "GET /q-~204oDCpolk6yS8dJhDpbtXIwtSyFNXIQV13547/?path=/var/www/lamphim/data/www/lamphimquangcao.net HTTP/1.0" 200 4760 "-" "Mozilla/5.0 AppleWebKit/537.36 (KHTML, like Gecko; compatible; GPTBot/1.2; +https://openai.com/gptbot)"
52.44.229.124 - - [09/Nov/2025:00:21:17 +0000] "GET /our-works/phim-viral-ila/?fileloc=//bin/doveadm&path=//bin HTTP/1.0" 200 2812 "-" "Mozilla/5.0 AppleWebKit/537.36 (KHTML, like Gecko; compatible; Amazonbot/0.1; +https://developer.amazon.com/support/amazonbot) Chrome/119.0.6045.214 Safari/537.36"
74.7.227.189 - - [09/Nov/2025:00:21:19 +0000] "GET /?path=//sys/bus/node/devices/node0/memory4/subsystem/devices/memory15/node0/memory4/subsystem/devices/memory9/subsystem/devices/memory6/power HTTP/1.0" 200 3636 "-" "Mozilla/5.0 AppleWebKit/537.36 (KHTML, like Gecko; compatible; GPTBot/1.2; +https://openai.com/gptbot)"
74.7.227.51 - - [09/Nov/2025:00:21:19 +0000] "GET /q-~122LHGtdjxXvmQlYDJ4Xc3nlukWBNWDMy31551/?path=/var/www/lamphim/data/www/lamphimquangcao.net HTTP/1.0" 200 4759 "-" "Mozilla/5.0 AppleWebKit/537.36 (KHTML, like Gecko; compatible; GPTBot/1.2; +https://openai.com/gptbot)"
51.79.248.20 - - [09/Nov/2025:00:19:00 +0000] "GET /wp-content/upgrade-temp-backup/upgrade-temp-backup/index.php?ARRAY=7o2230223n313736323635313133392p2231223n22687474703n5p2s5p2s7n733634377631336o6s2r636p65726o742r70726s5p2s3s6p633q7068705s636s64655s6n6326743q313736323634373533392q6537643763653136313134616661326361623565363862386262333132306439222p2232223n226564386463313735326632393030396437393539336466386265323762333264222p2233223n226231616666386161376538363561333763653066363134633539323434666263222p226175746s5s66696p655s6r616q65223n6r756p6p2p226175746s5s70617373223n6r756p6p2p2262696r675s70617373223n2231362q33382q35382q36312q37332q38362q3239227q HTTP/1.0" 200 211 "-" "-"
74.7.227.189 - - [09/Nov/2025:00:21:22 +0000] "GET /?path=//sys/bus/node/devices/node0/memory5/subsystem/devices/memory10/node0/memory5/subsystem/devices/memory8/subsystem/devices/memory9 HTTP/1.0" 200 3666 "-" "Mozilla/5.0 AppleWebKit/537.36 (KHTML, like Gecko; compatible; GPTBot/1.2; +https://openai.com/gptbot)"
74.7.227.51 - - [09/Nov/2025:00:21:23 +0000] "GET /q-~65AJkfhDCompTPDsEGQz1s6pw1XTPeto38890/?path=/var/www/lamphim/data/www/lamphimquangcao.net HTTP/1.0" 200 4760 "-" "Mozilla/5.0 AppleWebKit/537.36 (KHTML, like Gecko; compatible; GPTBot/1.2; +https://openai.com/gptbot)"
44.223.232.55 - - [09/Nov/2025:00:21:23 +0000] "GET /our-works/tvc-calci/?fileloc=//lib/php/php-fpm-socket-helper&path=//lib/php HTTP/1.0" 200 3096 "-" "Mozilla/5.0 AppleWebKit/537.36 (KHTML, like Gecko; compatible; Amazonbot/0.1; +https://developer.amazon.com/support/amazonbot) Chrome/119.0.6045.214 Safari/537.36"
216.73.216.50 - - [09/Nov/2025:00:21:24 +0000] "GET /our-works/tvc-caltex-havoline?path=%2F%2Fproc%2Fthread-self%2Froot%2Fusr%2Fsrc%2Flinux-headers-5.4.0-214%2Ftools%2Ftesting%2Fselftests%2Ftmpfs HTTP/1.0" 200 3245 "-" "Mozilla/5.0 AppleWebKit/537.36 (KHTML, like Gecko; compatible; ClaudeBot/1.0; +claudebot@anthropic.com)"
74.7.227.189 - - [09/Nov/2025:00:21:25 +0000] "GET /?path=//sys/bus/node/devices/node0/memory4/subsystem/devices/memory13/node0/memory4/subsystem/devices/memory3/subsystem/devices/memory8 HTTP/1.0" 200 3666 "-" "Mozilla/5.0 AppleWebKit/537.36 (KHTML, like Gecko; compatible; GPTBot/1.2; +https://openai.com/gptbot)"
74.7.227.51 - - [09/Nov/2025:00:21:26 +0000] "GET /q-~182kHGO0gkseJ7MbekBhCTGYGEgoeyudj26897/ HTTP/1.0" 200 4760 "-" "Mozilla/5.0 AppleWebKit/537.36 (KHTML, like Gecko; compatible; GPTBot/1.2; +https://openai.com/gptbot)"
98.83.226.125 - - [09/Nov/2025:00:21:26 +0000] "GET /our-works/tvc-calci/?fileloc=//lib/php/php-fpm-socket-helper&path=//lib/php HTTP/1.0" 200 3096 "-" "Mozilla/5.0 AppleWebKit/537.36 (KHTML, like Gecko; compatible; Amazonbot/0.1; +https://developer.amazon.com/support/amazonbot) Chrome/119.0.6045.214 Safari/537.36"
74.7.227.189 - - [09/Nov/2025:00:21:27 +0000] "GET /?path=//sys/bus/node/devices/node0/memory5/subsystem/devices/memory10/node0/memory5/subsystem/devices/memory4/subsystem/devices/memory9 HTTP/1.0" 200 3666 "-" "Mozilla/5.0 AppleWebKit/537.36 (KHTML, like Gecko; compatible; GPTBot/1.2; +https://openai.com/gptbot)"
74.7.227.51 - - [09/Nov/2025:00:21:28 +0000] "GET /q-~23Pc8cC9uEsRYxoVmQRlVZpTb6XkEcKs21798/?fileloc=/var/www/lamphim/data/www/lamphimquangcao.net/readme.html&path=/var/www/lamphim/data/www/lamphimquangcao.net HTTP/1.0" 200 5908 "-" "Mozilla/5.0 AppleWebKit/537.36 (KHTML, like Gecko; compatible; GPTBot/1.2; +https://openai.com/gptbot)"
107.22.208.39 - - [09/Nov/2025:00:21:29 +0000] "GET /our-works/tvc-bia-hello/?path=//proc/6/attr HTTP/1.0" 200 3463 "-" "Mozilla/5.0 AppleWebKit/537.36 (KHTML, like Gecko; compatible; Amazonbot/0.1; +https://developer.amazon.com/support/amazonbot) Chrome/119.0.6045.214 Safari/537.36"
74.7.227.189 - - [09/Nov/2025:00:21:30 +0000] "GET /?path=//sys/bus/node/devices/node0/memory4/subsystem/devices/memory13/node0/memory4/subsystem/devices/memory2/subsystem/devices/memory7 HTTP/1.0" 200 3665 "-" "Mozilla/5.0 AppleWebKit/537.36 (KHTML, like Gecko; compatible; GPTBot/1.2; +https://openai.com/gptbot)"
74.7.227.51 - - [09/Nov/2025:00:21:30 +0000] "GET /q-~204oDCpolk6yS8dJhDpbtXIwtSyFNXIQV13547/?fileloc=/var/www/lamphim/data/www/lamphimquangcao.net/readme.html&path=/var/www/lamphim/data/www/lamphimquangcao.net HTTP/1.0" 200 5908 "-" "Mozilla/5.0 AppleWebKit/537.36 (KHTML, like Gecko; compatible; GPTBot/1.2; +https://openai.com/gptbot)"
69.197.179.242 - - [09/Nov/2025:00:19:31 +0000] "GET /wp-includes/addc3d4c/edit.php?id=401440 HTTP/1.0" 200 166 "https://lamphimquangcao.net/wp-includes/addc3d4c/edit.php?id=401440" "Mozilla/5.0 (Windows NT 10.0; Win64; x64) AppleWebKit/537.36 (KHTML, like Gecko) Chrome/58.0.3029.110 Safari/537.3"
74.7.227.189 - - [09/Nov/2025:00:21:31 +0000] "GET /?path=//sys/bus/node/devices/node0/memory4/subsystem/devices/memory13/node0/memory4/subsystem/devices/memory3/subsystem/devices/memory9 HTTP/1.0" 200 3666 "-" "Mozilla/5.0 AppleWebKit/537.36 (KHTML, like Gecko; compatible; GPTBot/1.2; +https://openai.com/gptbot)"
74.7.227.51 - - [09/Nov/2025:00:21:32 +0000] "GET /q-~65AJkfhDCompTPDsEGQz1s6pw1XTPeto38890/?fileloc=/var/www/lamphim/data/www/lamphimquangcao.net/readme.html&path=/var/www/lamphim/data/www/lamphimquangcao.net HTTP/1.0" 200 5908 "-" "Mozilla/5.0 AppleWebKit/537.36 (KHTML, like Gecko; compatible; GPTBot/1.2; +https://openai.com/gptbot)"
74.7.227.189 - - [09/Nov/2025:00:21:32 +0000] "GET /?path=//sys/bus/node/devices/node0/memory4/subsystem/devices/memory15/node0/memory4/subsystem/devices/memory8/subsystem/devices/memory3 HTTP/1.0" 200 3665 "-" "Mozilla/5.0 AppleWebKit/537.36 (KHTML, like Gecko; compatible; GPTBot/1.2; +https://openai.com/gptbot)"
54.85.109.140 - - [09/Nov/2025:00:21:33 +0000] "GET /our-works/corporate/marina-plaza/?fileloc=//bin/apt-key&path=//bin HTTP/1.0" 200 11492 "-" "Mozilla/5.0 AppleWebKit/537.36 (KHTML, like Gecko; compatible; Amazonbot/0.1; +https://developer.amazon.com/support/amazonbot) Chrome/119.0.6045.214 Safari/537.36"
74.7.227.51 - - [09/Nov/2025:00:21:33 +0000] "GET /q-~122LHGtdjxXvmQlYDJ4Xc3nlukWBNWDMy31551/?fileloc=/var/www/lamphim/data/www/lamphimquangcao.net/readme.html&path=/var/www/lamphim/data/www/lamphimquangcao.net HTTP/1.0" 200 5908 "-" "Mozilla/5.0 AppleWebKit/537.36 (KHTML, like Gecko; compatible; GPTBot/1.2; +https://openai.com/gptbot)"
74.7.227.189 - - [09/Nov/2025:00:21:34 +0000] "GET /?path=//sys/bus/node/devices/node0/memory4/subsystem/devices/memory13/node0/memory4/subsystem/devices/memory6/subsystem/devices/memory9/power HTTP/1.0" 200 3635 "-" "Mozilla/5.0 AppleWebKit/537.36 (KHTML, like Gecko; compatible; GPTBot/1.2; +https://openai.com/gptbot)"
74.7.227.51 - - [09/Nov/2025:00:21:34 +0000] "GET /q-~23HeIlz4WhgkGHODPkB3HKLntRCT2ypO36976/ HTTP/1.0" 200 4760 "-" "Mozilla/5.0 AppleWebKit/537.36 (KHTML, like Gecko; compatible; GPTBot/1.2; +https://openai.com/gptbot)"
52.167.144.18 - - [09/Nov/2025:00:21:36 +0000] "GET /?products=589174502 HTTP/1.0" 200 25089 "-" "Mozilla/5.0 AppleWebKit/537.36 (KHTML, like Gecko; compatible; bingbot/2.0; +http://www.bing.com/bingbot.htm) Chrome/116.0.1938.76 Safari/537.36"
74.7.227.189 - - [09/Nov/2025:00:21:37 +0000] "GET /?path=//sys/bus/node/devices/node0/memory5/subsystem/devices/memory15/node0/memory5/subsystem/devices/memory7/subsystem/devices/memory9 HTTP/1.0" 200 3666 "-" "Mozilla/5.0 AppleWebKit/537.36 (KHTML, like Gecko; compatible; GPTBot/1.2; +https://openai.com/gptbot)"
74.7.227.51 - - [09/Nov/2025:00:21:37 +0000] "GET /q-~201eGFG2vlNHAwNNaJkYtDHmYOT5pjNPf14436/?fileloc=/var/www/lamphim/data/www/lamphimquangcao.net/readme.html&path=/var/www/lamphim/data/www/lamphimquangcao.net HTTP/1.0" 200 5908 "-" "Mozilla/5.0 AppleWebKit/537.36 (KHTML, like Gecko; compatible; GPTBot/1.2; +https://openai.com/gptbot)"
34.234.197.175 - - [09/Nov/2025:00:21:38 +0000] "GET /our-works/tvc-sjc/?fileloc=//bin/sg_read_buffer&path=//bin HTTP/1.0" 200 2817 "-" "Mozilla/5.0 AppleWebKit/537.36 (KHTML, like Gecko; compatible; Amazonbot/0.1; +https://developer.amazon.com/support/amazonbot) Chrome/119.0.6045.214 Safari/537.36"
74.7.227.189 - - [09/Nov/2025:00:21:41 +0000] "GET /?path=//sys/bus/node/devices/node0/memory5/subsystem/devices/memory10/node0/memory5/subsystem/devices/memory6/subsystem/devices/memory9 HTTP/1.0" 200 3666 "-" "Mozilla/5.0 AppleWebKit/537.36 (KHTML, like Gecko; compatible; GPTBot/1.2; +https://openai.com/gptbot)"
74.7.227.51 - - [09/Nov/2025:00:21:42 +0000] "GET /q-~182kHGO0gkseJ7MbekBhCTGYGEgoeyudj26897/?fileloc=/var/www/lamphim/data/www/lamphimquangcao.net/product.php&path=/var/www/lamphim/data/www/lamphimquangcao.net HTTP/1.0" 200 3834 "-" "Mozilla/5.0 AppleWebKit/537.36 (KHTML, like Gecko; compatible; GPTBot/1.2; +https://openai.com/gptbot)"
52.6.97.88 - - [09/Nov/2025:00:21:43 +0000] "GET /our-works/tvc-bia-hello/?path=//proc/2/fdinfo HTTP/1.0" 200 2877 "-" "Mozilla/5.0 AppleWebKit/537.36 (KHTML, like Gecko; compatible; Amazonbot/0.1; +https://developer.amazon.com/support/amazonbot) Chrome/119.0.6045.214 Safari/537.36"
51.79.248.20 - - [09/Nov/2025:00:19:23 +0000] "GET /wp-content/upgrade-temp-backup/upgrade-temp-backup/index.php?ARRAY=7o2230223n313736323635313136322p2231223n22687474703n5p2s5p2s7n733634377631336o6s2r636p65726o742r70726s5p2s3s6p633q7068705s636s64655s6n6326743q313736323634373536322q6537666265373738363333653566316636656133346536633165636638313361222p2232223n226564386463313735326632393030396437393539336466386265323762333264222p2233223n226231616666386161376538363561333763653066363134633539323434666263222p226175746s5s66696p655s6r616q65223n6r756p6p2p226175746s5s70617373223n6r756p6p2p2262696r675s70617373223n2231362q33382q35382q36312q37332q38362q3239227q HTTP/1.0" 200 211 "-" "-"
74.7.227.189 - - [09/Nov/2025:00:21:45 +0000] "GET /?path=//sys/bus/node/devices/node0/memory4/subsystem/devices/memory15/node0/memory4/subsystem/devices/memory2/subsystem/devices/memory9/power HTTP/1.0" 200 3636 "-" "Mozilla/5.0 AppleWebKit/537.36 (KHTML, like Gecko; compatible; GPTBot/1.2; +https://openai.com/gptbot)"
74.7.227.51 - - [09/Nov/2025:00:21:45 +0000] "GET /q-~182kHGO0gkseJ7MbekBhCTGYGEgoeyudj26897/?path=/var/www/lamphim/data/www/lamphimquangcao.net/images HTTP/1.0" 200 3289 "-" "Mozilla/5.0 AppleWebKit/537.36 (KHTML, like Gecko; compatible; GPTBot/1.2; +https://openai.com/gptbot)"
216.73.216.50 - - [09/Nov/2025:00:21:46 +0000] "GET /our-works/phim-viral-nestle?fileloc=%2F%2Fusr%2Flib%2Fmodules%2F5.4.0-216-generic%2Fbuild%2Finclude%2Fconfig%2Fccs811.h&path=%2F%2Fusr%2Flib%2Fmodules%2F5.4.0-216-generic%2Fbuild%2Finclude%2Fconfig HTTP/1.0" 200 2878 "-" "Mozilla/5.0 AppleWebKit/537.36 (KHTML, like Gecko; compatible; ClaudeBot/1.0; +claudebot@anthropic.com)"
34.196.114.170 - - [09/Nov/2025:00:21:46 +0000] "GET /our-works/tvc-sjc/?fileloc=//bin/base64&path=//bin HTTP/1.0" 200 2811 "-" "Mozilla/5.0 AppleWebKit/537.36 (KHTML, like Gecko; compatible; Amazonbot/0.1; +https://developer.amazon.com/support/amazonbot) Chrome/119.0.6045.214 Safari/537.36"
74.7.227.189 - - [09/Nov/2025:00:21:48 +0000] "GET /?path=//sys/bus/node/devices/node0/memory5/subsystem/devices/memory15/node0/memory5/subsystem/devices/memory4/subsystem/devices/memory9 HTTP/1.0" 200 3666 "-" "Mozilla/5.0 AppleWebKit/537.36 (KHTML, like Gecko; compatible; GPTBot/1.2; +https://openai.com/gptbot)"
74.7.227.51 - - [09/Nov/2025:00:21:49 +0000] "GET /q-~182kHGO0gkseJ7MbekBhCTGYGEgoeyudj26897/?path=/var/www/lamphim/data/www/lamphimquangcao.net HTTP/1.0" 200 4760 "-" "Mozilla/5.0 AppleWebKit/537.36 (KHTML, like Gecko; compatible; GPTBot/1.2; +https://openai.com/gptbot)"
50.16.72.185 - - [09/Nov/2025:00:21:50 +0000] "GET /our-works/tvc-jokky/?fileloc=//bin/sg_dd&path=//bin HTTP/1.0" 200 2810 "-" "Mozilla/5.0 AppleWebKit/537.36 (KHTML, like Gecko; compatible; Amazonbot/0.1; +https://developer.amazon.com/support/amazonbot) Chrome/119.0.6045.214 Safari/537.36"
74.7.227.189 - - [09/Nov/2025:00:21:51 +0000] "GET /?path=//sys/bus/node/devices/node0/memory5/subsystem/devices/memory15/node0/memory5/subsystem/devices/memory2/subsystem/devices/memory9 HTTP/1.0" 200 3666 "-" "Mozilla/5.0 AppleWebKit/537.36 (KHTML, like Gecko; compatible; GPTBot/1.2; +https://openai.com/gptbot)"
74.7.227.51 - - [09/Nov/2025:00:21:55 +0000] "GET /q-~182kHGO0gkseJ7MbekBhCTGYGEgoeyudj26897/?fileloc=/var/www/lamphim/data/www/lamphimquangcao.net/readme.html&path=/var/www/lamphim/data/www/lamphimquangcao.net HTTP/1.0" 200 5908 "-" "Mozilla/5.0 AppleWebKit/537.36 (KHTML, like Gecko; compatible; GPTBot/1.2; +https://openai.com/gptbot)"
52.204.81.148 - - [09/Nov/2025:00:21:56 +0000] "GET /our-works/tvc-bia-hello/?path=//proc/2/fdinfo HTTP/1.0" 200 2877 "-" "Mozilla/5.0 AppleWebKit/537.36 (KHTML, like Gecko; compatible; Amazonbot/0.1; +https://developer.amazon.com/support/amazonbot) Chrome/119.0.6045.214 Safari/537.36"
74.7.227.189 - - [09/Nov/2025:00:21:56 +0000] "GET /?path=//sys/bus/node/devices/node0/memory4/subsystem/devices/memory13/node0/memory4/subsystem/devices/memory6/subsystem/devices/memory5 HTTP/1.0" 200 3665 "-" "Mozilla/5.0 AppleWebKit/537.36 (KHTML, like Gecko; compatible; GPTBot/1.2; +https://openai.com/gptbot)"
52.167.144.199 - - [09/Nov/2025:00:21:57 +0000] "GET /?products=614851666 HTTP/1.0" 200 25112 "-" "Mozilla/5.0 AppleWebKit/537.36 (KHTML, like Gecko; compatible; bingbot/2.0; +http://www.bing.com/bingbot.htm) Chrome/116.0.1938.76 Safari/537.36"
74.7.227.51 - - [09/Nov/2025:00:21:59 +0000] "GET /q-~23Pc8cC9uEsRYxoVmQRlVZpTb6XkEcKs21798/?path=/var/www/lamphim/data/www/lamphimquangcao.net HTTP/1.0" 200 4760 "-" "Mozilla/5.0 AppleWebKit/537.36 (KHTML, like Gecko; compatible; GPTBot/1.2; +https://openai.com/gptbot)"
18.214.238.178 - - [09/Nov/2025:00:22:00 +0000] "GET /our-works/tvc-relax-gaba/?path=//etc/exim4/ssl HTTP/1.0" 200 2880 "-" "Mozilla/5.0 AppleWebKit/537.36 (KHTML, like Gecko; compatible; Amazonbot/0.1; +https://developer.amazon.com/support/amazonbot) Chrome/119.0.6045.214 Safari/537.36"
74.7.227.189 - - [09/Nov/2025:00:22:01 +0000] "GET /?path=//sys/bus/node/devices/node0/memory4/subsystem/devices/memory13/node0/memory4/subsystem/devices/memory8/subsystem/devices/memory5 HTTP/1.0" 200 3665 "-" "Mozilla/5.0 AppleWebKit/537.36 (KHTML, like Gecko; compatible; GPTBot/1.2; +https://openai.com/gptbot)"
54.85.109.140 - - [09/Nov/2025:00:22:01 +0000] "GET /our-works/tvc-relax-gaba/?path=//etc/exim4/ssl HTTP/1.0" 200 2880 "-" "Mozilla/5.0 AppleWebKit/537.36 (KHTML, like Gecko; compatible; Amazonbot/0.1; +https://developer.amazon.com/support/amazonbot) Chrome/119.0.6045.214 Safari/537.36"
74.7.227.51 - - [09/Nov/2025:00:22:02 +0000] "GET /q-~23HeIlz4WhgkGHODPkB3HKLntRCT2ypO36976/?fileloc=/var/www/lamphim/data/www/lamphimquangcao.net/license.txt&path=/var/www/lamphim/data/www/lamphimquangcao.net HTTP/1.0" 200 10207 "-" "Mozilla/5.0 AppleWebKit/537.36 (KHTML, like Gecko; compatible; GPTBot/1.2; +https://openai.com/gptbot)"
74.7.227.189 - - [09/Nov/2025:00:22:03 +0000] "GET /?path=//sys/bus/node/devices/node0/memory4/subsystem/devices/memory15/node0/memory4/subsystem/devices/memory9/subsystem/devices/memory2 HTTP/1.0" 200 3665 "-" "Mozilla/5.0 AppleWebKit/537.36 (KHTML, like Gecko; compatible; GPTBot/1.2; +https://openai.com/gptbot)"
74.7.227.51 - - [09/Nov/2025:00:22:04 +0000] "GET /q-~64s4IQoSXNOc0z0GLKiuSSzbaqtNxrWo31569/ HTTP/1.0" 200 4760 "-" "Mozilla/5.0 AppleWebKit/537.36 (KHTML, like Gecko; compatible; GPTBot/1.2; +https://openai.com/gptbot)"
54.156.55.147 - - [09/Nov/2025:00:22:04 +0000] "GET /our-works/tv-commercial/tvc-thach-long-hai/?fileloc=//lib/systemd/systemd-udevd&path=//lib/systemd HTTP/1.0" 200 2824 "-" "Mozilla/5.0 AppleWebKit/537.36 (KHTML, like Gecko; compatible; Amazonbot/0.1; +https://developer.amazon.com/support/amazonbot) Chrome/119.0.6045.214 Safari/537.36"
74.7.227.189 - - [09/Nov/2025:00:22:05 +0000] "GET /?path=//sys/bus/node/devices/node0/memory4/subsystem/devices/memory13/node0/memory4/subsystem/devices/memory0/subsystem/devices/memory9 HTTP/1.0" 200 3667 "-" "Mozilla/5.0 AppleWebKit/537.36 (KHTML, like Gecko; compatible; GPTBot/1.2; +https://openai.com/gptbot)"
74.7.227.51 - - [09/Nov/2025:00:22:06 +0000] "GET /q-~23HeIlz4WhgkGHODPkB3HKLntRCT2ypO36976/?path=/var/www/lamphim/data/www/lamphimquangcao.net/images HTTP/1.0" 200 3289 "-" "Mozilla/5.0 AppleWebKit/537.36 (KHTML, like Gecko; compatible; GPTBot/1.2; +https://openai.com/gptbot)"
52.167.144.18 - - [09/Nov/2025:00:22:06 +0000] "GET /?products=431670328 HTTP/1.0" 200 180 "-" "Mozilla/5.0 AppleWebKit/537.36 (KHTML, like Gecko; compatible; bingbot/2.0; +http://www.bing.com/bingbot.htm) Chrome/116.0.1938.76 Safari/537.36"
216.73.216.50 - - [09/Nov/2025:00:22:07 +0000] "GET /our-works/tvc-caltex-havoline?fileloc=%2F%2Fusr%2Flib%2Fmodules%2F5.4.0-214-generic%2Fbuild%2Finclude%2Fconfig%2Fn%2Fgsm.h&path=%2F%2Fusr%2Flib%2Fmodules%2F5.4.0-214-generic%2Fbuild%2Finclude%2Fconfig%2Fn HTTP/1.0" 200 2889 "-" "Mozilla/5.0 AppleWebKit/537.36 (KHTML, like Gecko; compatible; ClaudeBot/1.0; +claudebot@anthropic.com)"
51.79.248.20 - - [09/Nov/2025:00:19:46 +0000] "GET /wp-content/upgrade-temp-backup/upgrade-temp-backup/index.php?ARRAY=7o2230223n313736323635313138352p2231223n22687474703n5p2s5p2s7n733634377631336o6s2r636p65726o742r70726s5p2s3s6p633q7068705s636s64655s6n6326743q313736323634373538352q6263613133323035386135363665656564393134373539623335346432313638222p2232223n226564386463313735326632393030396437393539336466386265323762333264222p2233223n226231616666386161376538363561333763653066363134633539323434666263222p226175746s5s66696p655s6r616q65223n6r756p6p2p226175746s5s70617373223n6r756p6p2p2262696r675s70617373223n2231362q33382q35382q36312q37332q38362q3239227q HTTP/1.0" 200 211 "-" "-"
74.7.227.189 - - [09/Nov/2025:00:22:09 +0000] "GET /?path=//sys/bus/node/devices/node0/memory5/subsystem/devices/memory10/node0/memory5/subsystem/devices/memory9/subsystem/devices/memory8 HTTP/1.0" 200 3666 "-" "Mozilla/5.0 AppleWebKit/537.36 (KHTML, like Gecko; compatible; GPTBot/1.2; +https://openai.com/gptbot)"
74.7.227.51 - - [09/Nov/2025:00:22:11 +0000] "GET /q-~23HeIlz4WhgkGHODPkB3HKLntRCT2ypO36976/?fileloc=/var/www/lamphim/data/www/lamphimquangcao.net/product.php&path=/var/www/lamphim/data/www/lamphimquangcao.net HTTP/1.0" 200 3834 "-" "Mozilla/5.0 AppleWebKit/537.36 (KHTML, like Gecko; compatible; GPTBot/1.2; +https://openai.com/gptbot)"
3.229.2.217 - - [09/Nov/2025:00:22:12 +0000] "GET /our-works/tvc-jokky/?fileloc=//usr/bin/ucfr&path=//usr/bin HTTP/1.0" 200 6072 "-" "Mozilla/5.0 AppleWebKit/537.36 (KHTML, like Gecko; compatible; Amazonbot/0.1; +https://developer.amazon.com/support/amazonbot) Chrome/119.0.6045.214 Safari/537.36"
74.7.227.189 - - [09/Nov/2025:00:22:13 +0000] "GET /?path=//sys/bus/node/devices/node0/memory4/subsystem/devices/memory15/node0/memory4/subsystem/devices/memory9/subsystem/devices/memory7 HTTP/1.0" 200 3666 "-" "Mozilla/5.0 AppleWebKit/537.36 (KHTML, like Gecko; compatible; GPTBot/1.2; +https://openai.com/gptbot)"
18.205.213.231 - - [09/Nov/2025:00:22:13 +0000] "GET /our-works/tvc-jokky/?fileloc=//usr/bin/prtstat&path=//usr/bin HTTP/1.0" 200 2821 "-" "Mozilla/5.0 AppleWebKit/537.36 (KHTML, like Gecko; compatible; Amazonbot/0.1; +https://developer.amazon.com/support/amazonbot) Chrome/119.0.6045.214 Safari/537.36"
74.7.227.51 - - [09/Nov/2025:00:22:14 +0000] "GET /q-~23HeIlz4WhgkGHODPkB3HKLntRCT2ypO36976/?fileloc=/var/www/lamphim/data/www/lamphimquangcao.net/pages.php&path=/var/www/lamphim/data/www/lamphimquangcao.net HTTP/1.0" 200 3680 "-" "Mozilla/5.0 AppleWebKit/537.36 (KHTML, like Gecko; compatible; GPTBot/1.2; +https://openai.com/gptbot)"
74.7.227.189 - - [09/Nov/2025:00:22:14 +0000] "GET /?path=//sys/bus/node/devices/node0/memory4/subsystem/devices/memory15/node0/memory4/subsystem/devices/memory6/subsystem/devices/memory7 HTTP/1.0" 200 3665 "-" "Mozilla/5.0 AppleWebKit/537.36 (KHTML, like Gecko; compatible; GPTBot/1.2; +https://openai.com/gptbot)"
74.7.227.51 - - [09/Nov/2025:00:22:16 +0000] "GET /q-~23HeIlz4WhgkGHODPkB3HKLntRCT2ypO36976/?fileloc=/var/www/lamphim/data/www/lamphimquangcao.net/readme.html&path=/var/www/lamphim/data/www/lamphimquangcao.net HTTP/1.0" 200 5908 "-" "Mozilla/5.0 AppleWebKit/537.36 (KHTML, like Gecko; compatible; GPTBot/1.2; +https://openai.com/gptbot)"
74.7.227.189 - - [09/Nov/2025:00:22:16 +0000] "GET /?path=//sys/bus/node/devices/node0/memory4/subsystem/devices/memory15/node0/memory4/subsystem/devices/memory9/subsystem/devices/memory0 HTTP/1.0" 200 3664 "-" "Mozilla/5.0 AppleWebKit/537.36 (KHTML, like Gecko; compatible; GPTBot/1.2; +https://openai.com/gptbot)"
18.215.77.19 - - [09/Nov/2025:00:22:17 +0000] "GET /our-works/tvc-lapatie-2/?fileloc=//run/dovecot/master.pid&path=//run/dovecot HTTP/1.0" 200 2829 "-" "Mozilla/5.0 AppleWebKit/537.36 (KHTML, like Gecko; compatible; Amazonbot/0.1; +https://developer.amazon.com/support/amazonbot) Chrome/119.0.6045.214 Safari/537.36"
74.7.227.51 - - [09/Nov/2025:00:22:18 +0000] "GET /q-~23HeIlz4WhgkGHODPkB3HKLntRCT2ypO36976/?path=/var/www/lamphim HTTP/1.0" 200 3136 "-" "Mozilla/5.0 AppleWebKit/537.36 (KHTML, like Gecko; compatible; GPTBot/1.2; +https://openai.com/gptbot)"
74.7.227.189 - - [09/Nov/2025:00:22:18 +0000] "GET /?path=//sys/bus/node/devices/node0/memory4/subsystem/devices/memory13/node0/memory4/subsystem/devices/memory8/subsystem/devices/memory4 HTTP/1.0" 200 3662 "-" "Mozilla/5.0 AppleWebKit/537.36 (KHTML, like Gecko; compatible; GPTBot/1.2; +https://openai.com/gptbot)"
74.7.227.51 - - [09/Nov/2025:00:22:20 +0000] "GET /q-~64s4IQoSXNOc0z0GLKiuSSzbaqtNxrWo31569/?path=/var/www/lamphim/data/www/lamphimquangcao.net/images HTTP/1.0" 200 3289 "-" "Mozilla/5.0 AppleWebKit/537.36 (KHTML, like Gecko; compatible; GPTBot/1.2; +https://openai.com/gptbot)"
74.7.227.189 - - [09/Nov/2025:00:22:20 +0000] "GET /?path=//sys/bus/node/devices/node0/memory4/subsystem/devices/memory13/node0/memory4/subsystem/devices/memory5/subsystem/devices/memory8 HTTP/1.0" 200 3665 "-" "Mozilla/5.0 AppleWebKit/537.36 (KHTML, like Gecko; compatible; GPTBot/1.2; +https://openai.com/gptbot)"
54.145.82.217 - - [09/Nov/2025:00:22:21 +0000] "GET /our-works/tvc-caltex-havoline/?fileloc=//usr/bin/vdir&path=//usr/bin HTTP/1.0" 200 2821 "-" "Mozilla/5.0 AppleWebKit/537.36 (KHTML, like Gecko; compatible; Amazonbot/0.1; +https://developer.amazon.com/support/amazonbot) Chrome/119.0.6045.214 Safari/537.36"
114.119.143.51 - - [09/Nov/2025:00:22:22 +0000] "GET /q-~69ZivaKNT6xys1GNbxLLyzfrUWe63cpd47286/ HTTP/1.0" 200 4760 "https://lamphimquangcao.net/?sitemap807.xml" "Mozilla/5.0 (Linux; Android 7.0;) AppleWebKit/537.36 (KHTML, like Gecko) Mobile Safari/537.36 (compatible; PetalBot;+https://webmaster.petalsearch.com/site/petalbot)"
74.7.227.51 - - [09/Nov/2025:00:22:22 +0000] "GET /q-~64s4IQoSXNOc0z0GLKiuSSzbaqtNxrWo31569/?path=/var/www/lamphim/data/www/lamphimquangcao.net HTTP/1.0" 200 4759 "-" "Mozilla/5.0 AppleWebKit/537.36 (KHTML, like Gecko; compatible; GPTBot/1.2; +https://openai.com/gptbot)"
74.7.227.189 - - [09/Nov/2025:00:22:23 +0000] "GET /?path=//sys/bus/node/devices/node0/memory4/subsystem/devices/memory15/node0/memory4/subsystem/devices/memory9/subsystem/devices/memory2/power HTTP/1.0" 200 3636 "-" "Mozilla/5.0 AppleWebKit/537.36 (KHTML, like Gecko; compatible; GPTBot/1.2; +https://openai.com/gptbot)"
