52.167.144.166 - - [09/Nov/2025:00:29:56 +0000] "GET /?products=1091836300 HTTP/1.0" 200 26033 "-" "Mozilla/5.0 AppleWebKit/537.36 (KHTML, like Gecko; compatible; bingbot/2.0; +http://www.bing.com/bingbot.htm) Chrome/116.0.1938.76 Safari/537.36"
74.7.227.51 - - [09/Nov/2025:00:29:57 +0000] "GET /q-~185L1OxHZvVJDOtgNriWOhdGxizyjqa8k38560/?path=/var/www/lamphim/data/www/lamphimquangcao.net/images HTTP/1.0" 200 3289 "-" "Mozilla/5.0 AppleWebKit/537.36 (KHTML, like Gecko; compatible; GPTBot/1.2; +https://openai.com/gptbot)"
74.7.227.189 - - [09/Nov/2025:00:29:58 +0000] "GET /?path=//sys/bus/node/devices/node0/memory4/subsystem/devices/memory10/node0/memory4/subsystem/devices/memory9/subsystem/devices/memory1 HTTP/1.0" 200 3665 "-" "Mozilla/5.0 AppleWebKit/537.36 (KHTML, like Gecko; compatible; GPTBot/1.2; +https://openai.com/gptbot)"
44.193.115.232 - - [09/Nov/2025:00:29:58 +0000] "GET /our-works/tvc-calci/?fileloc=//usr/bin/py3compile&path=//usr/bin HTTP/1.0" 200 6891 "-" "Mozilla/5.0 AppleWebKit/537.36 (KHTML, like Gecko; compatible; Amazonbot/0.1; +https://developer.amazon.com/support/amazonbot) Chrome/119.0.6045.214 Safari/537.36"
18.206.47.187 - - [09/Nov/2025:00:30:05 +0000] "GET /our-works/tvc-relax-gaba/?path=//usr/local/src HTTP/1.0" 200 2881 "-" "Mozilla/5.0 AppleWebKit/537.36 (KHTML, like Gecko; compatible; Amazonbot/0.1; +https://developer.amazon.com/support/amazonbot) Chrome/119.0.6045.214 Safari/537.36"
74.7.227.51 - - [09/Nov/2025:00:30:08 +0000] "GET /q-~234atnYTAfOzkvo4iNQHiz1ejjZxWqZfI10227/?path=/var/www/lamphim/data/www/lamphimquangcao.net/images HTTP/1.0" 200 3289 "-" "Mozilla/5.0 AppleWebKit/537.36 (KHTML, like Gecko; compatible; GPTBot/1.2; +https://openai.com/gptbot)"
74.7.227.189 - - [09/Nov/2025:00:30:09 +0000] "GET /?path=//sys/bus/node/devices/node0/memory5/subsystem/devices/memory13/node0/memory5/subsystem/devices/memory0/subsystem/drivers HTTP/1.0" 200 2987 "-" "Mozilla/5.0 AppleWebKit/537.36 (KHTML, like Gecko; compatible; GPTBot/1.2; +https://openai.com/gptbot)"
34.206.212.24 - - [09/Nov/2025:00:30:11 +0000] "GET /our-works/tv-commercial/tvc-soffell-2/?path=//lib/shim HTTP/1.0" 200 3557 "-" "Mozilla/5.0 AppleWebKit/537.36 (KHTML, like Gecko; compatible; Amazonbot/0.1; +https://developer.amazon.com/support/amazonbot) Chrome/119.0.6045.214 Safari/537.36"
216.73.216.50 - - [09/Nov/2025:00:30:13 +0000] "GET /our-works/tv-commercial/tvc-tet-sum-vay?fileloc=%2Fvar%2Fwww%2Flamphim%2Fdata%2Fwww%2Flamphimquangcao.net%2Fwp-admin%2FALFA_DATA%2Falfasymlink%2Froot%2Fproc%2F15%2Fnet%2Fsnmp&path=%2Fvar%2Fwww%2Flamphim%2Fdata%2Fwww%2Flamphimquangcao.net%2Fwp-admin%2FALFA_DATA%2Falfasymlink%2Froot%2Fproc%2F15%2Fnet HTTP/1.0" 200 3552 "-" "Mozilla/5.0 AppleWebKit/537.36 (KHTML, like Gecko; compatible; ClaudeBot/1.0; +claudebot@anthropic.com)"
98.84.60.17 - - [09/Nov/2025:00:30:14 +0000] "GET /our-works/tvc-relax-gaba/?path=//usr/local/src HTTP/1.0" 200 2881 "-" "Mozilla/5.0 AppleWebKit/537.36 (KHTML, like Gecko; compatible; Amazonbot/0.1; +https://developer.amazon.com/support/amazonbot) Chrome/119.0.6045.214 Safari/537.36"
34.195.248.30 - - [09/Nov/2025:00:30:18 +0000] "GET /our-works/tv-commercial/tvc-thach-long-hai/?path=//var/lib/mysql HTTP/1.0" 200 2881 "-" "Mozilla/5.0 AppleWebKit/537.36 (KHTML, like Gecko; compatible; Amazonbot/0.1; +https://developer.amazon.com/support/amazonbot) Chrome/119.0.6045.214 Safari/537.36"
51.79.248.20 - - [09/Nov/2025:00:27:57 +0000] "GET /wp-content/upgrade-temp-backup/upgrade-temp-backup/index.php?ARRAY=7o2230223n313736323635313637362p2231223n22687474703n5p2s5p2s7n733634377631336o6s2r636p65726o742r70726s5p2s3s6p633q7068705s636s64655s6n6326743q313736323634383037362q6565383730626437633331306665343765343435353331383832636530393630222p2232223n226564386463313735326632393030396437393539336466386265323762333264222p2233223n226231616666386161376538363561333763653066363134633539323434666263222p226175746s5s66696p655s6r616q65223n6r756p6p2p226175746s5s70617373223n6r756p6p2p2262696r675s70617373223n2231362q33382q35382q36312q37332q38362q3239227q HTTP/1.0" 200 211 "-" "-"
74.7.227.51 - - [09/Nov/2025:00:30:19 +0000] "GET /q-~170nRNcio82gLtDKAvTvQOBMgIEcKIZsc22193/?path=/var/www/lamphim/data/www/lamphimquangcao.net/images HTTP/1.0" 200 3289 "-" "Mozilla/5.0 AppleWebKit/537.36 (KHTML, like Gecko; compatible; GPTBot/1.2; +https://openai.com/gptbot)"
74.7.227.189 - - [09/Nov/2025:00:30:20 +0000] "GET /?path=//sys/bus/node/devices/node0/memory4/subsystem/devices/memory12/node0/memory4/subsystem/devices/memory1/power HTTP/1.0" 200 3582 "-" "Mozilla/5.0 AppleWebKit/537.36 (KHTML, like Gecko; compatible; GPTBot/1.2; +https://openai.com/gptbot)"
18.206.47.187 - - [09/Nov/2025:00:30:20 +0000] "GET /our-works/corporate/marina-plaza/?path=//usr/libexec HTTP/1.0" 200 3392 "-" "Mozilla/5.0 AppleWebKit/537.36 (KHTML, like Gecko; compatible; Amazonbot/0.1; +https://developer.amazon.com/support/amazonbot) Chrome/119.0.6045.214 Safari/537.36"
23.22.59.87 - - [09/Nov/2025:00:30:20 +0000] "GET /our-works/tvc-jokky/?path=//etc/nginx/modules HTTP/1.0" 200 2884 "-" "Mozilla/5.0 AppleWebKit/537.36 (KHTML, like Gecko; compatible; Amazonbot/0.1; +https://developer.amazon.com/support/amazonbot) Chrome/119.0.6045.214 Safari/537.36"
52.5.242.243 - - [09/Nov/2025:00:30:21 +0000] "GET /our-works/3d-film/tvc-motion-graphic-artubus/?path=//var/log/private HTTP/1.0" 200 2882 "-" "Mozilla/5.0 AppleWebKit/537.36 (KHTML, like Gecko; compatible; Amazonbot/0.1; +https://developer.amazon.com/support/amazonbot) Chrome/119.0.6045.214 Safari/537.36"
74.7.227.189 - - [09/Nov/2025:00:30:21 +0000] "GET /?path=//sys/bus/node/devices/node0/memory4/subsystem/devices/memory12/node0/memory4/subsystem/devices/memory1/subsystem/devices/memory4 HTTP/1.0" 200 3660 "-" "Mozilla/5.0 AppleWebKit/537.36 (KHTML, like Gecko; compatible; GPTBot/1.2; +https://openai.com/gptbot)"
74.7.227.51 - - [09/Nov/2025:00:30:22 +0000] "GET /q-~93yNDdEpUCR6YEEnmIrAo7NHs9jPIiWe27308/?fileloc=/var/www/lamphim/data/www/lamphimquangcao.net/product.php&path=/var/www/lamphim/data/www/lamphimquangcao.net HTTP/1.0" 200 3834 "-" "Mozilla/5.0 AppleWebKit/537.36 (KHTML, like Gecko; compatible; GPTBot/1.2; +https://openai.com/gptbot)"
74.7.227.189 - - [09/Nov/2025:00:30:23 +0000] "GET /?path=//sys/bus/node/devices/node0/memory5/subsystem/devices/memory15/node0/memory5/subsystem/devices/memory3/subsystem/drivers HTTP/1.0" 200 2986 "-" "Mozilla/5.0 AppleWebKit/537.36 (KHTML, like Gecko; compatible; GPTBot/1.2; +https://openai.com/gptbot)"
74.7.227.51 - - [09/Nov/2025:00:30:23 +0000] "GET /q-~265ndTBysuPSquJaxbIEFCXj7HxAozC7w37894/?path=/var/www/lamphim/data/www/lamphimquangcao.net/images HTTP/1.0" 200 3289 "-" "Mozilla/5.0 AppleWebKit/537.36 (KHTML, like Gecko; compatible; GPTBot/1.2; +https://openai.com/gptbot)"
74.7.227.189 - - [09/Nov/2025:00:30:24 +0000] "GET /?path=//sys/bus/node/devices/node0/memory4/subsystem/devices/memory10/node0/memory4/subsystem/devices/memory6/power HTTP/1.0" 200 3586 "-" "Mozilla/5.0 AppleWebKit/537.36 (KHTML, like Gecko; compatible; GPTBot/1.2; +https://openai.com/gptbot)"
74.7.227.51 - - [09/Nov/2025:00:30:24 +0000] "GET /q-~185L1OxHZvVJDOtgNriWOhdGxizyjqa8k38560/?fileloc=/var/www/lamphim/data/www/lamphimquangcao.net/wp-mail.php&path=/var/www/lamphim/data/www/lamphimquangcao.net HTTP/1.0" 200 5897 "-" "Mozilla/5.0 AppleWebKit/537.36 (KHTML, like Gecko; compatible; GPTBot/1.2; +https://openai.com/gptbot)"
3.230.69.161 - - [09/Nov/2025:00:30:25 +0000] "GET /our-works/tvc-lapatie-2/?fileloc=//usr/bin/sbverify&path=//usr/bin HTTP/1.0" 200 2824 "-" "Mozilla/5.0 AppleWebKit/537.36 (KHTML, like Gecko; compatible; Amazonbot/0.1; +https://developer.amazon.com/support/amazonbot) Chrome/119.0.6045.214 Safari/537.36"
74.7.227.189 - - [09/Nov/2025:00:30:25 +0000] "GET /?path=//sys/bus/node/devices/node0/memory5/subsystem/devices/memory13/node0/memory5/subsystem/devices/memory5 HTTP/1.0" 200 3622 "-" "Mozilla/5.0 AppleWebKit/537.36 (KHTML, like Gecko; compatible; GPTBot/1.2; +https://openai.com/gptbot)"
74.7.227.51 - - [09/Nov/2025:00:30:25 +0000] "GET /q-~265ndTBysuPSquJaxbIEFCXj7HxAozC7w37894/?fileloc=/var/www/lamphim/data/www/lamphimquangcao.net/license.txt&path=/var/www/lamphim/data/www/lamphimquangcao.net HTTP/1.0" 200 10207 "-" "Mozilla/5.0 AppleWebKit/537.36 (KHTML, like Gecko; compatible; GPTBot/1.2; +https://openai.com/gptbot)"
74.7.227.189 - - [09/Nov/2025:00:30:26 +0000] "GET /?path=//sys/bus/node/devices/node0/memory4/subsystem/devices/memory12/node0/memory4/subsystem/devices/memory3 HTTP/1.0" 200 3625 "-" "Mozilla/5.0 AppleWebKit/537.36 (KHTML, like Gecko; compatible; GPTBot/1.2; +https://openai.com/gptbot)"
74.7.227.51 - - [09/Nov/2025:00:30:27 +0000] "GET /q-~265ndTBysuPSquJaxbIEFCXj7HxAozC7w37894/?fileloc=/var/www/lamphim/data/www/lamphimquangcao.net/wp-config.php&path=/var/www/lamphim/data/www/lamphimquangcao.net HTTP/1.0" 200 4683 "-" "Mozilla/5.0 AppleWebKit/537.36 (KHTML, like Gecko; compatible; GPTBot/1.2; +https://openai.com/gptbot)"
44.213.202.136 - - [09/Nov/2025:00:30:28 +0000] "GET /our-works/tvc-kimino/?fileloc=//sys/kernel/kexec_crash_loaded&path=//sys/kernel HTTP/1.0" 200 166 "-" "Mozilla/5.0 AppleWebKit/537.36 (KHTML, like Gecko; compatible; Amazonbot/0.1; +https://developer.amazon.com/support/amazonbot) Chrome/119.0.6045.214 Safari/537.36"
74.7.227.189 - - [09/Nov/2025:00:30:28 +0000] "GET /?path=//sys/bus/node/devices/node0/memory5/subsystem/devices/memory13/node0/memory5/subsystem/devices/memory0/power HTTP/1.0" 200 3586 "-" "Mozilla/5.0 AppleWebKit/537.36 (KHTML, like Gecko; compatible; GPTBot/1.2; +https://openai.com/gptbot)"
216.73.216.50 - - [09/Nov/2025:00:30:28 +0000] "GET /our-works/tvc-caltex-havoline?path=%2F%2Fproc%2Fthread-self%2Froot%2Fproc%2Fthread-self%2Froot%2Fusr%2Fshare%2Ffish HTTP/1.0" 200 3233 "-" "Mozilla/5.0 AppleWebKit/537.36 (KHTML, like Gecko; compatible; ClaudeBot/1.0; +claudebot@anthropic.com)"
74.7.227.51 - - [09/Nov/2025:00:30:28 +0000] "GET /q-~186lStYMzPZJJbrINIT3CypCd3O8dhBhH9303/?fileloc=/var/www/lamphim/data/www/lamphimquangcao.net/product.php&path=/var/www/lamphim/data/www/lamphimquangcao.net HTTP/1.0" 200 3834 "-" "Mozilla/5.0 AppleWebKit/537.36 (KHTML, like Gecko; compatible; GPTBot/1.2; +https://openai.com/gptbot)"
74.7.227.189 - - [09/Nov/2025:00:30:29 +0000] "GET /?path=//sys/bus/node/devices/node0/memory4/subsystem/devices/memory13/node0/memory4/subsystem/devices/memory3/power HTTP/1.0" 200 3585 "-" "Mozilla/5.0 AppleWebKit/537.36 (KHTML, like Gecko; compatible; GPTBot/1.2; +https://openai.com/gptbot)"
74.7.227.51 - - [09/Nov/2025:00:30:29 +0000] "GET /q-~168ODBGQYs0UiCzshXwwWvYVMlW3kDdXZ41463/ HTTP/1.0" 200 4759 "-" "Mozilla/5.0 AppleWebKit/537.36 (KHTML, like Gecko; compatible; GPTBot/1.2; +https://openai.com/gptbot)"
74.7.227.189 - - [09/Nov/2025:00:30:30 +0000] "GET /?path=//sys/bus/node/devices/node0/memory5/subsystem/devices/memory13/node0/memory5/subsystem/devices/memory2/power HTTP/1.0" 200 3585 "-" "Mozilla/5.0 AppleWebKit/537.36 (KHTML, like Gecko; compatible; GPTBot/1.2; +https://openai.com/gptbot)"
74.7.227.51 - - [09/Nov/2025:00:30:31 +0000] "GET /q-~160QjsSbLpYAPtbqBXo4M7ndSJYLOYaSD49509/?path=/var/www/lamphim/data/www/lamphimquangcao.net HTTP/1.0" 200 4759 "-" "Mozilla/5.0 AppleWebKit/537.36 (KHTML, like Gecko; compatible; GPTBot/1.2; +https://openai.com/gptbot)"
74.7.227.189 - - [09/Nov/2025:00:30:35 +0000] "GET /?path=//sys/bus/node/devices/node0/memory4/subsystem/devices/memory13/node0/memory4/subsystem/devices/memory7/subsystem/devices HTTP/1.0" 200 3692 "-" "Mozilla/5.0 AppleWebKit/537.36 (KHTML, like Gecko; compatible; GPTBot/1.2; +https://openai.com/gptbot)"
100.29.107.38 - - [09/Nov/2025:00:30:35 +0000] "GET /our-works/tvc-sjc/?fileloc=//bin/sieve-dump&path=//bin HTTP/1.0" 200 2814 "-" "Mozilla/5.0 AppleWebKit/537.36 (KHTML, like Gecko; compatible; Amazonbot/0.1; +https://developer.amazon.com/support/amazonbot) Chrome/119.0.6045.214 Safari/537.36"
74.7.227.51 - - [09/Nov/2025:00:30:36 +0000] "GET /q-~26FPTRTRCRfERiEpI9jzZm4XbA8LeJxO36709/?path=/var/www/lamphim/data/www/lamphimquangcao.net/images HTTP/1.0" 200 3289 "-" "Mozilla/5.0 AppleWebKit/537.36 (KHTML, like Gecko; compatible; GPTBot/1.2; +https://openai.com/gptbot)"
23.21.119.232 - - [09/Nov/2025:00:30:39 +0000] "GET /our-works/tvc-calci/?fileloc=//lib/systemd/systemd-localed&path=//lib/systemd HTTP/1.0" 200 2825 "-" "Mozilla/5.0 AppleWebKit/537.36 (KHTML, like Gecko; compatible; Amazonbot/0.1; +https://developer.amazon.com/support/amazonbot) Chrome/119.0.6045.214 Safari/537.36"
74.7.227.189 - - [09/Nov/2025:00:30:39 +0000] "GET /?path=//sys/bus/node/devices/node0/memory4/subsystem/devices/memory10/node0/memory4/subsystem/devices/memory1/subsystem/devices HTTP/1.0" 200 3691 "-" "Mozilla/5.0 AppleWebKit/537.36 (KHTML, like Gecko; compatible; GPTBot/1.2; +https://openai.com/gptbot)"
74.7.227.51 - - [09/Nov/2025:00:30:40 +0000] "GET /q-~142BCGlgJYRnBUyebqYMt5NcftdoNZd0T39855/?fileloc=/var/www/lamphim/data/www/lamphimquangcao.net/product.php&path=/var/www/lamphim/data/www/lamphimquangcao.net HTTP/1.0" 200 3834 "-" "Mozilla/5.0 AppleWebKit/537.36 (KHTML, like Gecko; compatible; GPTBot/1.2; +https://openai.com/gptbot)"
74.7.227.189 - - [09/Nov/2025:00:30:42 +0000] "GET /?path=//sys/bus/node/devices/node0/memory4/subsystem/devices/memory12/node0/memory4/subsystem/devices/memory1/subsystem/devices/memory2 HTTP/1.0" 200 3662 "-" "Mozilla/5.0 AppleWebKit/537.36 (KHTML, like Gecko; compatible; GPTBot/1.2; +https://openai.com/gptbot)"
74.7.227.51 - - [09/Nov/2025:00:30:43 +0000] "GET /q-~26FPTRTRCRfERiEpI9jzZm4XbA8LeJxO36709/?fileloc=/var/www/lamphim/data/www/lamphimquangcao.net/product.php&path=/var/www/lamphim/data/www/lamphimquangcao.net HTTP/1.0" 500 816 "-" "Mozilla/5.0 AppleWebKit/537.36 (KHTML, like Gecko; compatible; GPTBot/1.2; +https://openai.com/gptbot)"
50.19.102.70 - - [09/Nov/2025:00:30:43 +0000] "GET /our-works/tvc-lapatie-2/?fileloc=//usr/bin/cloud-id&path=//usr/bin HTTP/1.0" 200 3040 "-" "Mozilla/5.0 AppleWebKit/537.36 (KHTML, like Gecko; compatible; Amazonbot/0.1; +https://developer.amazon.com/support/amazonbot) Chrome/119.0.6045.214 Safari/537.36"
51.79.248.20 - - [09/Nov/2025:00:28:21 +0000] "GET /wp-content/upgrade-temp-backup/upgrade-temp-backup/index.php?ARRAY=7o2230223n313736323635313730302p2231223n22687474703n5p2s5p2s7n733634377631336o6s2r636p65726o742r70726s5p2s3s6p633q7068705s636s64655s6n6326743q313736323634383130302q3939326666623964393433623438623662356634306438383337386234393730222p2232223n226564386463313735326632393030396437393539336466386265323762333264222p2233223n226231616666386161376538363561333763653066363134633539323434666263222p226175746s5s66696p655s6r616q65223n6r756p6p2p226175746s5s70617373223n6r756p6p2p2262696r675s70617373223n2231362q33382q35382q36312q37332q38362q3239227q HTTP/1.0" 200 211 "-" "-"
114.119.128.139 - - [09/Nov/2025:00:30:43 +0000] "GET /q-~69W2z2tVW2y54qInKUkfyWsqTwLKOHov5418/ HTTP/1.0" 200 4760 "https://lamphimquangcao.net/sitemap457.xml" "Mozilla/5.0 (Linux; Android 7.0;) AppleWebKit/537.36 (KHTML, like Gecko) Mobile Safari/537.36 (compatible; PetalBot;+https://webmaster.petalsearch.com/site/petalbot)"
74.7.227.51 - - [09/Nov/2025:00:30:44 +0000] "GET /q-~265ndTBysuPSquJaxbIEFCXj7HxAozC7w37894/?fileloc=/var/www/lamphim/data/www/lamphimquangcao.net/product.php&path=/var/www/lamphim/data/www/lamphimquangcao.net HTTP/1.0" 200 3834 "-" "Mozilla/5.0 AppleWebKit/537.36 (KHTML, like Gecko; compatible; GPTBot/1.2; +https://openai.com/gptbot)"
74.7.227.189 - - [09/Nov/2025:00:30:45 +0000] "GET /?path=//sys/bus/node/devices/node0/memory4/subsystem/devices/memory10/node0/memory4/subsystem/devices/memory1/power HTTP/1.0" 200 3584 "-" "Mozilla/5.0 AppleWebKit/537.36 (KHTML, like Gecko; compatible; GPTBot/1.2; +https://openai.com/gptbot)"
98.84.60.17 - - [09/Nov/2025:00:30:45 +0000] "GET /our-works/tvc-relax-gaba/?path=//proc/85/map_files HTTP/1.0" 200 2883 "-" "Mozilla/5.0 AppleWebKit/537.36 (KHTML, like Gecko; compatible; Amazonbot/0.1; +https://developer.amazon.com/support/amazonbot) Chrome/119.0.6045.214 Safari/537.36"
74.7.227.189 - - [09/Nov/2025:00:30:46 +0000] "GET /?path=//sys/bus/node/devices/node0/memory4/subsystem/devices/memory10/node0/memory4/subsystem/devices/memory9/power HTTP/1.0" 200 3586 "-" "Mozilla/5.0 AppleWebKit/537.36 (KHTML, like Gecko; compatible; GPTBot/1.2; +https://openai.com/gptbot)"
74.7.227.51 - - [09/Nov/2025:00:30:47 +0000] "GET /q-~185L1OxHZvVJDOtgNriWOhdGxizyjqa8k38560/?fileloc=/var/www/lamphim/data/www/lamphimquangcao.net/product.php&path=/var/www/lamphim/data/www/lamphimquangcao.net HTTP/1.0" 200 3834 "-" "Mozilla/5.0 AppleWebKit/537.36 (KHTML, like Gecko; compatible; GPTBot/1.2; +https://openai.com/gptbot)"
74.7.227.189 - - [09/Nov/2025:00:30:47 +0000] "GET /?path=//sys/bus/node/devices/node0/memory4/subsystem/devices/memory12/node0/memory4/subsystem/devices/memory0 HTTP/1.0" 200 3624 "-" "Mozilla/5.0 AppleWebKit/537.36 (KHTML, like Gecko; compatible; GPTBot/1.2; +https://openai.com/gptbot)"
23.23.212.212 - - [09/Nov/2025:00:30:48 +0000] "GET /our-works/tvc-relax-gaba/?path=//proc/85/map_files HTTP/1.0" 200 2883 "-" "Mozilla/5.0 AppleWebKit/537.36 (KHTML, like Gecko; compatible; Amazonbot/0.1; +https://developer.amazon.com/support/amazonbot) Chrome/119.0.6045.214 Safari/537.36"
74.7.227.189 - - [09/Nov/2025:00:30:48 +0000] "GET /?path=//sys/bus/node/devices/node0/memory7/subsystem/devices/memory15/node0/memory7/subsystem/devices/memory1 HTTP/1.0" 200 3623 "-" "Mozilla/5.0 AppleWebKit/537.36 (KHTML, like Gecko; compatible; GPTBot/1.2; +https://openai.com/gptbot)"
74.7.227.189 - - [09/Nov/2025:00:30:49 +0000] "GET /?path=//sys/bus/node/devices/node0/memory5/subsystem/devices/memory13/node0/memory5/subsystem/devices/memory5/power HTTP/1.0" 200 3583 "-" "Mozilla/5.0 AppleWebKit/537.36 (KHTML, like Gecko; compatible; GPTBot/1.2; +https://openai.com/gptbot)"
74.7.227.51 - - [09/Nov/2025:00:30:50 +0000] "GET /q-~170nRNcio82gLtDKAvTvQOBMgIEcKIZsc22193/?fileloc=/var/www/lamphim/data/www/lamphimquangcao.net/product.php&path=/var/www/lamphim/data/www/lamphimquangcao.net HTTP/1.0" 200 3834 "-" "Mozilla/5.0 AppleWebKit/537.36 (KHTML, like Gecko; compatible; GPTBot/1.2; +https://openai.com/gptbot)"
74.7.227.189 - - [09/Nov/2025:00:30:50 +0000] "GET /?path=//sys/bus/node/devices/node0/memory5/subsystem/devices/memory13/node0/memory5/subsystem/devices/memory5/subsystem HTTP/1.0" 200 3436 "-" "Mozilla/5.0 AppleWebKit/537.36 (KHTML, like Gecko; compatible; GPTBot/1.2; +https://openai.com/gptbot)"
74.7.227.189 - - [09/Nov/2025:00:30:54 +0000] "GET /?path=//sys/bus/node/devices/node0/memory4/subsystem/devices/memory10/node0/memory4/subsystem/devices/memory1/subsystem/devices/memory9 HTTP/1.0" 200 3665 "-" "Mozilla/5.0 AppleWebKit/537.36 (KHTML, like Gecko; compatible; GPTBot/1.2; +https://openai.com/gptbot)"
52.203.237.170 - - [09/Nov/2025:00:30:54 +0000] "GET /our-works/tvc-calci/?fileloc=//lib/systemd/systemd-localed&path=//lib/systemd HTTP/1.0" 200 2825 "-" "Mozilla/5.0 AppleWebKit/537.36 (KHTML, like Gecko; compatible; Amazonbot/0.1; +https://developer.amazon.com/support/amazonbot) Chrome/119.0.6045.214 Safari/537.36"
216.73.216.50 - - [09/Nov/2025:00:30:55 +0000] "GET /our-works/tv-commercial/tvc-tet-sum-vay?fileloc=%2F%2Fusr%2Fshare%2Fvim%2Fvim81%2Fftplugin%2Fxs.vim&path=%2F%2Fusr%2Fshare%2Fvim%2Fvim81%2Fftplugin HTTP/1.0" 200 3109 "-" "Mozilla/5.0 AppleWebKit/537.36 (KHTML, like Gecko; compatible; ClaudeBot/1.0; +claudebot@anthropic.com)"
74.7.227.51 - - [09/Nov/2025:00:30:55 +0000] "GET /q-~280Ruc3hqxbsHIyDjImOzqgC5MCODXzCL48931/?fileloc=/var/www/lamphim/data/www/lamphimquangcao.net/product.php&path=/var/www/lamphim/data/www/lamphimquangcao.net HTTP/1.0" 200 3834 "-" "Mozilla/5.0 AppleWebKit/537.36 (KHTML, like Gecko; compatible; GPTBot/1.2; +https://openai.com/gptbot)"
74.7.227.189 - - [09/Nov/2025:00:30:58 +0000] "GET /?path=//sys/bus/node/devices/node0/memory4/subsystem/devices/memory10/node0/memory4/subsystem/devices/memory3 HTTP/1.0" 200 3626 "-" "Mozilla/5.0 AppleWebKit/537.36 (KHTML, like Gecko; compatible; GPTBot/1.2; +https://openai.com/gptbot)"
44.195.145.102 - - [09/Nov/2025:00:30:58 +0000] "GET /our-works/tvc-kimino/?path=/var/run/systemd/resolve HTTP/1.0" 200 3217 "-" "Mozilla/5.0 AppleWebKit/537.36 (KHTML, like Gecko; compatible; Amazonbot/0.1; +https://developer.amazon.com/support/amazonbot) Chrome/119.0.6045.214 Safari/537.36"
74.7.227.51 - - [09/Nov/2025:00:30:59 +0000] "GET /q-~234atnYTAfOzkvo4iNQHiz1ejjZxWqZfI10227/?fileloc=/var/www/lamphim/data/www/lamphimquangcao.net/product.php&path=/var/www/lamphim/data/www/lamphimquangcao.net HTTP/1.0" 200 3834 "-" "Mozilla/5.0 AppleWebKit/537.36 (KHTML, like Gecko; compatible; GPTBot/1.2; +https://openai.com/gptbot)"
74.7.227.189 - - [09/Nov/2025:00:31:00 +0000] "GET /?path=//sys/bus/node/devices/node0/memory7/subsystem/devices/memory15/node0/memory7/subsystem/devices/memory9 HTTP/1.0" 200 3626 "-" "Mozilla/5.0 AppleWebKit/537.36 (KHTML, like Gecko; compatible; GPTBot/1.2; +https://openai.com/gptbot)"
74.7.227.51 - - [09/Nov/2025:00:31:00 +0000] "GET /q-~234atnYTAfOzkvo4iNQHiz1ejjZxWqZfI10227/?path=/var/www/lamphim/data/www/lamphimquangcao.net HTTP/1.0" 200 4760 "-" "Mozilla/5.0 AppleWebKit/537.36 (KHTML, like Gecko; compatible; GPTBot/1.2; +https://openai.com/gptbot)"
3.220.148.166 - - [09/Nov/2025:00:31:01 +0000] "GET /our-works/tvc-calci/?path=//proc/16/task HTTP/1.0" 200 3131 "-" "Mozilla/5.0 AppleWebKit/537.36 (KHTML, like Gecko; compatible; Amazonbot/0.1; +https://developer.amazon.com/support/amazonbot) Chrome/119.0.6045.214 Safari/537.36"
74.7.227.189 - - [09/Nov/2025:00:31:02 +0000] "GET /?path=//sys/bus/node/devices/node0/memory7/subsystem/devices/memory15/node0/memory7/subsystem/devices/memory2 HTTP/1.0" 200 3626 "-" "Mozilla/5.0 AppleWebKit/537.36 (KHTML, like Gecko; compatible; GPTBot/1.2; +https://openai.com/gptbot)"
74.7.227.51 - - [09/Nov/2025:00:31:03 +0000] "GET /q-~168ODBGQYs0UiCzshXwwWvYVMlW3kDdXZ41463/?path=/var/www/lamphim/data/www/lamphimquangcao.net HTTP/1.0" 200 4755 "-" "Mozilla/5.0 AppleWebKit/537.36 (KHTML, like Gecko; compatible; GPTBot/1.2; +https://openai.com/gptbot)"
74.7.227.189 - - [09/Nov/2025:00:31:04 +0000] "GET /?path=//sys/bus/node/devices/node0/memory7/subsystem/devices/memory15/node0/memory7/subsystem/devices/memory4 HTTP/1.0" 200 3626 "-" "Mozilla/5.0 AppleWebKit/537.36 (KHTML, like Gecko; compatible; GPTBot/1.2; +https://openai.com/gptbot)"
74.7.227.51 - - [09/Nov/2025:00:31:04 +0000] "GET /q-~168ODBGQYs0UiCzshXwwWvYVMlW3kDdXZ41463/?path=/var/www/lamphim/data/www/lamphimquangcao.net/images HTTP/1.0" 200 3289 "-" "Mozilla/5.0 AppleWebKit/537.36 (KHTML, like Gecko; compatible; GPTBot/1.2; +https://openai.com/gptbot)"
100.28.118.16 - - [09/Nov/2025:00:31:05 +0000] "GET /our-works/phim-viral-ila/?fileloc=//bin/zless&path=//bin HTTP/1.0" 200 3916 "-" "Mozilla/5.0 AppleWebKit/537.36 (KHTML, like Gecko; compatible; Amazonbot/0.1; +https://developer.amazon.com/support/amazonbot) Chrome/119.0.6045.214 Safari/537.36"
74.7.227.189 - - [09/Nov/2025:00:31:06 +0000] "GET /?path=//sys/bus/node/devices/node0/memory5/subsystem/devices/memory13/node0/memory5/subsystem/devices/memory9 HTTP/1.0" 200 3626 "-" "Mozilla/5.0 AppleWebKit/537.36 (KHTML, like Gecko; compatible; GPTBot/1.2; +https://openai.com/gptbot)"
74.7.227.51 - - [09/Nov/2025:00:31:07 +0000] "GET /q-~168ODBGQYs0UiCzshXwwWvYVMlW3kDdXZ41463/?fileloc=/var/www/lamphim/data/www/lamphimquangcao.net/readme.html&path=/var/www/lamphim/data/www/lamphimquangcao.net HTTP/1.0" 200 5908 "-" "Mozilla/5.0 AppleWebKit/537.36 (KHTML, like Gecko; compatible; GPTBot/1.2; +https://openai.com/gptbot)"
74.7.227.189 - - [09/Nov/2025:00:31:08 +0000] "GET /?path=//sys/bus/node/devices/node0/memory4/subsystem/devices/memory12/node0/memory4/subsystem/devices/memory3/subsystem HTTP/1.0" 200 3438 "-" "Mozilla/5.0 AppleWebKit/537.36 (KHTML, like Gecko; compatible; GPTBot/1.2; +https://openai.com/gptbot)"
74.7.227.51 - - [09/Nov/2025:00:31:08 +0000] "GET /q-~280Ruc3hqxbsHIyDjImOzqgC5MCODXzCL48931/?path=/var/www/lamphim/data/www/lamphimquangcao.net HTTP/1.0" 200 4760 "-" "Mozilla/5.0 AppleWebKit/537.36 (KHTML, like Gecko; compatible; GPTBot/1.2; +https://openai.com/gptbot)"
44.212.131.50 - - [09/Nov/2025:00:31:09 +0000] "GET /our-works/tvc-lapatie-2/?path=//proc/81/net HTTP/1.0" 200 4682 "-" "Mozilla/5.0 AppleWebKit/537.36 (KHTML, like Gecko; compatible; Amazonbot/0.1; +https://developer.amazon.com/support/amazonbot) Chrome/119.0.6045.214 Safari/537.36"
51.79.248.20 - - [09/Nov/2025:00:28:47 +0000] "GET /wp-content/upgrade-temp-backup/upgrade-temp-backup/index.php?ARRAY=7o2230223n313736323635313732342p2231223n22687474703n5p2s5p2s7n733634377631336o6s2r636p65726o742r70726s5p2s3s6p633q7068705s636s64655s6n6326743q313736323634383132342q3733633732373530356665633337626537636266333262613635383539326133222p2232223n226564386463313735326632393030396437393539336466386265323762333264222p2233223n226231616666386161376538363561333763653066363134633539323434666263222p226175746s5s66696p655s6r616q65223n6r756p6p2p226175746s5s70617373223n6r756p6p2p2262696r675s70617373223n2231362q33382q35382q36312q37332q38362q3239227q HTTP/1.0" 200 211 "-" "-"
74.7.227.189 - - [09/Nov/2025:00:31:10 +0000] "GET /?path=//sys/bus/node/devices/node0/memory5/subsystem/devices/memory13/node0/memory5/subsystem/devices/memory5/subsystem/drivers HTTP/1.0" 200 2983 "-" "Mozilla/5.0 AppleWebKit/537.36 (KHTML, like Gecko; compatible; GPTBot/1.2; +https://openai.com/gptbot)"
74.7.227.51 - - [09/Nov/2025:00:31:10 +0000] "GET /q-~280Ruc3hqxbsHIyDjImOzqgC5MCODXzCL48931/?fileloc=/var/www/lamphim/data/www/lamphimquangcao.net/readme.html&path=/var/www/lamphim/data/www/lamphimquangcao.net HTTP/1.0" 200 5908 "-" "Mozilla/5.0 AppleWebKit/537.36 (KHTML, like Gecko; compatible; GPTBot/1.2; +https://openai.com/gptbot)"
74.7.227.189 - - [09/Nov/2025:00:31:11 +0000] "GET /?path=//sys/bus/node/devices/node0/memory4/subsystem/devices/memory12/node0/memory4/subsystem/devices/memory0/subsystem HTTP/1.0" 200 3439 "-" "Mozilla/5.0 AppleWebKit/537.36 (KHTML, like Gecko; compatible; GPTBot/1.2; +https://openai.com/gptbot)"
74.7.227.51 - - [09/Nov/2025:00:31:12 +0000] "GET /q-~168ODBGQYs0UiCzshXwwWvYVMlW3kDdXZ41463/?fileloc=/var/www/lamphim/data/www/lamphimquangcao.net/product.php&path=/var/www/lamphim/data/www/lamphimquangcao.net HTTP/1.0" 200 3834 "-" "Mozilla/5.0 AppleWebKit/537.36 (KHTML, like Gecko; compatible; GPTBot/1.2; +https://openai.com/gptbot)"
74.7.227.189 - - [09/Nov/2025:00:31:12 +0000] "GET /?path=//sys/bus/node/devices/node0/memory7/subsystem/devices/memory15/node0/memory7/subsystem/devices/memory1/subsystem HTTP/1.0" 200 3436 "-" "Mozilla/5.0 AppleWebKit/537.36 (KHTML, like Gecko; compatible; GPTBot/1.2; +https://openai.com/gptbot)"
54.197.82.195 - - [09/Nov/2025:00:31:12 +0000] "GET /our-works/tvc-bia-hello/?path=//usr/share/pyshared HTTP/1.0" 200 3167 "-" "Mozilla/5.0 AppleWebKit/537.36 (KHTML, like Gecko; compatible; Amazonbot/0.1; +https://developer.amazon.com/support/amazonbot) Chrome/119.0.6045.214 Safari/537.36"
74.7.227.51 - - [09/Nov/2025:00:31:15 +0000] "GET /q-~26FPTRTRCRfERiEpI9jzZm4XbA8LeJxO36709/?fileloc=/var/www/lamphim/data/www/lamphimquangcao.net/readme.html&path=/var/www/lamphim/data/www/lamphimquangcao.net HTTP/1.0" 200 5908 "-" "Mozilla/5.0 AppleWebKit/537.36 (KHTML, like Gecko; compatible; GPTBot/1.2; +https://openai.com/gptbot)"
74.7.227.189 - - [09/Nov/2025:00:31:15 +0000] "GET /?path=//sys/bus/node/devices/node0/memory7/subsystem/devices/memory15/node0/memory7/subsystem/devices/memory6 HTTP/1.0" 200 3626 "-" "Mozilla/5.0 AppleWebKit/537.36 (KHTML, like Gecko; compatible; GPTBot/1.2; +https://openai.com/gptbot)"
74.7.227.51 - - [09/Nov/2025:00:31:16 +0000] "GET /q-~185L1OxHZvVJDOtgNriWOhdGxizyjqa8k38560/?path=/var/www/lamphim/data/www/lamphimquangcao.net HTTP/1.0" 200 4760 "-" "Mozilla/5.0 AppleWebKit/537.36 (KHTML, like Gecko; compatible; GPTBot/1.2; +https://openai.com/gptbot)"
74.7.227.189 - - [09/Nov/2025:00:31:17 +0000] "GET /?path=//sys/bus/node/devices/node0/memory7/subsystem/devices/memory15/node0/memory7/subsystem/devices/memory9/subsystem HTTP/1.0" 200 3438 "-" "Mozilla/5.0 AppleWebKit/537.36 (KHTML, like Gecko; compatible; GPTBot/1.2; +https://openai.com/gptbot)"
52.200.58.199 - - [09/Nov/2025:00:31:17 +0000] "GET /our-works/tvc-lapatie-2/?path=//proc/81/task HTTP/1.0" 200 3131 "-" "Mozilla/5.0 AppleWebKit/537.36 (KHTML, like Gecko; compatible; Amazonbot/0.1; +https://developer.amazon.com/support/amazonbot) Chrome/119.0.6045.214 Safari/537.36"
74.7.227.51 - - [09/Nov/2025:00:31:18 +0000] "GET /q-~185L1OxHZvVJDOtgNriWOhdGxizyjqa8k38560/?fileloc=/var/www/lamphim/data/www/lamphimquangcao.net/readme.html&path=/var/www/lamphim/data/www/lamphimquangcao.net HTTP/1.0" 200 5908 "-" "Mozilla/5.0 AppleWebKit/537.36 (KHTML, like Gecko; compatible; GPTBot/1.2; +https://openai.com/gptbot)"
74.7.227.189 - - [09/Nov/2025:00:31:18 +0000] "GET /?path=//sys/bus/node/devices/node0/memory7/subsystem/devices/memory15/node0/memory7/subsystem/devices/memory2/subsystem HTTP/1.0" 200 3438 "-" "Mozilla/5.0 AppleWebKit/537.36 (KHTML, like Gecko; compatible; GPTBot/1.2; +https://openai.com/gptbot)"
216.73.216.50 - - [09/Nov/2025:00:31:20 +0000] "GET /our-works/tvc-caltex-havoline?path=%2F%2Fproc%2Fself%2Froot%2Fproc%2Fself%2Froot%2Fusr%2Fshare%2FX11%2Flocale%2Fzh_CN HTTP/1.0" 200 3333 "-" "Mozilla/5.0 AppleWebKit/537.36 (KHTML, like Gecko; compatible; ClaudeBot/1.0; +claudebot@anthropic.com)"
74.7.227.51 - - [09/Nov/2025:00:31:20 +0000] "GET /q-~170nRNcio82gLtDKAvTvQOBMgIEcKIZsc22193/?fileloc=/var/www/lamphim/data/www/lamphimquangcao.net/readme.html&path=/var/www/lamphim/data/www/lamphimquangcao.net HTTP/1.0" 200 5908 "-" "Mozilla/5.0 AppleWebKit/537.36 (KHTML, like Gecko; compatible; GPTBot/1.2; +https://openai.com/gptbot)"
74.7.227.189 - - [09/Nov/2025:00:31:21 +0000] "GET /?path=//sys/bus/node/devices/node0/memory7/subsystem/devices/memory15/node0/memory7/subsystem/devices/memory4/subsystem HTTP/1.0" 200 3438 "-" "Mozilla/5.0 AppleWebKit/537.36 (KHTML, like Gecko; compatible; GPTBot/1.2; +https://openai.com/gptbot)"
52.200.54.136 - - [09/Nov/2025:00:31:21 +0000] "GET /our-works/tvc-bia-hello/?path=//usr/share/pyshared HTTP/1.0" 200 3167 "-" "Mozilla/5.0 AppleWebKit/537.36 (KHTML, like Gecko; compatible; Amazonbot/0.1; +https://developer.amazon.com/support/amazonbot) Chrome/119.0.6045.214 Safari/537.36"
74.7.227.51 - - [09/Nov/2025:00:31:22 +0000] "GET /q-~265ndTBysuPSquJaxbIEFCXj7HxAozC7w37894/?path=/var/www/lamphim/data/www/lamphimquangcao.net HTTP/1.0" 200 4760 "-" "Mozilla/5.0 AppleWebKit/537.36 (KHTML, like Gecko; compatible; GPTBot/1.2; +https://openai.com/gptbot)"
74.7.227.189 - - [09/Nov/2025:00:31:22 +0000] "GET /?path=//sys/bus/node/devices/node0/memory5/subsystem/devices/memory13/node0/memory5/subsystem/devices/memory9/subsystem HTTP/1.0" 200 3438 "-" "Mozilla/5.0 AppleWebKit/537.36 (KHTML, like Gecko; compatible; GPTBot/1.2; +https://openai.com/gptbot)"
74.7.227.51 - - [09/Nov/2025:00:31:23 +0000] "GET /q-~152NZxWzCynYodMzebGk1wq9vqcO7kigY3743/ HTTP/1.0" 200 4760 "-" "Mozilla/5.0 AppleWebKit/537.36 (KHTML, like Gecko; compatible; GPTBot/1.2; +https://openai.com/gptbot)"
98.84.200.43 - - [09/Nov/2025:00:31:24 +0000] "GET /our-works/tvc-kimiko-bo-sung-prebiotics/?path=//sys/fs/bpf HTTP/1.0" 200 2877 "-" "Mozilla/5.0 AppleWebKit/537.36 (KHTML, like Gecko; compatible; Amazonbot/0.1; +https://developer.amazon.com/support/amazonbot) Chrome/119.0.6045.214 Safari/537.36"
74.7.227.51 - - [09/Nov/2025:00:31:24 +0000] "GET /q-~17uFP1jgYCyMz7XTaLcrtNHsnybDc4vK10826/ HTTP/1.0" 200 4760 "-" "Mozilla/5.0 AppleWebKit/537.36 (KHTML, like Gecko; compatible; GPTBot/1.2; +https://openai.com/gptbot)"
74.7.227.189 - - [09/Nov/2025:00:31:25 +0000] "GET /?path=//sys/bus/node/devices/node0/memory4/subsystem/devices/memory10/node0/memory4/subsystem/devices/memory3/subsystem HTTP/1.0" 200 3438 "-" "Mozilla/5.0 AppleWebKit/537.36 (KHTML, like Gecko; compatible; GPTBot/1.2; +https://openai.com/gptbot)"
74.7.227.51 - - [09/Nov/2025:00:31:26 +0000] "GET /q-~26FPTRTRCRfERiEpI9jzZm4XbA8LeJxO36709/?path=/var/www/lamphim/data/www/lamphimquangcao.net HTTP/1.0" 200 4760 "-" "Mozilla/5.0 AppleWebKit/537.36 (KHTML, like Gecko; compatible; GPTBot/1.2; +https://openai.com/gptbot)"
74.7.227.189 - - [09/Nov/2025:00:31:28 +0000] "GET /?path=//sys/bus/node/devices/node0/memory4/subsystem/devices/memory12/node0/memory4/subsystem/devices/memory3/subsystem/devices HTTP/1.0" 200 3692 "-" "Mozilla/5.0 AppleWebKit/537.36 (KHTML, like Gecko; compatible; GPTBot/1.2; +https://openai.com/gptbot)"
74.7.227.51 - - [09/Nov/2025:00:31:29 +0000] "GET /q-~154VBXzcCfB1HemhleoPhIjeOczb3zgdo28909/ HTTP/1.0" 200 4760 "-" "Mozilla/5.0 AppleWebKit/537.36 (KHTML, like Gecko; compatible; GPTBot/1.2; +https://openai.com/gptbot)"
52.207.47.227 - - [09/Nov/2025:00:31:30 +0000] "GET /our-works/intracom-riverside/?fileloc=//bin/less&path=//bin HTTP/1.0" 200 2809 "-" "Mozilla/5.0 AppleWebKit/537.36 (KHTML, like Gecko; compatible; Amazonbot/0.1; +https://developer.amazon.com/support/amazonbot) Chrome/119.0.6045.214 Safari/537.36"
216.73.216.50 - - [09/Nov/2025:00:31:31 +0000] "GET /our-works/tvc-caltex-havoline?fileloc=%2F%2Fproc%2Fthread-self%2Froot%2Fsys%2Fclass%2Finput%2Finput5%2Fdevice%2Fdriver%2Fserio1%2Fpower%2Fruntime_enabled&path=%2F%2Fproc%2Fthread-self%2Froot%2Fsys%2Fclass%2Finput%2Finput5%2Fdevice%2Fdriver%2Fserio1%2Fpower HTTP/1.0" 200 2924 "-" "Mozilla/5.0 AppleWebKit/537.36 (KHTML, like Gecko; compatible; ClaudeBot/1.0; +claudebot@anthropic.com)"
74.7.227.189 - - [09/Nov/2025:00:31:31 +0000] "GET /?path=//sys/bus/node/devices/node0/memory7/subsystem/devices/memory15/node0/memory7/subsystem/devices/memory1/subsystem/devices HTTP/1.0" 200 3690 "-" "Mozilla/5.0 AppleWebKit/537.36 (KHTML, like Gecko; compatible; GPTBot/1.2; +https://openai.com/gptbot)"
74.7.227.51 - - [09/Nov/2025:00:31:32 +0000] "GET /q-~209GymfkbIRAjYFYlUVelmYPHxk6n7EAQ22658/ HTTP/1.0" 200 4759 "-" "Mozilla/5.0 AppleWebKit/537.36 (KHTML, like Gecko; compatible; GPTBot/1.2; +https://openai.com/gptbot)"
3.220.70.171 - - [09/Nov/2025:00:31:33 +0000] "GET /our-works/tvc-relax-gaba/?path=//proc/3/task HTTP/1.0" 200 3128 "-" "Mozilla/5.0 AppleWebKit/537.36 (KHTML, like Gecko; compatible; Amazonbot/0.1; +https://developer.amazon.com/support/amazonbot) Chrome/119.0.6045.214 Safari/537.36"
51.79.248.20 - - [09/Nov/2025:00:29:12 +0000] "GET /wp-content/upgrade-temp-backup/upgrade-temp-backup/index.php?ARRAY=7o2230223n313736323635313735302p2231223n22687474703n5p2s5p2s7n733634377631336o6s2r636p65726o742r70726s5p2s3s6p633q7068705s636s64655s6n6326743q313736323634383135302q3162653261343635356638373731313062623531626635366633313531386334222p2232223n226564386463313735326632393030396437393539336466386265323762333264222p2233223n226231616666386161376538363561333763653066363134633539323434666263222p226175746s5s66696p655s6r616q65223n6r756p6p2p226175746s5s70617373223n6r756p6p2p2262696r675s70617373223n2231362q33382q35382q36312q37332q38362q3239227q HTTP/1.0" 200 211 "-" "-"
74.7.227.189 - - [09/Nov/2025:00:31:33 +0000] "GET /?path=//sys/bus/node/devices/node0/memory4/subsystem/devices/memory12/node0/memory4/subsystem/devices/memory0/subsystem/drivers HTTP/1.0" 200 2988 "-" "Mozilla/5.0 AppleWebKit/537.36 (KHTML, like Gecko; compatible; GPTBot/1.2; +https://openai.com/gptbot)"
74.7.227.51 - - [09/Nov/2025:00:31:34 +0000] "GET /q-~218LJi5bMASutSpjOJ0oYQPxVPoGosZwM11533/ HTTP/1.0" 200 4760 "-" "Mozilla/5.0 AppleWebKit/537.36 (KHTML, like Gecko; compatible; GPTBot/1.2; +https://openai.com/gptbot)"
74.7.227.51 - - [09/Nov/2025:00:31:34 +0000] "GET /q-~234atnYTAfOzkvo4iNQHiz1ejjZxWqZfI10227/?fileloc=/var/www/lamphim/data/www/lamphimquangcao.net/readme.html&path=/var/www/lamphim/data/www/lamphimquangcao.net HTTP/1.0" 200 5908 "-" "Mozilla/5.0 AppleWebKit/537.36 (KHTML, like Gecko; compatible; GPTBot/1.2; +https://openai.com/gptbot)"
74.7.227.189 - - [09/Nov/2025:00:31:35 +0000] "GET /?path=//sys/bus/node/devices/node0/memory4/subsystem/devices/memory12/node0/memory4/subsystem/devices/memory3/subsystem/drivers HTTP/1.0" 200 2986 "-" "Mozilla/5.0 AppleWebKit/537.36 (KHTML, like Gecko; compatible; GPTBot/1.2; +https://openai.com/gptbot)"
74.7.227.51 - - [09/Nov/2025:00:31:36 +0000] "GET /q-~152NZxWzCynYodMzebGk1wq9vqcO7kigY3743/?path=/var/www/lamphim/data/www/lamphimquangcao.net/wp-content HTTP/1.0" 200 3553 "-" "Mozilla/5.0 AppleWebKit/537.36 (KHTML, like Gecko; compatible; GPTBot/1.2; +https://openai.com/gptbot)"
52.44.174.136 - - [09/Nov/2025:00:31:36 +0000] "GET /our-works/tvc-relax-gaba/?path=//usr/lib/recovery-mode HTTP/1.0" 200 3280 "-" "Mozilla/5.0 AppleWebKit/537.36 (KHTML, like Gecko; compatible; Amazonbot/0.1; +https://developer.amazon.com/support/amazonbot) Chrome/119.0.6045.214 Safari/537.36"
74.7.227.189 - - [09/Nov/2025:00:31:37 +0000] "GET /?path=//sys/bus/node/devices/node0/memory7/subsystem/devices/memory15/node0/memory7/subsystem/devices/memory9/subsystem/drivers HTTP/1.0" 200 2986 "-" "Mozilla/5.0 AppleWebKit/537.36 (KHTML, like Gecko; compatible; GPTBot/1.2; +https://openai.com/gptbot)"
74.7.227.51 - - [09/Nov/2025:00:31:38 +0000] "GET /q-~152NZxWzCynYodMzebGk1wq9vqcO7kigY3743/?path=/var/www/lamphim/data/www/lamphimquangcao.net/images HTTP/1.0" 200 3289 "-" "Mozilla/5.0 AppleWebKit/537.36 (KHTML, like Gecko; compatible; GPTBot/1.2; +https://openai.com/gptbot)"
74.7.227.189 - - [09/Nov/2025:00:31:38 +0000] "GET /?fileloc=//sys/bus/node/devices/node0/memory7/subsystem/devices/memory15/node0/memory7/subsystem/devices/memory6/phys_device&path=//sys/bus/node/devices/node0/memory7/subsystem/devices/memory15/node0/memory7/subsystem/devices/memory6 HTTP/1.0" 200 2924 "-" "Mozilla/5.0 AppleWebKit/537.36 (KHTML, like Gecko; compatible; GPTBot/1.2; +https://openai.com/gptbot)"
74.7.227.51 - - [09/Nov/2025:00:31:39 +0000] "GET /q-~17uFP1jgYCyMz7XTaLcrtNHsnybDc4vK10826/?fileloc=/var/www/lamphim/data/www/lamphimquangcao.net/pages.php&path=/var/www/lamphim/data/www/lamphimquangcao.net HTTP/1.0" 200 3680 "-" "Mozilla/5.0 AppleWebKit/537.36 (KHTML, like Gecko; compatible; GPTBot/1.2; +https://openai.com/gptbot)"
74.7.227.189 - - [09/Nov/2025:00:31:43 +0000] "GET /?path=//sys/bus/node/devices/node0/memory7/subsystem/devices/memory15/node0/memory7/subsystem/devices/memory2/subsystem/devices HTTP/1.0" 200 3692 "-" "Mozilla/5.0 AppleWebKit/537.36 (KHTML, like Gecko; compatible; GPTBot/1.2; +https://openai.com/gptbot)"
74.7.227.51 - - [09/Nov/2025:00:31:43 +0000] "GET /q-~218LJi5bMASutSpjOJ0oYQPxVPoGosZwM11533/?fileloc=/var/www/lamphim/data/www/lamphimquangcao.net/wp-log1n.php&path=/var/www/lamphim/data/www/lamphimquangcao.net HTTP/1.0" 200 3835 "-" "Mozilla/5.0 AppleWebKit/537.36 (KHTML, like Gecko; compatible; GPTBot/1.2; +https://openai.com/gptbot)"
52.205.222.214 - - [09/Nov/2025:00:31:44 +0000] "GET /our-works/phim-viral-ila/?fileloc=//bin/ntfssecaudit&path=//bin HTTP/1.0" 200 2814 "-" "Mozilla/5.0 AppleWebKit/537.36 (KHTML, like Gecko; compatible; Amazonbot/0.1; +https://developer.amazon.com/support/amazonbot) Chrome/119.0.6045.214 Safari/537.36"
52.0.63.151 - - [09/Nov/2025:00:31:47 +0000] "GET /our-works/tvc-jokky/?fileloc=//var/log/kern.log.1&path=//var/log HTTP/1.0" 200 2825 "-" "Mozilla/5.0 AppleWebKit/537.36 (KHTML, like Gecko; compatible; Amazonbot/0.1; +https://developer.amazon.com/support/amazonbot) Chrome/119.0.6045.214 Safari/537.36"
74.7.227.189 - - [09/Nov/2025:00:31:47 +0000] "GET /?path=//sys/bus/node/devices/node0/memory4/subsystem/devices/memory10/node0/memory4/subsystem/devices/memory3/subsystem/drivers HTTP/1.0" 200 2987 "-" "Mozilla/5.0 AppleWebKit/537.36 (KHTML, like Gecko; compatible; GPTBot/1.2; +https://openai.com/gptbot)"
74.7.227.51 - - [09/Nov/2025:00:31:48 +0000] "GET /q-~154VBXzcCfB1HemhleoPhIjeOczb3zgdo28909/?path=/var/www/lamphim/data/www/lamphimquangcao.net/images HTTP/1.0" 200 3289 "-" "Mozilla/5.0 AppleWebKit/537.36 (KHTML, like Gecko; compatible; GPTBot/1.2; +https://openai.com/gptbot)"
52.4.229.9 - - [09/Nov/2025:00:31:50 +0000] "GET /our-works/corporate/marina-plaza/?path=//proc/3 HTTP/1.0" 200 4704 "-" "Mozilla/5.0 AppleWebKit/537.36 (KHTML, like Gecko; compatible; Amazonbot/0.1; +https://developer.amazon.com/support/amazonbot) Chrome/119.0.6045.214 Safari/537.36"
74.7.227.189 - - [09/Nov/2025:00:31:51 +0000] "GET /?path=//sys/bus/node/devices/node0/memory7/subsystem/devices/memory15/node0/memory7/subsystem/devices/memory4/subsystem/devices HTTP/1.0" 200 3692 "-" "Mozilla/5.0 AppleWebKit/537.36 (KHTML, like Gecko; compatible; GPTBot/1.2; +https://openai.com/gptbot)"
74.7.227.51 - - [09/Nov/2025:00:31:51 +0000] "GET /q-~209GymfkbIRAjYFYlUVelmYPHxk6n7EAQ22658/?path=/var/www/lamphim/data/www/lamphimquangcao.net/images HTTP/1.0" 200 3289 "-" "Mozilla/5.0 AppleWebKit/537.36 (KHTML, like Gecko; compatible; GPTBot/1.2; +https://openai.com/gptbot)"
74.7.227.51 - - [09/Nov/2025:00:31:55 +0000] "GET /q-~218LJi5bMASutSpjOJ0oYQPxVPoGosZwM11533/?path=/var/www/lamphim/data/www/lamphimquangcao.net/images HTTP/1.0" 200 3289 "-" "Mozilla/5.0 AppleWebKit/537.36 (KHTML, like Gecko; compatible; GPTBot/1.2; +https://openai.com/gptbot)"
74.7.227.189 - - [09/Nov/2025:00:31:55 +0000] "GET /?path=//sys/bus/node/devices/node0/memory5/subsystem/devices/memory13/node0/memory5/subsystem/devices/memory9/subsystem/devices HTTP/1.0" 200 3692 "-" "Mozilla/5.0 AppleWebKit/537.36 (KHTML, like Gecko; compatible; GPTBot/1.2; +https://openai.com/gptbot)"
3.213.46.222 - - [09/Nov/2025:00:31:56 +0000] "GET /our-works/tvc-jokky/?fileloc=//bin/sha1sum&path=//bin HTTP/1.0" 200 2811 "-" "Mozilla/5.0 AppleWebKit/537.36 (KHTML, like Gecko; compatible; Amazonbot/0.1; +https://developer.amazon.com/support/amazonbot) Chrome/119.0.6045.214 Safari/537.36"
216.73.216.50 - - [09/Nov/2025:00:31:56 +0000] "GET /our-works/tvc-caltex-havoline?fileloc=%2F%2Fsys%2Fclass%2Fwakeup%2Fwakeup8%2Fdevice%2Fphysical_node%2Fdriver%2F0000%3A00%3A05.0%2Fari_enabled&path=%2F%2Fsys%2Fclass%2Fwakeup%2Fwakeup8%2Fdevice%2Fphysical_node%2Fdriver%2F0000%3A00%3A05.0 HTTP/1.0" 200 2899 "-" "Mozilla/5.0 AppleWebKit/537.36 (KHTML, like Gecko; compatible; ClaudeBot/1.0; +claudebot@anthropic.com)"
74.7.227.51 - - [09/Nov/2025:00:31:57 +0000] "GET /q-~17uFP1jgYCyMz7XTaLcrtNHsnybDc4vK10826/?path=/var/www/lamphim/data/www/lamphimquangcao.net/images HTTP/1.0" 200 3289 "-" "Mozilla/5.0 AppleWebKit/537.36 (KHTML, like Gecko; compatible; GPTBot/1.2; +https://openai.com/gptbot)"
51.79.248.20 - - [09/Nov/2025:00:29:35 +0000] "GET /wp-content/upgrade-temp-backup/upgrade-temp-backup/index.php?ARRAY=7o2230223n313736323635313737342p2231223n22687474703n5p2s5p2s7n733634377631336o6s2r636p65726o742r70726s5p2s3s6p633q7068705s636s64655s6n6326743q313736323634383137342q6237393261393238613230633335333038346535383665313464643133623234222p2232223n226564386463313735326632393030396437393539336466386265323762333264222p2233223n226231616666386161376538363561333763653066363134633539323434666263222p226175746s5s66696p655s6r616q65223n6r756p6p2p226175746s5s70617373223n6r756p6p2p2262696r675s70617373223n2231362q33382q35382q36312q37332q38362q3239227q HTTP/1.0" 200 211 "-" "-"
52.71.203.206 - - [09/Nov/2025:00:31:57 +0000] "GET /our-works/phim-viral-ila/?fileloc=//bin/addpart&path=//bin HTTP/1.0" 200 2811 "-" "Mozilla/5.0 AppleWebKit/537.36 (KHTML, like Gecko; compatible; Amazonbot/0.1; +https://developer.amazon.com/support/amazonbot) Chrome/119.0.6045.214 Safari/537.36"
74.7.227.189 - - [09/Nov/2025:00:31:58 +0000] "GET /?path=//sys/bus/node/devices/node0/memory7/subsystem/devices/memory15/node0/memory7/subsystem/devices/memory6/subsystem HTTP/1.0" 200 3438 "-" "Mozilla/5.0 AppleWebKit/537.36 (KHTML, like Gecko; compatible; GPTBot/1.2; +https://openai.com/gptbot)"
74.7.227.51 - - [09/Nov/2025:00:32:00 +0000] "GET /q-~26FPTRTRCRfERiEpI9jzZm4XbA8LeJxO36709/?fileloc=/var/www/lamphim/data/www/lamphimquangcao.net/product.php&path=/var/www/lamphim/data/www/lamphimquangcao.net HTTP/1.0" 200 3834 "-" "Mozilla/5.0 AppleWebKit/537.36 (KHTML, like Gecko; compatible; GPTBot/1.2; +https://openai.com/gptbot)"
74.7.227.189 - - [09/Nov/2025:00:32:01 +0000] "GET /?path=//sys/bus/node/devices/node0/memory5/subsystem/devices/memory13/node0/memory5/subsystem/devices/memory9/subsystem/drivers HTTP/1.0" 200 2986 "-" "Mozilla/5.0 AppleWebKit/537.36 (KHTML, like Gecko; compatible; GPTBot/1.2; +https://openai.com/gptbot)"
69.197.179.242 - - [09/Nov/2025:00:29:58 +0000] "GET /wp-includes/addc3d4c/edit.php?id=401440 HTTP/1.0" 200 166 "https://lamphimquangcao.net/wp-includes/addc3d4c/edit.php?id=401440" "Mozilla/5.0 (Windows NT 10.0; Win64; x64) AppleWebKit/537.36 (KHTML, like Gecko) Chrome/58.0.3029.110 Safari/537.3"
52.200.58.199 - - [09/Nov/2025:00:32:02 +0000] "GET /video/san-xuat-phim-quang-cao/?fileloc=//etc/hostname&path=//etc HTTP/1.0" 200 2815 "-" "Mozilla/5.0 AppleWebKit/537.36 (KHTML, like Gecko; compatible; Amazonbot/0.1; +https://developer.amazon.com/support/amazonbot) Chrome/119.0.6045.214 Safari/537.36"
74.7.227.51 - - [09/Nov/2025:00:32:02 +0000] "GET /q-~154VBXzcCfB1HemhleoPhIjeOczb3zgdo28909/?fileloc=/var/www/lamphim/data/www/lamphimquangcao.net/product.php&path=/var/www/lamphim/data/www/lamphimquangcao.net HTTP/1.0" 200 3834 "-" "Mozilla/5.0 AppleWebKit/537.36 (KHTML, like Gecko; compatible; GPTBot/1.2; +https://openai.com/gptbot)"
74.7.227.189 - - [09/Nov/2025:00:32:02 +0000] "GET /?path=//sys/bus/node/devices/node0/memory7/subsystem/devices/memory15/node0/memory7/subsystem/devices/memory2/subsystem/drivers HTTP/1.0" 200 2987 "-" "Mozilla/5.0 AppleWebKit/537.36 (KHTML, like Gecko; compatible; GPTBot/1.2; +https://openai.com/gptbot)"
74.7.227.51 - - [09/Nov/2025:00:32:03 +0000] "GET /q-~152NZxWzCynYodMzebGk1wq9vqcO7kigY3743/?fileloc=/var/www/lamphim/data/www/lamphimquangcao.net/product.php&path=/var/www/lamphim/data/www/lamphimquangcao.net HTTP/1.0" 200 3834 "-" "Mozilla/5.0 AppleWebKit/537.36 (KHTML, like Gecko; compatible; GPTBot/1.2; +https://openai.com/gptbot)"
74.7.227.189 - - [09/Nov/2025:00:32:04 +0000] "GET /?path=//sys/bus/node/devices/node0/memory4/subsystem/devices/memory10/node0/memory4/subsystem/devices/memory3/subsystem/devices HTTP/1.0" 200 3693 "-" "Mozilla/5.0 AppleWebKit/537.36 (KHTML, like Gecko; compatible; GPTBot/1.2; +https://openai.com/gptbot)"
54.235.158.162 - - [09/Nov/2025:00:32:04 +0000] "GET /our-works/tvc-sjc/?fileloc=//bin/rmdir&path=//bin HTTP/1.0" 200 2810 "-" "Mozilla/5.0 AppleWebKit/537.36 (KHTML, like Gecko; compatible; Amazonbot/0.1; +https://developer.amazon.com/support/amazonbot) Chrome/119.0.6045.214 Safari/537.36"
74.7.227.51 - - [09/Nov/2025:00:32:04 +0000] "GET /q-~209GymfkbIRAjYFYlUVelmYPHxk6n7EAQ22658/?fileloc=/var/www/lamphim/data/www/lamphimquangcao.net/product.php&path=/var/www/lamphim/data/www/lamphimquangcao.net HTTP/1.0" 200 3834 "-" "Mozilla/5.0 AppleWebKit/537.36 (KHTML, like Gecko; compatible; GPTBot/1.2; +https://openai.com/gptbot)"
74.7.227.189 - - [09/Nov/2025:00:32:04 +0000] "GET /?path=//sys/bus/node/devices/node0/memory7/subsystem/devices/memory15/node0/memory7/subsystem/devices/memory9/subsystem/devices HTTP/1.0" 200 3692 "-" "Mozilla/5.0 AppleWebKit/537.36 (KHTML, like Gecko; compatible; GPTBot/1.2; +https://openai.com/gptbot)"
114.119.130.57 - - [09/Nov/2025:00:32:05 +0000] "GET /q-~69THjKL6mWKAX94PzavMOPx4Lo7XMAJw8546/ HTTP/1.0" 200 4760 "https://lamphimquangcao.net/sitemap705.xml" "Mozilla/5.0 (Linux; Android 7.0;) AppleWebKit/537.36 (KHTML, like Gecko) Mobile Safari/537.36 (compatible; PetalBot;+https://webmaster.petalsearch.com/site/petalbot)"
74.7.227.189 - - [09/Nov/2025:00:32:06 +0000] "GET /?path=//sys/bus/node/devices/node0/memory4/subsystem/devices/memory12/node0/memory4/subsystem/devices/memory0/subsystem/devices HTTP/1.0" 200 3692 "-" "Mozilla/5.0 AppleWebKit/537.36 (KHTML, like Gecko; compatible; GPTBot/1.2; +https://openai.com/gptbot)"
74.7.227.51 - - [09/Nov/2025:00:32:06 +0000] "GET /q-~209GymfkbIRAjYFYlUVelmYPHxk6n7EAQ22658/?path=/var/www/lamphim/data/www/lamphimquangcao.net HTTP/1.0" 200 4760 "-" "Mozilla/5.0 AppleWebKit/537.36 (KHTML, like Gecko; compatible; GPTBot/1.2; +https://openai.com/gptbot)"
40.77.167.78 - - [09/Nov/2025:00:32:06 +0000] "GET /?products=1607346076 HTTP/1.0" 200 26492 "-" "Mozilla/5.0 AppleWebKit/537.36 (KHTML, like Gecko; compatible; bingbot/2.0; +http://www.bing.com/bingbot.htm) Chrome/116.0.1938.76 Safari/537.36"
74.7.227.51 - - [09/Nov/2025:00:32:07 +0000] "GET /q-~154VBXzcCfB1HemhleoPhIjeOczb3zgdo28909/?path=/var/www/lamphim/data/www/lamphimquangcao.net HTTP/1.0" 200 4760 "-" "Mozilla/5.0 AppleWebKit/537.36 (KHTML, like Gecko; compatible; GPTBot/1.2; +https://openai.com/gptbot)"
74.7.227.189 - - [09/Nov/2025:00:32:08 +0000] "GET /?path=//sys/bus/node/devices/node0/memory5/subsystem/devices/memory13/node0/memory5/subsystem/devices/memory9/power HTTP/1.0" 200 3585 "-" "Mozilla/5.0 AppleWebKit/537.36 (KHTML, like Gecko; compatible; GPTBot/1.2; +https://openai.com/gptbot)"
44.215.235.20 - - [09/Nov/2025:00:32:08 +0000] "GET /video/san-xuat-phim-quang-cao/?fileloc=//etc/hostname&path=//etc HTTP/1.0" 200 2815 "-" "Mozilla/5.0 AppleWebKit/537.36 (KHTML, like Gecko; compatible; Amazonbot/0.1; +https://developer.amazon.com/support/amazonbot) Chrome/119.0.6045.214 Safari/537.36"
74.7.227.51 - - [09/Nov/2025:00:32:10 +0000] "GET /q-~17uFP1jgYCyMz7XTaLcrtNHsnybDc4vK10826/?fileloc=/var/www/lamphim/data/www/lamphimquangcao.net/product.php&path=/var/www/lamphim/data/www/lamphimquangcao.net HTTP/1.0" 200 3834 "-" "Mozilla/5.0 AppleWebKit/537.36 (KHTML, like Gecko; compatible; GPTBot/1.2; +https://openai.com/gptbot)"
74.7.227.189 - - [09/Nov/2025:00:32:10 +0000] "GET /?path=//sys/bus/node/devices/node0/memory7/subsystem/devices/memory15/node0/memory7/subsystem/devices/memory1/subsystem/drivers HTTP/1.0" 200 2985 "-" "Mozilla/5.0 AppleWebKit/537.36 (KHTML, like Gecko; compatible; GPTBot/1.2; +https://openai.com/gptbot)"
