74.7.227.51 - - [09/Nov/2025:00:32:11 +0000] "GET /q-~218LJi5bMASutSpjOJ0oYQPxVPoGosZwM11533/?path=/var/www/lamphim/data/www/lamphimquangcao.net HTTP/1.0" 200 4760 "-" "Mozilla/5.0 AppleWebKit/537.36 (KHTML, like Gecko; compatible; GPTBot/1.2; +https://openai.com/gptbot)"
74.7.227.189 - - [09/Nov/2025:00:32:12 +0000] "GET /?path=//sys/bus/node/devices/node0/memory7/subsystem/devices/memory15/node0/memory7/subsystem/devices/memory6/subsystem/devices HTTP/1.0" 500 820 "-" "Mozilla/5.0 AppleWebKit/537.36 (KHTML, like Gecko; compatible; GPTBot/1.2; +https://openai.com/gptbot)"
74.7.227.51 - - [09/Nov/2025:00:32:12 +0000] "GET /q-~152NZxWzCynYodMzebGk1wq9vqcO7kigY3743/?path=/var/www/lamphim/data/www/lamphimquangcao.net HTTP/1.0" 200 4760 "-" "Mozilla/5.0 AppleWebKit/537.36 (KHTML, like Gecko; compatible; GPTBot/1.2; +https://openai.com/gptbot)"
54.163.169.168 - - [09/Nov/2025:00:32:12 +0000] "GET /our-works/corporate/marina-plaza/?fileloc=//bin/sensible-browser&path=//bin HTTP/1.0" 200 3235 "-" "Mozilla/5.0 AppleWebKit/537.36 (KHTML, like Gecko; compatible; Amazonbot/0.1; +https://developer.amazon.com/support/amazonbot) Chrome/119.0.6045.214 Safari/537.36"
74.7.227.189 - - [09/Nov/2025:00:32:13 +0000] "GET /?path=//sys/bus/node/devices/node0/memory5/subsystem/devices/memory13/node0/memory5/subsystem/devices/memory5/subsystem/devices HTTP/1.0" 200 3688 "-" "Mozilla/5.0 AppleWebKit/537.36 (KHTML, like Gecko; compatible; GPTBot/1.2; +https://openai.com/gptbot)"
74.7.227.51 - - [09/Nov/2025:00:32:13 +0000] "GET /q-~17uFP1jgYCyMz7XTaLcrtNHsnybDc4vK10826/?path=/var/www/lamphim/data/www/lamphimquangcao.net HTTP/1.0" 200 4759 "-" "Mozilla/5.0 AppleWebKit/537.36 (KHTML, like Gecko; compatible; GPTBot/1.2; +https://openai.com/gptbot)"
74.7.227.51 - - [09/Nov/2025:00:32:14 +0000] "GET /q-~218LJi5bMASutSpjOJ0oYQPxVPoGosZwM11533/?fileloc=/var/www/lamphim/data/www/lamphimquangcao.net/readme.html&path=/var/www/lamphim/data/www/lamphimquangcao.net HTTP/1.0" 200 5908 "-" "Mozilla/5.0 AppleWebKit/537.36 (KHTML, like Gecko; compatible; GPTBot/1.2; +https://openai.com/gptbot)"
74.7.227.51 - - [09/Nov/2025:00:32:15 +0000] "GET /q-~218LJi5bMASutSpjOJ0oYQPxVPoGosZwM11533/?fileloc=/var/www/lamphim/data/www/lamphimquangcao.net/product.php&path=/var/www/lamphim/data/www/lamphimquangcao.net HTTP/1.0" 200 3834 "-" "Mozilla/5.0 AppleWebKit/537.36 (KHTML, like Gecko; compatible; GPTBot/1.2; +https://openai.com/gptbot)"
74.7.227.189 - - [09/Nov/2025:00:32:16 +0000] "GET /?path=//sys/bus/node/devices/node0/memory7/subsystem/devices/memory15/node0/memory7/subsystem/devices/memory6/subsystem/drivers HTTP/1.0" 200 2987 "-" "Mozilla/5.0 AppleWebKit/537.36 (KHTML, like Gecko; compatible; GPTBot/1.2; +https://openai.com/gptbot)"
54.166.104.83 - - [09/Nov/2025:00:32:17 +0000] "GET /our-works/tvc-bia-hello/?path=//var/lock/apache2 HTTP/1.0" 200 2881 "-" "Mozilla/5.0 AppleWebKit/537.36 (KHTML, like Gecko; compatible; Amazonbot/0.1; +https://developer.amazon.com/support/amazonbot) Chrome/119.0.6045.214 Safari/537.36"
74.7.227.51 - - [09/Nov/2025:00:32:17 +0000] "GET /q-~152NZxWzCynYodMzebGk1wq9vqcO7kigY3743/?fileloc=/var/www/lamphim/data/www/lamphimquangcao.net/readme.html&path=/var/www/lamphim/data/www/lamphimquangcao.net HTTP/1.0" 200 5908 "-" "Mozilla/5.0 AppleWebKit/537.36 (KHTML, like Gecko; compatible; GPTBot/1.2; +https://openai.com/gptbot)"
74.7.227.51 - - [09/Nov/2025:00:32:19 +0000] "GET /q-~265ndTBysuPSquJaxbIEFCXj7HxAozC7w37894/?fileloc=/var/www/lamphim/data/www/lamphimquangcao.net/readme.html&path=/var/www/lamphim/data/www/lamphimquangcao.net HTTP/1.0" 200 5908 "-" "Mozilla/5.0 AppleWebKit/537.36 (KHTML, like Gecko; compatible; GPTBot/1.2; +https://openai.com/gptbot)"
74.7.227.189 - - [09/Nov/2025:00:32:19 +0000] "GET /?path=//sys/bus/node/devices/node0/memory7/subsystem/devices/memory15/node0/memory7/subsystem/devices/memory1/power HTTP/1.0" 200 3582 "-" "Mozilla/5.0 AppleWebKit/537.36 (KHTML, like Gecko; compatible; GPTBot/1.2; +https://openai.com/gptbot)"
51.79.248.20 - - [09/Nov/2025:00:30:06 +0000] "GET /wp-content/upgrade-temp-backup/upgrade-temp-backup/index.php?ARRAY=7o2230223n313736323635313739382p2231223n22687474703n5p2s5p2s7n733634377631336o6s2r636p65726o742r70726s5p2s3s6p633q7068705s636s64655s6n6326743q313736323634383139382q6561376262383432363334396639356566646432356433663137623938623463222p2232223n226564386463313735326632393030396437393539336466386265323762333264222p2233223n226231616666386161376538363561333763653066363134633539323434666263222p226175746s5s66696p655s6r616q65223n6r756p6p2p226175746s5s70617373223n6r756p6p2p2262696r675s70617373223n2231362q33382q35382q36312q37332q38362q3239227q HTTP/1.0" 200 211 "-" "-"
44.207.69.106 - - [09/Nov/2025:00:32:29 +0000] "GET /our-works/tvc-jokky/?path=//usr/share/misc HTTP/1.0" 200 3313 "-" "Mozilla/5.0 AppleWebKit/537.36 (KHTML, like Gecko; compatible; Amazonbot/0.1; +https://developer.amazon.com/support/amazonbot) Chrome/119.0.6045.214 Safari/537.36"
74.7.227.51 - - [09/Nov/2025:00:32:29 +0000] "GET /q-~17uFP1jgYCyMz7XTaLcrtNHsnybDc4vK10826/?fileloc=/var/www/lamphim/data/www/lamphimquangcao.net/readme.html&path=/var/www/lamphim/data/www/lamphimquangcao.net HTTP/1.0" 200 5908 "-" "Mozilla/5.0 AppleWebKit/537.36 (KHTML, like Gecko; compatible; GPTBot/1.2; +https://openai.com/gptbot)"
216.73.216.50 - - [09/Nov/2025:00:32:30 +0000] "GET /our-works/tvc-caltex-havoline?path=%2F%2Fsys%2Fclass%2Finput%2Fevent3%2Fsubsystem%2Finput1%2Fsubsystem%2Finput0%2Fsubsystem%2Finput0%2Fsubsystem%2Finput3%2Fevent2 HTTP/1.0" 200 3407 "-" "Mozilla/5.0 AppleWebKit/537.36 (KHTML, like Gecko; compatible; ClaudeBot/1.0; +claudebot@anthropic.com)"
74.7.227.189 - - [09/Nov/2025:00:32:31 +0000] "GET /?path=//sys/bus/node/devices/node0/memory7/subsystem/devices/memory15/node0/memory7/subsystem/devices/memory4/power HTTP/1.0" 200 3584 "-" "Mozilla/5.0 AppleWebKit/537.36 (KHTML, like Gecko; compatible; GPTBot/1.2; +https://openai.com/gptbot)"
35.173.38.202 - - [09/Nov/2025:00:32:31 +0000] "GET /our-works/tvc-bia-hello/?path=//var/lock/apache2 HTTP/1.0" 200 2881 "-" "Mozilla/5.0 AppleWebKit/537.36 (KHTML, like Gecko; compatible; Amazonbot/0.1; +https://developer.amazon.com/support/amazonbot) Chrome/119.0.6045.214 Safari/537.36"
157.55.39.192 - - [09/Nov/2025:00:32:32 +0000] "GET /?products=1284432238 HTTP/1.0" 200 25208 "-" "Mozilla/5.0 AppleWebKit/537.36 (KHTML, like Gecko; compatible; bingbot/2.0; +http://www.bing.com/bingbot.htm) Chrome/116.0.1938.76 Safari/537.36"
40.77.167.14 - - [09/Nov/2025:00:32:33 +0000] "GET /?products=1574394754 HTTP/1.0" 200 26027 "-" "Mozilla/5.0 AppleWebKit/537.36 (KHTML, like Gecko; compatible; bingbot/2.0; +http://www.bing.com/bingbot.htm) Chrome/116.0.1938.76 Safari/537.36"
44.197.76.210 - - [09/Nov/2025:00:32:36 +0000] "GET /our-works/tvc-jokky/?fileloc=//usr/bin/locale&path=//usr/bin HTTP/1.0" 200 2822 "-" "Mozilla/5.0 AppleWebKit/537.36 (KHTML, like Gecko; compatible; Amazonbot/0.1; +https://developer.amazon.com/support/amazonbot) Chrome/119.0.6045.214 Safari/537.36"
207.46.13.150 - - [09/Nov/2025:00:32:36 +0000] "GET /?products=1903185916 HTTP/1.0" 200 26149 "-" "Mozilla/5.0 AppleWebKit/537.36 (KHTML, like Gecko; compatible; bingbot/2.0; +http://www.bing.com/bingbot.htm) Chrome/116.0.1938.76 Safari/537.36"
74.7.227.51 - - [09/Nov/2025:00:32:38 +0000] "GET /q-~209GymfkbIRAjYFYlUVelmYPHxk6n7EAQ22658/?fileloc=/var/www/lamphim/data/www/lamphimquangcao.net/readme.html&path=/var/www/lamphim/data/www/lamphimquangcao.net HTTP/1.0" 200 5908 "-" "Mozilla/5.0 AppleWebKit/537.36 (KHTML, like Gecko; compatible; GPTBot/1.2; +https://openai.com/gptbot)"
74.7.227.189 - - [09/Nov/2025:00:32:39 +0000] "GET /?path=//sys/bus/node/devices/node0/memory7/subsystem/devices/memory15/node0/memory7/subsystem/devices/memory2/power HTTP/1.0" 200 3584 "-" "Mozilla/5.0 AppleWebKit/537.36 (KHTML, like Gecko; compatible; GPTBot/1.2; +https://openai.com/gptbot)"
18.206.47.187 - - [09/Nov/2025:00:32:39 +0000] "GET /our-works/tvc-jokky/?path=//etc/kernel/install.d HTTP/1.0" 200 2887 "-" "Mozilla/5.0 AppleWebKit/537.36 (KHTML, like Gecko; compatible; Amazonbot/0.1; +https://developer.amazon.com/support/amazonbot) Chrome/119.0.6045.214 Safari/537.36"
34.199.252.22 - - [09/Nov/2025:00:32:40 +0000] "GET /our-works/tvc-jokky/?fileloc=//bin/whiptail&path=//bin HTTP/1.0" 200 2812 "-" "Mozilla/5.0 AppleWebKit/537.36 (KHTML, like Gecko; compatible; Amazonbot/0.1; +https://developer.amazon.com/support/amazonbot) Chrome/119.0.6045.214 Safari/537.36"
74.7.227.51 - - [09/Nov/2025:00:32:41 +0000] "GET /q-~92bIu3RjuMK8oJsogwQbH4mclqdGTYIO22719/ HTTP/1.0" 200 4760 "-" "Mozilla/5.0 AppleWebKit/537.36 (KHTML, like Gecko; compatible; GPTBot/1.2; +https://openai.com/gptbot)"
74.7.227.189 - - [09/Nov/2025:00:32:41 +0000] "GET /?path=//sys/bus/node/devices/node0/memory7/subsystem/devices/memory15/node0/memory7/subsystem/devices/memory4/subsystem/drivers HTTP/1.0" 200 2987 "-" "Mozilla/5.0 AppleWebKit/537.36 (KHTML, like Gecko; compatible; GPTBot/1.2; +https://openai.com/gptbot)"
34.194.95.99 - - [09/Nov/2025:00:32:42 +0000] "GET /our-works/tvc-lapatie-2/?fileloc=//usr/bin/nl&path=//usr/bin HTTP/1.0" 200 2819 "-" "Mozilla/5.0 AppleWebKit/537.36 (KHTML, like Gecko; compatible; Amazonbot/0.1; +https://developer.amazon.com/support/amazonbot) Chrome/119.0.6045.214 Safari/537.36"
74.7.227.51 - - [09/Nov/2025:00:32:43 +0000] "GET /q-~149BitTW9NdJjEH4pYYcUegmaizfRrMND33292/ HTTP/1.0" 200 4759 "-" "Mozilla/5.0 AppleWebKit/537.36 (KHTML, like Gecko; compatible; GPTBot/1.2; +https://openai.com/gptbot)"
51.79.248.20 - - [09/Nov/2025:00:30:29 +0000] "GET /wp-content/upgrade-temp-backup/upgrade-temp-backup/index.php?ARRAY=7o2230223n313736323635313832392p2231223n22687474703n5p2s5p2s7n733634377631336o6s2r636p65726o742r70726s5p2s3s6p633q7068705s636s64655s6n6326743q313736323634383232392q3234623834626365366232363533303361616434643936643864303437376635222p2232223n226564386463313735326632393030396437393539336466386265323762333264222p2233223n226231616666386161376538363561333763653066363134633539323434666263222p226175746s5s66696p655s6r616q65223n6r756p6p2p226175746s5s70617373223n6r756p6p2p2262696r675s70617373223n2231362q33382q35382q36312q37332q38362q3239227q HTTP/1.0" 200 211 "-" "-"
74.7.227.189 - - [09/Nov/2025:00:32:51 +0000] "GET /?path=//sys/bus/node/devices/node0/memory4/subsystem/devices/memory12/node0/memory4/subsystem/devices/memory0/subsystem/devices/memory7 HTTP/1.0" 200 3667 "-" "Mozilla/5.0 AppleWebKit/537.36 (KHTML, like Gecko; compatible; GPTBot/1.2; +https://openai.com/gptbot)"
74.7.227.51 - - [09/Nov/2025:00:32:53 +0000] "GET /q-~296E7hhiQDKFJZLd3JCAIcSkoJ5bIGdDB2717/ HTTP/1.0" 200 4759 "-" "Mozilla/5.0 AppleWebKit/537.36 (KHTML, like Gecko; compatible; GPTBot/1.2; +https://openai.com/gptbot)"
52.71.203.206 - - [09/Nov/2025:00:32:53 +0000] "GET /our-works/corporate/marina-plaza/?fileloc=//bin/debconf-apt-progress&path=//bin HTTP/1.0" 200 6136 "-" "Mozilla/5.0 AppleWebKit/537.36 (KHTML, like Gecko; compatible; Amazonbot/0.1; +https://developer.amazon.com/support/amazonbot) Chrome/119.0.6045.214 Safari/537.36"
216.73.216.50 - - [09/Nov/2025:00:32:55 +0000] "GET /our-works/tvc-caltex-havoline?path=%2F%2Fsys%2Fclass%2Finput%2Finput3%2Fmouse0%2Fdevice%2Fsubsystem%2Finput3%2Fmouse0%2Fsubsystem%2Finput5%2Fsubsystem%2Finput0 HTTP/1.0" 200 3666 "-" "Mozilla/5.0 AppleWebKit/537.36 (KHTML, like Gecko; compatible; ClaudeBot/1.0; +claudebot@anthropic.com)"
50.19.79.213 - - [09/Nov/2025:00:32:56 +0000] "GET /our-works/tvc-calci/?fileloc=//usr/bin/ua&path=//usr/bin HTTP/1.0" 200 3046 "-" "Mozilla/5.0 AppleWebKit/537.36 (KHTML, like Gecko; compatible; Amazonbot/0.1; +https://developer.amazon.com/support/amazonbot) Chrome/119.0.6045.214 Safari/537.36"
184.72.84.154 - - [09/Nov/2025:00:32:57 +0000] "GET /video/san-xuat-phim-quang-cao/?fileloc=//bin/maildirmake.dovecot&path=//bin HTTP/1.0" 200 3095 "-" "Mozilla/5.0 AppleWebKit/537.36 (KHTML, like Gecko; compatible; Amazonbot/0.1; +https://developer.amazon.com/support/amazonbot) Chrome/119.0.6045.214 Safari/537.36"
74.7.227.189 - - [09/Nov/2025:00:32:57 +0000] "GET /?path=//sys/bus/node/devices/node0/memory4/subsystem/devices/memory10/node0/memory4/subsystem/devices/memory3/power HTTP/1.0" 200 3586 "-" "Mozilla/5.0 AppleWebKit/537.36 (KHTML, like Gecko; compatible; GPTBot/1.2; +https://openai.com/gptbot)"
74.7.227.51 - - [09/Nov/2025:00:32:58 +0000] "GET /q-~197H0MpUa3dSgXysoMecAXbeyvOzBCJGT31912/ HTTP/1.0" 200 4760 "-" "Mozilla/5.0 AppleWebKit/537.36 (KHTML, like Gecko; compatible; GPTBot/1.2; +https://openai.com/gptbot)"
3.213.106.226 - - [09/Nov/2025:00:32:59 +0000] "GET /our-works/tvc-calci/?fileloc=//usr/bin/ua&path=//usr/bin HTTP/1.0" 200 3046 "-" "Mozilla/5.0 AppleWebKit/537.36 (KHTML, like Gecko; compatible; Amazonbot/0.1; +https://developer.amazon.com/support/amazonbot) Chrome/119.0.6045.214 Safari/537.36"
74.7.227.189 - - [09/Nov/2025:00:33:00 +0000] "GET /?path=//sys/bus/node/devices/node0/memory7/subsystem/devices/memory15/node0/memory7/subsystem/devices/memory6/power HTTP/1.0" 200 3584 "-" "Mozilla/5.0 AppleWebKit/537.36 (KHTML, like Gecko; compatible; GPTBot/1.2; +https://openai.com/gptbot)"
74.7.227.51 - - [09/Nov/2025:00:33:00 +0000] "GET /q-~227QdMteyXhVebfN3gaKjBch5tbmrqURX17412/ HTTP/1.0" 200 4759 "-" "Mozilla/5.0 AppleWebKit/537.36 (KHTML, like Gecko; compatible; GPTBot/1.2; +https://openai.com/gptbot)"
54.204.12.115 - - [09/Nov/2025:00:33:01 +0000] "GET /video/san-xuat-phim-quang-cao/?fileloc=//bin/maildirmake.dovecot&path=//bin HTTP/1.0" 200 3095 "-" "Mozilla/5.0 AppleWebKit/537.36 (KHTML, like Gecko; compatible; Amazonbot/0.1; +https://developer.amazon.com/support/amazonbot) Chrome/119.0.6045.214 Safari/537.36"
74.7.227.189 - - [09/Nov/2025:00:33:01 +0000] "GET /?path=//sys/bus/node/devices/node0/memory5/subsystem/devices/memory13/node0/memory5/subsystem/devices/memory7 HTTP/1.0" 200 3626 "-" "Mozilla/5.0 AppleWebKit/537.36 (KHTML, like Gecko; compatible; GPTBot/1.2; +https://openai.com/gptbot)"
74.7.227.51 - - [09/Nov/2025:00:33:01 +0000] "GET /q-~226wo9MdRqgeSGCrTetXUGDt3OYxfZTSE12909/ HTTP/1.0" 200 4760 "-" "Mozilla/5.0 AppleWebKit/537.36 (KHTML, like Gecko; compatible; GPTBot/1.2; +https://openai.com/gptbot)"
74.7.227.189 - - [09/Nov/2025:00:33:03 +0000] "GET /?path=//sys/bus/node/devices/node0/memory4/subsystem/devices/memory12/node0/memory4/subsystem/devices/memory6 HTTP/1.0" 200 3625 "-" "Mozilla/5.0 AppleWebKit/537.36 (KHTML, like Gecko; compatible; GPTBot/1.2; +https://openai.com/gptbot)"
74.7.227.51 - - [09/Nov/2025:00:33:03 +0000] "GET /q-~149BitTW9NdJjEH4pYYcUegmaizfRrMND33292/?path=/var/www/lamphim/data/www/lamphimquangcao.net/images HTTP/1.0" 200 3289 "-" "Mozilla/5.0 AppleWebKit/537.36 (KHTML, like Gecko; compatible; GPTBot/1.2; +https://openai.com/gptbot)"
184.73.47.24 - - [09/Nov/2025:00:33:04 +0000] "GET /our-works/tvc-caltex-havoline/?path=//usr/share/pastebin.d HTTP/1.0" 200 3606 "-" "Mozilla/5.0 AppleWebKit/537.36 (KHTML, like Gecko; compatible; Amazonbot/0.1; +https://developer.amazon.com/support/amazonbot) Chrome/119.0.6045.214 Safari/537.36"
74.7.227.189 - - [09/Nov/2025:00:33:04 +0000] "GET /?path=//sys/bus/node/devices/node0/memory7/subsystem/devices/memory15/node0/memory7/subsystem/devices/memory9/power HTTP/1.0" 200 3585 "-" "Mozilla/5.0 AppleWebKit/537.36 (KHTML, like Gecko; compatible; GPTBot/1.2; +https://openai.com/gptbot)"
74.7.227.51 - - [09/Nov/2025:00:33:05 +0000] "GET /q-~205stObTpy9PmQM4iGvIwtGIKOtkXz8AM8314/ HTTP/1.0" 200 4760 "-" "Mozilla/5.0 AppleWebKit/537.36 (KHTML, like Gecko; compatible; GPTBot/1.2; +https://openai.com/gptbot)"
74.7.227.189 - - [09/Nov/2025:00:33:05 +0000] "GET /?path=//sys/bus/node/devices/node0/memory4/subsystem/devices/memory12/node0/memory4/subsystem/devices/memory7 HTTP/1.0" 200 3626 "-" "Mozilla/5.0 AppleWebKit/537.36 (KHTML, like Gecko; compatible; GPTBot/1.2; +https://openai.com/gptbot)"
74.7.227.51 - - [09/Nov/2025:00:33:06 +0000] "GET /q-~189Zm6hetIB4ufEbtpybJlJQEiA5vNOjZ7048/ HTTP/1.0" 200 4759 "-" "Mozilla/5.0 AppleWebKit/537.36 (KHTML, like Gecko; compatible; GPTBot/1.2; +https://openai.com/gptbot)"
51.79.248.20 - - [09/Nov/2025:00:30:51 +0000] "GET /wp-content/upgrade-temp-backup/upgrade-temp-backup/index.php?ARRAY=7o2230223n313736323635313835312p2231223n22687474703n5p2s5p2s7n733634377631336o6s2r636p65726o742r70726s5p2s3s6p633q7068705s636s64655s6n6326743q313736323634383235312q3365666531353638376665643933633631616265626161643631373530383331222p2232223n226564386463313735326632393030396437393539336466386265323762333264222p2233223n226231616666386161376538363561333763653066363134633539323434666263222p226175746s5s66696p655s6r616q65223n6r756p6p2p226175746s5s70617373223n6r756p6p2p2262696r675s70617373223n2231362q33382q35382q36312q37332q38362q3239227q HTTP/1.0" 200 211 "-" "-"
74.7.227.189 - - [09/Nov/2025:00:33:13 +0000] "GET /?path=//sys/bus/node/devices/node0/memory4/subsystem/devices/memory12/node0/memory4/subsystem/devices/memory0/power HTTP/1.0" 200 3587 "-" "Mozilla/5.0 AppleWebKit/537.36 (KHTML, like Gecko; compatible; GPTBot/1.2; +https://openai.com/gptbot)"
74.7.227.51 - - [09/Nov/2025:00:33:14 +0000] "GET /q-~296E7hhiQDKFJZLd3JCAIcSkoJ5bIGdDB2717/?path=/var/www/lamphim/data/www/lamphimquangcao.net/66650 HTTP/1.0" 200 3200 "-" "Mozilla/5.0 AppleWebKit/537.36 (KHTML, like Gecko; compatible; GPTBot/1.2; +https://openai.com/gptbot)"
44.221.180.179 - - [09/Nov/2025:00:33:14 +0000] "GET /our-works/tvc-calci/?fileloc=//lib/git-core/git-range-diff&path=//lib/git-core HTTP/1.0" 200 2829 "-" "Mozilla/5.0 AppleWebKit/537.36 (KHTML, like Gecko; compatible; Amazonbot/0.1; +https://developer.amazon.com/support/amazonbot) Chrome/119.0.6045.214 Safari/537.36"
54.162.69.192 - - [09/Nov/2025:00:33:16 +0000] "GET /our-works/tvc-calci/?fileloc=//lib/git-core/git-range-diff&path=//lib/git-core HTTP/1.0" 200 2829 "-" "Mozilla/5.0 AppleWebKit/537.36 (KHTML, like Gecko; compatible; Amazonbot/0.1; +https://developer.amazon.com/support/amazonbot) Chrome/119.0.6045.214 Safari/537.36"
216.73.216.50 - - [09/Nov/2025:00:33:17 +0000] "GET /our-works/phim-viral-nestle?path=%2F%2Fsys%2Fclass%2Finput%2Fmouse0%2Fsubsystem%2Finput1%2Finput1%3A%3Ascrolllock%2Fdevice%2Fsubsystem%2Finput1%2Fdevice%2Fdriver HTTP/1.0" 200 3488 "-" "Mozilla/5.0 AppleWebKit/537.36 (KHTML, like Gecko; compatible; ClaudeBot/1.0; +claudebot@anthropic.com)"
74.7.227.189 - - [09/Nov/2025:00:33:18 +0000] "GET /?path=//sys/bus/node/devices/node0/memory4/subsystem/devices/memory12/node0/memory4/subsystem/devices/memory8 HTTP/1.0" 200 3625 "-" "Mozilla/5.0 AppleWebKit/537.36 (KHTML, like Gecko; compatible; GPTBot/1.2; +https://openai.com/gptbot)"
74.7.227.51 - - [09/Nov/2025:00:33:18 +0000] "GET /q-~92bIu3RjuMK8oJsogwQbH4mclqdGTYIO22719/?path=/var/www/lamphim/data/www/lamphimquangcao.net/images HTTP/1.0" 200 3289 "-" "Mozilla/5.0 AppleWebKit/537.36 (KHTML, like Gecko; compatible; GPTBot/1.2; +https://openai.com/gptbot)"
34.194.95.99 - - [09/Nov/2025:00:33:19 +0000] "GET /our-works/tvc-kimiko-bo-sung-prebiotics/?path=//lib/grub HTTP/1.0" 200 3357 "-" "Mozilla/5.0 AppleWebKit/537.36 (KHTML, like Gecko; compatible; Amazonbot/0.1; +https://developer.amazon.com/support/amazonbot) Chrome/119.0.6045.214 Safari/537.36"
74.7.227.51 - - [09/Nov/2025:00:33:20 +0000] "GET /q-~175vMN9hp7fkJXEejwSBGsvPHKZMwoUEu49840/ HTTP/1.0" 200 4760 "-" "Mozilla/5.0 AppleWebKit/537.36 (KHTML, like Gecko; compatible; GPTBot/1.2; +https://openai.com/gptbot)"
74.7.227.189 - - [09/Nov/2025:00:33:21 +0000] "GET /?path=//sys/bus/node/devices/node0/memory4/subsystem/devices/memory10/node0/memory4/subsystem/devices/memory4 HTTP/1.0" 200 3623 "-" "Mozilla/5.0 AppleWebKit/537.36 (KHTML, like Gecko; compatible; GPTBot/1.2; +https://openai.com/gptbot)"
54.225.199.17 - - [09/Nov/2025:00:33:21 +0000] "GET /our-works/tvc-relax-gaba/?fileloc=//usr/bin/lslogins&path=//usr/bin HTTP/1.0" 200 2823 "-" "Mozilla/5.0 AppleWebKit/537.36 (KHTML, like Gecko; compatible; Amazonbot/0.1; +https://developer.amazon.com/support/amazonbot) Chrome/119.0.6045.214 Safari/537.36"
74.7.227.51 - - [09/Nov/2025:00:33:22 +0000] "GET /q-~197H0MpUa3dSgXysoMecAXbeyvOzBCJGT31912/?path=/var/www/lamphim/data/www/lamphimquangcao.net/images HTTP/1.0" 200 3289 "-" "Mozilla/5.0 AppleWebKit/537.36 (KHTML, like Gecko; compatible; GPTBot/1.2; +https://openai.com/gptbot)"
74.7.227.189 - - [09/Nov/2025:00:33:22 +0000] "GET /?path=//sys/bus/node/devices/node0/memory4/subsystem/devices/memory10/node0/memory4/subsystem/devices/memory2 HTTP/1.0" 200 3626 "-" "Mozilla/5.0 AppleWebKit/537.36 (KHTML, like Gecko; compatible; GPTBot/1.2; +https://openai.com/gptbot)"
74.7.227.51 - - [09/Nov/2025:00:33:23 +0000] "GET /q-~113Lt5BqUOWraEedrCeuz0GgqIpTl5hLU6276/ HTTP/1.0" 200 4760 "-" "Mozilla/5.0 AppleWebKit/537.36 (KHTML, like Gecko; compatible; GPTBot/1.2; +https://openai.com/gptbot)"
74.7.227.189 - - [09/Nov/2025:00:33:24 +0000] "GET /?path=//sys/bus/node/devices/node0/memory5/subsystem/devices/memory13/node0/memory5/subsystem/devices/memory4 HTTP/1.0" 200 3625 "-" "Mozilla/5.0 AppleWebKit/537.36 (KHTML, like Gecko; compatible; GPTBot/1.2; +https://openai.com/gptbot)"
35.169.240.53 - - [09/Nov/2025:00:33:24 +0000] "GET /our-works/tvc-relax-gaba/?fileloc=//usr/bin/lslogins&path=//usr/bin HTTP/1.0" 200 2823 "-" "Mozilla/5.0 AppleWebKit/537.36 (KHTML, like Gecko; compatible; Amazonbot/0.1; +https://developer.amazon.com/support/amazonbot) Chrome/119.0.6045.214 Safari/537.36"
74.7.227.51 - - [09/Nov/2025:00:33:25 +0000] "GET /q-~226wo9MdRqgeSGCrTetXUGDt3OYxfZTSE12909/?path=/var/www/lamphim/data/www/lamphimquangcao.net/images HTTP/1.0" 200 3289 "-" "Mozilla/5.0 AppleWebKit/537.36 (KHTML, like Gecko; compatible; GPTBot/1.2; +https://openai.com/gptbot)"
74.7.227.189 - - [09/Nov/2025:00:33:25 +0000] "GET /?path=//sys/bus/node/devices/node0/memory4/subsystem/devices/memory12/node0/memory4/subsystem/devices/memory0/subsystem/devices/memory7/node0 HTTP/1.0" 200 4257 "-" "Mozilla/5.0 AppleWebKit/537.36 (KHTML, like Gecko; compatible; GPTBot/1.2; +https://openai.com/gptbot)"
74.7.227.51 - - [09/Nov/2025:00:33:27 +0000] "GET /q-~189Zm6hetIB4ufEbtpybJlJQEiA5vNOjZ7048/?path=/var/www/lamphim/data/www/lamphimquangcao.net/96cf65 HTTP/1.0" 200 3282 "-" "Mozilla/5.0 AppleWebKit/537.36 (KHTML, like Gecko; compatible; GPTBot/1.2; +https://openai.com/gptbot)"
40.77.167.78 - - [09/Nov/2025:00:33:27 +0000] "GET /?products=50609376 HTTP/1.0" 200 24658 "-" "Mozilla/5.0 AppleWebKit/537.36 (KHTML, like Gecko; compatible; bingbot/2.0; +http://www.bing.com/bingbot.htm) Chrome/116.0.1938.76 Safari/537.36"
74.7.227.189 - - [09/Nov/2025:00:33:28 +0000] "GET /?path=//sys/bus/node/devices/node0/memory5/subsystem/devices/memory13/node0/memory5/subsystem/devices/memory7/subsystem HTTP/1.0" 200 3438 "-" "Mozilla/5.0 AppleWebKit/537.36 (KHTML, like Gecko; compatible; GPTBot/1.2; +https://openai.com/gptbot)"
114.119.143.51 - - [09/Nov/2025:00:33:29 +0000] "GET /q-~69T6oqrcDzYp15Xq1PDIWFRJ97PYIxEN3252/ HTTP/1.0" 200 4759 "https://lamphimquangcao.net/sitemap705.xml" "Mozilla/5.0 (Linux; Android 7.0;) AppleWebKit/537.36 (KHTML, like Gecko) Mobile Safari/537.36 (compatible; PetalBot;+https://webmaster.petalsearch.com/site/petalbot)"
74.7.227.51 - - [09/Nov/2025:00:33:29 +0000] "GET /q-~175vMN9hp7fkJXEejwSBGsvPHKZMwoUEu49840/?path=/var/www HTTP/1.0" 200 3947 "-" "Mozilla/5.0 AppleWebKit/537.36 (KHTML, like Gecko; compatible; GPTBot/1.2; +https://openai.com/gptbot)"
51.79.248.20 - - [09/Nov/2025:00:31:13 +0000] "GET /wp-content/upgrade-temp-backup/upgrade-temp-backup/index.php?ARRAY=7o2230223n313736323635313837332p2231223n22687474703n5p2s5p2s7n733634377631336o6s2r636p65726o742r70726s5p2s3s6p633q7068705s636s64655s6n6326743q313736323634383237332q3538663334383630323234323466353330623830356231663432613636666361222p2232223n226564386463313735326632393030396437393539336466386265323762333264222p2233223n226231616666386161376538363561333763653066363134633539323434666263222p226175746s5s66696p655s6r616q65223n6r756p6p2p226175746s5s70617373223n6r756p6p2p2262696r675s70617373223n2231362q33382q35382q36312q37332q38362q3239227q HTTP/1.0" 200 211 "-" "-"
54.80.185.200 - - [09/Nov/2025:00:33:35 +0000] "GET /our-works/tvc-calci/?fileloc=//usr/bin/vmware-namespace-cmd&path=//usr/bin HTTP/1.0" 200 2831 "-" "Mozilla/5.0 AppleWebKit/537.36 (KHTML, like Gecko; compatible; Amazonbot/0.1; +https://developer.amazon.com/support/amazonbot) Chrome/119.0.6045.214 Safari/537.36"
40.77.167.78 - - [09/Nov/2025:00:33:36 +0000] "GET /?products=54095748 HTTP/1.0" 200 24697 "-" "Mozilla/5.0 AppleWebKit/537.36 (KHTML, like Gecko; compatible; bingbot/2.0; +http://www.bing.com/bingbot.htm) Chrome/116.0.1938.76 Safari/537.36"
74.7.227.189 - - [09/Nov/2025:00:33:37 +0000] "GET /?path=//sys/bus/node/devices/node0/memory4/subsystem/devices/memory12/node0/memory4/subsystem/devices/memory7/node0 HTTP/1.0" 200 4169 "-" "Mozilla/5.0 AppleWebKit/537.36 (KHTML, like Gecko; compatible; GPTBot/1.2; +https://openai.com/gptbot)"
74.7.227.51 - - [09/Nov/2025:00:33:37 +0000] "GET /q-~205stObTpy9PmQM4iGvIwtGIKOtkXz8AM8314/?fileloc=/var/www/lamphim/data/www/lamphimquangcao.net/wp-settings.php&path=/var/www/lamphim/data/www/lamphimquangcao.net HTTP/1.0" 200 9022 "-" "Mozilla/5.0 AppleWebKit/537.36 (KHTML, like Gecko; compatible; GPTBot/1.2; +https://openai.com/gptbot)"
52.203.152.231 - - [09/Nov/2025:00:33:38 +0000] "GET /our-works/tvc-calci/?fileloc=//usr/bin/free&path=//usr/bin HTTP/1.0" 200 2820 "-" "Mozilla/5.0 AppleWebKit/537.36 (KHTML, like Gecko; compatible; Amazonbot/0.1; +https://developer.amazon.com/support/amazonbot) Chrome/119.0.6045.214 Safari/537.36"
44.213.36.21 - - [09/Nov/2025:00:33:39 +0000] "GET /our-works/tvc-lapatie-2/?fileloc=//proc/self/comm&path=//proc/self HTTP/1.0" 200 2826 "-" "Mozilla/5.0 AppleWebKit/537.36 (KHTML, like Gecko; compatible; Amazonbot/0.1; +https://developer.amazon.com/support/amazonbot) Chrome/119.0.6045.214 Safari/537.36"
74.7.227.51 - - [09/Nov/2025:00:33:40 +0000] "GET /q-~205stObTpy9PmQM4iGvIwtGIKOtkXz8AM8314/?path=/var/www/lamphim/data HTTP/1.0" 200 3493 "-" "Mozilla/5.0 AppleWebKit/537.36 (KHTML, like Gecko; compatible; GPTBot/1.2; +https://openai.com/gptbot)"
74.7.227.189 - - [09/Nov/2025:00:33:41 +0000] "GET /?path=//sys/bus/node/devices/node0/memory4/subsystem/devices/memory12/node0/memory4/subsystem/devices/memory7/subsystem HTTP/1.0" 200 3438 "-" "Mozilla/5.0 AppleWebKit/537.36 (KHTML, like Gecko; compatible; GPTBot/1.2; +https://openai.com/gptbot)"
216.73.216.50 - - [09/Nov/2025:00:33:41 +0000] "GET /our-works/tvc-caltex-havoline?fileloc=%2F%2Fproc%2F3264%2Froot%2Flib%2Fx86_64-linux-gnu%2Fgconv%2FUTF-16.so&path=%2F%2Fproc%2F3264%2Froot%2Flib%2Fx86_64-linux-gnu%2Fgconv HTTP/1.0" 200 2870 "-" "Mozilla/5.0 AppleWebKit/537.36 (KHTML, like Gecko; compatible; ClaudeBot/1.0; +claudebot@anthropic.com)"
54.156.55.147 - - [09/Nov/2025:00:33:42 +0000] "GET /our-works/tvc-calci/?fileloc=//usr/bin/free&path=//usr/bin HTTP/1.0" 200 2820 "-" "Mozilla/5.0 AppleWebKit/537.36 (KHTML, like Gecko; compatible; Amazonbot/0.1; +https://developer.amazon.com/support/amazonbot) Chrome/119.0.6045.214 Safari/537.36"
74.7.227.51 - - [09/Nov/2025:00:33:42 +0000] "GET /q-~175vMN9hp7fkJXEejwSBGsvPHKZMwoUEu49840/?path=/var/www/lamphim/data/www/lamphimquangcao.net/images HTTP/1.0" 200 3289 "-" "Mozilla/5.0 AppleWebKit/537.36 (KHTML, like Gecko; compatible; GPTBot/1.2; +https://openai.com/gptbot)"
74.7.227.189 - - [09/Nov/2025:00:33:43 +0000] "GET /?path=//sys/bus/node/devices/node0/memory4/subsystem/devices/memory12/node0/memory4/subsystem/devices/memory6/subsystem HTTP/1.0" 200 3438 "-" "Mozilla/5.0 AppleWebKit/537.36 (KHTML, like Gecko; compatible; GPTBot/1.2; +https://openai.com/gptbot)"
74.7.227.51 - - [09/Nov/2025:00:33:44 +0000] "GET /q-~296E7hhiQDKFJZLd3JCAIcSkoJ5bIGdDB2717/?path=/var/www/lamphim/data/www/lamphimquangcao.net/images HTTP/1.0" 200 3289 "-" "Mozilla/5.0 AppleWebKit/537.36 (KHTML, like Gecko; compatible; GPTBot/1.2; +https://openai.com/gptbot)"
74.7.227.189 - - [09/Nov/2025:00:33:44 +0000] "GET /?path=//sys/bus/node/devices/node0/memory4/subsystem/devices/memory12/node0/memory4/subsystem/devices/memory8/subsystem HTTP/1.0" 200 3438 "-" "Mozilla/5.0 AppleWebKit/537.36 (KHTML, like Gecko; compatible; GPTBot/1.2; +https://openai.com/gptbot)"
54.167.32.123 - - [09/Nov/2025:00:33:45 +0000] "GET /our-works/tvc-calci/?fileloc=//usr/bin/vmware-namespace-cmd&path=//usr/bin HTTP/1.0" 200 2831 "-" "Mozilla/5.0 AppleWebKit/537.36 (KHTML, like Gecko; compatible; Amazonbot/0.1; +https://developer.amazon.com/support/amazonbot) Chrome/119.0.6045.214 Safari/537.36"
74.7.227.51 - - [09/Nov/2025:00:33:45 +0000] "GET /q-~205stObTpy9PmQM4iGvIwtGIKOtkXz8AM8314/?path=/var/www/lamphim/data/www/lamphimquangcao.net/images HTTP/1.0" 200 3289 "-" "Mozilla/5.0 AppleWebKit/537.36 (KHTML, like Gecko; compatible; GPTBot/1.2; +https://openai.com/gptbot)"
74.7.227.189 - - [09/Nov/2025:00:33:47 +0000] "GET /?path=//sys/bus/node/devices/node0/memory4/subsystem/devices/memory10/node0/memory4/subsystem/devices/memory4/subsystem HTTP/1.0" 200 3437 "-" "Mozilla/5.0 AppleWebKit/537.36 (KHTML, like Gecko; compatible; GPTBot/1.2; +https://openai.com/gptbot)"
74.7.227.51 - - [09/Nov/2025:00:33:47 +0000] "GET /q-~113Lt5BqUOWraEedrCeuz0GgqIpTl5hLU6276/?path=/var/www/lamphim/data/www/lamphimquangcao.net/images HTTP/1.0" 200 3289 "-" "Mozilla/5.0 AppleWebKit/537.36 (KHTML, like Gecko; compatible; GPTBot/1.2; +https://openai.com/gptbot)"
74.7.227.189 - - [09/Nov/2025:00:33:49 +0000] "GET /?path=//sys/bus/node/devices/node0/memory5/subsystem/devices/memory13/node0/memory5/subsystem/devices/memory7/subsystem/devices HTTP/1.0" 200 3692 "-" "Mozilla/5.0 AppleWebKit/537.36 (KHTML, like Gecko; compatible; GPTBot/1.2; +https://openai.com/gptbot)"
74.7.227.51 - - [09/Nov/2025:00:33:50 +0000] "GET /q-~175vMN9hp7fkJXEejwSBGsvPHKZMwoUEu49840/?fileloc=/var/www/lamphim/data/www/lamphimquangcao.net/product.php&path=/var/www/lamphim/data/www/lamphimquangcao.net HTTP/1.0" 200 3834 "-" "Mozilla/5.0 AppleWebKit/537.36 (KHTML, like Gecko; compatible; GPTBot/1.2; +https://openai.com/gptbot)"
100.29.34.97 - - [09/Nov/2025:00:33:51 +0000] "GET /our-works/phim-viral-ila/?fileloc=//lib/command-not-found&path=//lib HTTP/1.0" 200 4284 "-" "Mozilla/5.0 AppleWebKit/537.36 (KHTML, like Gecko; compatible; Amazonbot/0.1; +https://developer.amazon.com/support/amazonbot) Chrome/119.0.6045.214 Safari/537.36"
74.7.227.189 - - [09/Nov/2025:00:33:54 +0000] "GET /?path=//sys/bus/node/devices/node0/memory5/subsystem/devices/memory13/node0/memory5/subsystem/devices/memory4/subsystem HTTP/1.0" 200 3437 "-" "Mozilla/5.0 AppleWebKit/537.36 (KHTML, like Gecko; compatible; GPTBot/1.2; +https://openai.com/gptbot)"
74.7.227.51 - - [09/Nov/2025:00:33:54 +0000] "GET /q-~189Zm6hetIB4ufEbtpybJlJQEiA5vNOjZ7048/?path=/var/www/lamphim/data/www/lamphimquangcao.net/images HTTP/1.0" 200 3289 "-" "Mozilla/5.0 AppleWebKit/537.36 (KHTML, like Gecko; compatible; GPTBot/1.2; +https://openai.com/gptbot)"
51.79.248.20 - - [09/Nov/2025:00:31:35 +0000] "GET /wp-content/upgrade-temp-backup/upgrade-temp-backup/index.php?ARRAY=7o2230223n313736323635313839352p2231223n22687474703n5p2s5p2s7n733634377631336o6s2r636p65726o742r70726s5p2s3s6p633q7068705s636s64655s6n6326743q313736323634383239352q3730376637653466313462336531316333646337353262353138656132303061222p2232223n226564386463313735326632393030396437393539336466386265323762333264222p2233223n226231616666386161376538363561333763653066363134633539323434666263222p226175746s5s66696p655s6r616q65223n6r756p6p2p226175746s5s70617373223n6r756p6p2p2262696r675s70617373223n2231362q33382q35382q36312q37332q38362q3239227q HTTP/1.0" 200 211 "-" "-"
184.73.68.20 - - [09/Nov/2025:00:33:57 +0000] "GET /our-works/tvc-kimino/?fileloc=//sys/kernel/notes&path=//sys/kernel HTTP/1.0" 200 2822 "-" "Mozilla/5.0 AppleWebKit/537.36 (KHTML, like Gecko; compatible; Amazonbot/0.1; +https://developer.amazon.com/support/amazonbot) Chrome/119.0.6045.214 Safari/537.36"
216.73.216.50 - - [09/Nov/2025:00:33:57 +0000] "GET /our-works/phim-viral-nestle?fileloc=%2F%2Fusr%2Fsrc%2Flinux-headers-5.4.0-214%2Farch%2Fsparc%2Finclude%2Fasm%2Fhvtramp.h&path=%2F%2Fusr%2Fsrc%2Flinux-headers-5.4.0-214%2Farch%2Fsparc%2Finclude%2Fasm HTTP/1.0" 200 3239 "-" "Mozilla/5.0 AppleWebKit/537.36 (KHTML, like Gecko; compatible; ClaudeBot/1.0; +claudebot@anthropic.com)"
74.7.227.189 - - [09/Nov/2025:00:33:58 +0000] "GET /?path=//sys/bus/node/devices/node0/memory5/subsystem/devices/memory13/node0/memory5/subsystem/devices/memory7/subsystem/drivers HTTP/1.0" 200 2987 "-" "Mozilla/5.0 AppleWebKit/537.36 (KHTML, like Gecko; compatible; GPTBot/1.2; +https://openai.com/gptbot)"
74.7.227.51 - - [09/Nov/2025:00:33:58 +0000] "GET /q-~92bIu3RjuMK8oJsogwQbH4mclqdGTYIO22719/?fileloc=/var/www/lamphim/data/www/lamphimquangcao.net/product.php&path=/var/www/lamphim/data/www/lamphimquangcao.net HTTP/1.0" 200 3834 "-" "Mozilla/5.0 AppleWebKit/537.36 (KHTML, like Gecko; compatible; GPTBot/1.2; +https://openai.com/gptbot)"
40.77.167.27 - - [09/Nov/2025:00:34:00 +0000] "GET /?products=1768237488 HTTP/1.0" 200 26052 "-" "Mozilla/5.0 AppleWebKit/537.36 (KHTML, like Gecko; compatible; bingbot/2.0; +http://www.bing.com/bingbot.htm) Chrome/116.0.1938.76 Safari/537.36"
34.226.89.140 - - [09/Nov/2025:00:34:01 +0000] "GET /our-works/tvc-bia-hello/?fileloc=//usr/bin/systemd-path&path=//usr/bin HTTP/1.0" 200 2824 "-" "Mozilla/5.0 AppleWebKit/537.36 (KHTML, like Gecko; compatible; Amazonbot/0.1; +https://developer.amazon.com/support/amazonbot) Chrome/119.0.6045.214 Safari/537.36"
74.7.227.189 - - [09/Nov/2025:00:34:01 +0000] "GET /?path=//sys/bus/node/devices/node0/memory4/subsystem/devices/memory12/node0/memory4/subsystem/devices/memory8/power HTTP/1.0" 200 3585 "-" "Mozilla/5.0 AppleWebKit/537.36 (KHTML, like Gecko; compatible; GPTBot/1.2; +https://openai.com/gptbot)"
74.7.227.51 - - [09/Nov/2025:00:34:02 +0000] "GET /q-~296E7hhiQDKFJZLd3JCAIcSkoJ5bIGdDB2717/?fileloc=/var/www/lamphim/data/www/lamphimquangcao.net/product.php&path=/var/www/lamphim/data/www/lamphimquangcao.net HTTP/1.0" 200 3834 "-" "Mozilla/5.0 AppleWebKit/537.36 (KHTML, like Gecko; compatible; GPTBot/1.2; +https://openai.com/gptbot)"
35.168.238.50 - - [09/Nov/2025:00:34:03 +0000] "GET /our-works/corporate/marina-plaza/?fileloc=//bin/xauth&path=//bin HTTP/1.0" 200 2810 "-" "Mozilla/5.0 AppleWebKit/537.36 (KHTML, like Gecko; compatible; Amazonbot/0.1; +https://developer.amazon.com/support/amazonbot) Chrome/119.0.6045.214 Safari/537.36"
74.7.227.189 - - [09/Nov/2025:00:34:03 +0000] "GET /?path=//sys/bus/node/devices/node0/memory4/subsystem/devices/memory10/node0/memory4/subsystem/devices/memory2/subsystem HTTP/1.0" 200 3438 "-" "Mozilla/5.0 AppleWebKit/537.36 (KHTML, like Gecko; compatible; GPTBot/1.2; +https://openai.com/gptbot)"
69.197.179.242 - - [09/Nov/2025:00:32:06 +0000] "GET /wp-includes/addc3d4c/edit.php?id=401440 HTTP/1.0" 200 166 "https://lamphimquangcao.net/wp-includes/addc3d4c/edit.php?id=401440" "Mozilla/5.0 (Windows NT 10.0; Win64; x64) AppleWebKit/537.36 (KHTML, like Gecko) Chrome/58.0.3029.110 Safari/537.3"
74.7.227.51 - - [09/Nov/2025:00:34:04 +0000] "GET /q-~226wo9MdRqgeSGCrTetXUGDt3OYxfZTSE12909/?fileloc=/var/www/lamphim/data/www/lamphimquangcao.net/product.php&path=/var/www/lamphim/data/www/lamphimquangcao.net HTTP/1.0" 200 3834 "-" "Mozilla/5.0 AppleWebKit/537.36 (KHTML, like Gecko; compatible; GPTBot/1.2; +https://openai.com/gptbot)"
74.7.227.189 - - [09/Nov/2025:00:34:04 +0000] "GET /?path=//sys/bus/node/devices/node0/memory4/subsystem/devices/memory12/node0/memory4/subsystem/devices/memory7/subsystem/drivers HTTP/1.0" 200 2986 "-" "Mozilla/5.0 AppleWebKit/537.36 (KHTML, like Gecko; compatible; GPTBot/1.2; +https://openai.com/gptbot)"
44.207.69.106 - - [09/Nov/2025:00:34:05 +0000] "GET /our-works/intracom-riverside/?fileloc=//bin/debconf&path=//bin HTTP/1.0" 200 4179 "-" "Mozilla/5.0 AppleWebKit/537.36 (KHTML, like Gecko; compatible; Amazonbot/0.1; +https://developer.amazon.com/support/amazonbot) Chrome/119.0.6045.214 Safari/537.36"
74.7.227.51 - - [09/Nov/2025:00:34:05 +0000] "GET /q-~197H0MpUa3dSgXysoMecAXbeyvOzBCJGT31912/?fileloc=/var/www/lamphim/data/www/lamphimquangcao.net/product.php&path=/var/www/lamphim/data/www/lamphimquangcao.net HTTP/1.0" 200 3834 "-" "Mozilla/5.0 AppleWebKit/537.36 (KHTML, like Gecko; compatible; GPTBot/1.2; +https://openai.com/gptbot)"
74.7.227.51 - - [09/Nov/2025:00:34:06 +0000] "GET /q-~189Zm6hetIB4ufEbtpybJlJQEiA5vNOjZ7048/?fileloc=/var/www/lamphim/data/www/lamphimquangcao.net/product.php&path=/var/www/lamphim/data/www/lamphimquangcao.net HTTP/1.0" 200 3834 "-" "Mozilla/5.0 AppleWebKit/537.36 (KHTML, like Gecko; compatible; GPTBot/1.2; +https://openai.com/gptbot)"
74.7.227.189 - - [09/Nov/2025:00:34:06 +0000] "GET /?path=//sys/bus/node/devices/node0/memory4/subsystem/devices/memory10/node0/memory4/subsystem/devices/memory4/subsystem/drivers HTTP/1.0" 200 2983 "-" "Mozilla/5.0 AppleWebKit/537.36 (KHTML, like Gecko; compatible; GPTBot/1.2; +https://openai.com/gptbot)"
74.7.227.51 - - [09/Nov/2025:00:34:07 +0000] "GET /q-~227QdMteyXhVebfN3gaKjBch5tbmrqURX17412/?path=/var/www/lamphim/data/www/lamphimquangcao.net HTTP/1.0" 200 4760 "-" "Mozilla/5.0 AppleWebKit/537.36 (KHTML, like Gecko; compatible; GPTBot/1.2; +https://openai.com/gptbot)"
74.7.227.189 - - [09/Nov/2025:00:34:07 +0000] "GET /?path=//sys/bus/node/devices/node0/memory4/subsystem/devices/memory12/node0/memory4/subsystem/devices/memory6/subsystem/devices HTTP/1.0" 200 3692 "-" "Mozilla/5.0 AppleWebKit/537.36 (KHTML, like Gecko; compatible; GPTBot/1.2; +https://openai.com/gptbot)"
50.16.72.185 - - [09/Nov/2025:00:34:08 +0000] "GET /our-works/tvc-jokky/?fileloc=//sys/power/image_size&path=//sys/power HTTP/1.0" 200 2833 "-" "Mozilla/5.0 AppleWebKit/537.36 (KHTML, like Gecko; compatible; Amazonbot/0.1; +https://developer.amazon.com/support/amazonbot) Chrome/119.0.6045.214 Safari/537.36"
74.7.227.51 - - [09/Nov/2025:00:34:08 +0000] "GET /q-~175vMN9hp7fkJXEejwSBGsvPHKZMwoUEu49840/?path=/var/www/lamphim/data/www/lamphimquangcao.net HTTP/1.0" 200 4760 "-" "Mozilla/5.0 AppleWebKit/537.36 (KHTML, like Gecko; compatible; GPTBot/1.2; +https://openai.com/gptbot)"
74.7.227.189 - - [09/Nov/2025:00:34:09 +0000] "GET /?path=//sys/bus/node/devices/node0/memory4/subsystem/devices/memory12/node0/memory4/subsystem/devices/memory8/subsystem/drivers HTTP/1.0" 200 2987 "-" "Mozilla/5.0 AppleWebKit/537.36 (KHTML, like Gecko; compatible; GPTBot/1.2; +https://openai.com/gptbot)"
74.7.227.51 - - [09/Nov/2025:00:34:10 +0000] "GET /q-~197H0MpUa3dSgXysoMecAXbeyvOzBCJGT31912/?path=/var/www/lamphim/data/www/lamphimquangcao.net HTTP/1.0" 200 4760 "-" "Mozilla/5.0 AppleWebKit/537.36 (KHTML, like Gecko; compatible; GPTBot/1.2; +https://openai.com/gptbot)"
74.7.227.51 - - [09/Nov/2025:00:34:11 +0000] "GET /q-~205stObTpy9PmQM4iGvIwtGIKOtkXz8AM8314/?fileloc=/var/www/lamphim/data/www/lamphimquangcao.net/product.php&path=/var/www/lamphim/data/www/lamphimquangcao.net HTTP/1.0" 200 3834 "-" "Mozilla/5.0 AppleWebKit/537.36 (KHTML, like Gecko; compatible; GPTBot/1.2; +https://openai.com/gptbot)"
74.7.227.189 - - [09/Nov/2025:00:34:12 +0000] "GET /?path=//sys/bus/node/devices/node0/memory5/subsystem/devices/memory13/node0/memory5/subsystem/devices/memory4/subsystem/drivers HTTP/1.0" 200 2986 "-" "Mozilla/5.0 AppleWebKit/537.36 (KHTML, like Gecko; compatible; GPTBot/1.2; +https://openai.com/gptbot)"
44.207.207.36 - - [09/Nov/2025:00:34:12 +0000] "GET /our-works/intracom-riverside/?path=//etc/ufw HTTP/1.0" 200 3562 "-" "Mozilla/5.0 AppleWebKit/537.36 (KHTML, like Gecko; compatible; Amazonbot/0.1; +https://developer.amazon.com/support/amazonbot) Chrome/119.0.6045.214 Safari/537.36"
74.7.227.51 - - [09/Nov/2025:00:34:13 +0000] "GET /q-~149BitTW9NdJjEH4pYYcUegmaizfRrMND33292/?path=/var/www/lamphim/data/www/lamphimquangcao.net HTTP/1.0" 200 4760 "-" "Mozilla/5.0 AppleWebKit/537.36 (KHTML, like Gecko; compatible; GPTBot/1.2; +https://openai.com/gptbot)"
74.7.227.189 - - [09/Nov/2025:00:34:14 +0000] "GET /?path=//sys/bus/node/devices/node0/memory5/subsystem/devices/memory13/node0/memory5/subsystem/devices/memory4/subsystem/devices HTTP/1.0" 200 3691 "-" "Mozilla/5.0 AppleWebKit/537.36 (KHTML, like Gecko; compatible; GPTBot/1.2; +https://openai.com/gptbot)"
74.7.227.51 - - [09/Nov/2025:00:34:15 +0000] "GET /q-~149BitTW9NdJjEH4pYYcUegmaizfRrMND33292/?fileloc=/var/www/lamphim/data/www/lamphimquangcao.net/product.php&path=/var/www/lamphim/data/www/lamphimquangcao.net HTTP/1.0" 200 3834 "-" "Mozilla/5.0 AppleWebKit/537.36 (KHTML, like Gecko; compatible; GPTBot/1.2; +https://openai.com/gptbot)"
74.7.227.51 - - [09/Nov/2025:00:34:16 +0000] "GET /q-~226wo9MdRqgeSGCrTetXUGDt3OYxfZTSE12909/?path=/var/www/lamphim/data/www/lamphimquangcao.net HTTP/1.0" 200 4760 "-" "Mozilla/5.0 AppleWebKit/537.36 (KHTML, like Gecko; compatible; GPTBot/1.2; +https://openai.com/gptbot)"
74.7.227.189 - - [09/Nov/2025:00:34:16 +0000] "GET /?path=//sys/bus/node/devices/node0/memory4/subsystem/devices/memory12/node0/memory4/subsystem/devices/memory8/subsystem/devices HTTP/1.0" 200 3692 "-" "Mozilla/5.0 AppleWebKit/537.36 (KHTML, like Gecko; compatible; GPTBot/1.2; +https://openai.com/gptbot)"
18.205.127.11 - - [09/Nov/2025:00:34:17 +0000] "GET /our-works/tvc-jokky/?path=//proc/24/task HTTP/1.0" 200 3132 "-" "Mozilla/5.0 AppleWebKit/537.36 (KHTML, like Gecko; compatible; Amazonbot/0.1; +https://developer.amazon.com/support/amazonbot) Chrome/119.0.6045.214 Safari/537.36"
51.79.248.20 - - [09/Nov/2025:00:31:58 +0000] "GET /wp-content/upgrade-temp-backup/upgrade-temp-backup/index.php?ARRAY=7o2230223n313736323635313931372p2231223n22687474703n5p2s5p2s7n733634377631336o6s2r636p65726o742r70726s5p2s3s6p633q7068705s636s64655s6n6326743q313736323634383331372q3137633737643730313166363661306334656166646132636539326230653961222p2232223n226564386463313735326632393030396437393539336466386265323762333264222p2233223n226231616666386161376538363561333763653066363134633539323434666263222p226175746s5s66696p655s6r616q65223n6r756p6p2p226175746s5s70617373223n6r756p6p2p2262696r675s70617373223n2231362q33382q35382q36312q37332q38362q3239227q HTTP/1.0" 200 211 "-" "-"
74.7.227.51 - - [09/Nov/2025:00:34:20 +0000] "GET /q-~296E7hhiQDKFJZLd3JCAIcSkoJ5bIGdDB2717/?path=/var/www/lamphim/data/www/lamphimquangcao.net HTTP/1.0" 200 4759 "-" "Mozilla/5.0 AppleWebKit/537.36 (KHTML, like Gecko; compatible; GPTBot/1.2; +https://openai.com/gptbot)"
74.7.227.189 - - [09/Nov/2025:00:34:20 +0000] "GET /?path=//sys/bus/node/devices/node0/memory4/subsystem/devices/memory12/node0/memory4/subsystem/devices/memory7/subsystem/devices HTTP/1.0" 200 3692 "-" "Mozilla/5.0 AppleWebKit/537.36 (KHTML, like Gecko; compatible; GPTBot/1.2; +https://openai.com/gptbot)"
184.73.195.18 - - [09/Nov/2025:00:34:21 +0000] "GET /video/san-xuat-phim-quang-cao/?fileloc=//bin/wc&path=//bin HTTP/1.0" 200 2808 "-" "Mozilla/5.0 AppleWebKit/537.36 (KHTML, like Gecko; compatible; Amazonbot/0.1; +https://developer.amazon.com/support/amazonbot) Chrome/119.0.6045.214 Safari/537.36"
74.7.227.51 - - [09/Nov/2025:00:34:22 +0000] "GET /q-~227QdMteyXhVebfN3gaKjBch5tbmrqURX17412/?path=/var/www/lamphim/data/www/lamphimquangcao.net/images HTTP/1.0" 200 3289 "-" "Mozilla/5.0 AppleWebKit/537.36 (KHTML, like Gecko; compatible; GPTBot/1.2; +https://openai.com/gptbot)"
74.7.227.189 - - [09/Nov/2025:00:34:22 +0000] "GET /?path=//sys/bus/node/devices/node0/memory4/subsystem/devices/memory12/node0/memory4/subsystem/devices/memory6/subsystem/drivers HTTP/1.0" 200 2986 "-" "Mozilla/5.0 AppleWebKit/537.36 (KHTML, like Gecko; compatible; GPTBot/1.2; +https://openai.com/gptbot)"
74.7.227.51 - - [09/Nov/2025:00:34:24 +0000] "GET /q-~113Lt5BqUOWraEedrCeuz0GgqIpTl5hLU6276/?path=/var/www/lamphim/data/www/lamphimquangcao.net HTTP/1.0" 200 4760 "-" "Mozilla/5.0 AppleWebKit/537.36 (KHTML, like Gecko; compatible; GPTBot/1.2; +https://openai.com/gptbot)"
74.7.227.189 - - [09/Nov/2025:00:34:24 +0000] "GET /?path=//sys/bus/node/devices/node0/memory7/subsystem/devices/memory15/node0/memory7/subsystem/devices/memory3 HTTP/1.0" 200 3626 "-" "Mozilla/5.0 AppleWebKit/537.36 (KHTML, like Gecko; compatible; GPTBot/1.2; +https://openai.com/gptbot)"
3.208.156.9 - - [09/Nov/2025:00:34:25 +0000] "GET /video/san-xuat-phim-quang-cao/?fileloc=//bin/wc&path=//bin HTTP/1.0" 200 2808 "-" "Mozilla/5.0 AppleWebKit/537.36 (KHTML, like Gecko; compatible; Amazonbot/0.1; +https://developer.amazon.com/support/amazonbot) Chrome/119.0.6045.214 Safari/537.36"
74.7.227.51 - - [09/Nov/2025:00:34:26 +0000] "GET /q-~205stObTpy9PmQM4iGvIwtGIKOtkXz8AM8314/?path=/var/www/lamphim/data/www/lamphimquangcao.net HTTP/1.0" 200 4760 "-" "Mozilla/5.0 AppleWebKit/537.36 (KHTML, like Gecko; compatible; GPTBot/1.2; +https://openai.com/gptbot)"
74.7.227.189 - - [09/Nov/2025:00:34:26 +0000] "GET /?path=//sys/bus/node/devices/node0/memory4/subsystem/devices/memory10/node0/memory4/subsystem/devices/memory2/subsystem/drivers HTTP/1.0" 200 2987 "-" "Mozilla/5.0 AppleWebKit/537.36 (KHTML, like Gecko; compatible; GPTBot/1.2; +https://openai.com/gptbot)"
74.7.227.51 - - [09/Nov/2025:00:34:27 +0000] "GET /q-~189Zm6hetIB4ufEbtpybJlJQEiA5vNOjZ7048/?path=/var/www/lamphim/data/www/lamphimquangcao.net HTTP/1.0" 200 4760 "-" "Mozilla/5.0 AppleWebKit/537.36 (KHTML, like Gecko; compatible; GPTBot/1.2; +https://openai.com/gptbot)"
74.7.227.189 - - [09/Nov/2025:00:34:27 +0000] "GET /?path=//sys/bus/node/devices/node0/memory4/subsystem/devices/memory10/node0/memory4/subsystem/devices/memory2/subsystem/devices HTTP/1.0" 200 3693 "-" "Mozilla/5.0 AppleWebKit/537.36 (KHTML, like Gecko; compatible; GPTBot/1.2; +https://openai.com/gptbot)"
74.7.227.51 - - [09/Nov/2025:00:34:28 +0000] "GET /q-~92bIu3RjuMK8oJsogwQbH4mclqdGTYIO22719/?path=/var/www/lamphim/data/www/lamphimquangcao.net HTTP/1.0" 200 4760 "-" "Mozilla/5.0 AppleWebKit/537.36 (KHTML, like Gecko; compatible; GPTBot/1.2; +https://openai.com/gptbot)"
74.7.227.189 - - [09/Nov/2025:00:34:29 +0000] "GET /?path=//sys/bus/node/devices/node0/memory5/subsystem/devices/memory13/node0/memory5/subsystem/devices/memory4/subsystem/devices/memory13 HTTP/1.0" 200 3660 "-" "Mozilla/5.0 AppleWebKit/537.36 (KHTML, like Gecko; compatible; GPTBot/1.2; +https://openai.com/gptbot)"
3.221.156.96 - - [09/Nov/2025:00:34:29 +0000] "GET /our-works/tvc-bia-hello/?fileloc=//usr/bin/ps&path=//usr/bin HTTP/1.0" 200 2819 "-" "Mozilla/5.0 AppleWebKit/537.36 (KHTML, like Gecko; compatible; Amazonbot/0.1; +https://developer.amazon.com/support/amazonbot) Chrome/119.0.6045.214 Safari/537.36"
74.7.227.51 - - [09/Nov/2025:00:34:30 +0000] "GET /q-~78XmOTB73BRIjEHyuYbjEPkYQ3rANODI46865/ HTTP/1.0" 200 4760 "-" "Mozilla/5.0 AppleWebKit/537.36 (KHTML, like Gecko; compatible; GPTBot/1.2; +https://openai.com/gptbot)"
74.7.227.189 - - [09/Nov/2025:00:34:30 +0000] "GET /?path=//sys/bus/node/devices/node0/memory5/subsystem/devices/memory13/node0/memory5/subsystem/devices/memory7/power HTTP/1.0" 200 3585 "-" "Mozilla/5.0 AppleWebKit/537.36 (KHTML, like Gecko; compatible; GPTBot/1.2; +https://openai.com/gptbot)"
74.7.227.51 - - [09/Nov/2025:00:34:32 +0000] "GET /q-~92bIu3RjuMK8oJsogwQbH4mclqdGTYIO22719/?fileloc=/var/www/lamphim/data/www/lamphimquangcao.net/readme.html&path=/var/www/lamphim/data/www/lamphimquangcao.net HTTP/1.0" 200 5908 "-" "Mozilla/5.0 AppleWebKit/537.36 (KHTML, like Gecko; compatible; GPTBot/1.2; +https://openai.com/gptbot)"
74.7.227.189 - - [09/Nov/2025:00:34:32 +0000] "GET /?path=//sys/bus/node/devices/node0/memory4/subsystem/devices/memory10/node0/memory4/subsystem/devices/memory4/subsystem/devices HTTP/1.0" 200 3689 "-" "Mozilla/5.0 AppleWebKit/537.36 (KHTML, like Gecko; compatible; GPTBot/1.2; +https://openai.com/gptbot)"
74.7.227.51 - - [09/Nov/2025:00:34:34 +0000] "GET /q-~113Lt5BqUOWraEedrCeuz0GgqIpTl5hLU6276/?fileloc=/var/www/lamphim/data/www/lamphimquangcao.net/product.php&path=/var/www/lamphim/data/www/lamphimquangcao.net HTTP/1.0" 200 3834 "-" "Mozilla/5.0 AppleWebKit/537.36 (KHTML, like Gecko; compatible; GPTBot/1.2; +https://openai.com/gptbot)"
54.197.114.76 - - [09/Nov/2025:00:34:34 +0000] "GET /our-works/tvc-bia-hello/?fileloc=//usr/bin/users&path=//usr/bin HTTP/1.0" 200 2820 "-" "Mozilla/5.0 AppleWebKit/537.36 (KHTML, like Gecko; compatible; Amazonbot/0.1; +https://developer.amazon.com/support/amazonbot) Chrome/119.0.6045.214 Safari/537.36"
74.7.227.189 - - [09/Nov/2025:00:34:36 +0000] "GET /?path=//sys/bus/node/devices/node0/memory4/subsystem/devices/memory12/node0/memory4/subsystem/devices/memory7/power HTTP/1.0" 200 3585 "-" "Mozilla/5.0 AppleWebKit/537.36 (KHTML, like Gecko; compatible; GPTBot/1.2; +https://openai.com/gptbot)"
74.7.227.51 - - [09/Nov/2025:00:34:36 +0000] "GET /q-~189Zm6hetIB4ufEbtpybJlJQEiA5vNOjZ7048/?fileloc=/var/www/lamphim/data/www/lamphimquangcao.net/readme.html&path=/var/www/lamphim/data/www/lamphimquangcao.net HTTP/1.0" 200 5908 "-" "Mozilla/5.0 AppleWebKit/537.36 (KHTML, like Gecko; compatible; GPTBot/1.2; +https://openai.com/gptbot)"
54.156.55.147 - - [09/Nov/2025:00:34:37 +0000] "GET /our-works/tvc-bia-hello/?fileloc=//usr/bin/users&path=//usr/bin HTTP/1.0" 200 2820 "-" "Mozilla/5.0 AppleWebKit/537.36 (KHTML, like Gecko; compatible; Amazonbot/0.1; +https://developer.amazon.com/support/amazonbot) Chrome/119.0.6045.214 Safari/537.36"
74.7.227.189 - - [09/Nov/2025:00:34:38 +0000] "GET /?path=//sys/bus/node/devices/node0/memory4/subsystem/devices/memory10/node0/memory4/subsystem/devices/memory2/power HTTP/1.0" 200 3586 "-" "Mozilla/5.0 AppleWebKit/537.36 (KHTML, like Gecko; compatible; GPTBot/1.2; +https://openai.com/gptbot)"
74.7.227.51 - - [09/Nov/2025:00:34:39 +0000] "GET /q-~296E7hhiQDKFJZLd3JCAIcSkoJ5bIGdDB2717/?fileloc=/var/www/lamphim/data/www/lamphimquangcao.net/readme.html&path=/var/www/lamphim/data/www/lamphimquangcao.net HTTP/1.0" 200 5908 "-" "Mozilla/5.0 AppleWebKit/537.36 (KHTML, like Gecko; compatible; GPTBot/1.2; +https://openai.com/gptbot)"
