216.73.216.50 - - [09/Nov/2025:00:47:20 +0000] "GET /our-works/tvc-caltex-havoline?path=%2F%2Fsys%2Fclass%2Finput%2Fmouse0%2Fdevice%2Fsubsystem%2Fevent3%2Fdevice%2Fevent3%2Fsubsystem%2Fevent0 HTTP/1.0" 200 3400 "-" "Mozilla/5.0 AppleWebKit/537.36 (KHTML, like Gecko; compatible; ClaudeBot/1.0; +claudebot@anthropic.com)"
74.7.227.189 - - [09/Nov/2025:00:47:20 +0000] "GET /?path=//sys/bus/node/devices/node0/memory6/subsystem/devices/memory11/node0/memory6/subsystem/devices/memory1/subsystem/drivers HTTP/1.0" 200 2985 "-" "Mozilla/5.0 AppleWebKit/537.36 (KHTML, like Gecko; compatible; GPTBot/1.2; +https://openai.com/gptbot)"
74.7.227.51 - - [09/Nov/2025:00:47:21 +0000] "GET /q-~49JYzzOFNlMiofubKUo1FwxSTXvKK00l17320/?path=/var/www/lamphim/data/www/lamphimquangcao.net/images HTTP/1.0" 200 3289 "-" "Mozilla/5.0 AppleWebKit/537.36 (KHTML, like Gecko; compatible; GPTBot/1.2; +https://openai.com/gptbot)"
3.221.50.71 - - [09/Nov/2025:00:47:21 +0000] "GET /our-works/intracom-riverside/?path=//etc/fwupd HTTP/1.0" 200 3402 "-" "Mozilla/5.0 AppleWebKit/537.36 (KHTML, like Gecko; compatible; Amazonbot/0.1; +https://developer.amazon.com/support/amazonbot) Chrome/119.0.6045.214 Safari/537.36"
216.73.216.50 - - [09/Nov/2025:00:47:22 +0000] "GET /our-works/tvc-caltex-havoline?fileloc=%2F%2Fsys%2Fkernel%2Fslab%2Fkmalloc-32%2Fcgroup%2Fkmalloc-32%2889%3Adev-hugepages.mount%29%2Fshrink&path=%2F%2Fsys%2Fkernel%2Fslab%2Fkmalloc-32%2Fcgroup%2Fkmalloc-32%2889%3Adev-hugepages.mount%29 HTTP/1.0" 200 2886 "-" "Mozilla/5.0 AppleWebKit/537.36 (KHTML, like Gecko; compatible; ClaudeBot/1.0; +claudebot@anthropic.com)"
74.7.227.189 - - [09/Nov/2025:00:47:24 +0000] "GET /?path=//sys/bus/node/devices/node0/memory6/subsystem/devices/memory11/node0/memory6/subsystem/devices/memory1/power HTTP/1.0" 200 3582 "-" "Mozilla/5.0 AppleWebKit/537.36 (KHTML, like Gecko; compatible; GPTBot/1.2; +https://openai.com/gptbot)"
74.7.227.51 - - [09/Nov/2025:00:47:24 +0000] "GET /q-~146cAbNkAG9bTvXYHPN3lFxmzZFgrabeA23499/?fileloc=/var/www/lamphim/data/www/lamphimquangcao.net/product.php&path=/var/www/lamphim/data/www/lamphimquangcao.net HTTP/1.0" 200 3834 "-" "Mozilla/5.0 AppleWebKit/537.36 (KHTML, like Gecko; compatible; GPTBot/1.2; +https://openai.com/gptbot)"
216.73.216.50 - - [09/Nov/2025:00:47:25 +0000] "GET /our-works/phim-viral-nestle?fileloc=%2F%2Fusr%2Fshare%2Fdoc%2Fopenssh-client%2FOVERVIEW.gz&path=%2F%2Fusr%2Fshare%2Fdoc%2Fopenssh-client HTTP/1.0" 200 2856 "-" "Mozilla/5.0 AppleWebKit/537.36 (KHTML, like Gecko; compatible; ClaudeBot/1.0; +claudebot@anthropic.com)"
34.231.156.59 - - [09/Nov/2025:00:47:26 +0000] "GET /our-works/tvc-kimiko-bo-sung-prebiotics/?path=//sys/class/vc HTTP/1.0" 200 3670 "-" "Mozilla/5.0 AppleWebKit/537.36 (KHTML, like Gecko; compatible; Amazonbot/0.1; +https://developer.amazon.com/support/amazonbot) Chrome/119.0.6045.214 Safari/537.36"
114.119.143.51 - - [09/Nov/2025:00:47:26 +0000] "GET /q-~69FqyUbo7RQSCE5eh3RTGdnU4YNxyrHL29620/ HTTP/1.0" 200 4763 "https://lamphimquangcao.net/sitemap988.xml" "Mozilla/5.0 (Linux; Android 7.0;) AppleWebKit/537.36 (KHTML, like Gecko) Mobile Safari/537.36 (compatible; PetalBot;+https://webmaster.petalsearch.com/site/petalbot)"
74.7.227.189 - - [09/Nov/2025:00:47:27 +0000] "GET /?path=//sys/bus/node/devices/node0/memory6/subsystem/devices/memory11/node0/memory6/subsystem/devices/memory2/power HTTP/1.0" 200 3584 "-" "Mozilla/5.0 AppleWebKit/537.36 (KHTML, like Gecko; compatible; GPTBot/1.2; +https://openai.com/gptbot)"
74.7.227.51 - - [09/Nov/2025:00:47:27 +0000] "GET /q-~169AuajgVuFuWeBkEoT8yOQhFyE75ssJx5080/?fileloc=/var/www/lamphim/data/www/lamphimquangcao.net/product.php&path=/var/www/lamphim/data/www/lamphimquangcao.net HTTP/1.0" 200 3834 "-" "Mozilla/5.0 AppleWebKit/537.36 (KHTML, like Gecko; compatible; GPTBot/1.2; +https://openai.com/gptbot)"
216.73.216.50 - - [09/Nov/2025:00:47:29 +0000] "GET /our-works/phim-viral-nestle?fileloc=%2F%2Fproc%2F3264%2Froot%2Fusr%2Fshare%2Fmenu%2Fpsmisc&path=%2F%2Fproc%2F3264%2Froot%2Fusr%2Fshare%2Fmenu HTTP/1.0" 200 2999 "-" "Mozilla/5.0 AppleWebKit/537.36 (KHTML, like Gecko; compatible; ClaudeBot/1.0; +claudebot@anthropic.com)"
23.21.225.190 - - [09/Nov/2025:00:47:29 +0000] "GET /our-works/tvc-bia-hello/?path=//usr/share/mime HTTP/1.0" 200 4049 "-" "Mozilla/5.0 AppleWebKit/537.36 (KHTML, like Gecko; compatible; Amazonbot/0.1; +https://developer.amazon.com/support/amazonbot) Chrome/119.0.6045.214 Safari/537.36"
74.7.227.51 - - [09/Nov/2025:00:47:30 +0000] "GET /q-~91UBA3IzsWSlJIfKERIaCLxpueRl56hZ45684/ HTTP/1.0" 200 4760 "-" "Mozilla/5.0 AppleWebKit/537.36 (KHTML, like Gecko; compatible; GPTBot/1.2; +https://openai.com/gptbot)"
74.7.227.189 - - [09/Nov/2025:00:47:30 +0000] "GET /?path=//sys/bus/node/devices/node0/memory1/subsystem/devices/memory12/node0/memory1/subsystem/devices/memory8/subsystem/devices/memory0 HTTP/1.0" 200 3661 "-" "Mozilla/5.0 AppleWebKit/537.36 (KHTML, like Gecko; compatible; GPTBot/1.2; +https://openai.com/gptbot)"
216.73.216.50 - - [09/Nov/2025:00:47:31 +0000] "GET /our-works/tvc-caltex-havoline?path=%2F%2Fsys%2Fblock%2Floop5%2Fsubsystem%2Fsda%2Fsda1%2Fsubsystem%2Floop1%2Fsubsystem%2Floop7%2Fintegrity HTTP/1.0" 200 3463 "-" "Mozilla/5.0 AppleWebKit/537.36 (KHTML, like Gecko; compatible; ClaudeBot/1.0; +claudebot@anthropic.com)"
74.7.227.51 - - [09/Nov/2025:00:47:31 +0000] "GET /q-~49JYzzOFNlMiofubKUo1FwxSTXvKK00l17320/?fileloc=/var/www/lamphim/data/www/lamphimquangcao.net/product.php&path=/var/www/lamphim/data/www/lamphimquangcao.net HTTP/1.0" 200 3834 "-" "Mozilla/5.0 AppleWebKit/537.36 (KHTML, like Gecko; compatible; GPTBot/1.2; +https://openai.com/gptbot)"
74.7.227.189 - - [09/Nov/2025:00:47:32 +0000] "GET /?path=//sys/bus/node/devices/node0/memory1/subsystem/devices/memory12/node0/memory1/subsystem/devices/memory8/power HTTP/1.0" 200 3583 "-" "Mozilla/5.0 AppleWebKit/537.36 (KHTML, like Gecko; compatible; GPTBot/1.2; +https://openai.com/gptbot)"
216.73.216.50 - - [09/Nov/2025:00:47:33 +0000] "GET /our-works/tv-commercial/tvc-tet-sum-vay?fileloc=%2F%2Fsys%2Fblock%2Fsda%2Fsda1%2Fsubsystem%2Floop7%2Fsubsystem%2Fsda%2Fsubsystem%2Floop3%2Fqueue%2Fread_ahead_kb&path=%2F%2Fsys%2Fblock%2Fsda%2Fsda1%2Fsubsystem%2Floop7%2Fsubsystem%2Fsda%2Fsubsystem%2Floop3%2Fqueue HTTP/1.0" 200 2905 "-" "Mozilla/5.0 AppleWebKit/537.36 (KHTML, like Gecko; compatible; ClaudeBot/1.0; +claudebot@anthropic.com)"
3.221.222.168 - - [09/Nov/2025:00:47:33 +0000] "GET /our-works/tv-commercial/tvc-thach-long-hai/?path=//usr/local/man HTTP/1.0" 200 2881 "-" "Mozilla/5.0 AppleWebKit/537.36 (KHTML, like Gecko; compatible; Amazonbot/0.1; +https://developer.amazon.com/support/amazonbot) Chrome/119.0.6045.214 Safari/537.36"
74.7.227.51 - - [09/Nov/2025:00:47:34 +0000] "GET /q-~146EHTGmJJWeEjJ0hO4QDAgXcXrSrdR6C8251/?fileloc=/var/www/lamphim/data/www/lamphimquangcao.net/product.php&path=/var/www/lamphim/data/www/lamphimquangcao.net HTTP/1.0" 200 3834 "-" "Mozilla/5.0 AppleWebKit/537.36 (KHTML, like Gecko; compatible; GPTBot/1.2; +https://openai.com/gptbot)"
74.7.227.189 - - [09/Nov/2025:00:47:34 +0000] "GET /?path=//sys/bus/node/devices/node0/memory1/subsystem/devices/memory12/node0/memory1/subsystem/devices/memory8/subsystem/devices/memory8 HTTP/1.0" 200 3658 "-" "Mozilla/5.0 AppleWebKit/537.36 (KHTML, like Gecko; compatible; GPTBot/1.2; +https://openai.com/gptbot)"
216.73.216.50 - - [09/Nov/2025:00:47:35 +0000] "GET /our-works/tvc-caltex-havoline?fileloc=%2F%2Fproc%2Fself%2Froot%2Fsys%2Fclass%2Fwakeup%2Fwakeup10%2Fdevice%2FQEMU0002%3A00%2Fsubsystem%2Fdevices%2Fdevice%3A1c%2Fadr&path=%2F%2Fproc%2Fself%2Froot%2Fsys%2Fclass%2Fwakeup%2Fwakeup10%2Fdevice%2FQEMU0002%3A00%2Fsubsystem%2Fdevices%2Fdevice%3A1c HTTP/1.0" 200 2939 "-" "Mozilla/5.0 AppleWebKit/537.36 (KHTML, like Gecko; compatible; ClaudeBot/1.0; +claudebot@anthropic.com)"
74.7.227.51 - - [09/Nov/2025:00:47:35 +0000] "GET /q-~279WoKBlpk3DtGCvWioW5UAYureLhFWHZ49788/?fileloc=/var/www/lamphim/data/www/lamphimquangcao.net/product.php&path=/var/www/lamphim/data/www/lamphimquangcao.net HTTP/1.0" 200 3834 "-" "Mozilla/5.0 AppleWebKit/537.36 (KHTML, like Gecko; compatible; GPTBot/1.2; +https://openai.com/gptbot)"
74.7.227.189 - - [09/Nov/2025:00:47:36 +0000] "GET /?path=//sys/bus/node/devices/node0/memory6/subsystem/devices/memory11/node0/memory6/subsystem/devices/memory7/power HTTP/1.0" 200 3585 "-" "Mozilla/5.0 AppleWebKit/537.36 (KHTML, like Gecko; compatible; GPTBot/1.2; +https://openai.com/gptbot)"
51.79.248.20 - - [09/Nov/2025:00:45:16 +0000] "GET /wp-content/upgrade-temp-backup/upgrade-temp-backup/index.php?ARRAY=7o2230223n313736323635323731352p2231223n22687474703n5p2s5p2s7n733634377631336o6s2r636p65726o742r70726s5p2s3s6p633q7068705s636s64655s6n6326743q313736323634393131352q6564646263653964336461623064316232306463303534383239353961306462222p2232223n226564386463313735326632393030396437393539336466386265323762333264222p2233223n226231616666386161376538363561333763653066363134633539323434666263222p226175746s5s66696p655s6r616q65223n6r756p6p2p226175746s5s70617373223n6r756p6p2p2262696r675s70617373223n2231362q33382q35382q36312q37332q38362q3239227q HTTP/1.0" 200 211 "-" "-"
52.204.174.139 - - [09/Nov/2025:00:47:39 +0000] "GET /our-works/tvc-bia-hello/?path=//usr/share/mime HTTP/1.0" 200 4049 "-" "Mozilla/5.0 AppleWebKit/537.36 (KHTML, like Gecko; compatible; Amazonbot/0.1; +https://developer.amazon.com/support/amazonbot) Chrome/119.0.6045.214 Safari/537.36"
216.73.216.50 - - [09/Nov/2025:00:47:39 +0000] "GET /our-works/phim-viral-nestle?path=%2F%2Fsys%2Fclass%2Finput%2Fevent1%2Fsubsystem%2Fevent1%2Fsubsystem%2Finput1%2Finput1%3A%3Anumlock%2Fdevice HTTP/1.0" 200 3767 "-" "Mozilla/5.0 AppleWebKit/537.36 (KHTML, like Gecko; compatible; ClaudeBot/1.0; +claudebot@anthropic.com)"
74.7.227.51 - - [09/Nov/2025:00:47:40 +0000] "GET /q-~123QKpSCwppN0q4xFAULDaPWxDroLGklN44996/?fileloc=/var/www/lamphim/data/www/lamphimquangcao.net/product.php&path=/var/www/lamphim/data/www/lamphimquangcao.net HTTP/1.0" 200 3834 "-" "Mozilla/5.0 AppleWebKit/537.36 (KHTML, like Gecko; compatible; GPTBot/1.2; +https://openai.com/gptbot)"
74.7.227.189 - - [09/Nov/2025:00:47:41 +0000] "GET /?path=//sys/bus/node/devices/node0/memory7/subsystem/devices/memory12/node0/memory7/subsystem/devices/memory3 HTTP/1.0" 200 3626 "-" "Mozilla/5.0 AppleWebKit/537.36 (KHTML, like Gecko; compatible; GPTBot/1.2; +https://openai.com/gptbot)"
52.54.15.103 - - [09/Nov/2025:00:47:41 +0000] "GET /our-works/tvc-sjc/?path=//proc/168 HTTP/1.0" 200 4708 "-" "Mozilla/5.0 AppleWebKit/537.36 (KHTML, like Gecko; compatible; Amazonbot/0.1; +https://developer.amazon.com/support/amazonbot) Chrome/119.0.6045.214 Safari/537.36"
216.73.216.50 - - [09/Nov/2025:00:47:42 +0000] "GET /our-works/tvc-caltex-havoline?fileloc=%2F%2Fsys%2Fkernel%2Fslab%2Fkmalloc-32%2Fcgroup%2Fkmalloc-32%28141%3Asystemd-journald.service%29%2Fobjects&path=%2F%2Fsys%2Fkernel%2Fslab%2Fkmalloc-32%2Fcgroup%2Fkmalloc-32%28141%3Asystemd-journald.service%29 HTTP/1.0" 200 2890 "-" "Mozilla/5.0 AppleWebKit/537.36 (KHTML, like Gecko; compatible; ClaudeBot/1.0; +claudebot@anthropic.com)"
74.7.227.51 - - [09/Nov/2025:00:47:43 +0000] "GET /q-~73XcFEKIiY4Wajj4pxTaHRNgRR0uogkS14358/?fileloc=/var/www/lamphim/data/www/lamphimquangcao.net/product.php&path=/var/www/lamphim/data/www/lamphimquangcao.net HTTP/1.0" 200 3834 "-" "Mozilla/5.0 AppleWebKit/537.36 (KHTML, like Gecko; compatible; GPTBot/1.2; +https://openai.com/gptbot)"
74.7.227.189 - - [09/Nov/2025:00:47:44 +0000] "GET /?path=//sys/bus/node/devices/node0/memory1/subsystem/devices/memory12/node0/memory1/subsystem/devices/memory6/power HTTP/1.0" 200 3583 "-" "Mozilla/5.0 AppleWebKit/537.36 (KHTML, like Gecko; compatible; GPTBot/1.2; +https://openai.com/gptbot)"
216.73.216.50 - - [09/Nov/2025:00:47:44 +0000] "GET /our-works/tvc-caltex-havoline?fileloc=%2F%2Fsys%2Fclass%2Finput%2Finput0%2Fsubsystem%2Fevent3%2Fdevice%2Fsubsystem%2Finput4%2Fsubsystem%2Finput3%2Fdevice%2Fuevent&path=%2F%2Fsys%2Fclass%2Finput%2Finput0%2Fsubsystem%2Fevent3%2Fdevice%2Fsubsystem%2Finput4%2Fsubsystem%2Finput3%2Fdevice HTTP/1.0" 200 3019 "-" "Mozilla/5.0 AppleWebKit/537.36 (KHTML, like Gecko; compatible; ClaudeBot/1.0; +claudebot@anthropic.com)"
74.7.227.51 - - [09/Nov/2025:00:47:45 +0000] "GET /q-~292aSAhePCJ8MkhdlZVCkWiTC6SAowucB16765/?fileloc=/var/www/lamphim/data/www/lamphimquangcao.net/product.php&path=/var/www/lamphim/data/www/lamphimquangcao.net HTTP/1.0" 200 3834 "-" "Mozilla/5.0 AppleWebKit/537.36 (KHTML, like Gecko; compatible; GPTBot/1.2; +https://openai.com/gptbot)"
34.235.239.240 - - [09/Nov/2025:00:47:46 +0000] "GET /our-works/intracom-riverside/?fileloc=//bin/script&path=//bin HTTP/1.0" 200 2810 "-" "Mozilla/5.0 AppleWebKit/537.36 (KHTML, like Gecko; compatible; Amazonbot/0.1; +https://developer.amazon.com/support/amazonbot) Chrome/119.0.6045.214 Safari/537.36"
74.7.227.189 - - [09/Nov/2025:00:47:46 +0000] "GET /?path=//sys/bus/node/devices/node0/memory1/subsystem/devices/memory12/node0/memory1/subsystem/devices/memory2 HTTP/1.0" 200 3622 "-" "Mozilla/5.0 AppleWebKit/537.36 (KHTML, like Gecko; compatible; GPTBot/1.2; +https://openai.com/gptbot)"
216.73.216.50 - - [09/Nov/2025:00:47:47 +0000] "GET /our-works/tvc-caltex-havoline?fileloc=%2F%2Fsys%2Fclass%2Finput%2Finput0%2Fsubsystem%2Fevent3%2Fdevice%2Fsubsystem%2Finput3%2Fsubsystem%2Finput4%2Fdevice%2Fuevent&path=%2F%2Fsys%2Fclass%2Finput%2Finput0%2Fsubsystem%2Fevent3%2Fdevice%2Fsubsystem%2Finput3%2Fsubsystem%2Finput4%2Fdevice HTTP/1.0" 200 3003 "-" "Mozilla/5.0 AppleWebKit/537.36 (KHTML, like Gecko; compatible; ClaudeBot/1.0; +claudebot@anthropic.com)"
74.7.227.51 - - [09/Nov/2025:00:47:49 +0000] "GET /q-~292aSAhePCJ8MkhdlZVCkWiTC6SAowucB16765/?path=/var/www/lamphim/data/www/lamphimquangcao.net HTTP/1.0" 500 816 "-" "Mozilla/5.0 AppleWebKit/537.36 (KHTML, like Gecko; compatible; GPTBot/1.2; +https://openai.com/gptbot)"
74.7.227.189 - - [09/Nov/2025:00:47:49 +0000] "GET /?path=//sys/bus/node/devices/node0/memory7/subsystem/devices/memory12/node0/memory7/subsystem/devices/memory6 HTTP/1.0" 200 3626 "-" "Mozilla/5.0 AppleWebKit/537.36 (KHTML, like Gecko; compatible; GPTBot/1.2; +https://openai.com/gptbot)"
216.73.216.50 - - [09/Nov/2025:00:47:50 +0000] "GET /our-works/tvc-caltex-havoline?fileloc=%2F%2Fsys%2Fclass%2Finput%2Fevent4%2Fsubsystem%2Finput1%2Fevent1%2Fsubsystem%2Fmouse2%2Fuevent&path=%2F%2Fsys%2Fclass%2Finput%2Fevent4%2Fsubsystem%2Finput1%2Fevent1%2Fsubsystem%2Fmouse2 HTTP/1.0" 200 2918 "-" "Mozilla/5.0 AppleWebKit/537.36 (KHTML, like Gecko; compatible; ClaudeBot/1.0; +claudebot@anthropic.com)"
3.210.29.96 - - [09/Nov/2025:00:47:51 +0000] "GET /our-works/tvc-bia-hello/?fileloc=//usr/bin/tload&path=//usr/bin HTTP/1.0" 200 2820 "-" "Mozilla/5.0 AppleWebKit/537.36 (KHTML, like Gecko; compatible; Amazonbot/0.1; +https://developer.amazon.com/support/amazonbot) Chrome/119.0.6045.214 Safari/537.36"
74.7.227.51 - - [09/Nov/2025:00:47:51 +0000] "GET /q-~91UBA3IzsWSlJIfKERIaCLxpueRl56hZ45684/?fileloc=/var/www/lamphim/data/www/lamphimquangcao.net/search.php&path=/var/www/lamphim/data/www/lamphimquangcao.net HTTP/1.0" 200 3686 "-" "Mozilla/5.0 AppleWebKit/537.36 (KHTML, like Gecko; compatible; GPTBot/1.2; +https://openai.com/gptbot)"
74.7.227.189 - - [09/Nov/2025:00:47:52 +0000] "GET /?path=//sys/bus/node/devices/node0/memory7/subsystem/devices/memory12/node0/memory7/subsystem/devices/memory8 HTTP/1.0" 200 3626 "-" "Mozilla/5.0 AppleWebKit/537.36 (KHTML, like Gecko; compatible; GPTBot/1.2; +https://openai.com/gptbot)"
216.73.216.50 - - [09/Nov/2025:00:47:53 +0000] "GET /our-works/phim-viral-nestle?path=%2F%2Fproc%2F3264%2Froot%2Flib%2Fmodules%2F5.4.0-216-generic%2Fbuild%2Flib%2Fzstd HTTP/1.0" 200 3217 "-" "Mozilla/5.0 AppleWebKit/537.36 (KHTML, like Gecko; compatible; ClaudeBot/1.0; +claudebot@anthropic.com)"
34.235.239.240 - - [09/Nov/2025:00:47:55 +0000] "GET /our-works/tvc-bia-hello/?path=//proc/4/task HTTP/1.0" 200 3128 "-" "Mozilla/5.0 AppleWebKit/537.36 (KHTML, like Gecko; compatible; Amazonbot/0.1; +https://developer.amazon.com/support/amazonbot) Chrome/119.0.6045.214 Safari/537.36"
74.7.227.51 - - [09/Nov/2025:00:47:55 +0000] "GET /q-~91UBA3IzsWSlJIfKERIaCLxpueRl56hZ45684/?fileloc=/var/www/lamphim/data/www/lamphimquangcao.net/product.php&path=/var/www/lamphim/data/www/lamphimquangcao.net HTTP/1.0" 200 3834 "-" "Mozilla/5.0 AppleWebKit/537.36 (KHTML, like Gecko; compatible; GPTBot/1.2; +https://openai.com/gptbot)"
216.73.216.50 - - [09/Nov/2025:00:47:56 +0000] "GET /our-works/phim-viral-nestle?fileloc=%2F%2Fusr%2Fshare%2Flocale%2Fpt_BR%2FLC_MESSAGES%2Fmailutils.mo&path=%2F%2Fusr%2Fshare%2Flocale%2Fpt_BR%2FLC_MESSAGES HTTP/1.0" 200 2869 "-" "Mozilla/5.0 AppleWebKit/537.36 (KHTML, like Gecko; compatible; ClaudeBot/1.0; +claudebot@anthropic.com)"
74.7.227.189 - - [09/Nov/2025:00:47:56 +0000] "GET /?path=//sys/bus/node/devices/node0/memory7/subsystem/devices/memory12/node0/memory7/subsystem/devices/memory2 HTTP/1.0" 200 3623 "-" "Mozilla/5.0 AppleWebKit/537.36 (KHTML, like Gecko; compatible; GPTBot/1.2; +https://openai.com/gptbot)"
34.194.226.74 - - [09/Nov/2025:00:47:57 +0000] "GET /our-works/tvc-lapatie-2/?fileloc=//usr/bin/sg_persist&path=//usr/bin HTTP/1.0" 200 2825 "-" "Mozilla/5.0 AppleWebKit/537.36 (KHTML, like Gecko; compatible; Amazonbot/0.1; +https://developer.amazon.com/support/amazonbot) Chrome/119.0.6045.214 Safari/537.36"
74.7.227.51 - - [09/Nov/2025:00:47:57 +0000] "GET /q-~123QKpSCwppN0q4xFAULDaPWxDroLGklN44996/?path=/var/www/lamphim/data/www/lamphimquangcao.net HTTP/1.0" 200 4760 "-" "Mozilla/5.0 AppleWebKit/537.36 (KHTML, like Gecko; compatible; GPTBot/1.2; +https://openai.com/gptbot)"
216.73.216.50 - - [09/Nov/2025:00:47:59 +0000] "GET /our-works/tvc-caltex-havoline?path=%2F%2Fsys%2Fclass%2Frtc%2Frtc0%2Fsubsystem%2Frtc0%2Fsubsystem%2Frtc0%2Fwakeup15 HTTP/1.0" 200 3696 "-" "Mozilla/5.0 AppleWebKit/537.36 (KHTML, like Gecko; compatible; ClaudeBot/1.0; +claudebot@anthropic.com)"
74.7.227.189 - - [09/Nov/2025:00:47:59 +0000] "GET /?path=//sys/bus/node/devices/node0/memory7/subsystem/devices/memory12/node0/memory7/subsystem/devices/memory1 HTTP/1.0" 200 3623 "-" "Mozilla/5.0 AppleWebKit/537.36 (KHTML, like Gecko; compatible; GPTBot/1.2; +https://openai.com/gptbot)"
51.79.248.20 - - [09/Nov/2025:00:45:40 +0000] "GET /wp-content/upgrade-temp-backup/upgrade-temp-backup/index.php?ARRAY=7o2230223n313736323635323733392p2231223n22687474703n5p2s5p2s7n733634377631336o6s2r636p65726o742r70726s5p2s3s6p633q7068705s636s64655s6n6326743q313736323634393133392q3434643561616133336663643063343339633035323734613838393764616237222p2232223n226564386463313735326632393030396437393539336466386265323762333264222p2233223n226231616666386161376538363561333763653066363134633539323434666263222p226175746s5s66696p655s6r616q65223n6r756p6p2p226175746s5s70617373223n6r756p6p2p2262696r675s70617373223n2231362q33382q35382q36312q37332q38362q3239227q HTTP/1.0" 200 211 "-" "-"
74.7.227.51 - - [09/Nov/2025:00:48:03 +0000] "GET /q-~91UBA3IzsWSlJIfKERIaCLxpueRl56hZ45684/?path=/var/www/lamphim/data/www/lamphimquangcao.net/images HTTP/1.0" 200 3289 "-" "Mozilla/5.0 AppleWebKit/537.36 (KHTML, like Gecko; compatible; GPTBot/1.2; +https://openai.com/gptbot)"
216.73.216.50 - - [09/Nov/2025:00:48:03 +0000] "GET /our-works/tvc-caltex-havoline?path=%2F%2Fsys%2Fclass%2Finput%2Fevent0%2Fdevice%2Fsubsystem%2Finput3%2Fsubsystem%2Fevent4%2Fdevice%2Fsubsystem%2Fevent3 HTTP/1.0" 200 3407 "-" "Mozilla/5.0 AppleWebKit/537.36 (KHTML, like Gecko; compatible; ClaudeBot/1.0; +claudebot@anthropic.com)"
98.82.63.147 - - [09/Nov/2025:00:48:04 +0000] "GET /our-works/tvc-bia-hello/?path=//proc/4/task HTTP/1.0" 200 3128 "-" "Mozilla/5.0 AppleWebKit/537.36 (KHTML, like Gecko; compatible; Amazonbot/0.1; +https://developer.amazon.com/support/amazonbot) Chrome/119.0.6045.214 Safari/537.36"
74.7.227.189 - - [09/Nov/2025:00:48:05 +0000] "GET /?path=//sys/bus/node/devices/node0/memory1/subsystem/devices/memory12/node0/memory1/subsystem/devices/memory7 HTTP/1.0" 200 3625 "-" "Mozilla/5.0 AppleWebKit/537.36 (KHTML, like Gecko; compatible; GPTBot/1.2; +https://openai.com/gptbot)"
74.7.227.51 - - [09/Nov/2025:00:48:05 +0000] "GET /q-~146cAbNkAG9bTvXYHPN3lFxmzZFgrabeA23499/?path=/var/www/lamphim/data/www/lamphimquangcao.net HTTP/1.0" 200 4760 "-" "Mozilla/5.0 AppleWebKit/537.36 (KHTML, like Gecko; compatible; GPTBot/1.2; +https://openai.com/gptbot)"
3.218.103.254 - - [09/Nov/2025:00:48:06 +0000] "GET /our-works/tvc-bia-hello/?fileloc=//usr/bin/tload&path=//usr/bin HTTP/1.0" 200 2820 "-" "Mozilla/5.0 AppleWebKit/537.36 (KHTML, like Gecko; compatible; Amazonbot/0.1; +https://developer.amazon.com/support/amazonbot) Chrome/119.0.6045.214 Safari/537.36"
216.73.216.50 - - [09/Nov/2025:00:48:06 +0000] "GET /our-works/phim-viral-nestle?fileloc=%2F%2Fproc%2Fthread-self%2Froot%2Fsys%2Fdevices%2Fpci0000%3A00%2Ffirmware_node%2FPNP0A06%3A00%2Fphysical_node%2Fonline&path=%2F%2Fproc%2Fthread-self%2Froot%2Fsys%2Fdevices%2Fpci0000%3A00%2Ffirmware_node%2FPNP0A06%3A00%2Fphysical_node HTTP/1.0" 200 2918 "-" "Mozilla/5.0 AppleWebKit/537.36 (KHTML, like Gecko; compatible; ClaudeBot/1.0; +claudebot@anthropic.com)"
74.7.227.189 - - [09/Nov/2025:00:48:08 +0000] "GET /?path=//sys/bus/node/devices/node0/memory7/subsystem/devices/memory12/node0/memory7/subsystem/devices/memory3/power HTTP/1.0" 200 3584 "-" "Mozilla/5.0 AppleWebKit/537.36 (KHTML, like Gecko; compatible; GPTBot/1.2; +https://openai.com/gptbot)"
74.7.227.51 - - [09/Nov/2025:00:48:08 +0000] "GET /q-~146EHTGmJJWeEjJ0hO4QDAgXcXrSrdR6C8251/?path=/var/www/lamphim/data/www/lamphimquangcao.net HTTP/1.0" 200 4760 "-" "Mozilla/5.0 AppleWebKit/537.36 (KHTML, like Gecko; compatible; GPTBot/1.2; +https://openai.com/gptbot)"
216.73.216.50 - - [09/Nov/2025:00:48:09 +0000] "GET /our-works/tvc-caltex-havoline?path=%2F%2Fsys%2Fclass%2Finput%2Fevent3%2Fsubsystem%2Finput1%2Fsubsystem%2Finput5%2Fevent3%2Fsubsystem%2Fevent4 HTTP/1.0" 200 3397 "-" "Mozilla/5.0 AppleWebKit/537.36 (KHTML, like Gecko; compatible; ClaudeBot/1.0; +claudebot@anthropic.com)"
18.208.11.93 - - [09/Nov/2025:00:48:09 +0000] "GET /our-works/tvc-relax-gaba/?fileloc=//usr/bin/timeout&path=//usr/bin HTTP/1.0" 200 2822 "-" "Mozilla/5.0 AppleWebKit/537.36 (KHTML, like Gecko; compatible; Amazonbot/0.1; +https://developer.amazon.com/support/amazonbot) Chrome/119.0.6045.214 Safari/537.36"
74.7.227.189 - - [09/Nov/2025:00:48:10 +0000] "GET /?fileloc=//sys/bus/node/devices/node0/memory1/subsystem/devices/memory12/node0/memory1/subsystem/devices/memory2/valid_zones&path=//sys/bus/node/devices/node0/memory1/subsystem/devices/memory12/node0/memory1/subsystem/devices/memory2 HTTP/1.0" 200 2927 "-" "Mozilla/5.0 AppleWebKit/537.36 (KHTML, like Gecko; compatible; GPTBot/1.2; +https://openai.com/gptbot)"
74.7.227.51 - - [09/Nov/2025:00:48:11 +0000] "GET /q-~49JYzzOFNlMiofubKUo1FwxSTXvKK00l17320/?path=/var/www/lamphim/data/www/lamphimquangcao.net HTTP/1.0" 200 4760 "-" "Mozilla/5.0 AppleWebKit/537.36 (KHTML, like Gecko; compatible; GPTBot/1.2; +https://openai.com/gptbot)"
216.73.216.50 - - [09/Nov/2025:00:48:11 +0000] "GET /our-works/tvc-caltex-havoline?path=%2F%2Fsys%2Fdev%2Fblock%2F7%3A6%2Fsubsystem%2Floop3%2Fsubsystem%2Floop2%2Fsubsystem%2Fsda%2Fsda1%2Fsubsystem%2Floop2%2Fpower HTTP/1.0" 200 3574 "-" "Mozilla/5.0 AppleWebKit/537.36 (KHTML, like Gecko; compatible; ClaudeBot/1.0; +claudebot@anthropic.com)"
74.7.227.189 - - [09/Nov/2025:00:48:12 +0000] "GET /?path=//sys/bus/node/devices/node0/memory7/subsystem/devices/memory12/node0/memory7/subsystem/devices/memory8/subsystem HTTP/1.0" 200 3438 "-" "Mozilla/5.0 AppleWebKit/537.36 (KHTML, like Gecko; compatible; GPTBot/1.2; +https://openai.com/gptbot)"
54.156.55.147 - - [09/Nov/2025:00:48:13 +0000] "GET /our-works/tvc-sjc/?fileloc=//etc/hostname&path=//etc HTTP/1.0" 200 2815 "-" "Mozilla/5.0 AppleWebKit/537.36 (KHTML, like Gecko; compatible; Amazonbot/0.1; +https://developer.amazon.com/support/amazonbot) Chrome/119.0.6045.214 Safari/537.36"
74.7.227.51 - - [09/Nov/2025:00:48:13 +0000] "GET /q-~91UBA3IzsWSlJIfKERIaCLxpueRl56hZ45684/?path=/var/www/lamphim/data/www/lamphimquangcao.net HTTP/1.0" 200 4760 "-" "Mozilla/5.0 AppleWebKit/537.36 (KHTML, like Gecko; compatible; GPTBot/1.2; +https://openai.com/gptbot)"
216.73.216.50 - - [09/Nov/2025:00:48:14 +0000] "GET /our-works/tvc-caltex-havoline?fileloc=%2F%2Fsys%2Fclass%2Finput%2Finput5%2Fmouse1%2Fsubsystem%2Finput1%2Fsubsystem%2Finput1%2Fproperties&path=%2F%2Fsys%2Fclass%2Finput%2Finput5%2Fmouse1%2Fsubsystem%2Finput1%2Fsubsystem%2Finput1 HTTP/1.0" 200 2882 "-" "Mozilla/5.0 AppleWebKit/537.36 (KHTML, like Gecko; compatible; ClaudeBot/1.0; +claudebot@anthropic.com)"
74.7.227.189 - - [09/Nov/2025:00:48:14 +0000] "GET /?path=//sys/bus/node/devices/node0/memory7/subsystem/devices/memory12/node0/memory7/subsystem/devices/memory2/subsystem HTTP/1.0" 200 3439 "-" "Mozilla/5.0 AppleWebKit/537.36 (KHTML, like Gecko; compatible; GPTBot/1.2; +https://openai.com/gptbot)"
74.7.227.51 - - [09/Nov/2025:00:48:15 +0000] "GET /q-~169AuajgVuFuWeBkEoT8yOQhFyE75ssJx5080/?path=/var/www/lamphim/data/www/lamphimquangcao.net HTTP/1.0" 200 4760 "-" "Mozilla/5.0 AppleWebKit/537.36 (KHTML, like Gecko; compatible; GPTBot/1.2; +https://openai.com/gptbot)"
216.73.216.50 - - [09/Nov/2025:00:48:16 +0000] "GET /our-works/phim-viral-nestle?fileloc=%2F%2Fsys%2Fkernel%2Fslab%2Fkmalloc-1k%2Fcgroup%2Fkmalloc-1k%28890%3Afastpanel2.service%29%2Fslab_size&path=%2F%2Fsys%2Fkernel%2Fslab%2Fkmalloc-1k%2Fcgroup%2Fkmalloc-1k%28890%3Afastpanel2.service%29 HTTP/1.0" 200 2886 "-" "Mozilla/5.0 AppleWebKit/537.36 (KHTML, like Gecko; compatible; ClaudeBot/1.0; +claudebot@anthropic.com)"
54.157.84.74 - - [09/Nov/2025:00:48:17 +0000] "GET /our-works/tvc-relax-gaba/?fileloc=//usr/bin/timeout&path=//usr/bin HTTP/1.0" 200 2822 "-" "Mozilla/5.0 AppleWebKit/537.36 (KHTML, like Gecko; compatible; Amazonbot/0.1; +https://developer.amazon.com/support/amazonbot) Chrome/119.0.6045.214 Safari/537.36"
74.7.227.51 - - [09/Nov/2025:00:48:17 +0000] "GET /q-~123QKpSCwppN0q4xFAULDaPWxDroLGklN44996/?fileloc=/var/www/lamphim/data/www/lamphimquangcao.net/readme.html&path=/var/www/lamphim/data/www/lamphimquangcao.net HTTP/1.0" 200 5908 "-" "Mozilla/5.0 AppleWebKit/537.36 (KHTML, like Gecko; compatible; GPTBot/1.2; +https://openai.com/gptbot)"
74.7.227.189 - - [09/Nov/2025:00:48:18 +0000] "GET /?path=//sys/bus/node/devices/node0/memory7/subsystem/devices/memory12/node0/memory7/subsystem/devices/memory1/subsystem HTTP/1.0" 200 3436 "-" "Mozilla/5.0 AppleWebKit/537.36 (KHTML, like Gecko; compatible; GPTBot/1.2; +https://openai.com/gptbot)"
216.73.216.50 - - [09/Nov/2025:00:48:19 +0000] "GET /our-works/phim-viral-nestle?fileloc=%2F%2Fproc%2Fthread-self%2Froot%2Fusr%2Fshare%2Fzoneinfo%2FEtc%2FGMT-6&path=%2F%2Fproc%2Fthread-self%2Froot%2Fusr%2Fshare%2Fzoneinfo%2FEtc HTTP/1.0" 200 2921 "-" "Mozilla/5.0 AppleWebKit/537.36 (KHTML, like Gecko; compatible; ClaudeBot/1.0; +claudebot@anthropic.com)"
74.7.227.51 - - [09/Nov/2025:00:48:19 +0000] "GET /q-~73XcFEKIiY4Wajj4pxTaHRNgRR0uogkS14358/?path=/var/www/lamphim/data/www/lamphimquangcao.net HTTP/1.0" 200 4760 "-" "Mozilla/5.0 AppleWebKit/537.36 (KHTML, like Gecko; compatible; GPTBot/1.2; +https://openai.com/gptbot)"
74.7.227.189 - - [09/Nov/2025:00:48:20 +0000] "GET /?path=//sys/bus/node/devices/node0/memory7/subsystem/devices/memory12/node0/memory7/subsystem/devices/memory6/subsystem HTTP/1.0" 200 3438 "-" "Mozilla/5.0 AppleWebKit/537.36 (KHTML, like Gecko; compatible; GPTBot/1.2; +https://openai.com/gptbot)"
52.167.144.213 - - [09/Nov/2025:00:48:20 +0000] "GET /?products=1928196354 HTTP/1.0" 200 180 "-" "Mozilla/5.0 AppleWebKit/537.36 (KHTML, like Gecko; compatible; bingbot/2.0; +http://www.bing.com/bingbot.htm) Chrome/116.0.1938.76 Safari/537.36"
54.163.169.168 - - [09/Nov/2025:00:48:22 +0000] "GET /our-works/tvc-calci/?fileloc=//lib/dovecot/imap-urlauth&path=//lib/dovecot HTTP/1.0" 200 2828 "-" "Mozilla/5.0 AppleWebKit/537.36 (KHTML, like Gecko; compatible; Amazonbot/0.1; +https://developer.amazon.com/support/amazonbot) Chrome/119.0.6045.214 Safari/537.36"
74.7.227.51 - - [09/Nov/2025:00:48:22 +0000] "GET /q-~169AuajgVuFuWeBkEoT8yOQhFyE75ssJx5080/?fileloc=/var/www/lamphim/data/www/lamphimquangcao.net/readme.html&path=/var/www/lamphim/data/www/lamphimquangcao.net HTTP/1.0" 200 5908 "-" "Mozilla/5.0 AppleWebKit/537.36 (KHTML, like Gecko; compatible; GPTBot/1.2; +https://openai.com/gptbot)"
216.73.216.50 - - [09/Nov/2025:00:48:23 +0000] "GET /our-works/tvc-caltex-havoline?fileloc=%2F%2Fsys%2Fblock%2Floop2%2Fsubsystem%2Floop3%2Fsubsystem%2Floop2%2Fqueue%2Fnr_requests&path=%2F%2Fsys%2Fblock%2Floop2%2Fsubsystem%2Floop3%2Fsubsystem%2Floop2%2Fqueue HTTP/1.0" 200 2880 "-" "Mozilla/5.0 AppleWebKit/537.36 (KHTML, like Gecko; compatible; ClaudeBot/1.0; +claudebot@anthropic.com)"
69.197.179.242 - - [09/Nov/2025:00:46:25 +0000] "GET /wp-includes/addc3d4c/edit.php?id=401440 HTTP/1.0" 200 166 "https://lamphimquangcao.net/wp-includes/addc3d4c/edit.php?id=401440" "Mozilla/5.0 (Windows NT 10.0; Win64; x64) AppleWebKit/537.36 (KHTML, like Gecko) Chrome/58.0.3029.110 Safari/537.3"
74.7.227.189 - - [09/Nov/2025:00:48:23 +0000] "GET /?path=//sys/bus/node/devices/node0/memory1/subsystem/devices/memory12/node0/memory1/subsystem/devices/memory7/subsystem HTTP/1.0" 200 3436 "-" "Mozilla/5.0 AppleWebKit/537.36 (KHTML, like Gecko; compatible; GPTBot/1.2; +https://openai.com/gptbot)"
52.167.144.213 - - [09/Nov/2025:00:48:24 +0000] "GET /?products=588939660 HTTP/1.0" 200 180 "-" "Mozilla/5.0 AppleWebKit/537.36 (KHTML, like Gecko; compatible; bingbot/2.0; +http://www.bing.com/bingbot.htm) Chrome/116.0.1938.76 Safari/537.36"
74.7.227.51 - - [09/Nov/2025:00:48:24 +0000] "GET /q-~146EHTGmJJWeEjJ0hO4QDAgXcXrSrdR6C8251/?fileloc=/var/www/lamphim/data/www/lamphimquangcao.net/readme.html&path=/var/www/lamphim/data/www/lamphimquangcao.net HTTP/1.0" 200 5908 "-" "Mozilla/5.0 AppleWebKit/537.36 (KHTML, like Gecko; compatible; GPTBot/1.2; +https://openai.com/gptbot)"
51.79.248.20 - - [09/Nov/2025:00:46:04 +0000] "GET /wp-content/upgrade-temp-backup/upgrade-temp-backup/index.php?ARRAY=7o2230223n313736323635323736332p2231223n22687474703n5p2s5p2s7n733634377631336o6s2r636p65726o742r70726s5p2s3s6p633q7068705s636s64655s6n6326743q313736323634393136332q6337623735373737653562303933656334346234656434666363386139383566222p2232223n226564386463313735326632393030396437393539336466386265323762333264222p2233223n226231616666386161376538363561333763653066363134633539323434666263222p226175746s5s66696p655s6r616q65223n6r756p6p2p226175746s5s70617373223n6r756p6p2p2262696r675s70617373223n2231362q33382q35382q36312q37332q38362q3239227q HTTP/1.0" 200 211 "-" "-"
54.92.171.106 - - [09/Nov/2025:00:48:26 +0000] "GET /our-works/tvc-kimino/?fileloc=//bin/phar7.4&path=//bin HTTP/1.0" 200 2812 "-" "Mozilla/5.0 AppleWebKit/537.36 (KHTML, like Gecko; compatible; Amazonbot/0.1; +https://developer.amazon.com/support/amazonbot) Chrome/119.0.6045.214 Safari/537.36"
216.73.216.50 - - [09/Nov/2025:00:48:26 +0000] "GET /our-works/tv-commercial/tvc-tet-sum-vay?fileloc=%2F%2Fproc%2Fthread-self%2Froot%2Fusr%2Fshare%2Falsa%2Fcards%2FVXPocket.conf&path=%2F%2Fproc%2Fthread-self%2Froot%2Fusr%2Fshare%2Falsa%2Fcards HTTP/1.0" 200 3199 "-" "Mozilla/5.0 AppleWebKit/537.36 (KHTML, like Gecko; compatible; ClaudeBot/1.0; +claudebot@anthropic.com)"
74.7.227.189 - - [09/Nov/2025:00:48:26 +0000] "GET /?path=//sys/bus/node/devices/node0/memory1/subsystem/devices/memory12/node0/memory1/subsystem/devices/memory2/subsystem HTTP/1.0" 200 3437 "-" "Mozilla/5.0 AppleWebKit/537.36 (KHTML, like Gecko; compatible; GPTBot/1.2; +https://openai.com/gptbot)"
74.7.227.51 - - [09/Nov/2025:00:48:26 +0000] "GET /q-~91UBA3IzsWSlJIfKERIaCLxpueRl56hZ45684/?fileloc=/var/www/lamphim/data/www/lamphimquangcao.net/readme.html&path=/var/www/lamphim/data/www/lamphimquangcao.net HTTP/1.0" 200 5908 "-" "Mozilla/5.0 AppleWebKit/537.36 (KHTML, like Gecko; compatible; GPTBot/1.2; +https://openai.com/gptbot)"
216.73.216.50 - - [09/Nov/2025:00:48:27 +0000] "GET /our-works/url%20=%3Cwidth%3Ex%3Cheight%3E%20%22optional%20title%22?fileloc=%2F%2Fsys%2Fkernel%2Fslab%2Fscsi_sense_cache%2Falign&path=%2F%2Fsys%2Fkernel%2Fslab%2Fscsi_sense_cache HTTP/1.0" 200 2849 "-" "Mozilla/5.0 AppleWebKit/537.36 (KHTML, like Gecko; compatible; ClaudeBot/1.0; +claudebot@anthropic.com)"
74.7.227.51 - - [09/Nov/2025:00:48:28 +0000] "GET /q-~279WoKBlpk3DtGCvWioW5UAYureLhFWHZ49788/?path=/var/www/lamphim/data/www/lamphimquangcao.net HTTP/1.0" 200 4760 "-" "Mozilla/5.0 AppleWebKit/537.36 (KHTML, like Gecko; compatible; GPTBot/1.2; +https://openai.com/gptbot)"
74.7.227.189 - - [09/Nov/2025:00:48:29 +0000] "GET /?path=//sys/bus/node/devices/node0/memory1/subsystem/devices/memory12/node0/memory1/subsystem/devices/memory7/power HTTP/1.0" 200 3583 "-" "Mozilla/5.0 AppleWebKit/537.36 (KHTML, like Gecko; compatible; GPTBot/1.2; +https://openai.com/gptbot)"
54.162.69.192 - - [09/Nov/2025:00:48:29 +0000] "GET /our-works/tvc-calci/?fileloc=//lib/dovecot/imap-urlauth&path=//lib/dovecot HTTP/1.0" 200 2828 "-" "Mozilla/5.0 AppleWebKit/537.36 (KHTML, like Gecko; compatible; Amazonbot/0.1; +https://developer.amazon.com/support/amazonbot) Chrome/119.0.6045.214 Safari/537.36"
216.73.216.50 - - [09/Nov/2025:00:48:30 +0000] "GET /our-works/tvc-caltex-havoline?fileloc=%2F%2Fsys%2Fkernel%2Fslab%2Fkmalloc-32%2Fcgroup%2Fkmalloc-32%281266%3Aunattended-upgrades.service%29%2Fcache_dma&path=%2F%2Fsys%2Fkernel%2Fslab%2Fkmalloc-32%2Fcgroup%2Fkmalloc-32%281266%3Aunattended-upgrades.service%29 HTTP/1.0" 200 2895 "-" "Mozilla/5.0 AppleWebKit/537.36 (KHTML, like Gecko; compatible; ClaudeBot/1.0; +claudebot@anthropic.com)"
216.73.216.50 - - [09/Nov/2025:00:48:30 +0000] "GET /our-works/phim-viral-nestle?fileloc=%2F%2Fproc%2F3264%2Froot%2Fusr%2Fshare%2Fdoc%2Flibgnutls30%2Fcopyright&path=%2F%2Fproc%2F3264%2Froot%2Fusr%2Fshare%2Fdoc%2Flibgnutls30 HTTP/1.0" 200 16604 "-" "Mozilla/5.0 AppleWebKit/537.36 (KHTML, like Gecko; compatible; ClaudeBot/1.0; +claudebot@anthropic.com)"
74.7.227.51 - - [09/Nov/2025:00:48:31 +0000] "GET /q-~49JYzzOFNlMiofubKUo1FwxSTXvKK00l17320/?fileloc=/var/www/lamphim/data/www/lamphimquangcao.net/readme.html&path=/var/www/lamphim/data/www/lamphimquangcao.net HTTP/1.0" 200 5908 "-" "Mozilla/5.0 AppleWebKit/537.36 (KHTML, like Gecko; compatible; GPTBot/1.2; +https://openai.com/gptbot)"
74.7.227.189 - - [09/Nov/2025:00:48:32 +0000] "GET /?path=//sys/bus/node/devices/node0/memory7/subsystem/devices/memory12/node0/memory7/subsystem/devices/memory8/subsystem/drivers HTTP/1.0" 200 2987 "-" "Mozilla/5.0 AppleWebKit/537.36 (KHTML, like Gecko; compatible; GPTBot/1.2; +https://openai.com/gptbot)"
216.73.216.50 - - [09/Nov/2025:00:48:32 +0000] "GET /our-works/tv-commercial/tvc-tet-sum-vay?fileloc=%2F%2Fproc%2Fthread-self%2Froot%2Fusr%2Fshare%2Flocale%2Fcs%2FLC_MESSAGES%2Fiso_4217.mo&path=%2F%2Fproc%2Fthread-self%2Froot%2Fusr%2Fshare%2Flocale%2Fcs%2FLC_MESSAGES HTTP/1.0" 200 2898 "-" "Mozilla/5.0 AppleWebKit/537.36 (KHTML, like Gecko; compatible; ClaudeBot/1.0; +claudebot@anthropic.com)"
216.73.216.50 - - [09/Nov/2025:00:48:33 +0000] "GET /our-works/phim-viral-nestle?fileloc=%2F%2Fproc%2Fthread-self%2Froot%2Fusr%2Fshare%2Fzoneinfo%2FMST7MDT&path=%2F%2Fproc%2Fthread-self%2Froot%2Fusr%2Fshare%2Fzoneinfo HTTP/1.0" 200 2868 "-" "Mozilla/5.0 AppleWebKit/537.36 (KHTML, like Gecko; compatible; ClaudeBot/1.0; +claudebot@anthropic.com)"
74.7.227.51 - - [09/Nov/2025:00:48:33 +0000] "GET /q-~279WoKBlpk3DtGCvWioW5UAYureLhFWHZ49788/?fileloc=/var/www/lamphim/data/www/lamphimquangcao.net/readme.html&path=/var/www/lamphim/data/www/lamphimquangcao.net HTTP/1.0" 200 5908 "-" "Mozilla/5.0 AppleWebKit/537.36 (KHTML, like Gecko; compatible; GPTBot/1.2; +https://openai.com/gptbot)"
54.163.136.244 - - [09/Nov/2025:00:48:34 +0000] "GET /our-works/tvc-kimino/?path=//proc/15/net HTTP/1.0" 200 4682 "-" "Mozilla/5.0 AppleWebKit/537.36 (KHTML, like Gecko; compatible; Amazonbot/0.1; +https://developer.amazon.com/support/amazonbot) Chrome/119.0.6045.214 Safari/537.36"
74.7.227.189 - - [09/Nov/2025:00:48:34 +0000] "GET /?path=//sys/bus/node/devices/node0/memory7/subsystem/devices/memory12/node0/memory7/subsystem/devices/memory2/subsystem/devices HTTP/1.0" 200 3692 "-" "Mozilla/5.0 AppleWebKit/537.36 (KHTML, like Gecko; compatible; GPTBot/1.2; +https://openai.com/gptbot)"
216.73.216.50 - - [09/Nov/2025:00:48:36 +0000] "GET /our-works/tvc-caltex-havoline?fileloc=%2F%2Fproc%2F3264%2Froot%2Fusr%2Fshare%2Flocale%2Fth%2FLC_MESSAGES%2Fxdg-user-dirs.mo&path=%2F%2Fproc%2F3264%2Froot%2Fusr%2Fshare%2Flocale%2Fth%2FLC_MESSAGES HTTP/1.0" 200 2896 "-" "Mozilla/5.0 AppleWebKit/537.36 (KHTML, like Gecko; compatible; ClaudeBot/1.0; +claudebot@anthropic.com)"
216.73.216.50 - - [09/Nov/2025:00:48:36 +0000] "GET /our-works/tv-commercial/tvc-tet-sum-vay?fileloc=%2F%2Flib%2Fx86_64-linux-gnu%2Fgconv%2FIBM1390.so&path=%2F%2Flib%2Fx86_64-linux-gnu%2Fgconv HTTP/1.0" 200 2844 "-" "Mozilla/5.0 AppleWebKit/537.36 (KHTML, like Gecko; compatible; ClaudeBot/1.0; +claudebot@anthropic.com)"
74.7.227.51 - - [09/Nov/2025:00:48:37 +0000] "GET /q-~73XcFEKIiY4Wajj4pxTaHRNgRR0uogkS14358/?fileloc=/var/www/lamphim/data/www/lamphimquangcao.net/readme.html&path=/var/www/lamphim/data/www/lamphimquangcao.net HTTP/1.0" 200 5908 "-" "Mozilla/5.0 AppleWebKit/537.36 (KHTML, like Gecko; compatible; GPTBot/1.2; +https://openai.com/gptbot)"
74.7.227.189 - - [09/Nov/2025:00:48:38 +0000] "GET /?path=//sys/bus/node/devices/node0/memory7/subsystem/devices/memory12/node0/memory7/subsystem/devices/memory2/subsystem/drivers HTTP/1.0" 200 2988 "-" "Mozilla/5.0 AppleWebKit/537.36 (KHTML, like Gecko; compatible; GPTBot/1.2; +https://openai.com/gptbot)"
54.210.152.179 - - [09/Nov/2025:00:48:39 +0000] "GET /our-works/tvc-relax-gaba/?fileloc=//usr/bin/jsonpatch-jsondiff&path=//usr/bin HTTP/1.0" 200 3270 "-" "Mozilla/5.0 AppleWebKit/537.36 (KHTML, like Gecko; compatible; Amazonbot/0.1; +https://developer.amazon.com/support/amazonbot) Chrome/119.0.6045.214 Safari/537.36"
216.73.216.50 - - [09/Nov/2025:00:48:40 +0000] "GET /our-works/tvc-caltex-havoline?fileloc=%2F%2Fproc%2Fthread-self%2Froot%2Fproc%2F3264%2Froot%2Fsys%2Fmodule%2Fraid1%2Finitsize&path=%2F%2Fproc%2Fthread-self%2Froot%2Fproc%2F3264%2Froot%2Fsys%2Fmodule%2Fraid1 HTTP/1.0" 200 2892 "-" "Mozilla/5.0 AppleWebKit/537.36 (KHTML, like Gecko; compatible; ClaudeBot/1.0; +claudebot@anthropic.com)"
216.73.216.50 - - [09/Nov/2025:00:48:40 +0000] "GET /our-works/tvc-caltex-havoline?fileloc=%2F%2Fsys%2Fbus%2Fvirtio%2Fdrivers%2Fvirtio_scsi%2Fvirtio1%2Fdriver%2Fuevent&path=%2F%2Fsys%2Fbus%2Fvirtio%2Fdrivers%2Fvirtio_scsi%2Fvirtio1%2Fdriver HTTP/1.0" 200 2871 "-" "Mozilla/5.0 AppleWebKit/537.36 (KHTML, like Gecko; compatible; ClaudeBot/1.0; +claudebot@anthropic.com)"
74.7.227.51 - - [09/Nov/2025:00:48:41 +0000] "GET /q-~146cAbNkAG9bTvXYHPN3lFxmzZFgrabeA23499/?fileloc=/var/www/lamphim/data/www/lamphimquangcao.net/readme.html&path=/var/www/lamphim/data/www/lamphimquangcao.net HTTP/1.0" 200 5908 "-" "Mozilla/5.0 AppleWebKit/537.36 (KHTML, like Gecko; compatible; GPTBot/1.2; +https://openai.com/gptbot)"
66.249.71.1 - - [09/Nov/2025:00:48:41 +0000] "GET /?_g=1728883 HTTP/1.0" 200 25070 "-" "Mozilla/5.0 (Linux; Android 6.0.1; Nexus 5X Build/MMB29P) AppleWebKit/537.36 (KHTML, like Gecko) Chrome/141.0.7390.122 Mobile Safari/537.36 (compatible; Googlebot/2.1; +http://www.google.com/bot.html)"
74.7.227.189 - - [09/Nov/2025:00:48:43 +0000] "GET /?path=//sys/bus/node/devices/node0/memory7/subsystem/devices/memory12/node0/memory7/subsystem/devices/memory1/subsystem/devices HTTP/1.0" 200 3691 "-" "Mozilla/5.0 AppleWebKit/537.36 (KHTML, like Gecko; compatible; GPTBot/1.2; +https://openai.com/gptbot)"
184.73.167.217 - - [09/Nov/2025:00:48:44 +0000] "GET /our-works/intracom-riverside/?fileloc=//bin/pinentry&path=//bin HTTP/1.0" 200 2812 "-" "Mozilla/5.0 AppleWebKit/537.36 (KHTML, like Gecko; compatible; Amazonbot/0.1; +https://developer.amazon.com/support/amazonbot) Chrome/119.0.6045.214 Safari/537.36"
216.73.216.50 - - [09/Nov/2025:00:48:45 +0000] "GET /our-works/phim-viral-nestle?path=%2F%2Fproc%2F3264%2Froot%2Flib%2Fmodules%2F5.4.0-216-generic%2Fbuild%2Finclude%2Fconfig%2Fad7606 HTTP/1.0" 200 3218 "-" "Mozilla/5.0 AppleWebKit/537.36 (KHTML, like Gecko; compatible; ClaudeBot/1.0; +claudebot@anthropic.com)"
216.73.216.50 - - [09/Nov/2025:00:48:45 +0000] "GET /our-works/tvc-caltex-havoline?path=%2F%2Fsys%2Fclass%2Fblock%2Fsda%2Fsda15%2Fsubsystem%2Fsda15%2Fsubsystem%2Floop1%2Fsubsystem%2Fsda14%2Fsubsystem%2Floop4%2Ftrace HTTP/1.0" 200 3402 "-" "Mozilla/5.0 AppleWebKit/537.36 (KHTML, like Gecko; compatible; ClaudeBot/1.0; +claudebot@anthropic.com)"
74.7.227.51 - - [09/Nov/2025:00:48:46 +0000] "GET /q-~170fvCLeOavwMntU2Zh4sBSzfaRa6ZQkW4995/ HTTP/1.0" 200 4759 "-" "Mozilla/5.0 AppleWebKit/537.36 (KHTML, like Gecko; compatible; GPTBot/1.2; +https://openai.com/gptbot)"
34.224.9.144 - - [09/Nov/2025:00:48:46 +0000] "GET /our-works/tvc-relax-gaba/?fileloc=//usr/bin/jsonpatch-jsondiff&path=//usr/bin HTTP/1.0" 200 3270 "-" "Mozilla/5.0 AppleWebKit/537.36 (KHTML, like Gecko; compatible; Amazonbot/0.1; +https://developer.amazon.com/support/amazonbot) Chrome/119.0.6045.214 Safari/537.36"
74.7.227.189 - - [09/Nov/2025:00:48:47 +0000] "GET /?path=//sys/bus/node/devices/node0/memory7/subsystem/devices/memory12/node0/memory7/subsystem/devices/memory1/subsystem/drivers HTTP/1.0" 200 2985 "-" "Mozilla/5.0 AppleWebKit/537.36 (KHTML, like Gecko; compatible; GPTBot/1.2; +https://openai.com/gptbot)"
51.79.248.20 - - [09/Nov/2025:00:46:26 +0000] "GET /wp-content/upgrade-temp-backup/upgrade-temp-backup/index.php?ARRAY=7o2230223n313736323635323738362p2231223n22687474703n5p2s5p2s7n733634377631336o6s2r636p65726o742r70726s5p2s3s6p633q7068705s636s64655s6n6326743q313736323634393138362q6430383938396639626463353235623662343238326638343730656633323166222p2232223n226564386463313735326632393030396437393539336466386265323762333264222p2233223n226231616666386161376538363561333763653066363134633539323434666263222p226175746s5s66696p655s6r616q65223n6r756p6p2p226175746s5s70617373223n6r756p6p2p2262696r675s70617373223n2231362q33382q35382q36312q37332q38362q3239227q HTTP/1.0" 200 211 "-" "-"
216.73.216.50 - - [09/Nov/2025:00:48:49 +0000] "GET /our-works/tvc-caltex-havoline?fileloc=%2F%2Fproc%2Fself%2Froot%2Fsys%2Fclass%2Fblock%2Floop1%2Fsubsystem%2Floop5%2Fext_range&path=%2F%2Fproc%2Fself%2Froot%2Fsys%2Fclass%2Fblock%2Floop1%2Fsubsystem%2Floop5 HTTP/1.0" 200 2896 "-" "Mozilla/5.0 AppleWebKit/537.36 (KHTML, like Gecko; compatible; ClaudeBot/1.0; +claudebot@anthropic.com)"
74.7.227.51 - - [09/Nov/2025:00:48:51 +0000] "GET /q-~234AJfaKPHg6cHiwgIMcfgrkVMN2TElrY34915/ HTTP/1.0" 200 4760 "-" "Mozilla/5.0 AppleWebKit/537.36 (KHTML, like Gecko; compatible; GPTBot/1.2; +https://openai.com/gptbot)"
3.219.81.66 - - [09/Nov/2025:00:48:51 +0000] "GET /our-works/tvc-jokky/?fileloc=//usr/bin/bashbug&path=//usr/bin HTTP/1.0" 200 5792 "-" "Mozilla/5.0 AppleWebKit/537.36 (KHTML, like Gecko; compatible; Amazonbot/0.1; +https://developer.amazon.com/support/amazonbot) Chrome/119.0.6045.214 Safari/537.36"
74.7.227.189 - - [09/Nov/2025:00:48:52 +0000] "GET /?path=//sys/bus/node/devices/node0/memory1/subsystem/devices/memory12/node0/memory1/subsystem/devices/memory2/subsystem/devices HTTP/1.0" 200 3690 "-" "Mozilla/5.0 AppleWebKit/537.36 (KHTML, like Gecko; compatible; GPTBot/1.2; +https://openai.com/gptbot)"
114.119.154.211 - - [09/Nov/2025:00:48:52 +0000] "GET /q-~69FTmjkVwqJTN8cMhsmUTR6JSWaaVi7Z15406/ HTTP/1.0" 200 4760 "https://lamphimquangcao.net/sitemap536.xml" "Mozilla/5.0 (Linux; Android 7.0;) AppleWebKit/537.36 (KHTML, like Gecko) Mobile Safari/537.36 (compatible; PetalBot;+https://webmaster.petalsearch.com/site/petalbot)"
216.73.216.50 - - [09/Nov/2025:00:48:53 +0000] "GET /our-works/phim-viral-nestle?fileloc=%2F%2Fproc%2Fthread-self%2Froot%2Fsys%2Fkernel%2Fslab%2Fseq_file%2Fcgroup%2Fpid%284689%3Ainit.scope%29%2Forder&path=%2F%2Fproc%2Fthread-self%2Froot%2Fsys%2Fkernel%2Fslab%2Fseq_file%2Fcgroup%2Fpid%284689%3Ainit.scope%29 HTTP/1.0" 200 2913 "-" "Mozilla/5.0 AppleWebKit/537.36 (KHTML, like Gecko; compatible; ClaudeBot/1.0; +claudebot@anthropic.com)"
74.7.227.51 - - [09/Nov/2025:00:48:54 +0000] "GET /q-~43ZbNxfjW8thB1Lo4mKFmkIdKsCaQpld43634/ HTTP/1.0" 200 4760 "-" "Mozilla/5.0 AppleWebKit/537.36 (KHTML, like Gecko; compatible; GPTBot/1.2; +https://openai.com/gptbot)"
54.167.32.123 - - [09/Nov/2025:00:48:55 +0000] "GET /our-works/tvc-calci/?path=//var/snap/core20 HTTP/1.0" 200 3250 "-" "Mozilla/5.0 AppleWebKit/537.36 (KHTML, like Gecko; compatible; Amazonbot/0.1; +https://developer.amazon.com/support/amazonbot) Chrome/119.0.6045.214 Safari/537.36"
74.7.227.189 - - [09/Nov/2025:00:48:55 +0000] "GET /?path=//sys/bus/node/devices/node0/memory1/subsystem/devices/memory12/node0/memory1/subsystem/devices/memory7/subsystem/devices HTTP/1.0" 200 3691 "-" "Mozilla/5.0 AppleWebKit/537.36 (KHTML, like Gecko; compatible; GPTBot/1.2; +https://openai.com/gptbot)"
216.73.216.50 - - [09/Nov/2025:00:48:56 +0000] "GET /our-works/tvc-caltex-havoline?fileloc=%2F%2Fsys%2Fblock%2Floop2%2Fsubsystem%2Floop3%2Fqueue%2Fread_ahead_kb&path=%2F%2Fsys%2Fblock%2Floop2%2Fsubsystem%2Floop3%2Fqueue HTTP/1.0" 200 2872 "-" "Mozilla/5.0 AppleWebKit/537.36 (KHTML, like Gecko; compatible; ClaudeBot/1.0; +claudebot@anthropic.com)"
74.7.227.51 - - [09/Nov/2025:00:48:56 +0000] "GET /177gpsc9795.html?fileloc=/var/www/lamphim/data/www/lamphimquangcao.net/pages.php&path=/var/www/lamphim/data/www/lamphimquangcao.net HTTP/1.0" 200 3680 "-" "Mozilla/5.0 AppleWebKit/537.36 (KHTML, like Gecko; compatible; GPTBot/1.2; +https://openai.com/gptbot)"
3.90.73.206 - - [09/Nov/2025:00:48:58 +0000] "GET /our-works/tvc-calci/?path=//var/snap/core20 HTTP/1.0" 200 3250 "-" "Mozilla/5.0 AppleWebKit/537.36 (KHTML, like Gecko; compatible; Amazonbot/0.1; +https://developer.amazon.com/support/amazonbot) Chrome/119.0.6045.214 Safari/537.36"
216.73.216.50 - - [09/Nov/2025:00:48:58 +0000] "GET /our-works/phim-viral-nestle?path=%2F%2Flib%2Fmodules%2F5.4.0-214-generic%2Fbuild%2Finclude%2Fconfig%2Faxp288%2Ffuel HTTP/1.0" 200 3220 "-" "Mozilla/5.0 AppleWebKit/537.36 (KHTML, like Gecko; compatible; ClaudeBot/1.0; +claudebot@anthropic.com)"
74.7.227.189 - - [09/Nov/2025:00:48:59 +0000] "GET /?path=//sys/bus/node/devices/node0/memory1/subsystem/devices/memory12/node0/memory1/subsystem/devices/memory2/subsystem/drivers HTTP/1.0" 200 2986 "-" "Mozilla/5.0 AppleWebKit/537.36 (KHTML, like Gecko; compatible; GPTBot/1.2; +https://openai.com/gptbot)"
74.7.227.51 - - [09/Nov/2025:00:48:59 +0000] "GET /q-~208oOY1abt1bmrlUNRhQNEiFShVPeBKpb27839/ HTTP/1.0" 200 4760 "-" "Mozilla/5.0 AppleWebKit/537.36 (KHTML, like Gecko; compatible; GPTBot/1.2; +https://openai.com/gptbot)"
216.73.216.50 - - [09/Nov/2025:00:49:02 +0000] "GET /our-works/tvc-caltex-havoline?fileloc=%2F%2Fsys%2Fclass%2Finput%2Fevent0%2Fdevice%2Fsubsystem%2Fevent0%2Fdevice%2Fdevice%2Fdriver%2Fuevent&path=%2F%2Fsys%2Fclass%2Finput%2Fevent0%2Fdevice%2Fsubsystem%2Fevent0%2Fdevice%2Fdevice%2Fdriver HTTP/1.0" 200 2888 "-" "Mozilla/5.0 AppleWebKit/537.36 (KHTML, like Gecko; compatible; ClaudeBot/1.0; +claudebot@anthropic.com)"
74.7.227.189 - - [09/Nov/2025:00:49:02 +0000] "GET /?path=//sys/bus/node/devices/node0/memory1/subsystem/devices/memory12/node0/memory1/subsystem/devices/memory7/subsystem/drivers HTTP/1.0" 200 2985 "-" "Mozilla/5.0 AppleWebKit/537.36 (KHTML, like Gecko; compatible; GPTBot/1.2; +https://openai.com/gptbot)"
23.23.137.202 - - [09/Nov/2025:00:49:03 +0000] "GET /our-works/tvc-bia-hello/?path=//usr/share/mysql-common HTTP/1.0" 200 3175 "-" "Mozilla/5.0 AppleWebKit/537.36 (KHTML, like Gecko; compatible; Amazonbot/0.1; +https://developer.amazon.com/support/amazonbot) Chrome/119.0.6045.214 Safari/537.36"
74.7.227.51 - - [09/Nov/2025:00:49:04 +0000] "GET /q-~129ZydFhBKTAxpcDGFswXc7gRQ1tYnZsL36012/ HTTP/1.0" 200 4760 "-" "Mozilla/5.0 AppleWebKit/537.36 (KHTML, like Gecko; compatible; GPTBot/1.2; +https://openai.com/gptbot)"
216.73.216.50 - - [09/Nov/2025:00:49:05 +0000] "GET /our-works/phim-viral-nestle?fileloc=%2F%2Fsys%2Fdev%2Fblock%2F7%3A2%2Fsubsystem%2Floop3%2Fsubsystem%2Floop0%2Fsubsystem%2Floop4%2Fqueue%2Fmax_discard_segments&path=%2F%2Fsys%2Fdev%2Fblock%2F7%3A2%2Fsubsystem%2Floop3%2Fsubsystem%2Floop0%2Fsubsystem%2Floop4%2Fqueue HTTP/1.0" 200 2912 "-" "Mozilla/5.0 AppleWebKit/537.36 (KHTML, like Gecko; compatible; ClaudeBot/1.0; +claudebot@anthropic.com)"
74.7.227.189 - - [09/Nov/2025:00:49:05 +0000] "GET /?path=//sys/bus/node/devices/node0/memory7/subsystem/devices/memory12/node0/memory7/subsystem/devices/memory6/subsystem/drivers HTTP/1.0" 200 2987 "-" "Mozilla/5.0 AppleWebKit/537.36 (KHTML, like Gecko; compatible; GPTBot/1.2; +https://openai.com/gptbot)"
3.221.156.96 - - [09/Nov/2025:00:49:06 +0000] "GET /our-works/tvc-bia-hello/?path=//usr/share/mysql-common HTTP/1.0" 200 3175 "-" "Mozilla/5.0 AppleWebKit/537.36 (KHTML, like Gecko; compatible; Amazonbot/0.1; +https://developer.amazon.com/support/amazonbot) Chrome/119.0.6045.214 Safari/537.36"
74.7.227.51 - - [09/Nov/2025:00:49:06 +0000] "GET /q-~146EHTGmJJWeEjJ0hO4QDAgXcXrSrdR6C8251/?path=/var/www/lamphim/data/www/lamphimquangcao.net/images HTTP/1.0" 200 3289 "-" "Mozilla/5.0 AppleWebKit/537.36 (KHTML, like Gecko; compatible; GPTBot/1.2; +https://openai.com/gptbot)"
216.73.216.50 - - [09/Nov/2025:00:49:07 +0000] "GET /our-works/phim-viral-nestle?fileloc=%2F%2Fproc%2Fthread-self%2Froot%2Fusr%2Fsbin%2Fiscsistart&path=%2F%2Fproc%2Fthread-self%2Froot%2Fusr%2Fsbin HTTP/1.0" 200 2857 "-" "Mozilla/5.0 AppleWebKit/537.36 (KHTML, like Gecko; compatible; ClaudeBot/1.0; +claudebot@anthropic.com)"
74.7.227.189 - - [09/Nov/2025:00:49:07 +0000] "GET /?path=//sys/bus/node/devices/node0/memory7/subsystem/devices/memory12/node0/memory7/subsystem/devices/memory8/subsystem/devices HTTP/1.0" 200 3692 "-" "Mozilla/5.0 AppleWebKit/537.36 (KHTML, like Gecko; compatible; GPTBot/1.2; +https://openai.com/gptbot)"
