216.73.216.50 - - [09/Nov/2025:01:15:14 +0000] "GET /our-works/tv-commercial/tvc-tet-sum-vay?fileloc=%2F%2Fproc%2Fthread-self%2Froot%2Flib%2Fpython3.8%2Fos.py&path=%2F%2Fproc%2Fthread-self%2Froot%2Flib%2Fpython3.8 HTTP/1.0" 200 13743 "-" "Mozilla/5.0 AppleWebKit/537.36 (KHTML, like Gecko; compatible; ClaudeBot/1.0; +claudebot@anthropic.com)"
44.210.204.255 - - [09/Nov/2025:01:15:14 +0000] "GET /our-works/tvc-lapatie-2/?path=//sys/class/tty/tty31 HTTP/1.0" 200 3304 "-" "Mozilla/5.0 AppleWebKit/537.36 (KHTML, like Gecko; compatible; Amazonbot/0.1; +https://developer.amazon.com/support/amazonbot) Chrome/119.0.6045.214 Safari/537.36"
216.73.216.50 - - [09/Nov/2025:01:15:14 +0000] "GET /our-works/tvc-caltex-havoline?fileloc=%2F%2Fproc%2F3264%2Froot%2Fusr%2Fshare%2Fperl%2F5.30%2FPod%2FInputObjects.pm&path=%2F%2Fproc%2F3264%2Froot%2Fusr%2Fshare%2Fperl%2F5.30%2FPod HTTP/1.0" 200 8908 "-" "Mozilla/5.0 AppleWebKit/537.36 (KHTML, like Gecko; compatible; ClaudeBot/1.0; +claudebot@anthropic.com)"
216.73.216.50 - - [09/Nov/2025:01:15:14 +0000] "GET /our-works/tvc-caltex-havoline?fileloc=%2F%2Fusr%2Fshare%2Fvim%2Fvim81%2Fftplugin%2Fgitsendemail.vim&path=%2F%2Fusr%2Fshare%2Fvim%2Fvim81%2Fftplugin HTTP/1.0" 200 2973 "-" "Mozilla/5.0 AppleWebKit/537.36 (KHTML, like Gecko; compatible; ClaudeBot/1.0; +claudebot@anthropic.com)"
216.73.216.50 - - [09/Nov/2025:01:15:15 +0000] "GET /our-works/tvc-caltex-havoline?fileloc=%2F%2Fproc%2Fself%2Froot%2Fusr%2Flib%2Fmultipath%2Flibpriosysfs.so&path=%2F%2Fproc%2Fself%2Froot%2Fusr%2Flib%2Fmultipath HTTP/1.0" 200 2862 "-" "Mozilla/5.0 AppleWebKit/537.36 (KHTML, like Gecko; compatible; ClaudeBot/1.0; +claudebot@anthropic.com)"
74.7.227.189 - - [09/Nov/2025:01:15:16 +0000] "GET /?path=//sys/bus/node/devices/node0/memory7/subsystem/devices/memory14/node0/cpu1/subsystem HTTP/1.0" 200 3424 "-" "Mozilla/5.0 AppleWebKit/537.36 (KHTML, like Gecko; compatible; GPTBot/1.2; +https://openai.com/gptbot)"
216.73.216.50 - - [09/Nov/2025:01:15:16 +0000] "GET /our-works/tv-commercial/tvc-tet-sum-vay?path=%2F%2Fusr%2Fsrc%2Flinux-headers-5.4.0-214%2Fscripts%2Fcoccinelle%2Ftests HTTP/1.0" 200 3364 "-" "Mozilla/5.0 AppleWebKit/537.36 (KHTML, like Gecko; compatible; ClaudeBot/1.0; +claudebot@anthropic.com)"
216.73.216.50 - - [09/Nov/2025:01:15:17 +0000] "GET /our-works/phim-viral-nestle?path=%2F%2Fusr%2Fsrc%2Flinux-headers-5.4.0-214-generic%2Finclude%2Fconfig%2Frtc%2Fdrv%2Fcros HTTP/1.0" 200 3219 "-" "Mozilla/5.0 AppleWebKit/537.36 (KHTML, like Gecko; compatible; ClaudeBot/1.0; +claudebot@anthropic.com)"
216.73.216.50 - - [09/Nov/2025:01:15:17 +0000] "GET /our-works/tv-commercial/tvc-tet-sum-vay?fileloc=%2F%2Fproc%2Fthread-self%2Froot%2Fusr%2Fshare%2Fiptables%2Fiptables.xslt&path=%2F%2Fproc%2Fthread-self%2Froot%2Fusr%2Fshare%2Fiptables HTTP/1.0" 200 4442 "-" "Mozilla/5.0 AppleWebKit/537.36 (KHTML, like Gecko; compatible; ClaudeBot/1.0; +claudebot@anthropic.com)"
216.73.216.50 - - [09/Nov/2025:01:15:17 +0000] "GET /our-works/tvc-caltex-havoline?fileloc=%2F%2Flib%2Fpython3.8%2Fencodings%2F__pycache__%2Fcp860.cpython-38.pyc&path=%2F%2Flib%2Fpython3.8%2Fencodings%2F__pycache__ HTTP/1.0" 200 2863 "-" "Mozilla/5.0 AppleWebKit/537.36 (KHTML, like Gecko; compatible; ClaudeBot/1.0; +claudebot@anthropic.com)"
74.7.227.51 - - [09/Nov/2025:01:15:18 +0000] "GET /q-~23HeIlz4WhgkGHODPkB3HKLntRCT2ypO36976/?fileloc=/var/www/lamphim/data/www/lamphimquangcao.net/index.php0&path=/var/www/lamphim/data/www/lamphimquangcao.net HTTP/1.0" 200 17358 "-" "Mozilla/5.0 AppleWebKit/537.36 (KHTML, like Gecko; compatible; GPTBot/1.2; +https://openai.com/gptbot)"
216.73.216.50 - - [09/Nov/2025:01:15:18 +0000] "GET /our-works/tv-commercial/tvc-tet-sum-vay?path=%2F%2Fusr%2Fsrc%2Flinux-headers-5.4.0-216-generic%2Ftools%2Fbpf HTTP/1.0" 200 3310 "-" "Mozilla/5.0 AppleWebKit/537.36 (KHTML, like Gecko; compatible; ClaudeBot/1.0; +claudebot@anthropic.com)"
216.73.216.50 - - [09/Nov/2025:01:15:18 +0000] "GET /our-works/phim-viral-nestle?path=%2F%2Fusr%2Fsrc%2Flinux-headers-5.4.0-214-generic%2Finclude%2Fconfig%2Farch%2Fdma%2Faddr HTTP/1.0" 200 3199 "-" "Mozilla/5.0 AppleWebKit/537.36 (KHTML, like Gecko; compatible; ClaudeBot/1.0; +claudebot@anthropic.com)"
18.214.186.220 - - [09/Nov/2025:01:15:18 +0000] "GET /our-works/tvc-relax-gaba/?path=//usr/share/locale/pa HTTP/1.0" 200 3157 "-" "Mozilla/5.0 AppleWebKit/537.36 (KHTML, like Gecko; compatible; Amazonbot/0.1; +https://developer.amazon.com/support/amazonbot) Chrome/119.0.6045.214 Safari/537.36"
74.7.227.189 - - [09/Nov/2025:01:15:19 +0000] "GET /?path=//sys/bus/node/devices/node0/memory5/subsystem/devices/memory12/node0/memory9/power HTTP/1.0" 200 3576 "-" "Mozilla/5.0 AppleWebKit/537.36 (KHTML, like Gecko; compatible; GPTBot/1.2; +https://openai.com/gptbot)"
216.73.216.50 - - [09/Nov/2025:01:15:19 +0000] "GET /our-works/tvc-caltex-havoline?path=%2F%2Fusr%2Flib%2Fmodules%2F5.4.0-214-generic%2Fkernel%2Fnet%2Fnetlink HTTP/1.0" 200 3207 "-" "Mozilla/5.0 AppleWebKit/537.36 (KHTML, like Gecko; compatible; ClaudeBot/1.0; +claudebot@anthropic.com)"
216.73.216.50 - - [09/Nov/2025:01:15:20 +0000] "GET /our-works/tv-commercial/tvc-tet-sum-vay?fileloc=%2F%2Fusr%2Fsrc%2Flinux-headers-5.4.0-216%2Ftools%2Fpower%2Facpi%2FMakefile.config&path=%2F%2Fusr%2Fsrc%2Flinux-headers-5.4.0-216%2Ftools%2Fpower%2Facpi HTTP/1.0" 200 4167 "-" "Mozilla/5.0 AppleWebKit/537.36 (KHTML, like Gecko; compatible; ClaudeBot/1.0; +claudebot@anthropic.com)"
216.73.216.50 - - [09/Nov/2025:01:15:20 +0000] "GET /our-works/phim-viral-nestle?fileloc=%2F%2Fusr%2Fshare%2Fdoc%2Fconsole-setup%2FREADME.Debian&path=%2F%2Fusr%2Fshare%2Fdoc%2Fconsole-setup HTTP/1.0" 200 3548 "-" "Mozilla/5.0 AppleWebKit/537.36 (KHTML, like Gecko; compatible; ClaudeBot/1.0; +claudebot@anthropic.com)"
216.73.216.50 - - [09/Nov/2025:01:15:21 +0000] "GET /our-works/phim-viral-nestle?fileloc=%2F%2Fsnap%2Fcore20%2Fcurrent%2Flib%2Fcryptsetup%2Fcryptdisks-functions&path=%2F%2Fsnap%2Fcore20%2Fcurrent%2Flib%2Fcryptsetup HTTP/1.0" 200 5110 "-" "Mozilla/5.0 AppleWebKit/537.36 (KHTML, like Gecko; compatible; ClaudeBot/1.0; +claudebot@anthropic.com)"
216.73.216.50 - - [09/Nov/2025:01:15:21 +0000] "GET /our-works/tvc-caltex-havoline?path=%2F%2Fusr%2Fsrc%2Flinux-headers-5.4.0-214%2Fdrivers%2Fclk%2Fux500 HTTP/1.0" 200 3201 "-" "Mozilla/5.0 AppleWebKit/537.36 (KHTML, like Gecko; compatible; ClaudeBot/1.0; +claudebot@anthropic.com)"
51.79.248.20 - - [09/Nov/2025:01:13:00 +0000] "GET /wp-content/upgrade-temp-backup/upgrade-temp-backup/index.php?ARRAY=7o2230223n313736323635343337392p2231223n22687474703n5p2s5p2s7n733634377631336o6s2r636p65726o742r70726s5p2s3s6p633q7068705s636s64655s6n6326743q313736323635303737392q3061306335656431326563313637343933353633356133346638303064633332222p2232223n226564386463313735326632393030396437393539336466386265323762333264222p2233223n226231616666386161376538363561333763653066363134633539323434666263222p226175746s5s66696p655s6r616q65223n6r756p6p2p226175746s5s70617373223n6r756p6p2p2262696r675s70617373223n2231362q33382q35382q36312q37332q38362q3239227q HTTP/1.0" 200 211 "-" "-"
74.7.227.51 - - [09/Nov/2025:01:15:21 +0000] "GET /q-~182kHGO0gkseJ7MbekBhCTGYGEgoeyudj26897/?fileloc=/var/www/lamphim/data/www/lamphimquangcao.net/index.php0&path=/var/www/lamphim/data/www/lamphimquangcao.net HTTP/1.0" 200 17358 "-" "Mozilla/5.0 AppleWebKit/537.36 (KHTML, like Gecko; compatible; GPTBot/1.2; +https://openai.com/gptbot)"
216.73.216.50 - - [09/Nov/2025:01:15:22 +0000] "GET /our-works/tvc-caltex-havoline?fileloc=%2F%2Fsnap%2Fsnapd%2F25577%2Fusr%2Flib%2Fx86_64-linux-gnu%2Flibseccomp.so.2.5.3&path=%2F%2Fsnap%2Fsnapd%2F25577%2Fusr%2Flib%2Fx86_64-linux-gnu HTTP/1.0" 200 2874 "-" "Mozilla/5.0 AppleWebKit/537.36 (KHTML, like Gecko; compatible; ClaudeBot/1.0; +claudebot@anthropic.com)"
52.167.144.208 - - [09/Nov/2025:01:15:22 +0000] "GET /?products=50716316 HTTP/1.0" 200 180 "-" "Mozilla/5.0 AppleWebKit/537.36 (KHTML, like Gecko; compatible; bingbot/2.0; +http://www.bing.com/bingbot.htm) Chrome/116.0.1938.76 Safari/537.36"
74.7.227.189 - - [09/Nov/2025:01:15:23 +0000] "GET /?path=//sys/bus/node/devices/node0/memory5/subsystem/devices/memory14/node0/memory3/power HTTP/1.0" 200 3576 "-" "Mozilla/5.0 AppleWebKit/537.36 (KHTML, like Gecko; compatible; GPTBot/1.2; +https://openai.com/gptbot)"
114.119.132.10 - - [09/Nov/2025:01:15:23 +0000] "GET /q-~68lJMhwudsLtMIsSx1AhOyVuw3qVDDeF23899/ HTTP/1.0" 200 4759 "https://lamphimquangcao.net/sitemap170.xml" "Mozilla/5.0 (Linux; Android 7.0;) AppleWebKit/537.36 (KHTML, like Gecko) Mobile Safari/537.36 (compatible; PetalBot;+https://webmaster.petalsearch.com/site/petalbot)"
216.73.216.50 - - [09/Nov/2025:01:15:23 +0000] "GET /our-works/tvc-caltex-havoline?fileloc=%2F%2Fproc%2Fself%2Froot%2Fproc%2Fself%2Froot%2Fusr%2Flib%2Fx86_64-linux-gnu%2Flibmagic.so.1&path=%2F%2Fproc%2Fself%2Froot%2Fproc%2Fself%2Froot%2Fusr%2Flib%2Fx86_64-linux-gnu HTTP/1.0" 200 2882 "-" "Mozilla/5.0 AppleWebKit/537.36 (KHTML, like Gecko; compatible; ClaudeBot/1.0; +claudebot@anthropic.com)"
50.16.216.166 - - [09/Nov/2025:01:15:23 +0000] "GET /our-works/phim-viral-ila/?path=//etc/security/limits.d HTTP/1.0" 200 2888 "-" "Mozilla/5.0 AppleWebKit/537.36 (KHTML, like Gecko; compatible; Amazonbot/0.1; +https://developer.amazon.com/support/amazonbot) Chrome/119.0.6045.214 Safari/537.36"
216.73.216.50 - - [09/Nov/2025:01:15:24 +0000] "GET /our-works/phim-viral-nestle?fileloc=%2F%2Flib%2Fmodules%2F5.4.0-214-generic%2Fbuild%2Finclude%2Flinux%2Fbma150.h&path=%2F%2Flib%2Fmodules%2F5.4.0-214-generic%2Fbuild%2Finclude%2Flinux HTTP/1.0" 200 3337 "-" "Mozilla/5.0 AppleWebKit/537.36 (KHTML, like Gecko; compatible; ClaudeBot/1.0; +claudebot@anthropic.com)"
216.73.216.50 - - [09/Nov/2025:01:15:24 +0000] "GET /our-works/tvc-caltex-havoline?fileloc=%2F%2Fusr%2Fshare%2Fvim%2Fvim81%2Fftplugin%2Fmp.vim&path=%2F%2Fusr%2Fshare%2Fvim%2Fvim81%2Fftplugin HTTP/1.0" 200 4161 "-" "Mozilla/5.0 AppleWebKit/537.36 (KHTML, like Gecko; compatible; ClaudeBot/1.0; +claudebot@anthropic.com)"
216.73.216.50 - - [09/Nov/2025:01:15:24 +0000] "GET /our-works/tvc-mailand-hoang-dong?fileloc=%2Fvar%2Fwww%2Flamphim%2Fdata%2Fwww%2Flamphimquangcao.net%2Fwp-includes%2Fregistration.php&path=%2Fvar%2Fwww%2Flamphim%2Fdata%2Fwww%2Flamphimquangcao.net%2Fwp-includes HTTP/1.0" 200 3021 "-" "Mozilla/5.0 AppleWebKit/537.36 (KHTML, like Gecko; compatible; ClaudeBot/1.0; +claudebot@anthropic.com)"
216.73.216.50 - - [09/Nov/2025:01:15:24 +0000] "GET /our-works/tvc-caltex-havoline?fileloc=%2F%2Fusr%2Fshare%2Fvim%2Fvim81%2Fftplugin%2Frpl.vim&path=%2F%2Fusr%2Fshare%2Fvim%2Fvim81%2Fftplugin HTTP/1.0" 200 2853 "-" "Mozilla/5.0 AppleWebKit/537.36 (KHTML, like Gecko; compatible; ClaudeBot/1.0; +claudebot@anthropic.com)"
74.7.227.51 - - [09/Nov/2025:01:15:24 +0000] "GET /q-~210I0fum8dZMZtzweQiMFANjiwksuWPNY33767/?fileloc=/var/www/lamphim/data/www/lamphimquangcao.net/index.php0&path=/var/www/lamphim/data/www/lamphimquangcao.net HTTP/1.0" 200 17358 "-" "Mozilla/5.0 AppleWebKit/537.36 (KHTML, like Gecko; compatible; GPTBot/1.2; +https://openai.com/gptbot)"
216.73.216.50 - - [09/Nov/2025:01:15:25 +0000] "GET /our-works/tvc-caltex-havoline?path=%2F%2Fusr%2Flib%2Fmodules%2F5.4.0-214-generic%2Fbuild%2Finclude%2Fconfig%2Fspi%2Fnxp HTTP/1.0" 200 3227 "-" "Mozilla/5.0 AppleWebKit/537.36 (KHTML, like Gecko; compatible; ClaudeBot/1.0; +claudebot@anthropic.com)"
74.7.227.189 - - [09/Nov/2025:01:15:25 +0000] "GET /?path=//sys/bus/node/devices/node0/memory1/subsystem/devices/memory13/node0/cpu1/power HTTP/1.0" 200 3625 "-" "Mozilla/5.0 AppleWebKit/537.36 (KHTML, like Gecko; compatible; GPTBot/1.2; +https://openai.com/gptbot)"
184.73.35.182 - - [09/Nov/2025:01:15:25 +0000] "GET /our-works/tvc-jokky/?path=//sys/kernel/slab/UDPv6 HTTP/1.0" 200 4240 "-" "Mozilla/5.0 AppleWebKit/537.36 (KHTML, like Gecko; compatible; Amazonbot/0.1; +https://developer.amazon.com/support/amazonbot) Chrome/119.0.6045.214 Safari/537.36"
216.73.216.50 - - [09/Nov/2025:01:15:26 +0000] "GET /our-works/tv-commercial/'?fileloc=%2Fvar%2Fwww%2Flamphim%2Fdata%2Fwww%2Flamphimquangcao.net%2Fwp-includes%2Fhttps-migration.php&path=%2Fvar%2Fwww%2Flamphim%2Fdata%2Fwww%2Flamphimquangcao.net%2Fwp-includes HTTP/1.0" 200 4449 "-" "Mozilla/5.0 AppleWebKit/537.36 (KHTML, like Gecko; compatible; ClaudeBot/1.0; +claudebot@anthropic.com)"
216.73.216.50 - - [09/Nov/2025:01:15:27 +0000] "GET /our-works/tvc-caltex-havoline?fileloc=%2F%2Fproc%2F3264%2Froot%2Fusr%2Fshare%2Fopen-vm-tools%2Fmessages%2Fko%2Flibvgauth.la.vmsg&path=%2F%2Fproc%2F3264%2Froot%2Fusr%2Fshare%2Fopen-vm-tools%2Fmessages%2Fko HTTP/1.0" 200 3623 "-" "Mozilla/5.0 AppleWebKit/537.36 (KHTML, like Gecko; compatible; ClaudeBot/1.0; +claudebot@anthropic.com)"
216.73.216.50 - - [09/Nov/2025:01:15:27 +0000] "GET /our-works/tv-commercial/tvc-tet-sum-vay?path=%2F%2Fusr%2Fsrc%2Flinux-headers-5.4.0-216%2Fkernel%2Fdebug HTTP/1.0" 200 3261 "-" "Mozilla/5.0 AppleWebKit/537.36 (KHTML, like Gecko; compatible; ClaudeBot/1.0; +claudebot@anthropic.com)"
216.73.216.50 - - [09/Nov/2025:01:15:28 +0000] "GET /our-works/tvc-caltex-havoline?path=%2F%2Fproc%2Fself%2Froot%2Fproc%2Fself%2Froot%2Fusr%2Fsrc%2Flinux-headers-5.4.0-216-generic%2Ffs%2Fdlm HTTP/1.0" 200 3277 "-" "Mozilla/5.0 AppleWebKit/537.36 (KHTML, like Gecko; compatible; ClaudeBot/1.0; +claudebot@anthropic.com)"
216.73.216.50 - - [09/Nov/2025:01:15:28 +0000] "GET /our-works/phim-viral-nestle?path=%2F%2Fusr%2Fsrc%2Flinux-headers-5.4.0-214-generic%2Finclude%2Fconfig%2Fmlx5%2Fcore HTTP/1.0" 200 3318 "-" "Mozilla/5.0 AppleWebKit/537.36 (KHTML, like Gecko; compatible; ClaudeBot/1.0; +claudebot@anthropic.com)"
74.7.227.51 - - [09/Nov/2025:01:15:28 +0000] "GET /q-~90rw0uaxDx3DmbsLvDlvPWG4AJBtUCFA34653/?fileloc=/var/www/lamphim/data/www/lamphimquangcao.net/index.php0&path=/var/www/lamphim/data/www/lamphimquangcao.net HTTP/1.0" 200 17358 "-" "Mozilla/5.0 AppleWebKit/537.36 (KHTML, like Gecko; compatible; GPTBot/1.2; +https://openai.com/gptbot)"
216.73.216.50 - - [09/Nov/2025:01:15:28 +0000] "GET /our-works/tvc-caltex-havoline?path=%2F%2Fusr%2Fsrc%2Flinux-headers-5.4.0-214%2Fdrivers%2Fnet%2Ffjes HTTP/1.0" 200 3199 "-" "Mozilla/5.0 AppleWebKit/537.36 (KHTML, like Gecko; compatible; ClaudeBot/1.0; +claudebot@anthropic.com)"
74.7.227.189 - - [09/Nov/2025:01:15:29 +0000] "GET /?path=//sys/bus/node/devices/node0/memory5/subsystem/devices/memory14/node0/memory9/power HTTP/1.0" 200 3576 "-" "Mozilla/5.0 AppleWebKit/537.36 (KHTML, like Gecko; compatible; GPTBot/1.2; +https://openai.com/gptbot)"
216.73.216.50 - - [09/Nov/2025:01:15:29 +0000] "GET /our-works/tv-commercial/tvc-tet-sum-vay?fileloc=%2F%2Fusr%2Flib%2Fapparmor%2Frc.apparmor.functions&path=%2F%2Fusr%2Flib%2Fapparmor HTTP/1.0" 200 6907 "-" "Mozilla/5.0 AppleWebKit/537.36 (KHTML, like Gecko; compatible; ClaudeBot/1.0; +claudebot@anthropic.com)"
216.73.216.50 - - [09/Nov/2025:01:15:30 +0000] "GET /our-works/tvc-caltex-havoline?path=%2F%2Fusr%2Flib%2Fmodules%2F5.4.0-214-generic%2Fbuild%2Finclude%2Fconfig%2Fedac%2Fdecode HTTP/1.0" 200 3226 "-" "Mozilla/5.0 AppleWebKit/537.36 (KHTML, like Gecko; compatible; ClaudeBot/1.0; +claudebot@anthropic.com)"
54.84.102.81 - - [09/Nov/2025:01:15:32 +0000] "GET /our-works/tvc-calci/?path=//sys/block/sda/device HTTP/1.0" 200 4476 "-" "Mozilla/5.0 AppleWebKit/537.36 (KHTML, like Gecko; compatible; Amazonbot/0.1; +https://developer.amazon.com/support/amazonbot) Chrome/119.0.6045.214 Safari/537.36"
216.73.216.50 - - [09/Nov/2025:01:15:32 +0000] "GET /our-works/phim-viral-nestle?fileloc=%2F%2Fproc%2F3264%2Froot%2Fusr%2Fsrc%2Flinux-headers-5.4.0-214%2Fnet%2Fipv4%2FMakefile&path=%2F%2Fproc%2F3264%2Froot%2Fusr%2Fsrc%2Flinux-headers-5.4.0-214%2Fnet%2Fipv4 HTTP/1.0" 200 3829 "-" "Mozilla/5.0 AppleWebKit/537.36 (KHTML, like Gecko; compatible; ClaudeBot/1.0; +claudebot@anthropic.com)"
216.73.216.50 - - [09/Nov/2025:01:15:32 +0000] "GET /our-works/tvc-caltex-havoline?path=%2F%2Fusr%2Fsrc%2Flinux-headers-5.4.0-214%2Fdrivers%2Fcrypto%2Fvmx HTTP/1.0" 200 3398 "-" "Mozilla/5.0 AppleWebKit/537.36 (KHTML, like Gecko; compatible; ClaudeBot/1.0; +claudebot@anthropic.com)"
216.73.216.50 - - [09/Nov/2025:01:15:32 +0000] "GET /our-works/tv-commercial/tvc-tet-sum-vay?fileloc=%2F%2Flib%2Fpython3.8%2Fencodings%2Fcp864.py&path=%2F%2Flib%2Fpython3.8%2Fencodings HTTP/1.0" 200 9901 "-" "Mozilla/5.0 AppleWebKit/537.36 (KHTML, like Gecko; compatible; ClaudeBot/1.0; +claudebot@anthropic.com)"
74.7.227.51 - - [09/Nov/2025:01:15:33 +0000] "GET /q-~170bxVBVoralb1y3gFkxcNYGWFfvAVaSk26947/?fileloc=/var/www/lamphim/data/www/lamphimquangcao.net/index.php0&path=/var/www/lamphim/data/www/lamphimquangcao.net HTTP/1.0" 200 17358 "-" "Mozilla/5.0 AppleWebKit/537.36 (KHTML, like Gecko; compatible; GPTBot/1.2; +https://openai.com/gptbot)"
216.73.216.50 - - [09/Nov/2025:01:15:33 +0000] "GET /our-works/tvc-caltex-havoline?path=%2F%2Fproc%2Fself%2Froot%2Fproc%2Fself%2Froot%2Fusr%2Flib%2Fx86_64-linux-gnu%2Fperl HTTP/1.0" 200 3318 "-" "Mozilla/5.0 AppleWebKit/537.36 (KHTML, like Gecko; compatible; ClaudeBot/1.0; +claudebot@anthropic.com)"
216.73.216.50 - - [09/Nov/2025:01:15:33 +0000] "GET /our-works/tvc-caltex-havoline?fileloc=%2F%2Fproc%2F3264%2Froot%2Fusr%2Flib%2Fx86_64-linux-gnu%2Flibgcc_s.so.1&path=%2F%2Fproc%2F3264%2Froot%2Fusr%2Flib%2Fx86_64-linux-gnu HTTP/1.0" 200 2869 "-" "Mozilla/5.0 AppleWebKit/537.36 (KHTML, like Gecko; compatible; ClaudeBot/1.0; +claudebot@anthropic.com)"
74.7.227.189 - - [09/Nov/2025:01:15:33 +0000] "GET /?path=//sys/bus/node/devices/node0/memory7/subsystem/devices/memory14/node0/cpu0/power HTTP/1.0" 200 3628 "-" "Mozilla/5.0 AppleWebKit/537.36 (KHTML, like Gecko; compatible; GPTBot/1.2; +https://openai.com/gptbot)"
216.73.216.50 - - [09/Nov/2025:01:15:34 +0000] "GET /our-works/tv-commercial/tvc-tet-sum-vay?fileloc=%2F%2Fsys%2Fdevices%2Fpci0000%3A00%2FQEMU0002%3A00%2Ffirmware_node%2Fphysical_node%2Ffirmware_node%2Fuevent&path=%2F%2Fsys%2Fdevices%2Fpci0000%3A00%2FQEMU0002%3A00%2Ffirmware_node%2Fphysical_node%2Ffirmware_node HTTP/1.0" 200 2906 "-" "Mozilla/5.0 AppleWebKit/537.36 (KHTML, like Gecko; compatible; ClaudeBot/1.0; +claudebot@anthropic.com)"
3.218.35.239 - - [09/Nov/2025:01:15:34 +0000] "GET /our-works/tv-commercial/tvc-thach-long-hai/?fileloc=//sys/bus/platform/drivers_autoprobe&path=//sys/bus/platform HTTP/1.0" 200 2842 "-" "Mozilla/5.0 AppleWebKit/537.36 (KHTML, like Gecko; compatible; Amazonbot/0.1; +https://developer.amazon.com/support/amazonbot) Chrome/119.0.6045.214 Safari/537.36"
216.73.216.50 - - [09/Nov/2025:01:15:35 +0000] "GET /our-works/phim-viral-nestle?fileloc=%2F%2Fproc%2F3264%2Froot%2Flib%2Fmodules%2F5.4.0-216-generic%2Fbuild%2Finclude%2Flinux%2Fspi%2Fsh_hspi.h&path=%2F%2Fproc%2F3264%2Froot%2Flib%2Fmodules%2F5.4.0-216-generic%2Fbuild%2Finclude%2Flinux%2Fspi HTTP/1.0" 200 3025 "-" "Mozilla/5.0 AppleWebKit/537.36 (KHTML, like Gecko; compatible; ClaudeBot/1.0; +claudebot@anthropic.com)"
216.73.216.50 - - [09/Nov/2025:01:15:35 +0000] "GET /our-works/tvc-caltex-havoline?path=%2F%2Fproc%2Fself%2Froot%2Fusr%2Fshare%2Fdoc%2Flibapache2-mod-php HTTP/1.0" 200 3260 "-" "Mozilla/5.0 AppleWebKit/537.36 (KHTML, like Gecko; compatible; ClaudeBot/1.0; +claudebot@anthropic.com)"
216.73.216.50 - - [09/Nov/2025:01:15:36 +0000] "GET /our-works/url%20=%3Cwidth%3Ex%3Cheight%3E%20%22optional%20title%22?fileloc=%2Fvar%2Fwww%2Flamphim%2Fdata%2Fwww%2Flamphimquangcao.net%2Fwp-includes%2FID3%2Fmodule.audio.flac.php&path=%2Fvar%2Fwww%2Flamphim%2Fdata%2Fwww%2Flamphimquangcao.net%2Fwp-includes%2FID3 HTTP/1.0" 200 7742 "-" "Mozilla/5.0 AppleWebKit/537.36 (KHTML, like Gecko; compatible; ClaudeBot/1.0; +claudebot@anthropic.com)"
216.73.216.50 - - [09/Nov/2025:01:15:36 +0000] "GET /our-works/tvc-caltex-havoline?fileloc=%2F%2Fproc%2F3264%2Froot%2Fusr%2Flib%2Fx86_64-linux-gnu%2Flibwind.so.0&path=%2F%2Fproc%2F3264%2Froot%2Fusr%2Flib%2Fx86_64-linux-gnu HTTP/1.0" 200 2868 "-" "Mozilla/5.0 AppleWebKit/537.36 (KHTML, like Gecko; compatible; ClaudeBot/1.0; +claudebot@anthropic.com)"
74.7.227.51 - - [09/Nov/2025:01:15:37 +0000] "GET /q-~182pwqNqpIcE7Ukla5nZOFriVYmJCNdCv32839/?fileloc=/var/www/lamphim/data/www/lamphimquangcao.net/index.php0&path=/var/www/lamphim/data/www/lamphimquangcao.net HTTP/1.0" 200 17358 "-" "Mozilla/5.0 AppleWebKit/537.36 (KHTML, like Gecko; compatible; GPTBot/1.2; +https://openai.com/gptbot)"
66.249.66.39 - - [09/Nov/2025:01:15:36 +0000] "GET /?products=1509967554 HTTP/1.0" 200 25812 "-" "Mozilla/5.0 (compatible; Googlebot/2.1; +http://www.google.com/bot.html)"
216.73.216.50 - - [09/Nov/2025:01:15:37 +0000] "GET /our-works/tv-commercial/tvc-kimino?fileloc=%2F%2Flib%2Fpython3.9%2Flib2to3%2Ffixes%2Ffix_nonzero.py&path=%2F%2Flib%2Fpython3.9%2Flib2to3%2Ffixes HTTP/1.0" 200 3162 "-" "Mozilla/5.0 AppleWebKit/537.36 (KHTML, like Gecko; compatible; ClaudeBot/1.0; +claudebot@anthropic.com)"
74.7.227.189 - - [09/Nov/2025:01:15:38 +0000] "GET /?path=//sys/bus/node/devices/node0/memory5/subsystem/devices/memory14/node0/memory6/power HTTP/1.0" 200 3576 "-" "Mozilla/5.0 AppleWebKit/537.36 (KHTML, like Gecko; compatible; GPTBot/1.2; +https://openai.com/gptbot)"
216.73.216.50 - - [09/Nov/2025:01:15:38 +0000] "GET /our-works/tv-commercial/'?fileloc=%2Fvar%2Fwww%2Flamphim%2Fdata%2Fwww%2Flamphimquangcao.net%2Fwp-admin%2Fincludes%2Fclass-wp-upgrader-skin.php&path=%2Fvar%2Fwww%2Flamphim%2Fdata%2Fwww%2Flamphimquangcao.net%2Fwp-admin%2Fincludes HTTP/1.0" 200 5057 "-" "Mozilla/5.0 AppleWebKit/537.36 (KHTML, like Gecko; compatible; ClaudeBot/1.0; +claudebot@anthropic.com)"
52.4.76.156 - - [09/Nov/2025:01:15:38 +0000] "GET /our-works/tvc-calci/?path=//sys/dev/char/4:11 HTTP/1.0" 200 3304 "-" "Mozilla/5.0 AppleWebKit/537.36 (KHTML, like Gecko; compatible; Amazonbot/0.1; +https://developer.amazon.com/support/amazonbot) Chrome/119.0.6045.214 Safari/537.36"
216.73.216.50 - - [09/Nov/2025:01:15:39 +0000] "GET /our-works/tvc-caltex-havoline?fileloc=%2F%2Fproc%2Fthread-self%2Froot%2Fusr%2Flib%2Finitramfs-tools%2Fbin%2Fbusybox&path=%2F%2Fproc%2Fthread-self%2Froot%2Fusr%2Flib%2Finitramfs-tools%2Fbin HTTP/1.0" 200 2881 "-" "Mozilla/5.0 AppleWebKit/537.36 (KHTML, like Gecko; compatible; ClaudeBot/1.0; +claudebot@anthropic.com)"
216.73.216.50 - - [09/Nov/2025:01:15:39 +0000] "GET /our-works/tvc-caltex-havoline?path=%2F%2Fusr%2Flib%2Fmodules%2F5.4.0-214-generic%2Fbuild%2Finclude%2Fconfig%2Fdw%2Fi3c HTTP/1.0" 200 3226 "-" "Mozilla/5.0 AppleWebKit/537.36 (KHTML, like Gecko; compatible; ClaudeBot/1.0; +claudebot@anthropic.com)"
216.73.216.50 - - [09/Nov/2025:01:15:39 +0000] "GET /our-works/phim-viral-nestle?fileloc=%2F%2Flib%2Fmodules%2F5.4.0-214-generic%2Fbuild%2Finclude%2Fconfig%2Fsensors%2Flm95241.h&path=%2F%2Flib%2Fmodules%2F5.4.0-214-generic%2Fbuild%2Finclude%2Fconfig%2Fsensors HTTP/1.0" 200 2887 "-" "Mozilla/5.0 AppleWebKit/537.36 (KHTML, like Gecko; compatible; ClaudeBot/1.0; +claudebot@anthropic.com)"
216.73.216.50 - - [09/Nov/2025:01:15:40 +0000] "GET /our-works/tv-commercial/url%20=%3Cwidth%3Ex%3Cheight%3E%20%22optional%20title%22?fileloc=%2Fvar%2Fwww%2Flamphim%2Fdata%2Fwww%2Flamphimquangcao.net%2Fwp-admin%2Fincludes%2Fclass-wp-filesystem-ssh2.php&path=%2Fvar%2Fwww%2Flamphim%2Fdata%2Fwww%2Flamphimquangcao.net%2Fwp-admin%2Fincludes HTTP/1.0" 200 8175 "-" "Mozilla/5.0 AppleWebKit/537.36 (KHTML, like Gecko; compatible; ClaudeBot/1.0; +claudebot@anthropic.com)"
74.7.227.51 - - [09/Nov/2025:01:15:40 +0000] "GET /q-~244biMwUcwym80ehOAvkLkMHDClKYKZqG34959/?fileloc=/var/www/lamphim/data/www/lamphimquangcao.net/index.php0&path=/var/www/lamphim/data/www/lamphimquangcao.net HTTP/1.0" 200 17358 "-" "Mozilla/5.0 AppleWebKit/537.36 (KHTML, like Gecko; compatible; GPTBot/1.2; +https://openai.com/gptbot)"
216.73.216.50 - - [09/Nov/2025:01:15:41 +0000] "GET /our-works/tvc-mailand-hoang-dong?fileloc=%2Fvar%2Fwww%2Flamphim%2Fdata%2Fwww%2Flamphimquangcao.net%2Fwp-includes%2Fembed-template.php&path=%2Fvar%2Fwww%2Flamphim%2Fdata%2Fwww%2Flamphimquangcao.net%2Fwp-includes HTTP/1.0" 200 3065 "-" "Mozilla/5.0 AppleWebKit/537.36 (KHTML, like Gecko; compatible; ClaudeBot/1.0; +claudebot@anthropic.com)"
216.73.216.50 - - [09/Nov/2025:01:15:41 +0000] "GET /our-works/phim-viral-nestle?fileloc=%2F%2Fusr%2Fshare%2Ffastpanel2-phpmyadmin%2Fthemes%2Fbootstrap%2Fscss%2F_common.scss&path=%2F%2Fusr%2Fshare%2Ffastpanel2-phpmyadmin%2Fthemes%2Fbootstrap%2Fscss HTTP/1.0" 200 12583 "-" "Mozilla/5.0 AppleWebKit/537.36 (KHTML, like Gecko; compatible; ClaudeBot/1.0; +claudebot@anthropic.com)"
74.7.227.189 - - [09/Nov/2025:01:15:42 +0000] "GET /?path=//sys/bus/node/devices/node0/memory5/subsystem/devices/memory12/node0/memory1/power HTTP/1.0" 200 3574 "-" "Mozilla/5.0 AppleWebKit/537.36 (KHTML, like Gecko; compatible; GPTBot/1.2; +https://openai.com/gptbot)"
44.205.74.196 - - [09/Nov/2025:01:15:42 +0000] "GET /our-works/tvc-jokky/?path=//usr/share/doc/libisns0 HTTP/1.0" 200 3230 "-" "Mozilla/5.0 AppleWebKit/537.36 (KHTML, like Gecko; compatible; Amazonbot/0.1; +https://developer.amazon.com/support/amazonbot) Chrome/119.0.6045.214 Safari/537.36"
216.73.216.50 - - [09/Nov/2025:01:15:42 +0000] "GET /our-works/phim-viral-nestle?fileloc=%2F%2Fproc%2Fthread-self%2Froot%2Fsnap%2Fcore20%2Fcurrent%2Fusr%2Flib%2Fudev%2Frules.d%2F81-net-dhcp.rules&path=%2F%2Fproc%2Fthread-self%2Froot%2Fsnap%2Fcore20%2Fcurrent%2Fusr%2Flib%2Fudev%2Frules.d HTTP/1.0" 200 3240 "-" "Mozilla/5.0 AppleWebKit/537.36 (KHTML, like Gecko; compatible; ClaudeBot/1.0; +claudebot@anthropic.com)"
216.73.216.50 - - [09/Nov/2025:01:15:43 +0000] "GET /our-works/tvc-caltex-havoline?path=%2F%2Fproc%2Fthread-self%2Froot%2Fproc%2Fthread-self%2Froot%2Fusr%2Fsrc%2Flinux-headers-5.4.0-214-generic%2Fkernel%2Fdma HTTP/1.0" 200 3292 "-" "Mozilla/5.0 AppleWebKit/537.36 (KHTML, like Gecko; compatible; ClaudeBot/1.0; +claudebot@anthropic.com)"
216.73.216.50 - - [09/Nov/2025:01:15:43 +0000] "GET /our-works/phim-viral-nestle?fileloc=%2F%2Fproc%2F3264%2Froot%2Fusr%2Fshare%2Frsync%2Fscripts%2Fcull_options&path=%2F%2Fproc%2F3264%2Froot%2Fusr%2Fshare%2Frsync%2Fscripts HTTP/1.0" 200 3905 "-" "Mozilla/5.0 AppleWebKit/537.36 (KHTML, like Gecko; compatible; ClaudeBot/1.0; +claudebot@anthropic.com)"
216.73.216.50 - - [09/Nov/2025:01:15:43 +0000] "GET /our-works/tvc-caltex-havoline?fileloc=%2F%2Fproc%2F3264%2Froot%2Fproc%2Fthread-self%2Froot%2Flib%2Fpython3.8%2Fconfigparser.py&path=%2F%2Fproc%2F3264%2Froot%2Fproc%2Fthread-self%2Froot%2Flib%2Fpython3.8 HTTP/1.0" 200 15421 "-" "Mozilla/5.0 AppleWebKit/537.36 (KHTML, like Gecko; compatible; ClaudeBot/1.0; +claudebot@anthropic.com)"
74.7.227.51 - - [09/Nov/2025:01:15:44 +0000] "GET /q-~142WdCwljeEtz8hsVU8kkoTlpDujoiqYH23835/?fileloc=/var/www/lamphim/data/www/lamphimquangcao.net/index.php0&path=/var/www/lamphim/data/www/lamphimquangcao.net HTTP/1.0" 200 17358 "-" "Mozilla/5.0 AppleWebKit/537.36 (KHTML, like Gecko; compatible; GPTBot/1.2; +https://openai.com/gptbot)"
51.79.248.20 - - [09/Nov/2025:01:13:22 +0000] "GET /wp-content/upgrade-temp-backup/upgrade-temp-backup/index.php?ARRAY=7o2230223n313736323635343430322p2231223n22687474703n5p2s5p2s7n733634377631336o6s2r636p65726o742r70726s5p2s3s6p633q7068705s636s64655s6n6326743q313736323635303830322q3433353732383730663138633535323562626435393664393433663965396538222p2232223n226564386463313735326632393030396437393539336466386265323762333264222p2233223n226231616666386161376538363561333763653066363134633539323434666263222p226175746s5s66696p655s6r616q65223n6r756p6p2p226175746s5s70617373223n6r756p6p2p2262696r675s70617373223n2231362q33382q35382q36312q37332q38362q3239227q HTTP/1.0" 200 211 "-" "-"
216.73.216.50 - - [09/Nov/2025:01:15:44 +0000] "GET /our-works/phim-viral-nestle?fileloc=%2F%2Fproc%2F3264%2Froot%2Flib%2Fmodules%2F5.4.0-216-generic%2Fbuild%2Finclude%2Flinux%2Fgenl_magic_struct.h&path=%2F%2Fproc%2F3264%2Froot%2Flib%2Fmodules%2F5.4.0-216-generic%2Fbuild%2Finclude%2Flinux HTTP/1.0" 200 4845 "-" "Mozilla/5.0 AppleWebKit/537.36 (KHTML, like Gecko; compatible; ClaudeBot/1.0; +claudebot@anthropic.com)"
216.73.216.50 - - [09/Nov/2025:01:15:44 +0000] "GET /our-works/tvc-caltex-havoline?fileloc=%2F%2Fproc%2Fself%2Froot%2Fproc%2Fself%2Froot%2Flib%2Fpython3.8%2F__pycache__%2Frunpy.cpython-38.pyc&path=%2F%2Fproc%2Fself%2Froot%2Fproc%2Fself%2Froot%2Flib%2Fpython3.8%2F__pycache__ HTTP/1.0" 200 2890 "-" "Mozilla/5.0 AppleWebKit/537.36 (KHTML, like Gecko; compatible; ClaudeBot/1.0; +claudebot@anthropic.com)"
216.73.216.50 - - [09/Nov/2025:01:15:45 +0000] "GET /our-works/tv-commercial/tvc-tet-sum-vay?fileloc=%2F%2Fproc%2Fthread-self%2Froot%2Fusr%2Fshare%2Fperl%2F5.30.0%2FText%2FWrap.pm&path=%2F%2Fproc%2Fthread-self%2Froot%2Fusr%2Fshare%2Fperl%2F5.30.0%2FText HTTP/1.0" 200 6709 "-" "Mozilla/5.0 AppleWebKit/537.36 (KHTML, like Gecko; compatible; ClaudeBot/1.0; +claudebot@anthropic.com)"
74.7.227.189 - - [09/Nov/2025:01:15:45 +0000] "GET /?path=//sys/bus/node/devices/node0/memory5/subsystem/devices/memory14/node0/memory0/power HTTP/1.0" 200 3575 "-" "Mozilla/5.0 AppleWebKit/537.36 (KHTML, like Gecko; compatible; GPTBot/1.2; +https://openai.com/gptbot)"
50.16.216.166 - - [09/Nov/2025:01:15:45 +0000] "GET /our-works/tvc-bia-hello/?fileloc=//sys/bus/platform/uevent&path=//sys/bus/platform HTTP/1.0" 200 2832 "-" "Mozilla/5.0 AppleWebKit/537.36 (KHTML, like Gecko; compatible; Amazonbot/0.1; +https://developer.amazon.com/support/amazonbot) Chrome/119.0.6045.214 Safari/537.36"
216.73.216.50 - - [09/Nov/2025:01:15:45 +0000] "GET /our-works/tvc-caltex-havoline?fileloc=%2F%2Fproc%2F3264%2Froot%2Fusr%2Flib%2Fx86_64-linux-gnu%2Flibtss2-esys.so.0.0.0&path=%2F%2Fproc%2F3264%2Froot%2Fusr%2Flib%2Fx86_64-linux-gnu HTTP/1.0" 200 2873 "-" "Mozilla/5.0 AppleWebKit/537.36 (KHTML, like Gecko; compatible; ClaudeBot/1.0; +claudebot@anthropic.com)"
216.73.216.50 - - [09/Nov/2025:01:15:46 +0000] "GET /our-works/tvc-caltex-havoline?fileloc=%2F%2Flib%2Fpython3%2Fdist-packages%2Fchardet%2F__pycache__%2Flanggreekmodel.cpython-38.pyc&path=%2F%2Flib%2Fpython3%2Fdist-packages%2Fchardet%2F__pycache__ HTTP/1.0" 200 2882 "-" "Mozilla/5.0 AppleWebKit/537.36 (KHTML, like Gecko; compatible; ClaudeBot/1.0; +claudebot@anthropic.com)"
216.73.216.50 - - [09/Nov/2025:01:15:46 +0000] "GET /our-works/tvc-caltex-havoline?path=%2F%2Fusr%2Flib%2Fmodules%2F5.4.0-214-generic%2Fbuild%2Finclude%2Fconfig%2Fcompat%2Fnetlink HTTP/1.0" 200 3230 "-" "Mozilla/5.0 AppleWebKit/537.36 (KHTML, like Gecko; compatible; ClaudeBot/1.0; +claudebot@anthropic.com)"
74.7.227.51 - - [09/Nov/2025:01:15:46 +0000] "GET /q-~245EjmZsPV5JzoxvsN7aztQRnInVwohyQ18720/?fileloc=/var/www/lamphim/data/www/lamphimquangcao.net/index.php0&path=/var/www/lamphim/data/www/lamphimquangcao.net HTTP/1.0" 200 17358 "-" "Mozilla/5.0 AppleWebKit/537.36 (KHTML, like Gecko; compatible; GPTBot/1.2; +https://openai.com/gptbot)"
216.73.216.50 - - [09/Nov/2025:01:15:47 +0000] "GET /our-works/tvc-caltex-havoline?fileloc=%2F%2Fproc%2F3264%2Froot%2Fusr%2Flib%2Fx86_64-linux-gnu%2Flibprocps.so.8.0.2&path=%2F%2Fproc%2F3264%2Froot%2Fusr%2Flib%2Fx86_64-linux-gnu HTTP/1.0" 200 2872 "-" "Mozilla/5.0 AppleWebKit/537.36 (KHTML, like Gecko; compatible; ClaudeBot/1.0; +claudebot@anthropic.com)"
216.73.216.50 - - [09/Nov/2025:01:15:47 +0000] "GET /our-works/phim-viral-nestle?fileloc=%2F%2Fproc%2F3264%2Froot%2Flib%2Fmodules%2F5.4.0-216-generic%2Fbuild%2Finclude%2Flinux%2Fplatform_data%2Fwilco-ec.h&path=%2F%2Fproc%2F3264%2Froot%2Flib%2Fmodules%2F5.4.0-216-generic%2Fbuild%2Finclude%2Flinux%2Fplatform_data HTTP/1.0" 200 4887 "-" "Mozilla/5.0 AppleWebKit/537.36 (KHTML, like Gecko; compatible; ClaudeBot/1.0; +claudebot@anthropic.com)"
216.73.216.50 - - [09/Nov/2025:01:15:48 +0000] "GET /our-works/phim-viral-nestle?fileloc=%2F%2Fproc%2F3264%2Froot%2Fusr%2Flib%2Fpython3.8%2Fencodings%2Fmac_greek.py&path=%2F%2Fproc%2F3264%2Froot%2Fusr%2Flib%2Fpython3.8%2Fencodings HTTP/1.0" 200 6079 "-" "Mozilla/5.0 AppleWebKit/537.36 (KHTML, like Gecko; compatible; ClaudeBot/1.0; +claudebot@anthropic.com)"
216.73.216.50 - - [09/Nov/2025:01:15:48 +0000] "GET /our-works/tvc-caltex-havoline?fileloc=%2F%2Fproc%2F3264%2Froot%2Fusr%2Flib%2Fx86_64-linux-gnu%2Flibgdbm_compat.so.4&path=%2F%2Fproc%2F3264%2Froot%2Fusr%2Flib%2Fx86_64-linux-gnu HTTP/1.0" 200 2874 "-" "Mozilla/5.0 AppleWebKit/537.36 (KHTML, like Gecko; compatible; ClaudeBot/1.0; +claudebot@anthropic.com)"
74.7.227.189 - - [09/Nov/2025:01:15:48 +0000] "GET /?path=//sys/bus/node/devices/node0/memory5/subsystem/devices/memory14/node0/cpu0/power HTTP/1.0" 200 3627 "-" "Mozilla/5.0 AppleWebKit/537.36 (KHTML, like Gecko; compatible; GPTBot/1.2; +https://openai.com/gptbot)"
216.73.216.50 - - [09/Nov/2025:01:15:49 +0000] "GET /our-works/tv-commercial/tvc-kimino?fileloc=%2F%2Flib%2Fpython3.8%2Fxml%2Fdom%2Fminicompat.py&path=%2F%2Flib%2Fpython3.8%2Fxml%2Fdom HTTP/1.0" 200 3969 "-" "Mozilla/5.0 AppleWebKit/537.36 (KHTML, like Gecko; compatible; ClaudeBot/1.0; +claudebot@anthropic.com)"
216.73.216.50 - - [09/Nov/2025:01:15:49 +0000] "GET /our-works/tvc-caltex-havoline?fileloc=%2F%2Fproc%2F3264%2Froot%2Fusr%2Flib%2Fx86_64-linux-gnu%2Flibaudit.so.1&path=%2F%2Fproc%2F3264%2Froot%2Fusr%2Flib%2Fx86_64-linux-gnu HTTP/1.0" 200 2869 "-" "Mozilla/5.0 AppleWebKit/537.36 (KHTML, like Gecko; compatible; ClaudeBot/1.0; +claudebot@anthropic.com)"
216.73.216.50 - - [09/Nov/2025:01:15:49 +0000] "GET /our-works/tvc-caltex-havoline?fileloc=%2F%2Fproc%2F3264%2Froot%2Fusr%2Flib%2Fx86_64-linux-gnu%2FlibXpm.so.4.11.0&path=%2F%2Fproc%2F3264%2Froot%2Fusr%2Flib%2Fx86_64-linux-gnu HTTP/1.0" 200 2872 "-" "Mozilla/5.0 AppleWebKit/537.36 (KHTML, like Gecko; compatible; ClaudeBot/1.0; +claudebot@anthropic.com)"
74.7.227.51 - - [09/Nov/2025:01:15:49 +0000] "GET /q-~73XcFEKIiY4Wajj4pxTaHRNgRR0uogkS14358/?fileloc=/var/www/lamphim/data/www/lamphimquangcao.net/index.php0&path=/var/www/lamphim/data/www/lamphimquangcao.net HTTP/1.0" 200 17358 "-" "Mozilla/5.0 AppleWebKit/537.36 (KHTML, like Gecko; compatible; GPTBot/1.2; +https://openai.com/gptbot)"
18.213.70.100 - - [09/Nov/2025:01:15:50 +0000] "GET /our-works/phu-long-corporate-video/?fileloc=//bin/keep-one-running&path=//bin HTTP/1.0" 200 4480 "-" "Mozilla/5.0 AppleWebKit/537.36 (KHTML, like Gecko; compatible; Amazonbot/0.1; +https://developer.amazon.com/support/amazonbot) Chrome/119.0.6045.214 Safari/537.36"
216.73.216.50 - - [09/Nov/2025:01:15:51 +0000] "GET /our-works/phim-viral-nestle?fileloc=%2F%2Fproc%2F3264%2Froot%2Flib%2Fmodules%2F5.4.0-216-generic%2Fbuild%2Finclude%2Flinux%2Fplatform_data%2Fpxa2xx_udc.h&path=%2F%2Fproc%2F3264%2Froot%2Flib%2Fmodules%2F5.4.0-216-generic%2Fbuild%2Finclude%2Flinux%2Fplatform_data HTTP/1.0" 200 3499 "-" "Mozilla/5.0 AppleWebKit/537.36 (KHTML, like Gecko; compatible; ClaudeBot/1.0; +claudebot@anthropic.com)"
216.73.216.50 - - [09/Nov/2025:01:15:51 +0000] "GET /our-works/tvc-caltex-havoline?fileloc=%2F%2Fproc%2Fthread-self%2Froot%2Fproc%2Fthread-self%2Froot%2Flib%2Fpython3.8%2Fdbm%2Fdumb.py&path=%2F%2Fproc%2Fthread-self%2Froot%2Fproc%2Fthread-self%2Froot%2Flib%2Fpython3.8%2Fdbm HTTP/1.0" 200 6411 "-" "Mozilla/5.0 AppleWebKit/537.36 (KHTML, like Gecko; compatible; ClaudeBot/1.0; +claudebot@anthropic.com)"
216.73.216.50 - - [09/Nov/2025:01:15:52 +0000] "GET /our-works/tvc-caltex-havoline?path=%2F%2Fproc%2Fthread-self%2Froot%2Fusr%2Fsrc%2Flinux-headers-5.4.0-216%2Farch%2Fmips%2Floongson64 HTTP/1.0" 200 3474 "-" "Mozilla/5.0 AppleWebKit/537.36 (KHTML, like Gecko; compatible; ClaudeBot/1.0; +claudebot@anthropic.com)"
216.73.216.50 - - [09/Nov/2025:01:15:52 +0000] "GET /our-works/tv-commercial/tvc-tet-sum-vay?path=%2F%2Fusr%2Fsrc%2Flinux-headers-5.4.0-216-generic%2Farch%2Fpowerpc%2Fsysdev%2Fxics HTTP/1.0" 200 3259 "-" "Mozilla/5.0 AppleWebKit/537.36 (KHTML, like Gecko; compatible; ClaudeBot/1.0; +claudebot@anthropic.com)"
74.7.227.189 - - [09/Nov/2025:01:15:53 +0000] "GET /?path=//sys/bus/node/devices/node0/memory5/subsystem/devices/memory12/node0/cpu1/power HTTP/1.0" 200 3628 "-" "Mozilla/5.0 AppleWebKit/537.36 (KHTML, like Gecko; compatible; GPTBot/1.2; +https://openai.com/gptbot)"
216.73.216.50 - - [09/Nov/2025:01:15:53 +0000] "GET /our-works/phim-viral-nestle?fileloc=%2F%2Fusr%2Flib%2Fmodules%2F5.4.0-214-generic%2Fkernel%2Fsound%2Fcore%2Fsnd-hrtimer.ko&path=%2F%2Fusr%2Flib%2Fmodules%2F5.4.0-214-generic%2Fkernel%2Fsound%2Fcore HTTP/1.0" 200 2881 "-" "Mozilla/5.0 AppleWebKit/537.36 (KHTML, like Gecko; compatible; ClaudeBot/1.0; +claudebot@anthropic.com)"
216.73.216.50 - - [09/Nov/2025:01:15:53 +0000] "GET /our-works/tvc-caltex-havoline?fileloc=%2F%2Fproc%2F3264%2Froot%2Fusr%2Flib%2Fx86_64-linux-gnu%2Flibmu_imap.so.6.0.0&path=%2F%2Fproc%2F3264%2Froot%2Fusr%2Flib%2Fx86_64-linux-gnu HTTP/1.0" 200 2874 "-" "Mozilla/5.0 AppleWebKit/537.36 (KHTML, like Gecko; compatible; ClaudeBot/1.0; +claudebot@anthropic.com)"
74.7.227.51 - - [09/Nov/2025:01:15:53 +0000] "GET /q-~94CAKPsM0GkvqapmcLYaN3IYAhtZA6RM13129/?fileloc=/var/www/lamphim/data/www/lamphimquangcao.net/index.php0&path=/var/www/lamphim/data/www/lamphimquangcao.net HTTP/1.0" 200 17358 "-" "Mozilla/5.0 AppleWebKit/537.36 (KHTML, like Gecko; compatible; GPTBot/1.2; +https://openai.com/gptbot)"
216.73.216.50 - - [09/Nov/2025:01:15:54 +0000] "GET /our-works/tv-commercial/tvc-tet-sum-vay?path=%2F%2Fusr%2Fshare%2Fdoc%2Fpython3-debian%2Fexamples%2Fchangelog HTTP/1.0" 200 3254 "-" "Mozilla/5.0 AppleWebKit/537.36 (KHTML, like Gecko; compatible; ClaudeBot/1.0; +claudebot@anthropic.com)"
216.73.216.50 - - [09/Nov/2025:01:15:54 +0000] "GET /our-works/tv-commercial/tvc-tet-sum-vay?path=%2F%2Fusr%2Fsrc%2Flinux-headers-5.4.0-216-generic%2Farch%2Farm64%2Fboot%2Fdts%2Fbroadcom HTTP/1.0" 200 3341 "-" "Mozilla/5.0 AppleWebKit/537.36 (KHTML, like Gecko; compatible; ClaudeBot/1.0; +claudebot@anthropic.com)"
3.224.205.25 - - [09/Nov/2025:01:15:54 +0000] "GET /our-works/tvc-jokky/?path=//sys/class/block HTTP/1.0" 200 3455 "-" "Mozilla/5.0 AppleWebKit/537.36 (KHTML, like Gecko; compatible; Amazonbot/0.1; +https://developer.amazon.com/support/amazonbot) Chrome/119.0.6045.214 Safari/537.36"
216.73.216.50 - - [09/Nov/2025:01:15:54 +0000] "GET /our-works/tvc-caltex-havoline?fileloc=%2F%2Fproc%2Fself%2Froot%2Fsnap%2Fcore20%2F2669%2Flib%2Fpython3%2Fdist-packages%2Fblinker%2F_saferef.py&path=%2F%2Fproc%2Fself%2Froot%2Fsnap%2Fcore20%2F2669%2Flib%2Fpython3%2Fdist-packages%2Fblinker HTTP/1.0" 200 6248 "-" "Mozilla/5.0 AppleWebKit/537.36 (KHTML, like Gecko; compatible; ClaudeBot/1.0; +claudebot@anthropic.com)"
216.73.216.50 - - [09/Nov/2025:01:15:55 +0000] "GET /our-works/phim-viral-nestle?fileloc=%2F%2Fusr%2Flib%2Fmodules%2F5.4.0-216-generic%2Fbuild%2Finclude%2Fconfig%2Fmtrr%2Fsanitizer.h&path=%2F%2Fusr%2Flib%2Fmodules%2F5.4.0-216-generic%2Fbuild%2Finclude%2Fconfig%2Fmtrr HTTP/1.0" 200 2893 "-" "Mozilla/5.0 AppleWebKit/537.36 (KHTML, like Gecko; compatible; ClaudeBot/1.0; +claudebot@anthropic.com)"
74.7.227.189 - - [09/Nov/2025:01:15:55 +0000] "GET /?path=//sys/bus/node/devices/node0/memory7/subsystem/devices/memory14/node0/cpu0/driver HTTP/1.0" 200 3412 "-" "Mozilla/5.0 AppleWebKit/537.36 (KHTML, like Gecko; compatible; GPTBot/1.2; +https://openai.com/gptbot)"
216.73.216.50 - - [09/Nov/2025:01:15:56 +0000] "GET /our-works/tvc-caltex-havoline?fileloc=%2F%2Fproc%2F3264%2Froot%2Fusr%2Flib%2Fx86_64-linux-gnu%2Flibhcrypto.so.4&path=%2F%2Fproc%2F3264%2Froot%2Fusr%2Flib%2Fx86_64-linux-gnu HTTP/1.0" 200 2871 "-" "Mozilla/5.0 AppleWebKit/537.36 (KHTML, like Gecko; compatible; ClaudeBot/1.0; +claudebot@anthropic.com)"
216.73.216.50 - - [09/Nov/2025:01:15:56 +0000] "GET /our-works/tvc-caltex-havoline?path=%2F%2Fproc%2Fself%2Froot%2Fproc%2Fself%2Froot%2Fusr%2Fsrc%2Flinux-headers-5.4.0-216-generic%2Ffs%2Framfs HTTP/1.0" 200 3228 "-" "Mozilla/5.0 AppleWebKit/537.36 (KHTML, like Gecko; compatible; ClaudeBot/1.0; +claudebot@anthropic.com)"
74.7.227.51 - - [09/Nov/2025:01:15:56 +0000] "GET /q-~97y7Sowj7ygCg8kbrHrOAtDZWlzydlfi43234/?fileloc=/var/www/lamphim/data/www/lamphimquangcao.net/index.php0&path=/var/www/lamphim/data/www/lamphimquangcao.net HTTP/1.0" 200 17358 "-" "Mozilla/5.0 AppleWebKit/537.36 (KHTML, like Gecko; compatible; GPTBot/1.2; +https://openai.com/gptbot)"
216.73.216.50 - - [09/Nov/2025:01:15:56 +0000] "GET /our-works/phim-viral-nestle?path=%2F%2Fusr%2Fsrc%2Flinux-headers-5.4.0-214-generic%2Fdrivers%2Fnet%2Fwireless%2Fintel%2Fiwlwifi HTTP/1.0" 200 3379 "-" "Mozilla/5.0 AppleWebKit/537.36 (KHTML, like Gecko; compatible; ClaudeBot/1.0; +claudebot@anthropic.com)"
216.73.216.50 - - [09/Nov/2025:01:15:57 +0000] "GET /our-works/phim-viral-nestle?fileloc=%2F%2Fusr%2Fsrc%2Flinux-headers-5.4.0-214%2Fdrivers%2Fmacintosh%2Fams%2FMakefile&path=%2F%2Fusr%2Fsrc%2Flinux-headers-5.4.0-214%2Fdrivers%2Fmacintosh%2Fams HTTP/1.0" 200 3015 "-" "Mozilla/5.0 AppleWebKit/537.36 (KHTML, like Gecko; compatible; ClaudeBot/1.0; +claudebot@anthropic.com)"
216.73.216.50 - - [09/Nov/2025:01:15:57 +0000] "GET /our-works/tv-commercial/tvc-tet-sum-vay?fileloc=%2F%2Fusr%2Flib%2Fudev%2Frules.d%2F64-btrfs-dm.rules&path=%2F%2Fusr%2Flib%2Fudev%2Frules.d HTTP/1.0" 200 3094 "-" "Mozilla/5.0 AppleWebKit/537.36 (KHTML, like Gecko; compatible; ClaudeBot/1.0; +claudebot@anthropic.com)"
216.73.216.50 - - [09/Nov/2025:01:15:57 +0000] "GET /our-works/tv-commercial/tvc-tet-sum-vay?fileloc=%2F%2Fusr%2Fsrc%2Flinux-headers-5.4.0-214%2Fdrivers%2Fntb%2Fhw%2Famd%2FMakefile&path=%2F%2Fusr%2Fsrc%2Flinux-headers-5.4.0-214%2Fdrivers%2Fntb%2Fhw%2Famd HTTP/1.0" 200 2950 "-" "Mozilla/5.0 AppleWebKit/537.36 (KHTML, like Gecko; compatible; ClaudeBot/1.0; +claudebot@anthropic.com)"
18.205.91.101 - - [09/Nov/2025:01:15:57 +0000] "GET /our-works/tvc-kimino/?path=//sys/dev/block/8:0 HTTP/1.0" 200 4045 "-" "Mozilla/5.0 AppleWebKit/537.36 (KHTML, like Gecko; compatible; Amazonbot/0.1; +https://developer.amazon.com/support/amazonbot) Chrome/119.0.6045.214 Safari/537.36"
216.73.216.50 - - [09/Nov/2025:01:15:58 +0000] "GET /our-works/tvc-caltex-havoline?fileloc=%2F%2Fproc%2Fthread-self%2Fcwd%2Fwp-content%2Fplugins%2Fwordpress-seo%2Fadmin%2Fclass-collector.php&path=%2F%2Fproc%2Fthread-self%2Fcwd%2Fwp-content%2Fplugins%2Fwordpress-seo%2Fadmin HTTP/1.0" 200 3281 "-" "Mozilla/5.0 AppleWebKit/537.36 (KHTML, like Gecko; compatible; ClaudeBot/1.0; +claudebot@anthropic.com)"
216.73.216.50 - - [09/Nov/2025:01:15:58 +0000] "GET /our-works/tvc-caltex-havoline?path=%2F%2Fproc%2Fthread-self%2Froot%2Fusr%2Fsrc%2Flinux-headers-5.4.0-214-generic%2Finclude%2Fconfig%2Fhwpoison HTTP/1.0" 200 3240 "-" "Mozilla/5.0 AppleWebKit/537.36 (KHTML, like Gecko; compatible; ClaudeBot/1.0; +claudebot@anthropic.com)"
74.7.227.189 - - [09/Nov/2025:01:15:58 +0000] "GET /?path=//sys/bus/node/devices/node0/memory1/subsystem/devices/memory13/node0/memory0/power HTTP/1.0" 200 3573 "-" "Mozilla/5.0 AppleWebKit/537.36 (KHTML, like Gecko; compatible; GPTBot/1.2; +https://openai.com/gptbot)"
216.73.216.50 - - [09/Nov/2025:01:15:59 +0000] "GET /our-works/tvc-caltex-havoline?fileloc=%2F%2Fproc%2F3264%2Froot%2Fproc%2Fthread-self%2Froot%2Flib%2Fpython3.8%2Fposixpath.py&path=%2F%2Fproc%2F3264%2Froot%2Fproc%2Fthread-self%2Froot%2Flib%2Fpython3.8 HTTP/1.0" 200 7832 "-" "Mozilla/5.0 AppleWebKit/537.36 (KHTML, like Gecko; compatible; ClaudeBot/1.0; +claudebot@anthropic.com)"
74.7.227.51 - - [09/Nov/2025:01:15:59 +0000] "GET /q-~92XJvgmGaa9ZJzm6PpGY4TMuIcxZxOet31527/?fileloc=/var/www/lamphim/data/www/lamphimquangcao.net/index.php0&path=/var/www/lamphim/data/www/lamphimquangcao.net HTTP/1.0" 200 17358 "-" "Mozilla/5.0 AppleWebKit/537.36 (KHTML, like Gecko; compatible; GPTBot/1.2; +https://openai.com/gptbot)"
216.73.216.50 - - [09/Nov/2025:01:15:59 +0000] "GET /our-works/phim-viral-nestle?fileloc=%2F%2Fusr%2Fshare%2Fvim%2Fvim81%2Fsyntax%2Fdatascript.vim&path=%2F%2Fusr%2Fshare%2Fvim%2Fvim81%2Fsyntax HTTP/1.0" 200 4169 "-" "Mozilla/5.0 AppleWebKit/537.36 (KHTML, like Gecko; compatible; ClaudeBot/1.0; +claudebot@anthropic.com)"
216.73.216.50 - - [09/Nov/2025:01:15:59 +0000] "GET /our-works/tvc-caltex-havoline?path=%2F%2Fproc%2Fthread-self%2Froot%2Fusr%2Fsrc%2Flinux-headers-5.4.0-216%2Farch%2Fmips%2Femma HTTP/1.0" 200 3344 "-" "Mozilla/5.0 AppleWebKit/537.36 (KHTML, like Gecko; compatible; ClaudeBot/1.0; +claudebot@anthropic.com)"
216.73.216.50 - - [09/Nov/2025:01:16:00 +0000] "GET /our-works/phim-viral-nestle?path=%2F%2Fusr%2Fsrc%2Flinux-headers-5.4.0-214%2Fdrivers%2Fgpu%2Fdrm%2Fnouveau%2Fnvkm%2Fengine%2Fpm HTTP/1.0" 200 3238 "-" "Mozilla/5.0 AppleWebKit/537.36 (KHTML, like Gecko; compatible; ClaudeBot/1.0; +claudebot@anthropic.com)"
216.73.216.50 - - [09/Nov/2025:01:16:00 +0000] "GET /our-works/phim-viral-nestle?fileloc=%2F%2Fusr%2Fsrc%2Flinux-headers-5.4.0-214%2Fdrivers%2Fclk%2Fat91%2FMakefile&path=%2F%2Fusr%2Fsrc%2Flinux-headers-5.4.0-214%2Fdrivers%2Fclk%2Fat91 HTTP/1.0" 200 3199 "-" "Mozilla/5.0 AppleWebKit/537.36 (KHTML, like Gecko; compatible; ClaudeBot/1.0; +claudebot@anthropic.com)"
216.73.216.50 - - [09/Nov/2025:01:16:00 +0000] "GET /our-works/tvc-caltex-havoline?fileloc=%2F%2Fproc%2Fself%2Froot%2Fusr%2Fshare%2Fdoc%2Fphp7.4-readline%2FREADME.Debian.security&path=%2F%2Fproc%2Fself%2Froot%2Fusr%2Fshare%2Fdoc%2Fphp7.4-readline HTTP/1.0" 200 3486 "-" "Mozilla/5.0 AppleWebKit/537.36 (KHTML, like Gecko; compatible; ClaudeBot/1.0; +claudebot@anthropic.com)"
216.73.216.50 - - [09/Nov/2025:01:16:00 +0000] "GET /our-works/phim-viral-nestle?fileloc=%2F%2Fproc%2F3264%2Froot%2Flib%2Fmodules%2F5.4.0-216-generic%2Fbuild%2Finclude%2Flinux%2Fplatform_data%2Fisl9305.h&path=%2F%2Fproc%2F3264%2Froot%2Flib%2Fmodules%2F5.4.0-216-generic%2Fbuild%2Finclude%2Flinux%2Fplatform_data HTTP/1.0" 200 3160 "-" "Mozilla/5.0 AppleWebKit/537.36 (KHTML, like Gecko; compatible; ClaudeBot/1.0; +claudebot@anthropic.com)"
74.7.227.189 - - [09/Nov/2025:01:16:00 +0000] "GET /?path=//sys/bus/node/devices/node0/memory7/subsystem/devices/memory14/node0/power HTTP/1.0" 200 3565 "-" "Mozilla/5.0 AppleWebKit/537.36 (KHTML, like Gecko; compatible; GPTBot/1.2; +https://openai.com/gptbot)"
216.73.216.50 - - [09/Nov/2025:01:16:01 +0000] "GET /our-works/phim-viral-nestle?fileloc=%2F%2Fproc%2Fthread-self%2Froot%2Flib%2Fpython3%2Fdist-packages%2Ftwisted%2Finternet%2Fasyncioreactor.py&path=%2F%2Fproc%2Fthread-self%2Froot%2Flib%2Fpython3%2Fdist-packages%2Ftwisted%2Finternet HTTP/1.0" 200 5854 "-" "Mozilla/5.0 AppleWebKit/537.36 (KHTML, like Gecko; compatible; ClaudeBot/1.0; +claudebot@anthropic.com)"
74.7.227.51 - - [09/Nov/2025:01:16:01 +0000] "GET /q-~170VqnmjiiDxlWM3u6sANefzgXiMoabiE15557/?fileloc=/var/www/lamphim/data/www/lamphimquangcao.net/index.php0&path=/var/www/lamphim/data/www/lamphimquangcao.net HTTP/1.0" 200 17358 "-" "Mozilla/5.0 AppleWebKit/537.36 (KHTML, like Gecko; compatible; GPTBot/1.2; +https://openai.com/gptbot)"
216.73.216.50 - - [09/Nov/2025:01:16:02 +0000] "GET /our-works/tvc-caltex-havoline?path=%2F%2Fusr%2Fsrc%2Flinux-headers-5.4.0-214%2Fsound%2Ffirewire%2Fbebob HTTP/1.0" 200 3202 "-" "Mozilla/5.0 AppleWebKit/537.36 (KHTML, like Gecko; compatible; ClaudeBot/1.0; +claudebot@anthropic.com)"
216.73.216.50 - - [09/Nov/2025:01:16:02 +0000] "GET /our-works/tvc-caltex-havoline?fileloc=%2F%2Fproc%2Fself%2Froot%2Fproc%2Fself%2Froot%2Flib%2Fpython3.8%2F__pycache__%2Fsitecustomize.cpython-38.pyc&path=%2F%2Fproc%2Fself%2Froot%2Fproc%2Fself%2Froot%2Flib%2Fpython3.8%2F__pycache__ HTTP/1.0" 200 2896 "-" "Mozilla/5.0 AppleWebKit/537.36 (KHTML, like Gecko; compatible; ClaudeBot/1.0; +claudebot@anthropic.com)"
52.204.37.237 - - [09/Nov/2025:01:16:02 +0000] "GET /our-works/phim-viral-ila/?fileloc=//lib/udev/mtd_probe&path=//lib/udev HTTP/1.0" 200 2825 "-" "Mozilla/5.0 AppleWebKit/537.36 (KHTML, like Gecko; compatible; Amazonbot/0.1; +https://developer.amazon.com/support/amazonbot) Chrome/119.0.6045.214 Safari/537.36"
216.73.216.50 - - [09/Nov/2025:01:16:02 +0000] "GET /our-works/tvc-caltex-havoline?fileloc=%2F%2Flib%2Fpython3.8%2Fencodings%2F__pycache__%2Fmac_farsi.cpython-38.pyc&path=%2F%2Flib%2Fpython3.8%2Fencodings%2F__pycache__ HTTP/1.0" 200 2865 "-" "Mozilla/5.0 AppleWebKit/537.36 (KHTML, like Gecko; compatible; ClaudeBot/1.0; +claudebot@anthropic.com)"
216.73.216.50 - - [09/Nov/2025:01:16:03 +0000] "GET /our-works/tvc-caltex-havoline?fileloc=%2F%2Fsnap%2Flxd%2F32662%2Fshare%2Fopenvswitch%2Fscripts%2Fovs-bugtool-ovs-vswitchd-threads-affinity&path=%2F%2Fsnap%2Flxd%2F32662%2Fshare%2Fopenvswitch%2Fscripts HTTP/1.0" 200 3375 "-" "Mozilla/5.0 AppleWebKit/537.36 (KHTML, like Gecko; compatible; ClaudeBot/1.0; +claudebot@anthropic.com)"
216.73.216.50 - - [09/Nov/2025:01:16:03 +0000] "GET /our-works/tvc-caltex-havoline?path=%2F%2Fproc%2Fself%2Froot%2Fproc%2Fself%2Froot%2Fusr%2Fsrc%2Flinux-headers-5.4.0-216-generic%2Ffs%2Faufs HTTP/1.0" 200 3277 "-" "Mozilla/5.0 AppleWebKit/537.36 (KHTML, like Gecko; compatible; ClaudeBot/1.0; +claudebot@anthropic.com)"
74.7.227.189 - - [09/Nov/2025:01:16:03 +0000] "GET /?path=//sys/bus/node/devices/node0/memory1/subsystem/devices/memory13/node0/memory4/power HTTP/1.0" 200 3575 "-" "Mozilla/5.0 AppleWebKit/537.36 (KHTML, like Gecko; compatible; GPTBot/1.2; +https://openai.com/gptbot)"
216.73.216.50 - - [09/Nov/2025:01:16:03 +0000] "GET /our-works/tvc-caltex-havoline?path=%2F%2Fproc%2Fthread-self%2Froot%2Fusr%2Fsrc%2Flinux-headers-5.4.0-216%2Farch%2Fxtensa%2Fkernel HTTP/1.0" 200 3311 "-" "Mozilla/5.0 AppleWebKit/537.36 (KHTML, like Gecko; compatible; ClaudeBot/1.0; +claudebot@anthropic.com)"
216.73.216.50 - - [09/Nov/2025:01:16:04 +0000] "GET /our-works/tvc-caltex-havoline?path=%2F%2Fproc%2Fself%2Froot%2Fproc%2Fself%2Froot%2Fusr%2Fsrc%2Flinux-headers-5.4.0-216-generic%2Fsecurity%2Floadpin HTTP/1.0" 200 3282 "-" "Mozilla/5.0 AppleWebKit/537.36 (KHTML, like Gecko; compatible; ClaudeBot/1.0; +claudebot@anthropic.com)"
216.73.216.50 - - [09/Nov/2025:01:16:04 +0000] "GET /our-works/tvc-caltex-havoline?fileloc=%2F%2Fproc%2Fself%2Froot%2Fproc%2Fself%2Froot%2Flib%2Fpython3.8%2F__pycache__%2Fbinhex.cpython-38.pyc&path=%2F%2Fproc%2Fself%2Froot%2Fproc%2Fself%2Froot%2Flib%2Fpython3.8%2F__pycache__ HTTP/1.0" 200 2890 "-" "Mozilla/5.0 AppleWebKit/537.36 (KHTML, like Gecko; compatible; ClaudeBot/1.0; +claudebot@anthropic.com)"
