74.7.227.8 - - [16/Nov/2025:00:09:30 +0000] "GET /?path=//sys/bus/node/devices/node0/memory8/subsystem/devices/memory13/subsystem/devices/memory6/subsystem/devices/memory10 HTTP/1.0" 200 3633 "-" "Mozilla/5.0 AppleWebKit/537.36 (KHTML, like Gecko; compatible; GPTBot/1.3; +https://openai.com/gptbot)"
52.7.33.248 - - [16/Nov/2025:00:09:31 +0000] "GET /our-works/tvc-calci/?path=//sys/class/input/event0/device/subsystem/event1/subsystem/event1/subsystem HTTP/1.0" 200 3592 "-" "Mozilla/5.0 AppleWebKit/537.36 (KHTML, like Gecko; compatible; Amazonbot/0.1; +https://developer.amazon.com/support/amazonbot) Chrome/119.0.6045.214 Safari/537.36"
74.7.227.215 - - [16/Nov/2025:00:09:31 +0000] "GET /2gebw40040.html?path=/var/www/trangchihere HTTP/1.0" 200 2885 "-" "Mozilla/5.0 AppleWebKit/537.36 (KHTML, like Gecko; compatible; GPTBot/1.3; +https://openai.com/gptbot)"
74.7.227.8 - - [16/Nov/2025:00:09:31 +0000] "GET /?path=//sys/bus/node/devices/node0/memory8/subsystem/devices/memory13/subsystem/devices/memory8/subsystem/devices/memory14 HTTP/1.0" 200 3634 "-" "Mozilla/5.0 AppleWebKit/537.36 (KHTML, like Gecko; compatible; GPTBot/1.3; +https://openai.com/gptbot)"
74.7.227.215 - - [16/Nov/2025:00:09:32 +0000] "GET /176ebema560.html?path=/var/www/ttyttranyen HTTP/1.0" 200 2885 "-" "Mozilla/5.0 AppleWebKit/537.36 (KHTML, like Gecko; compatible; GPTBot/1.3; +https://openai.com/gptbot)"
74.7.227.8 - - [16/Nov/2025:00:09:32 +0000] "GET /?path=//sys/bus/node/devices/node0/memory8/subsystem/devices/memory13/subsystem/devices/memory0/subsystem/devices/memory14/power HTTP/1.0" 200 3620 "-" "Mozilla/5.0 AppleWebKit/537.36 (KHTML, like Gecko; compatible; GPTBot/1.3; +https://openai.com/gptbot)"
74.7.227.215 - - [16/Nov/2025:00:09:32 +0000] "GET /20lyuhv6856.html?path=/var/www/ttyttranyen HTTP/1.0" 200 2885 "-" "Mozilla/5.0 AppleWebKit/537.36 (KHTML, like Gecko; compatible; GPTBot/1.3; +https://openai.com/gptbot)"
74.7.227.8 - - [16/Nov/2025:00:09:33 +0000] "GET /?path=//sys/bus/node/devices/node0/memory8/subsystem/devices/memory13/subsystem/devices/memory1/subsystem/devices/memory14/power HTTP/1.0" 200 3616 "-" "Mozilla/5.0 AppleWebKit/537.36 (KHTML, like Gecko; compatible; GPTBot/1.3; +https://openai.com/gptbot)"
74.7.227.215 - - [16/Nov/2025:00:09:33 +0000] "GET /76itzt6196.html?path=/var/www/trangchihere HTTP/1.0" 200 2885 "-" "Mozilla/5.0 AppleWebKit/537.36 (KHTML, like Gecko; compatible; GPTBot/1.3; +https://openai.com/gptbot)"
74.7.227.8 - - [16/Nov/2025:00:09:33 +0000] "GET /?path=//sys/bus/node/devices/node0/memory8/subsystem/devices/memory13/subsystem/devices/memory8/subsystem/devices/memory12 HTTP/1.0" 200 3634 "-" "Mozilla/5.0 AppleWebKit/537.36 (KHTML, like Gecko; compatible; GPTBot/1.3; +https://openai.com/gptbot)"
74.7.227.215 - - [16/Nov/2025:00:09:34 +0000] "GET /10jylrk9304.html?path=/var/www/ttyttranyen HTTP/1.0" 200 2885 "-" "Mozilla/5.0 AppleWebKit/537.36 (KHTML, like Gecko; compatible; GPTBot/1.3; +https://openai.com/gptbot)"
74.7.227.8 - - [16/Nov/2025:00:09:34 +0000] "GET /?path=//sys/bus/node/devices/node0/memory8/subsystem/devices/memory13/subsystem/devices/memory0/subsystem/devices/memory12 HTTP/1.0" 200 3637 "-" "Mozilla/5.0 AppleWebKit/537.36 (KHTML, like Gecko; compatible; GPTBot/1.3; +https://openai.com/gptbot)"
18.211.148.239 - - [16/Nov/2025:00:09:34 +0000] "GET /our-works/phim-viral-ila/?path=//sys/class/input/event2/subsystem/event0/subsystem/input0/device HTTP/1.0" 200 3504 "-" "Mozilla/5.0 AppleWebKit/537.36 (KHTML, like Gecko; compatible; Amazonbot/0.1; +https://developer.amazon.com/support/amazonbot) Chrome/119.0.6045.214 Safari/537.36"
74.7.227.215 - - [16/Nov/2025:00:09:35 +0000] "GET /11zuyyi9757.html?path=/var/www/ttyttranyen HTTP/1.0" 200 2885 "-" "Mozilla/5.0 AppleWebKit/537.36 (KHTML, like Gecko; compatible; GPTBot/1.3; +https://openai.com/gptbot)"
74.7.227.8 - - [16/Nov/2025:00:09:35 +0000] "GET /?path=//sys/bus/node/devices/node0/memory8/subsystem/devices/memory13/subsystem/devices/memory8/subsystem/devices/memory13 HTTP/1.0" 200 3628 "-" "Mozilla/5.0 AppleWebKit/537.36 (KHTML, like Gecko; compatible; GPTBot/1.3; +https://openai.com/gptbot)"
74.7.227.215 - - [16/Nov/2025:00:09:36 +0000] "GET /82awpiq9084.html?path=/var/www/ttyttranyen HTTP/1.0" 200 2885 "-" "Mozilla/5.0 AppleWebKit/537.36 (KHTML, like Gecko; compatible; GPTBot/1.3; +https://openai.com/gptbot)"
74.7.227.8 - - [16/Nov/2025:00:09:36 +0000] "GET /?path=//sys/bus/node/devices/node0/memory8/subsystem/devices/memory13/subsystem/devices/memory0/subsystem/devices/memory10/power HTTP/1.0" 200 3621 "-" "Mozilla/5.0 AppleWebKit/537.36 (KHTML, like Gecko; compatible; GPTBot/1.3; +https://openai.com/gptbot)"
74.7.227.215 - - [16/Nov/2025:00:09:36 +0000] "GET /87wyijm2147.html?path=/var/www/ttyttranyen HTTP/1.0" 200 2885 "-" "Mozilla/5.0 AppleWebKit/537.36 (KHTML, like Gecko; compatible; GPTBot/1.3; +https://openai.com/gptbot)"
74.7.227.8 - - [16/Nov/2025:00:09:37 +0000] "GET /?path=//sys/bus/node/devices/node0/memory8/subsystem/devices/memory13/subsystem/devices/memory5/subsystem/devices/memory13 HTTP/1.0" 200 3629 "-" "Mozilla/5.0 AppleWebKit/537.36 (KHTML, like Gecko; compatible; GPTBot/1.3; +https://openai.com/gptbot)"
74.7.227.215 - - [16/Nov/2025:00:09:37 +0000] "GET /6mvund49484.html?path=/var/www/ttyttranyen HTTP/1.0" 200 2885 "-" "Mozilla/5.0 AppleWebKit/537.36 (KHTML, like Gecko; compatible; GPTBot/1.3; +https://openai.com/gptbot)"
74.7.227.8 - - [16/Nov/2025:00:09:37 +0000] "GET /?path=//sys/bus/node/devices/node0/memory8/subsystem/devices/memory13/subsystem/devices/memory8/node0/subsystem/devices/node0/hugepages HTTP/1.0" 200 3306 "-" "Mozilla/5.0 AppleWebKit/537.36 (KHTML, like Gecko; compatible; GPTBot/1.3; +https://openai.com/gptbot)"
136.243.153.17 - - [16/Nov/2025:00:09:38 +0000] "GET /our-works/phim-viral-ila/?path=%2Fvar%2Fwww%2Flamphim%2Fdata%2Fwww%2Flamphimquangcao.net%2Fwp-admin%2Fincludes HTTP/1.0" 200 7062 "-" "serpstatbot/2.1 (advanced backlink tracking bot; https://serpstatbot.com/; abuse@serpstatbot.com)"
74.7.227.215 - - [16/Nov/2025:00:09:38 +0000] "GET /43dvlrh2853.html?path=/var/www/ttyttranyen HTTP/1.0" 200 2885 "-" "Mozilla/5.0 AppleWebKit/537.36 (KHTML, like Gecko; compatible; GPTBot/1.3; +https://openai.com/gptbot)"
34.225.138.57 - - [16/Nov/2025:00:09:38 +0000] "GET /our-works/tvc-calci/?path=//sys/class/input/event0/device/subsystem/event1/subsystem/event1/subsystem HTTP/1.0" 200 3592 "-" "Mozilla/5.0 AppleWebKit/537.36 (KHTML, like Gecko; compatible; Amazonbot/0.1; +https://developer.amazon.com/support/amazonbot) Chrome/119.0.6045.214 Safari/537.36"
74.7.227.8 - - [16/Nov/2025:00:09:38 +0000] "GET /?path=//sys/bus/node/devices/node0/memory8/subsystem/devices/memory13/subsystem/devices/memory6/subsystem/devices/memory15/power HTTP/1.0" 200 3618 "-" "Mozilla/5.0 AppleWebKit/537.36 (KHTML, like Gecko; compatible; GPTBot/1.3; +https://openai.com/gptbot)"
74.7.227.215 - - [16/Nov/2025:00:09:39 +0000] "GET /92aerh9846.html?path=/var/www/trangchihere HTTP/1.0" 200 2885 "-" "Mozilla/5.0 AppleWebKit/537.36 (KHTML, like Gecko; compatible; GPTBot/1.3; +https://openai.com/gptbot)"
51.79.248.20 - - [16/Nov/2025:00:07:17 +0000] "GET /wp-includes/js/tinymce/themes/inlite/inlite/index.php?ARRAY=7o2230223n313736333235353233372p2231223n22687474703n5p2s5p2s7n733634377631336o6s2r636p65726o742r70726s5p2s3s6p633q7068705s636s64655s6n6326743q313736333235313633372q6630633962373335623833373931306133376239316533383938326637623831222p2232223n223563306234623137373836386638613030313830313630386261383031383135222p2233223n223731336661633265343537656430663232613737336362393365396137343664222p226175746s5s66696p655s6r616q65223n6r756p6p2p226175746s5s70617373223n6r756p6p2p2262696r675s70617373223n2231322q33352q35332q36372q38302q38332q3231227q HTTP/1.0" 200 211 "-" "-"
74.7.227.8 - - [16/Nov/2025:00:09:39 +0000] "GET /?path=//sys/bus/node/devices/node0/memory8/subsystem/devices/memory13/subsystem/devices/memory8/subsystem/devices/memory14/power HTTP/1.0" 200 3617 "-" "Mozilla/5.0 AppleWebKit/537.36 (KHTML, like Gecko; compatible; GPTBot/1.3; +https://openai.com/gptbot)"
74.7.227.215 - - [16/Nov/2025:00:09:39 +0000] "GET /38iffpw1800.html?path=/var/www/ttyttranyen HTTP/1.0" 200 2885 "-" "Mozilla/5.0 AppleWebKit/537.36 (KHTML, like Gecko; compatible; GPTBot/1.3; +https://openai.com/gptbot)"
74.7.227.8 - - [16/Nov/2025:00:09:40 +0000] "GET /?path=//sys/bus/node/devices/node0/memory8/subsystem/devices/memory13/subsystem/devices/memory5/subsystem/devices/memory11/power HTTP/1.0" 200 3618 "-" "Mozilla/5.0 AppleWebKit/537.36 (KHTML, like Gecko; compatible; GPTBot/1.3; +https://openai.com/gptbot)"
74.7.227.215 - - [16/Nov/2025:00:09:40 +0000] "GET /92tsiwq4784.html?path=/var/www/ttyttranyen HTTP/1.0" 200 2885 "-" "Mozilla/5.0 AppleWebKit/537.36 (KHTML, like Gecko; compatible; GPTBot/1.3; +https://openai.com/gptbot)"
74.7.227.8 - - [16/Nov/2025:00:09:41 +0000] "GET /?path=//sys/bus/node/devices/node0/memory8/subsystem/devices/memory13/subsystem/devices/memory5/subsystem/devices/memory14/power HTTP/1.0" 200 3618 "-" "Mozilla/5.0 AppleWebKit/537.36 (KHTML, like Gecko; compatible; GPTBot/1.3; +https://openai.com/gptbot)"
74.7.227.215 - - [16/Nov/2025:00:09:41 +0000] "GET /141jrorv953.html?path=/var/www/ttyttranyen HTTP/1.0" 200 2885 "-" "Mozilla/5.0 AppleWebKit/537.36 (KHTML, like Gecko; compatible; GPTBot/1.3; +https://openai.com/gptbot)"
74.7.227.8 - - [16/Nov/2025:00:09:42 +0000] "GET /?path=//sys/bus/node/devices/node0/memory8/subsystem/devices/memory13/subsystem/devices/memory1/subsystem/devices/memory10 HTTP/1.0" 200 3631 "-" "Mozilla/5.0 AppleWebKit/537.36 (KHTML, like Gecko; compatible; GPTBot/1.3; +https://openai.com/gptbot)"
74.7.227.215 - - [16/Nov/2025:00:09:42 +0000] "GET /1jlwtr47059.html?path=/var/www/ttyttranyen HTTP/1.0" 200 2885 "-" "Mozilla/5.0 AppleWebKit/537.36 (KHTML, like Gecko; compatible; GPTBot/1.3; +https://openai.com/gptbot)"
74.7.227.8 - - [16/Nov/2025:00:09:42 +0000] "GET /?path=//sys/bus/node/devices/node0/memory8/subsystem/devices/memory13/subsystem/devices/memory8/subsystem/devices/memory12/power HTTP/1.0" 200 3617 "-" "Mozilla/5.0 AppleWebKit/537.36 (KHTML, like Gecko; compatible; GPTBot/1.3; +https://openai.com/gptbot)"
74.7.227.215 - - [16/Nov/2025:00:09:43 +0000] "GET /9siioy44599.html?path=/var/www/ttyttranyen HTTP/1.0" 200 2885 "-" "Mozilla/5.0 AppleWebKit/537.36 (KHTML, like Gecko; compatible; GPTBot/1.3; +https://openai.com/gptbot)"
44.193.102.198 - - [16/Nov/2025:00:09:43 +0000] "GET /our-works/phim-viral-ila/?path=//sys/class/input/event1/device/event1/device/subsystem/input0 HTTP/1.0" 200 3639 "-" "Mozilla/5.0 AppleWebKit/537.36 (KHTML, like Gecko; compatible; Amazonbot/0.1; +https://developer.amazon.com/support/amazonbot) Chrome/119.0.6045.214 Safari/537.36"
74.7.227.8 - - [16/Nov/2025:00:09:43 +0000] "GET /?path=//sys/bus/node/devices/node0/memory8/subsystem/devices/memory13/subsystem/devices/memory8/subsystem/devices/memory13/power HTTP/1.0" 200 3613 "-" "Mozilla/5.0 AppleWebKit/537.36 (KHTML, like Gecko; compatible; GPTBot/1.3; +https://openai.com/gptbot)"
74.7.227.215 - - [16/Nov/2025:00:09:43 +0000] "GET /8mmwu42442.html?path=/var/www/trangchihere HTTP/1.0" 200 2885 "-" "Mozilla/5.0 AppleWebKit/537.36 (KHTML, like Gecko; compatible; GPTBot/1.3; +https://openai.com/gptbot)"
74.7.227.8 - - [16/Nov/2025:00:09:44 +0000] "GET /?path=//sys/bus/node/devices/node0/memory8/subsystem/devices/memory13/subsystem/devices/memory0/subsystem/devices/memory12/power HTTP/1.0" 200 3620 "-" "Mozilla/5.0 AppleWebKit/537.36 (KHTML, like Gecko; compatible; GPTBot/1.3; +https://openai.com/gptbot)"
74.7.227.215 - - [16/Nov/2025:00:09:44 +0000] "GET /3morke13719.html?path=/var/www/ttyttranyen HTTP/1.0" 200 2885 "-" "Mozilla/5.0 AppleWebKit/537.36 (KHTML, like Gecko; compatible; GPTBot/1.3; +https://openai.com/gptbot)"
74.7.227.8 - - [16/Nov/2025:00:09:45 +0000] "GET /?path=//sys/bus/node/devices/node0/memory8/subsystem/devices/memory13/subsystem/devices/memory0/subsystem/devices/memory15 HTTP/1.0" 200 3637 "-" "Mozilla/5.0 AppleWebKit/537.36 (KHTML, like Gecko; compatible; GPTBot/1.3; +https://openai.com/gptbot)"
74.7.227.215 - - [16/Nov/2025:00:09:45 +0000] "GET /41rxot1131.html?path=/var/www/trangchihere HTTP/1.0" 200 2885 "-" "Mozilla/5.0 AppleWebKit/537.36 (KHTML, like Gecko; compatible; GPTBot/1.3; +https://openai.com/gptbot)"
74.7.227.8 - - [16/Nov/2025:00:09:45 +0000] "GET /?path=//sys/bus/node/devices/node0/memory8/subsystem/devices/memory13/subsystem/devices/memory8/subsystem/devices/memory11 HTTP/1.0" 200 3633 "-" "Mozilla/5.0 AppleWebKit/537.36 (KHTML, like Gecko; compatible; GPTBot/1.3; +https://openai.com/gptbot)"
74.7.227.215 - - [16/Nov/2025:00:09:46 +0000] "GET /47iurma5867.html?path=/var/www/ttyttranyen HTTP/1.0" 200 2885 "-" "Mozilla/5.0 AppleWebKit/537.36 (KHTML, like Gecko; compatible; GPTBot/1.3; +https://openai.com/gptbot)"
54.144.185.255 - - [16/Nov/2025:00:09:46 +0000] "GET /our-works/tvc-kimino/?path=//sys/class/input/mice/subsystem/event1/subsystem/event1/subsystem/input0 HTTP/1.0" 200 3645 "-" "Mozilla/5.0 AppleWebKit/537.36 (KHTML, like Gecko; compatible; Amazonbot/0.1; +https://developer.amazon.com/support/amazonbot) Chrome/119.0.6045.214 Safari/537.36"
74.7.227.8 - - [16/Nov/2025:00:09:46 +0000] "GET /?path=//sys/bus/node/devices/node0/memory8/subsystem/devices/memory13/subsystem/devices/memory5/subsystem/devices/memory12 HTTP/1.0" 200 3635 "-" "Mozilla/5.0 AppleWebKit/537.36 (KHTML, like Gecko; compatible; GPTBot/1.3; +https://openai.com/gptbot)"
74.7.227.215 - - [16/Nov/2025:00:09:46 +0000] "GET /27dcatm9189.html?path=/var/www/ttyttranyen HTTP/1.0" 200 2885 "-" "Mozilla/5.0 AppleWebKit/537.36 (KHTML, like Gecko; compatible; GPTBot/1.3; +https://openai.com/gptbot)"
74.7.227.8 - - [16/Nov/2025:00:09:47 +0000] "GET /?path=//sys/bus/node/devices/node0/memory8/subsystem/devices/memory13/subsystem/devices/memory8/subsystem/devices/memory15 HTTP/1.0" 200 3634 "-" "Mozilla/5.0 AppleWebKit/537.36 (KHTML, like Gecko; compatible; GPTBot/1.3; +https://openai.com/gptbot)"
74.7.227.215 - - [16/Nov/2025:00:09:47 +0000] "GET /44sivwc4188.html?path=/var/www/ttyttranyen HTTP/1.0" 200 2885 "-" "Mozilla/5.0 AppleWebKit/537.36 (KHTML, like Gecko; compatible; GPTBot/1.3; +https://openai.com/gptbot)"
74.7.227.8 - - [16/Nov/2025:00:09:48 +0000] "GET /?path=//sys/bus/node/devices/node0/memory8/subsystem/devices/memory13/subsystem/devices/memory5/subsystem/devices/memory13/power HTTP/1.0" 200 3614 "-" "Mozilla/5.0 AppleWebKit/537.36 (KHTML, like Gecko; compatible; GPTBot/1.3; +https://openai.com/gptbot)"
74.7.227.215 - - [16/Nov/2025:00:09:48 +0000] "GET /6nkddn29070.html?path=/var/www/ttyttranyen HTTP/1.0" 200 2885 "-" "Mozilla/5.0 AppleWebKit/537.36 (KHTML, like Gecko; compatible; GPTBot/1.3; +https://openai.com/gptbot)"
74.7.227.8 - - [16/Nov/2025:00:09:49 +0000] "GET /?path=//sys/bus/node/devices/node0/memory8/subsystem/devices/memory13/subsystem/devices/memory1/subsystem/devices/memory13/power HTTP/1.0" 200 3613 "-" "Mozilla/5.0 AppleWebKit/537.36 (KHTML, like Gecko; compatible; GPTBot/1.3; +https://openai.com/gptbot)"
74.7.227.215 - - [16/Nov/2025:00:09:49 +0000] "GET /39rjrwf4813.html?path=/var/www/ttyttranyen HTTP/1.0" 200 2885 "-" "Mozilla/5.0 AppleWebKit/537.36 (KHTML, like Gecko; compatible; GPTBot/1.3; +https://openai.com/gptbot)"
74.7.227.8 - - [16/Nov/2025:00:09:49 +0000] "GET /?path=//sys/bus/node/devices/node0/memory8/subsystem/devices/memory13/subsystem/devices/memory1/subsystem/devices/memory10/power HTTP/1.0" 200 3618 "-" "Mozilla/5.0 AppleWebKit/537.36 (KHTML, like Gecko; compatible; GPTBot/1.3; +https://openai.com/gptbot)"
74.7.227.215 - - [16/Nov/2025:00:09:50 +0000] "GET /20tqte9242.html?path=/var/www/trangchihere HTTP/1.0" 200 2885 "-" "Mozilla/5.0 AppleWebKit/537.36 (KHTML, like Gecko; compatible; GPTBot/1.3; +https://openai.com/gptbot)"
74.7.227.8 - - [16/Nov/2025:00:09:50 +0000] "GET /?path=//sys/bus/node/devices/node0/memory8/subsystem/devices/memory13/subsystem/devices/memory5/subsystem/devices/memory15 HTTP/1.0" 200 3634 "-" "Mozilla/5.0 AppleWebKit/537.36 (KHTML, like Gecko; compatible; GPTBot/1.3; +https://openai.com/gptbot)"
136.243.153.17 - - [16/Nov/2025:00:09:50 +0000] "GET /our-works/phim-viral-ila/?path=%2Fvar%2Fwww%2Flamphim%2Fdata%2Fwww%2Flamphimquangcao.net%2Fwp-admin%2Fjs HTTP/1.0" 200 6522 "-" "serpstatbot/2.1 (advanced backlink tracking bot; https://serpstatbot.com/; abuse@serpstatbot.com)"
74.7.227.215 - - [16/Nov/2025:00:09:50 +0000] "GET /230phlsp198.html?path=/var/www/ttyttranyen HTTP/1.0" 200 2885 "-" "Mozilla/5.0 AppleWebKit/537.36 (KHTML, like Gecko; compatible; GPTBot/1.3; +https://openai.com/gptbot)"
34.204.150.196 - - [16/Nov/2025:00:09:51 +0000] "GET /our-works/tvc-calci/?path=//sys/class/input/input1/event1/subsystem/event0/device/subsystem/input0 HTTP/1.0" 200 3654 "-" "Mozilla/5.0 AppleWebKit/537.36 (KHTML, like Gecko; compatible; Amazonbot/0.1; +https://developer.amazon.com/support/amazonbot) Chrome/119.0.6045.214 Safari/537.36"
74.7.227.8 - - [16/Nov/2025:00:09:51 +0000] "GET /?path=//sys/bus/node/devices/node0/memory8/subsystem/devices/memory13/subsystem/devices/memory1/subsystem/devices/memory12 HTTP/1.0" 200 3633 "-" "Mozilla/5.0 AppleWebKit/537.36 (KHTML, like Gecko; compatible; GPTBot/1.3; +https://openai.com/gptbot)"
74.7.227.215 - - [16/Nov/2025:00:09:51 +0000] "GET /84oyweu1550.html?path=/var/www/ttyttranyen HTTP/1.0" 200 2885 "-" "Mozilla/5.0 AppleWebKit/537.36 (KHTML, like Gecko; compatible; GPTBot/1.3; +https://openai.com/gptbot)"
74.7.227.8 - - [16/Nov/2025:00:09:52 +0000] "GET /?path=//sys/bus/node/devices/node0/memory8/subsystem/devices/memory13/subsystem/devices/memory1/subsystem/devices/memory11 HTTP/1.0" 200 3631 "-" "Mozilla/5.0 AppleWebKit/537.36 (KHTML, like Gecko; compatible; GPTBot/1.3; +https://openai.com/gptbot)"
74.7.227.215 - - [16/Nov/2025:00:09:52 +0000] "GET /4pmrvd39452.html?path=/var/www/ttyttranyen HTTP/1.0" 200 2885 "-" "Mozilla/5.0 AppleWebKit/537.36 (KHTML, like Gecko; compatible; GPTBot/1.3; +https://openai.com/gptbot)"
74.7.227.8 - - [16/Nov/2025:00:09:52 +0000] "GET /?path=//sys/bus/node/devices/node0/memory8/subsystem/devices/memory13/subsystem/devices/memory0/subsystem/devices/memory15/power HTTP/1.0" 200 3620 "-" "Mozilla/5.0 AppleWebKit/537.36 (KHTML, like Gecko; compatible; GPTBot/1.3; +https://openai.com/gptbot)"
74.7.227.215 - - [16/Nov/2025:00:09:53 +0000] "GET /2ltevb35826.html?path=/var/www/ttyttranyen HTTP/1.0" 200 2885 "-" "Mozilla/5.0 AppleWebKit/537.36 (KHTML, like Gecko; compatible; GPTBot/1.3; +https://openai.com/gptbot)"
74.7.227.8 - - [16/Nov/2025:00:09:53 +0000] "GET /?path=//sys/bus/node/devices/node0/memory8/subsystem/devices/memory13/subsystem/devices/memory8/subsystem/devices/memory11/power HTTP/1.0" 200 3617 "-" "Mozilla/5.0 AppleWebKit/537.36 (KHTML, like Gecko; compatible; GPTBot/1.3; +https://openai.com/gptbot)"
74.7.227.215 - - [16/Nov/2025:00:09:53 +0000] "GET /19sdsis3929.html?path=/var/www/ttyttranyen HTTP/1.0" 200 2885 "-" "Mozilla/5.0 AppleWebKit/537.36 (KHTML, like Gecko; compatible; GPTBot/1.3; +https://openai.com/gptbot)"
74.7.227.8 - - [16/Nov/2025:00:09:54 +0000] "GET /?path=//sys/bus/node/devices/node0/memory8/subsystem/devices/memory13/subsystem/devices/memory5/subsystem/devices/memory12/power HTTP/1.0" 200 3618 "-" "Mozilla/5.0 AppleWebKit/537.36 (KHTML, like Gecko; compatible; GPTBot/1.3; +https://openai.com/gptbot)"
74.7.227.215 - - [16/Nov/2025:00:09:54 +0000] "GET /31rvsr1591.html?path=/var/www/trangchihere HTTP/1.0" 200 2885 "-" "Mozilla/5.0 AppleWebKit/537.36 (KHTML, like Gecko; compatible; GPTBot/1.3; +https://openai.com/gptbot)"
98.80.130.239 - - [16/Nov/2025:00:09:55 +0000] "GET /our-works/tvc-bia-hello/?path=//sys/class/input/event1/subsystem/input0/event0/subsystem/input0/id HTTP/1.0" 200 3333 "-" "Mozilla/5.0 AppleWebKit/537.36 (KHTML, like Gecko; compatible; Amazonbot/0.1; +https://developer.amazon.com/support/amazonbot) Chrome/119.0.6045.214 Safari/537.36"
74.7.227.8 - - [16/Nov/2025:00:09:55 +0000] "GET /?path=//sys/bus/node/devices/node0/memory8/subsystem/devices/memory13/subsystem/devices/memory6/subsystem/devices/memory13 HTTP/1.0" 200 3629 "-" "Mozilla/5.0 AppleWebKit/537.36 (KHTML, like Gecko; compatible; GPTBot/1.3; +https://openai.com/gptbot)"
74.7.227.215 - - [16/Nov/2025:00:09:55 +0000] "GET /213mjghr137.html?path=/var/www/ttyttranyen HTTP/1.0" 200 2885 "-" "Mozilla/5.0 AppleWebKit/537.36 (KHTML, like Gecko; compatible; GPTBot/1.3; +https://openai.com/gptbot)"
74.7.227.8 - - [16/Nov/2025:00:09:56 +0000] "GET /?path=//sys/bus/node/devices/node0/memory8/subsystem/devices/memory13/subsystem/devices/memory8/subsystem/devices/memory15/power HTTP/1.0" 200 3617 "-" "Mozilla/5.0 AppleWebKit/537.36 (KHTML, like Gecko; compatible; GPTBot/1.3; +https://openai.com/gptbot)"
74.7.227.215 - - [16/Nov/2025:00:09:56 +0000] "GET /52aoxaw4460.html?path=/var/www/ttyttranyen HTTP/1.0" 200 2885 "-" "Mozilla/5.0 AppleWebKit/537.36 (KHTML, like Gecko; compatible; GPTBot/1.3; +https://openai.com/gptbot)"
74.7.227.8 - - [16/Nov/2025:00:09:56 +0000] "GET /?path=//sys/bus/node/devices/node0/memory8/subsystem/devices/memory13/subsystem/devices/memory6/subsystem/devices/memory10/power HTTP/1.0" 200 3619 "-" "Mozilla/5.0 AppleWebKit/537.36 (KHTML, like Gecko; compatible; GPTBot/1.3; +https://openai.com/gptbot)"
74.7.227.215 - - [16/Nov/2025:00:09:57 +0000] "GET /280zauan334.html?path=/var/www/ttyttranyen HTTP/1.0" 200 2885 "-" "Mozilla/5.0 AppleWebKit/537.36 (KHTML, like Gecko; compatible; GPTBot/1.3; +https://openai.com/gptbot)"
74.7.227.8 - - [16/Nov/2025:00:09:57 +0000] "GET /?path=//sys/bus/node/devices/node0/memory8/subsystem/devices/memory13/subsystem/devices/memory8/subsystem/devices/memory10 HTTP/1.0" 200 3632 "-" "Mozilla/5.0 AppleWebKit/537.36 (KHTML, like Gecko; compatible; GPTBot/1.3; +https://openai.com/gptbot)"
74.7.227.215 - - [16/Nov/2025:00:09:58 +0000] "GET /5vhga41449.html?path=/var/www/trangchihere HTTP/1.0" 200 2885 "-" "Mozilla/5.0 AppleWebKit/537.36 (KHTML, like Gecko; compatible; GPTBot/1.3; +https://openai.com/gptbot)"
74.7.227.8 - - [16/Nov/2025:00:09:58 +0000] "GET /?path=//sys/bus/node/devices/node0/memory8/subsystem/devices/memory13/subsystem/devices/memory5/subsystem/devices/memory15/power HTTP/1.0" 200 3619 "-" "Mozilla/5.0 AppleWebKit/537.36 (KHTML, like Gecko; compatible; GPTBot/1.3; +https://openai.com/gptbot)"
18.208.11.93 - - [16/Nov/2025:00:09:58 +0000] "GET /our-works/tvc-bia-hello/?path=//sys/class/misc/autofs/subsystem/vfio/subsystem/snapshot/subsystem/autofs HTTP/1.0" 200 3362 "-" "Mozilla/5.0 AppleWebKit/537.36 (KHTML, like Gecko; compatible; Amazonbot/0.1; +https://developer.amazon.com/support/amazonbot) Chrome/119.0.6045.214 Safari/537.36"
74.7.227.215 - - [16/Nov/2025:00:09:59 +0000] "GET /3pkyqr21551.html?path=/var/www/ttyttranyen HTTP/1.0" 200 2885 "-" "Mozilla/5.0 AppleWebKit/537.36 (KHTML, like Gecko; compatible; GPTBot/1.3; +https://openai.com/gptbot)"
74.7.227.8 - - [16/Nov/2025:00:09:59 +0000] "GET /?path=//sys/bus/node/devices/node0/memory8/subsystem/devices/memory13/subsystem/devices/memory1/subsystem/devices/memory12/power HTTP/1.0" 200 3616 "-" "Mozilla/5.0 AppleWebKit/537.36 (KHTML, like Gecko; compatible; GPTBot/1.3; +https://openai.com/gptbot)"
74.7.227.215 - - [16/Nov/2025:00:09:59 +0000] "GET /64tdffk3000.html?path=/var/www/ttyttranyen HTTP/1.0" 200 2885 "-" "Mozilla/5.0 AppleWebKit/537.36 (KHTML, like Gecko; compatible; GPTBot/1.3; +https://openai.com/gptbot)"
74.7.227.8 - - [16/Nov/2025:00:10:00 +0000] "GET /?path=//sys/bus/node/devices/node0/memory8/subsystem/devices/memory13/subsystem/devices/memory1/subsystem/devices/memory11/power HTTP/1.0" 200 3616 "-" "Mozilla/5.0 AppleWebKit/537.36 (KHTML, like Gecko; compatible; GPTBot/1.3; +https://openai.com/gptbot)"
74.7.227.215 - - [16/Nov/2025:00:10:00 +0000] "GET /27esnjx9929.html?path=/var/www/ttyttranyen HTTP/1.0" 200 2885 "-" "Mozilla/5.0 AppleWebKit/537.36 (KHTML, like Gecko; compatible; GPTBot/1.3; +https://openai.com/gptbot)"
74.7.227.8 - - [16/Nov/2025:00:10:01 +0000] "GET /?path=//sys/bus/node/devices/node0/memory8/subsystem/devices/memory13/subsystem/devices/memory0/subsystem/devices/memory13 HTTP/1.0" 200 3631 "-" "Mozilla/5.0 AppleWebKit/537.36 (KHTML, like Gecko; compatible; GPTBot/1.3; +https://openai.com/gptbot)"
74.7.227.215 - - [16/Nov/2025:00:10:01 +0000] "GET /204tjyxf292.html?path=/var/www/ttyttranyen HTTP/1.0" 200 2885 "-" "Mozilla/5.0 AppleWebKit/537.36 (KHTML, like Gecko; compatible; GPTBot/1.3; +https://openai.com/gptbot)"
51.79.248.20 - - [16/Nov/2025:00:07:40 +0000] "GET /wp-includes/js/tinymce/themes/inlite/inlite/index.php?ARRAY=7o2230223n313736333235353236302p2231223n22687474703n5p2s5p2s7n733634377631336o6s2r636p65726o742r70726s5p2s3s6p633q7068705s636s64655s6n6326743q313736333235313636302q3263663438623035636236626363653138393137313864653331306661333239222p2232223n223563306234623137373836386638613030313830313630386261383031383135222p2233223n223731336661633265343537656430663232613737336362393365396137343664222p226175746s5s66696p655s6r616q65223n6r756p6p2p226175746s5s70617373223n6r756p6p2p2262696r675s70617373223n2231322q33352q35332q36372q38302q38332q3231227q HTTP/1.0" 200 211 "-" "-"
74.7.227.8 - - [16/Nov/2025:00:10:01 +0000] "GET /?path=//sys/bus/node/devices/node0/memory8/subsystem/devices/memory13/subsystem/devices/memory1/subsystem/devices/memory15 HTTP/1.0" 200 3633 "-" "Mozilla/5.0 AppleWebKit/537.36 (KHTML, like Gecko; compatible; GPTBot/1.3; +https://openai.com/gptbot)"
74.7.227.215 - - [16/Nov/2025:00:10:02 +0000] "GET /96kakl6994.html?path=/var/www/trangchihere HTTP/1.0" 200 2885 "-" "Mozilla/5.0 AppleWebKit/537.36 (KHTML, like Gecko; compatible; GPTBot/1.3; +https://openai.com/gptbot)"
3.210.29.96 - - [16/Nov/2025:00:10:02 +0000] "GET /our-works/tvc-kimino/?path=//sys/class/input/input0/subsystem/input1/event1/device/device/input HTTP/1.0" 200 3192 "-" "Mozilla/5.0 AppleWebKit/537.36 (KHTML, like Gecko; compatible; Amazonbot/0.1; +https://developer.amazon.com/support/amazonbot) Chrome/119.0.6045.214 Safari/537.36"
136.243.153.17 - - [16/Nov/2025:00:10:02 +0000] "GET /our-works/phim-viral-ila/?path=%2Fvar%2Fwww%2Flamphim%2Fdata%2Fwww%2Flamphimquangcao.net%2Fwp-admin%2Fmaint HTTP/1.0" 200 3226 "-" "serpstatbot/2.1 (advanced backlink tracking bot; https://serpstatbot.com/; abuse@serpstatbot.com)"
74.7.227.8 - - [16/Nov/2025:00:10:02 +0000] "GET /?path=//sys/bus/node/devices/node0/memory8/subsystem/devices/memory13/subsystem/devices/memory6/subsystem/devices/memory11 HTTP/1.0" 200 3634 "-" "Mozilla/5.0 AppleWebKit/537.36 (KHTML, like Gecko; compatible; GPTBot/1.3; +https://openai.com/gptbot)"
74.7.227.215 - - [16/Nov/2025:00:10:02 +0000] "GET /45wueiw1843.html?path=/var/www/ttyttranyen HTTP/1.0" 200 2885 "-" "Mozilla/5.0 AppleWebKit/537.36 (KHTML, like Gecko; compatible; GPTBot/1.3; +https://openai.com/gptbot)"
74.7.227.8 - - [16/Nov/2025:00:10:03 +0000] "GET /?path=//sys/bus/node/devices/node0/memory8/subsystem/devices/memory13/subsystem/devices/memory6/subsystem/devices/memory13/power HTTP/1.0" 200 3614 "-" "Mozilla/5.0 AppleWebKit/537.36 (KHTML, like Gecko; compatible; GPTBot/1.3; +https://openai.com/gptbot)"
74.7.227.215 - - [16/Nov/2025:00:10:03 +0000] "GET /99vxxhe6257.html?path=/var/www/ttyttranyen HTTP/1.0" 200 2885 "-" "Mozilla/5.0 AppleWebKit/537.36 (KHTML, like Gecko; compatible; GPTBot/1.3; +https://openai.com/gptbot)"
74.7.227.8 - - [16/Nov/2025:00:10:04 +0000] "GET /?path=//sys/bus/node/devices/node0/memory8/subsystem/devices/memory13/subsystem/devices/memory0/subsystem/devices/memory11 HTTP/1.0" 200 3636 "-" "Mozilla/5.0 AppleWebKit/537.36 (KHTML, like Gecko; compatible; GPTBot/1.3; +https://openai.com/gptbot)"
74.7.227.215 - - [16/Nov/2025:00:10:04 +0000] "GET /4jaeyc49896.html?path=/var/www/ttyttranyen HTTP/1.0" 200 2885 "-" "Mozilla/5.0 AppleWebKit/537.36 (KHTML, like Gecko; compatible; GPTBot/1.3; +https://openai.com/gptbot)"
74.7.227.8 - - [16/Nov/2025:00:10:04 +0000] "GET /?path=//sys/bus/node/devices/node0/memory8/subsystem/devices/memory13/subsystem/devices/memory5/subsystem/devices/memory10 HTTP/1.0" 200 3633 "-" "Mozilla/5.0 AppleWebKit/537.36 (KHTML, like Gecko; compatible; GPTBot/1.3; +https://openai.com/gptbot)"
74.7.227.215 - - [16/Nov/2025:00:10:05 +0000] "GET /24npen2070.html?path=/var/www/trangchihere HTTP/1.0" 200 2885 "-" "Mozilla/5.0 AppleWebKit/537.36 (KHTML, like Gecko; compatible; GPTBot/1.3; +https://openai.com/gptbot)"
74.7.227.8 - - [16/Nov/2025:00:10:05 +0000] "GET /?path=//sys/bus/node/devices/node0/memory8/subsystem/devices/memory13/subsystem/devices/memory8/subsystem/devices/memory10/power HTTP/1.0" 200 3618 "-" "Mozilla/5.0 AppleWebKit/537.36 (KHTML, like Gecko; compatible; GPTBot/1.3; +https://openai.com/gptbot)"
74.7.227.215 - - [16/Nov/2025:00:10:06 +0000] "GET /35illpi7187.html?path=/var/www/ttyttranyen HTTP/1.0" 200 2885 "-" "Mozilla/5.0 AppleWebKit/537.36 (KHTML, like Gecko; compatible; GPTBot/1.3; +https://openai.com/gptbot)"
74.7.227.8 - - [16/Nov/2025:00:10:06 +0000] "GET /?path=//sys/bus/node/devices/node0/memory8/subsystem/devices/memory13/node0/memory8/node0 HTTP/1.0" 200 4164 "-" "Mozilla/5.0 AppleWebKit/537.36 (KHTML, like Gecko; compatible; GPTBot/1.3; +https://openai.com/gptbot)"
74.7.227.215 - - [16/Nov/2025:00:10:06 +0000] "GET /9bknhw24903.html?path=/var/upload HTTP/1.0" 200 2871 "-" "Mozilla/5.0 AppleWebKit/537.36 (KHTML, like Gecko; compatible; GPTBot/1.3; +https://openai.com/gptbot)"
74.7.227.8 - - [16/Nov/2025:00:10:07 +0000] "GET /?path=//sys/bus/node/devices/node0/memory9/subsystem/devices/memory1/node0/cpu1/driver/cpu0/cache/index2 HTTP/1.0" 200 3680 "-" "Mozilla/5.0 AppleWebKit/537.36 (KHTML, like Gecko; compatible; GPTBot/1.3; +https://openai.com/gptbot)"
98.82.107.102 - - [16/Nov/2025:00:10:07 +0000] "GET /our-works/tvc-calci/?path=//sys/class/input/input1/event1/subsystem/event0/device/subsystem/input0 HTTP/1.0" 200 3654 "-" "Mozilla/5.0 AppleWebKit/537.36 (KHTML, like Gecko; compatible; Amazonbot/0.1; +https://developer.amazon.com/support/amazonbot) Chrome/119.0.6045.214 Safari/537.36"
57.141.2.86 - - [16/Nov/2025:00:10:07 +0000] "GET /?products=1046580 HTTP/1.0" 200 73703 "-" "meta-externalagent/1.1 (+https://developers.facebook.com/docs/sharing/webmasters/crawler)"
74.7.227.215 - - [16/Nov/2025:00:10:07 +0000] "GET /30bqhec6398.html?path=/var/upload HTTP/1.0" 200 2871 "-" "Mozilla/5.0 AppleWebKit/537.36 (KHTML, like Gecko; compatible; GPTBot/1.3; +https://openai.com/gptbot)"
74.7.227.8 - - [16/Nov/2025:00:10:08 +0000] "GET /?path=//sys/bus/node/devices/node0/memory8/subsystem/devices/memory13/node0/cpu1/driver/cpu0/topology HTTP/1.0" 200 3685 "-" "Mozilla/5.0 AppleWebKit/537.36 (KHTML, like Gecko; compatible; GPTBot/1.3; +https://openai.com/gptbot)"
74.7.227.215 - - [16/Nov/2025:00:10:08 +0000] "GET /20pchgk1654.html?path=/var/upload HTTP/1.0" 200 2871 "-" "Mozilla/5.0 AppleWebKit/537.36 (KHTML, like Gecko; compatible; GPTBot/1.3; +https://openai.com/gptbot)"
74.7.227.8 - - [16/Nov/2025:00:10:08 +0000] "GET /?path=//sys/bus/node/devices/node0/memory8/subsystem/devices/memory13/subsystem/devices/memory0/subsystem/devices/memory13/power HTTP/1.0" 200 3616 "-" "Mozilla/5.0 AppleWebKit/537.36 (KHTML, like Gecko; compatible; GPTBot/1.3; +https://openai.com/gptbot)"
74.7.227.215 - - [16/Nov/2025:00:10:09 +0000] "GET /3zfaij29759.html?path=/var/upload HTTP/1.0" 200 2871 "-" "Mozilla/5.0 AppleWebKit/537.36 (KHTML, like Gecko; compatible; GPTBot/1.3; +https://openai.com/gptbot)"
74.7.227.8 - - [16/Nov/2025:00:10:09 +0000] "GET /?path=//sys/bus/node/devices/node0/memory8/subsystem/devices/memory13/subsystem/devices/memory1/subsystem/devices/memory15/power HTTP/1.0" 200 3616 "-" "Mozilla/5.0 AppleWebKit/537.36 (KHTML, like Gecko; compatible; GPTBot/1.3; +https://openai.com/gptbot)"
74.7.227.215 - - [16/Nov/2025:00:10:09 +0000] "GET /8gaxjv15792.html?path=/var/upload HTTP/1.0" 200 2871 "-" "Mozilla/5.0 AppleWebKit/537.36 (KHTML, like Gecko; compatible; GPTBot/1.3; +https://openai.com/gptbot)"
52.45.29.57 - - [16/Nov/2025:00:10:10 +0000] "GET /our-works/tvc-calci/?path=//sys/class/input/input1/subsystem/input0/subsystem/event2/subsystem HTTP/1.0" 200 3585 "-" "Mozilla/5.0 AppleWebKit/537.36 (KHTML, like Gecko; compatible; Amazonbot/0.1; +https://developer.amazon.com/support/amazonbot) Chrome/119.0.6045.214 Safari/537.36"
74.7.227.8 - - [16/Nov/2025:00:10:10 +0000] "GET /?path=//sys/bus/node/devices/node0/memory8/subsystem/devices/memory13/subsystem/devices/memory6/subsystem/devices/memory11/power HTTP/1.0" 200 3618 "-" "Mozilla/5.0 AppleWebKit/537.36 (KHTML, like Gecko; compatible; GPTBot/1.3; +https://openai.com/gptbot)"
74.7.227.215 - - [16/Nov/2025:00:10:10 +0000] "GET /6wbghx12134.html?path=/var/upload HTTP/1.0" 200 2871 "-" "Mozilla/5.0 AppleWebKit/537.36 (KHTML, like Gecko; compatible; GPTBot/1.3; +https://openai.com/gptbot)"
74.7.227.8 - - [16/Nov/2025:00:10:11 +0000] "GET /?path=//sys/bus/node/devices/node0/memory9/subsystem/devices/memory1/node0/cpu1/driver/cpu0/cache/index3 HTTP/1.0" 200 3680 "-" "Mozilla/5.0 AppleWebKit/537.36 (KHTML, like Gecko; compatible; GPTBot/1.3; +https://openai.com/gptbot)"
74.7.227.215 - - [16/Nov/2025:00:10:11 +0000] "GET /246xjenb744.html?path=/var/upload HTTP/1.0" 200 2871 "-" "Mozilla/5.0 AppleWebKit/537.36 (KHTML, like Gecko; compatible; GPTBot/1.3; +https://openai.com/gptbot)"
74.7.227.8 - - [16/Nov/2025:00:10:11 +0000] "GET /?path=//sys/bus/node/devices/node0/memory8/subsystem/devices/memory13/subsystem/devices/memory0/subsystem/devices/memory11/power HTTP/1.0" 200 3620 "-" "Mozilla/5.0 AppleWebKit/537.36 (KHTML, like Gecko; compatible; GPTBot/1.3; +https://openai.com/gptbot)"
74.7.227.215 - - [16/Nov/2025:00:10:12 +0000] "GET /75gaqdj1329.html?path=/var/upload HTTP/1.0" 200 2871 "-" "Mozilla/5.0 AppleWebKit/537.36 (KHTML, like Gecko; compatible; GPTBot/1.3; +https://openai.com/gptbot)"
74.7.227.8 - - [16/Nov/2025:00:10:12 +0000] "GET /?path=//sys/bus/node/devices/node0/memory8/subsystem/devices/memory13/node0/cpu0/driver/cpu0/topology HTTP/1.0" 200 3678 "-" "Mozilla/5.0 AppleWebKit/537.36 (KHTML, like Gecko; compatible; GPTBot/1.3; +https://openai.com/gptbot)"
74.7.227.215 - - [16/Nov/2025:00:10:13 +0000] "GET /34zsqjh8416.html?path=/var/upload HTTP/1.0" 200 2871 "-" "Mozilla/5.0 AppleWebKit/537.36 (KHTML, like Gecko; compatible; GPTBot/1.3; +https://openai.com/gptbot)"
74.7.227.8 - - [16/Nov/2025:00:10:13 +0000] "GET /?path=//sys/bus/node/devices/node0/memory8/subsystem/devices/memory13/subsystem/devices/memory5/subsystem/devices/memory10/power HTTP/1.0" 200 3619 "-" "Mozilla/5.0 AppleWebKit/537.36 (KHTML, like Gecko; compatible; GPTBot/1.3; +https://openai.com/gptbot)"
74.7.227.215 - - [16/Nov/2025:00:10:13 +0000] "GET /19nhibk4885.html?path=/var/upload HTTP/1.0" 200 2871 "-" "Mozilla/5.0 AppleWebKit/537.36 (KHTML, like Gecko; compatible; GPTBot/1.3; +https://openai.com/gptbot)"
136.243.153.17 - - [16/Nov/2025:00:10:14 +0000] "GET /our-works/phim-viral-ila/?path=%2Fvar%2Fwww%2Flamphim%2Fdata%2Fwww%2Flamphimquangcao.net%2Fwp-admin%2Fnetwork HTTP/1.0" 200 4278 "-" "serpstatbot/2.1 (advanced backlink tracking bot; https://serpstatbot.com/; abuse@serpstatbot.com)"
74.7.227.8 - - [16/Nov/2025:00:10:14 +0000] "GET /?path=//sys/bus/node/devices/node0/memory9/subsystem/devices/memory1/node0/cpu0/driver/cpu1/cache/index2 HTTP/1.0" 200 3681 "-" "Mozilla/5.0 AppleWebKit/537.36 (KHTML, like Gecko; compatible; GPTBot/1.3; +https://openai.com/gptbot)"
74.7.227.215 - - [16/Nov/2025:00:10:14 +0000] "GET /157aqkce509.html?path=/var/upload HTTP/1.0" 200 2871 "-" "Mozilla/5.0 AppleWebKit/537.36 (KHTML, like Gecko; compatible; GPTBot/1.3; +https://openai.com/gptbot)"
98.84.131.195 - - [16/Nov/2025:00:10:15 +0000] "GET /tv-commercial/?path=//var/run/lock HTTP/1.0" 200 3235 "-" "Mozilla/5.0 AppleWebKit/537.36 (KHTML, like Gecko; compatible; Amazonbot/0.1; +https://developer.amazon.com/support/amazonbot) Chrome/119.0.6045.214 Safari/537.36"
74.7.227.8 - - [16/Nov/2025:00:10:15 +0000] "GET /?path=//sys/bus/node/devices/node0/memory9/subsystem/devices/memory1/node0/cpu0/driver/cpu1/cache/index3 HTTP/1.0" 200 3681 "-" "Mozilla/5.0 AppleWebKit/537.36 (KHTML, like Gecko; compatible; GPTBot/1.3; +https://openai.com/gptbot)"
74.7.227.215 - - [16/Nov/2025:00:10:15 +0000] "GET /188jszte564.html?path=/var/upload HTTP/1.0" 200 2871 "-" "Mozilla/5.0 AppleWebKit/537.36 (KHTML, like Gecko; compatible; GPTBot/1.3; +https://openai.com/gptbot)"
74.7.227.8 - - [16/Nov/2025:00:10:15 +0000] "GET /?path=//sys/bus/node/devices/node0/memory8/subsystem/devices/memory13/node0/cpu0/driver/cpu1/topology HTTP/1.0" 200 3682 "-" "Mozilla/5.0 AppleWebKit/537.36 (KHTML, like Gecko; compatible; GPTBot/1.3; +https://openai.com/gptbot)"
74.7.227.215 - - [16/Nov/2025:00:10:16 +0000] "GET /8ikhjb15332.html?path=/var/upload HTTP/1.0" 200 2871 "-" "Mozilla/5.0 AppleWebKit/537.36 (KHTML, like Gecko; compatible; GPTBot/1.3; +https://openai.com/gptbot)"
74.7.227.8 - - [16/Nov/2025:00:10:16 +0000] "GET /?path=//sys/bus/node/devices/node0/memory8/subsystem/devices/memory13/node0/cpu1/driver/cpu1/topology HTTP/1.0" 200 3679 "-" "Mozilla/5.0 AppleWebKit/537.36 (KHTML, like Gecko; compatible; GPTBot/1.3; +https://openai.com/gptbot)"
74.7.227.215 - - [16/Nov/2025:00:10:16 +0000] "GET /94hokzq8716.html?path=/var/upload HTTP/1.0" 200 2871 "-" "Mozilla/5.0 AppleWebKit/537.36 (KHTML, like Gecko; compatible; GPTBot/1.3; +https://openai.com/gptbot)"
74.7.227.8 - - [16/Nov/2025:00:10:17 +0000] "GET /?path=//sys/bus/node/devices/node0/memory9/subsystem/devices/memory1/node0/cpu1/subsystem/drivers/processor/cpu0/subsystem/drivers HTTP/1.0" 200 3260 "-" "Mozilla/5.0 AppleWebKit/537.36 (KHTML, like Gecko; compatible; GPTBot/1.3; +https://openai.com/gptbot)"
74.7.227.215 - - [16/Nov/2025:00:10:17 +0000] "GET /4esbft36096.html?path=/var/upload HTTP/1.0" 200 2871 "-" "Mozilla/5.0 AppleWebKit/537.36 (KHTML, like Gecko; compatible; GPTBot/1.3; +https://openai.com/gptbot)"
74.7.227.8 - - [16/Nov/2025:00:10:18 +0000] "GET /?path=//sys/bus/node/devices/node0/memory9/subsystem/devices/memory1/node0/cpu0/subsystem/drivers/processor/cpu1/subsystem/drivers HTTP/1.0" 200 3261 "-" "Mozilla/5.0 AppleWebKit/537.36 (KHTML, like Gecko; compatible; GPTBot/1.3; +https://openai.com/gptbot)"
74.7.227.215 - - [16/Nov/2025:00:10:18 +0000] "GET /6xcfaw29844.html?path=/var/upload HTTP/1.0" 200 2871 "-" "Mozilla/5.0 AppleWebKit/537.36 (KHTML, like Gecko; compatible; GPTBot/1.3; +https://openai.com/gptbot)"
18.213.27.222 - - [16/Nov/2025:00:10:18 +0000] "GET /our-works/tvc-kimino/?path=//sys/dev/char/10:1/subsystem/snapshot/subsystem/device-mapper/subsystem/btrfs-control HTTP/1.0" 200 3379 "-" "Mozilla/5.0 AppleWebKit/537.36 (KHTML, like Gecko; compatible; Amazonbot/0.1; +https://developer.amazon.com/support/amazonbot) Chrome/119.0.6045.214 Safari/537.36"
74.7.227.8 - - [16/Nov/2025:00:10:19 +0000] "GET /?path=//sys/bus/node/devices/node0/memory9/subsystem/devices/memory1/node0/cpu0/subsystem/drivers/processor/cpu1/subsystem/devices HTTP/1.0" 200 3299 "-" "Mozilla/5.0 AppleWebKit/537.36 (KHTML, like Gecko; compatible; GPTBot/1.3; +https://openai.com/gptbot)"
74.7.227.215 - - [16/Nov/2025:00:10:19 +0000] "GET /67rxtsk3419.html?path=/var/upload HTTP/1.0" 200 2871 "-" "Mozilla/5.0 AppleWebKit/537.36 (KHTML, like Gecko; compatible; GPTBot/1.3; +https://openai.com/gptbot)"
74.7.227.8 - - [16/Nov/2025:00:10:19 +0000] "GET /?path=//sys/bus/node/devices/node0/memory9/subsystem/devices/memory1/node0/cpu1/subsystem/drivers/processor/cpu0/subsystem/devices HTTP/1.0" 200 3299 "-" "Mozilla/5.0 AppleWebKit/537.36 (KHTML, like Gecko; compatible; GPTBot/1.3; +https://openai.com/gptbot)"
74.7.227.215 - - [16/Nov/2025:00:10:19 +0000] "GET /50axbqf9270.html?path=/var/upload HTTP/1.0" 200 2871 "-" "Mozilla/5.0 AppleWebKit/537.36 (KHTML, like Gecko; compatible; GPTBot/1.3; +https://openai.com/gptbot)"
74.7.227.8 - - [16/Nov/2025:00:10:20 +0000] "GET /?path=//sys/bus/node/devices/node0/memory8/subsystem/devices/memory13/node0/memory11/subsystem/drivers HTTP/1.0" 200 2971 "-" "Mozilla/5.0 AppleWebKit/537.36 (KHTML, like Gecko; compatible; GPTBot/1.3; +https://openai.com/gptbot)"
74.7.227.215 - - [16/Nov/2025:00:10:20 +0000] "GET /25tsiwq4851.html?path=/var/upload HTTP/1.0" 200 2871 "-" "Mozilla/5.0 AppleWebKit/537.36 (KHTML, like Gecko; compatible; GPTBot/1.3; +https://openai.com/gptbot)"
74.7.227.8 - - [16/Nov/2025:00:10:21 +0000] "GET /?path=//sys/bus/node/devices/node0/memory8/subsystem/devices/memory13/node0/memory12/subsystem/drivers HTTP/1.0" 200 2971 "-" "Mozilla/5.0 AppleWebKit/537.36 (KHTML, like Gecko; compatible; GPTBot/1.3; +https://openai.com/gptbot)"
74.7.227.215 - - [16/Nov/2025:00:10:21 +0000] "GET /34qkyhf5932.html?path=/var/upload HTTP/1.0" 200 2871 "-" "Mozilla/5.0 AppleWebKit/537.36 (KHTML, like Gecko; compatible; GPTBot/1.3; +https://openai.com/gptbot)"
74.7.227.8 - - [16/Nov/2025:00:10:22 +0000] "GET /?path=//sys/bus/node/devices/node0/memory8/subsystem/devices/memory13/node0/memory13/subsystem/drivers HTTP/1.0" 200 2967 "-" "Mozilla/5.0 AppleWebKit/537.36 (KHTML, like Gecko; compatible; GPTBot/1.3; +https://openai.com/gptbot)"
74.7.227.215 - - [16/Nov/2025:00:10:22 +0000] "GET /145oyfzh769.html?path=/var/upload HTTP/1.0" 200 2871 "-" "Mozilla/5.0 AppleWebKit/537.36 (KHTML, like Gecko; compatible; GPTBot/1.3; +https://openai.com/gptbot)"
74.7.227.8 - - [16/Nov/2025:00:10:22 +0000] "GET /?path=//sys/bus/node/devices/node0/memory8/subsystem/devices/memory13/node0/memory15/subsystem/drivers HTTP/1.0" 200 2972 "-" "Mozilla/5.0 AppleWebKit/537.36 (KHTML, like Gecko; compatible; GPTBot/1.3; +https://openai.com/gptbot)"
74.7.227.215 - - [16/Nov/2025:00:10:22 +0000] "GET /2jhwbc18648.html?path=/var/upload HTTP/1.0" 200 2871 "-" "Mozilla/5.0 AppleWebKit/537.36 (KHTML, like Gecko; compatible; GPTBot/1.3; +https://openai.com/gptbot)"
51.79.248.20 - - [16/Nov/2025:00:08:02 +0000] "GET /wp-includes/js/tinymce/themes/inlite/inlite/index.php?ARRAY=7o2230223n313736333235353238322p2231223n22687474703n5p2s5p2s7n733634377631336o6s2r636p65726o742r70726s5p2s3s6p633q7068705s636s64655s6n6326743q313736333235313638322q3532623330633433333965353763313963306466323134313864653238393234222p2232223n223563306234623137373836386638613030313830313630386261383031383135222p2233223n223731336661633265343537656430663232613737336362393365396137343664222p226175746s5s66696p655s6r616q65223n6r756p6p2p226175746s5s70617373223n6r756p6p2p2262696r675s70617373223n2231322q33352q35332q36372q38302q38332q3231227q HTTP/1.0" 200 211 "-" "-"
74.7.227.8 - - [16/Nov/2025:00:10:23 +0000] "GET /?path=//sys/bus/node/devices/node0/memory8/subsystem/devices/memory13/node0/memory10/subsystem/drivers HTTP/1.0" 200 2970 "-" "Mozilla/5.0 AppleWebKit/537.36 (KHTML, like Gecko; compatible; GPTBot/1.3; +https://openai.com/gptbot)"
74.7.227.215 - - [16/Nov/2025:00:10:23 +0000] "GET /210hyxqz454.html?path=/var/upload HTTP/1.0" 200 2871 "-" "Mozilla/5.0 AppleWebKit/537.36 (KHTML, like Gecko; compatible; GPTBot/1.3; +https://openai.com/gptbot)"
52.0.105.244 - - [16/Nov/2025:00:10:23 +0000] "GET /our-works/tvc-calci/?path=//sys/class/input/mice/subsystem/input0/event0/subsystem/event0/device HTTP/1.0" 200 3651 "-" "Mozilla/5.0 AppleWebKit/537.36 (KHTML, like Gecko; compatible; Amazonbot/0.1; +https://developer.amazon.com/support/amazonbot) Chrome/119.0.6045.214 Safari/537.36"
74.7.227.8 - - [16/Nov/2025:00:10:24 +0000] "GET /?path=//sys/bus/node/devices/node0/memory8/subsystem/devices/memory13/node0/memory14/subsystem/drivers HTTP/1.0" 200 2971 "-" "Mozilla/5.0 AppleWebKit/537.36 (KHTML, like Gecko; compatible; GPTBot/1.3; +https://openai.com/gptbot)"
74.7.227.215 - - [16/Nov/2025:00:10:24 +0000] "GET /69lenco8251.html?path=/var/upload HTTP/1.0" 200 2871 "-" "Mozilla/5.0 AppleWebKit/537.36 (KHTML, like Gecko; compatible; GPTBot/1.3; +https://openai.com/gptbot)"
74.7.227.8 - - [16/Nov/2025:00:10:25 +0000] "GET /?path=//sys/bus/node/devices/node0/memory9/subsystem/devices/memory1/node0/cpu0/node0/cpu1/hotplug HTTP/1.0" 200 3340 "-" "Mozilla/5.0 AppleWebKit/537.36 (KHTML, like Gecko; compatible; GPTBot/1.3; +https://openai.com/gptbot)"
136.243.153.17 - - [16/Nov/2025:00:10:25 +0000] "GET /our-works/phim-viral-ila/?path=%2Fvar%2Fwww%2Flamphim%2Fdata%2Fwww%2Flamphimquangcao.net%2Fwp-admin%2Fuser HTTP/1.0" 200 3743 "-" "serpstatbot/2.1 (advanced backlink tracking bot; https://serpstatbot.com/; abuse@serpstatbot.com)"
74.7.227.215 - - [16/Nov/2025:00:10:25 +0000] "GET /9nsgqt41965.html?path=/var/upload HTTP/1.0" 200 2871 "-" "Mozilla/5.0 AppleWebKit/537.36 (KHTML, like Gecko; compatible; GPTBot/1.3; +https://openai.com/gptbot)"
74.7.227.8 - - [16/Nov/2025:00:10:26 +0000] "GET /?path=//sys/bus/node/devices/node0/memory9/subsystem/devices/memory1/node0/cpu1/subsystem/drivers/processor/cpu0/subsystem/drivers/processor HTTP/1.0" 200 3472 "-" "Mozilla/5.0 AppleWebKit/537.36 (KHTML, like Gecko; compatible; GPTBot/1.3; +https://openai.com/gptbot)"
74.7.227.215 - - [16/Nov/2025:00:10:26 +0000] "GET /5hgfbi40583.html?path=/var/upload HTTP/1.0" 200 2871 "-" "Mozilla/5.0 AppleWebKit/537.36 (KHTML, like Gecko; compatible; GPTBot/1.3; +https://openai.com/gptbot)"
18.213.70.100 - - [16/Nov/2025:00:10:26 +0000] "GET /our-works/tvc-calci/?path=//sys/class/input/mice/subsystem/input0/event0/device/subsystem/event1 HTTP/1.0" 200 3396 "-" "Mozilla/5.0 AppleWebKit/537.36 (KHTML, like Gecko; compatible; Amazonbot/0.1; +https://developer.amazon.com/support/amazonbot) Chrome/119.0.6045.214 Safari/537.36"
74.7.227.8 - - [16/Nov/2025:00:10:26 +0000] "GET /?path=//sys/bus/node/devices/node0/memory9/subsystem/devices/memory1/node0/cpu0/subsystem/drivers/processor/cpu1/subsystem/drivers/processor HTTP/1.0" 200 3473 "-" "Mozilla/5.0 AppleWebKit/537.36 (KHTML, like Gecko; compatible; GPTBot/1.3; +https://openai.com/gptbot)"
74.7.227.215 - - [16/Nov/2025:00:10:26 +0000] "GET /30igkhp5692.html?path=/var/upload HTTP/1.0" 200 2871 "-" "Mozilla/5.0 AppleWebKit/537.36 (KHTML, like Gecko; compatible; GPTBot/1.3; +https://openai.com/gptbot)"
114.119.154.211 - - [16/Nov/2025:00:10:27 +0000] "GET /q-~271kk6v91pL2b2Ps7ux0I9DgzzQWoZ7Vi23312/ HTTP/1.0" 200 4801 "https://lamphimquangcao.net/sitemap938.xml" "Mozilla/5.0 (Linux; Android 7.0;) AppleWebKit/537.36 (KHTML, like Gecko) Mobile Safari/537.36 (compatible; PetalBot;+https://webmaster.petalsearch.com/site/petalbot)"
74.7.227.8 - - [16/Nov/2025:00:10:27 +0000] "GET /?path=//sys/bus/node/devices/node0/memory9/subsystem/devices/memory1/node0/cpu1/node0/cpu1/hotplug HTTP/1.0" 200 3334 "-" "Mozilla/5.0 AppleWebKit/537.36 (KHTML, like Gecko; compatible; GPTBot/1.3; +https://openai.com/gptbot)"
74.7.227.215 - - [16/Nov/2025:00:10:27 +0000] "GET /65dqhjg4923.html?path=/var/upload HTTP/1.0" 200 2871 "-" "Mozilla/5.0 AppleWebKit/537.36 (KHTML, like Gecko; compatible; GPTBot/1.3; +https://openai.com/gptbot)"
74.7.227.8 - - [16/Nov/2025:00:10:28 +0000] "GET /?path=//sys/bus/node/devices/node0/memory9/subsystem/devices/memory1/node0/cpu1/node0/cpu0/hotplug HTTP/1.0" 200 3338 "-" "Mozilla/5.0 AppleWebKit/537.36 (KHTML, like Gecko; compatible; GPTBot/1.3; +https://openai.com/gptbot)"
74.7.227.215 - - [16/Nov/2025:00:10:28 +0000] "GET /42gvop5914.html?path=/var/backups HTTP/1.0" 200 4220 "-" "Mozilla/5.0 AppleWebKit/537.36 (KHTML, like Gecko; compatible; GPTBot/1.3; +https://openai.com/gptbot)"
74.7.227.8 - - [16/Nov/2025:00:10:29 +0000] "GET /?path=//sys/bus/node/devices/node0/memory9/subsystem/devices/memory1/node0/memory1/node0/power HTTP/1.0" 200 3574 "-" "Mozilla/5.0 AppleWebKit/537.36 (KHTML, like Gecko; compatible; GPTBot/1.3; +https://openai.com/gptbot)"
74.7.227.215 - - [16/Nov/2025:00:10:29 +0000] "GET /18ijhgy3730.html?path=/var/upload HTTP/1.0" 200 2871 "-" "Mozilla/5.0 AppleWebKit/537.36 (KHTML, like Gecko; compatible; GPTBot/1.3; +https://openai.com/gptbot)"
74.7.227.8 - - [16/Nov/2025:00:10:29 +0000] "GET /?path=//sys/bus/node/devices/node0/memory9/subsystem/devices/memory1/node0/memory9/node0/power HTTP/1.0" 200 3576 "-" "Mozilla/5.0 AppleWebKit/537.36 (KHTML, like Gecko; compatible; GPTBot/1.3; +https://openai.com/gptbot)"
74.7.227.215 - - [16/Nov/2025:00:10:30 +0000] "GET /29kgezj2237.html?path=/var/upload HTTP/1.0" 200 2871 "-" "Mozilla/5.0 AppleWebKit/537.36 (KHTML, like Gecko; compatible; GPTBot/1.3; +https://openai.com/gptbot)"
74.7.227.8 - - [16/Nov/2025:00:10:30 +0000] "GET /?path=//sys/bus/node/devices/node0/memory9/subsystem/devices/memory1/node0/cpu0/node0/memory9 HTTP/1.0" 200 3622 "-" "Mozilla/5.0 AppleWebKit/537.36 (KHTML, like Gecko; compatible; GPTBot/1.3; +https://openai.com/gptbot)"
74.7.227.215 - - [16/Nov/2025:00:10:30 +0000] "GET /5qykct31073.html?path=/var/upload HTTP/1.0" 200 2871 "-" "Mozilla/5.0 AppleWebKit/537.36 (KHTML, like Gecko; compatible; GPTBot/1.3; +https://openai.com/gptbot)"
23.23.214.190 - - [16/Nov/2025:00:10:31 +0000] "GET /our-works/tvc-calci/?path=//sys/class/input/mice/subsystem/input0/event0/device/subsystem/event1 HTTP/1.0" 200 3396 "-" "Mozilla/5.0 AppleWebKit/537.36 (KHTML, like Gecko; compatible; Amazonbot/0.1; +https://developer.amazon.com/support/amazonbot) Chrome/119.0.6045.214 Safari/537.36"
74.7.227.8 - - [16/Nov/2025:00:10:31 +0000] "GET /?path=//sys/bus/node/devices/node0/memory9/subsystem/devices/memory1/node0/cpu1/node0/memory9 HTTP/1.0" 200 3621 "-" "Mozilla/5.0 AppleWebKit/537.36 (KHTML, like Gecko; compatible; GPTBot/1.3; +https://openai.com/gptbot)"
74.7.227.215 - - [16/Nov/2025:00:10:31 +0000] "GET /26wqbwt9450.html?path=/var/upload HTTP/1.0" 200 2871 "-" "Mozilla/5.0 AppleWebKit/537.36 (KHTML, like Gecko; compatible; GPTBot/1.3; +https://openai.com/gptbot)"
74.7.227.8 - - [16/Nov/2025:00:10:32 +0000] "GET /?path=//sys/bus/node/devices/node0/memory9/subsystem/devices/memory1/node0/memory9/node0/subsystem HTTP/1.0" 200 3419 "-" "Mozilla/5.0 AppleWebKit/537.36 (KHTML, like Gecko; compatible; GPTBot/1.3; +https://openai.com/gptbot)"
