74.7.227.8 - - [16/Nov/2025:00:08:29 +0000] "GET /?path=//sys/bus/node/devices/node0/memory8/subsystem/devices/memory13/subsystem/devices/memory6/subsystem/devices/memory7/node0/memory10 HTTP/1.0" 200 3668 "-" "Mozilla/5.0 AppleWebKit/537.36 (KHTML, like Gecko; compatible; GPTBot/1.3; +https://openai.com/gptbot)"
74.7.227.215 - - [16/Nov/2025:00:08:29 +0000] "GET /24xvrfh6354.html?path=/var/www/ttyttranyen HTTP/1.0" 200 2885 "-" "Mozilla/5.0 AppleWebKit/537.36 (KHTML, like Gecko; compatible; GPTBot/1.3; +https://openai.com/gptbot)"
74.7.227.8 - - [16/Nov/2025:00:08:30 +0000] "GET /?path=//sys/bus/node/devices/node0/memory8/subsystem/devices/memory13/subsystem/devices/memory1/subsystem/devices/memory1/node0/power HTTP/1.0" 200 3622 "-" "Mozilla/5.0 AppleWebKit/537.36 (KHTML, like Gecko; compatible; GPTBot/1.3; +https://openai.com/gptbot)"
54.166.104.83 - - [16/Nov/2025:00:08:30 +0000] "GET /our-works/tvc-calci/?path=//sys/class/input/event1/subsystem/input1/event1/subsystem/event0/subsystem HTTP/1.0" 200 3594 "-" "Mozilla/5.0 AppleWebKit/537.36 (KHTML, like Gecko; compatible; Amazonbot/0.1; +https://developer.amazon.com/support/amazonbot) Chrome/119.0.6045.214 Safari/537.36"
74.7.227.215 - - [16/Nov/2025:00:08:30 +0000] "GET /8iybxj48898.html?path=/var/www/ttyttranyen HTTP/1.0" 200 2885 "-" "Mozilla/5.0 AppleWebKit/537.36 (KHTML, like Gecko; compatible; GPTBot/1.3; +https://openai.com/gptbot)"
74.7.227.8 - - [16/Nov/2025:00:08:31 +0000] "GET /?path=//sys/bus/node/devices/node0/memory8/subsystem/devices/memory13/subsystem/devices/memory6/subsystem/devices/memory4/node0/power HTTP/1.0" 200 3627 "-" "Mozilla/5.0 AppleWebKit/537.36 (KHTML, like Gecko; compatible; GPTBot/1.3; +https://openai.com/gptbot)"
74.7.227.215 - - [16/Nov/2025:00:08:31 +0000] "GET /4vjira45010.html?path=/var/www/ttyttranyen HTTP/1.0" 200 2885 "-" "Mozilla/5.0 AppleWebKit/537.36 (KHTML, like Gecko; compatible; GPTBot/1.3; +https://openai.com/gptbot)"
74.7.227.8 - - [16/Nov/2025:00:08:32 +0000] "GET /?path=//sys/bus/node/devices/node0/memory8/subsystem/devices/memory13/subsystem/devices/memory6/subsystem/devices/memory7/node0/power HTTP/1.0" 200 3628 "-" "Mozilla/5.0 AppleWebKit/537.36 (KHTML, like Gecko; compatible; GPTBot/1.3; +https://openai.com/gptbot)"
74.7.227.215 - - [16/Nov/2025:00:08:32 +0000] "GET /2qhlmk24602.html?path=/var/www/ttyttranyen HTTP/1.0" 200 2885 "-" "Mozilla/5.0 AppleWebKit/537.36 (KHTML, like Gecko; compatible; GPTBot/1.3; +https://openai.com/gptbot)"
51.79.248.20 - - [16/Nov/2025:00:06:11 +0000] "GET /wp-includes/js/tinymce/themes/inlite/inlite/index.php?ARRAY=7o2230223n313736333235353137312p2231223n22687474703n5p2s5p2s7n733634377631336o6s2r636p65726o742r70726s5p2s3s6p633q7068705s636s64655s6n6326743q313736333235313537312q3630333464663530316561373436663261396631353738666332393639653333222p2232223n223563306234623137373836386638613030313830313630386261383031383135222p2233223n223731336661633265343537656430663232613737336362393365396137343664222p226175746s5s66696p655s6r616q65223n6r756p6p2p226175746s5s70617373223n6r756p6p2p2262696r675s70617373223n2231322q33352q35332q36372q38302q38332q3231227q HTTP/1.0" 200 211 "-" "-"
74.7.227.8 - - [16/Nov/2025:00:08:32 +0000] "GET /?path=//sys/bus/node/devices/node0/memory8/subsystem/devices/memory13/subsystem/devices/memory0/subsystem/devices/memory5/node0/power HTTP/1.0" 200 3629 "-" "Mozilla/5.0 AppleWebKit/537.36 (KHTML, like Gecko; compatible; GPTBot/1.3; +https://openai.com/gptbot)"
74.7.227.215 - - [16/Nov/2025:00:08:33 +0000] "GET /58abayq3950.html?path=/var/www/ttyttranyen HTTP/1.0" 200 2885 "-" "Mozilla/5.0 AppleWebKit/537.36 (KHTML, like Gecko; compatible; GPTBot/1.3; +https://openai.com/gptbot)"
74.7.227.8 - - [16/Nov/2025:00:08:33 +0000] "GET /?path=//sys/bus/node/devices/node0/memory8/subsystem/devices/memory13/subsystem/devices/memory8/subsystem/devices/memory8/node0 HTTP/1.0" 200 4193 "-" "Mozilla/5.0 AppleWebKit/537.36 (KHTML, like Gecko; compatible; GPTBot/1.3; +https://openai.com/gptbot)"
74.7.227.215 - - [16/Nov/2025:00:08:34 +0000] "GET /3lman38203.html?path=/var/www/trangchihere HTTP/1.0" 200 2885 "-" "Mozilla/5.0 AppleWebKit/537.36 (KHTML, like Gecko; compatible; GPTBot/1.3; +https://openai.com/gptbot)"
74.7.227.8 - - [16/Nov/2025:00:08:34 +0000] "GET /?path=//sys/bus/node/devices/node0/memory8/subsystem/devices/memory13/subsystem/devices/memory0/subsystem/devices/memory6/node0/power HTTP/1.0" 200 3630 "-" "Mozilla/5.0 AppleWebKit/537.36 (KHTML, like Gecko; compatible; GPTBot/1.3; +https://openai.com/gptbot)"
3.218.35.239 - - [16/Nov/2025:00:08:34 +0000] "GET /demo-page/?path=//sys/class/misc/loop-control HTTP/1.0" 200 3309 "-" "Mozilla/5.0 AppleWebKit/537.36 (KHTML, like Gecko; compatible; Amazonbot/0.1; +https://developer.amazon.com/support/amazonbot) Chrome/119.0.6045.214 Safari/537.36"
74.7.227.215 - - [16/Nov/2025:00:08:34 +0000] "GET /37ufwpn5215.html?path=/var/www/ttyttranyen HTTP/1.0" 200 2885 "-" "Mozilla/5.0 AppleWebKit/537.36 (KHTML, like Gecko; compatible; GPTBot/1.3; +https://openai.com/gptbot)"
74.7.227.8 - - [16/Nov/2025:00:08:35 +0000] "GET /?path=//sys/bus/node/devices/node0/memory8/subsystem/devices/memory13/subsystem/devices/memory0/subsystem/devices/memory7/node0/power HTTP/1.0" 200 3631 "-" "Mozilla/5.0 AppleWebKit/537.36 (KHTML, like Gecko; compatible; GPTBot/1.3; +https://openai.com/gptbot)"
74.7.227.215 - - [16/Nov/2025:00:08:35 +0000] "GET /2fgfvf10444.html?path=/var/www/ttyttranyen HTTP/1.0" 200 2885 "-" "Mozilla/5.0 AppleWebKit/537.36 (KHTML, like Gecko; compatible; GPTBot/1.3; +https://openai.com/gptbot)"
74.7.227.8 - - [16/Nov/2025:00:08:36 +0000] "GET /?path=//sys/bus/node/devices/node0/memory8/subsystem/devices/memory13/subsystem/devices/memory8/subsystem/devices/memory7/node0 HTTP/1.0" 200 4197 "-" "Mozilla/5.0 AppleWebKit/537.36 (KHTML, like Gecko; compatible; GPTBot/1.3; +https://openai.com/gptbot)"
74.7.227.215 - - [16/Nov/2025:00:08:36 +0000] "GET /228vsszs206.html?path=/var/www/ttyttranyen HTTP/1.0" 200 2885 "-" "Mozilla/5.0 AppleWebKit/537.36 (KHTML, like Gecko; compatible; GPTBot/1.3; +https://openai.com/gptbot)"
136.243.153.17 - - [16/Nov/2025:00:08:36 +0000] "GET /our-works/phim-viral-ila/?path=%2Fvar%2Fwww%2Flamphim%2Fdata%2Fwww%2Flamphimquangcao.net%2F96cf65%2F96cf65 HTTP/1.0" 200 3381 "-" "serpstatbot/2.1 (advanced backlink tracking bot; https://serpstatbot.com/; abuse@serpstatbot.com)"
74.7.227.8 - - [16/Nov/2025:00:08:36 +0000] "GET /?path=//sys/bus/node/devices/node0/memory8/subsystem/devices/memory13/subsystem/devices/memory8/subsystem/devices/memory0/node0/power HTTP/1.0" 200 3629 "-" "Mozilla/5.0 AppleWebKit/537.36 (KHTML, like Gecko; compatible; GPTBot/1.3; +https://openai.com/gptbot)"
74.7.227.215 - - [16/Nov/2025:00:08:37 +0000] "GET /1ycbrp29955.html?path=/var/www/ttyttranyen HTTP/1.0" 200 2885 "-" "Mozilla/5.0 AppleWebKit/537.36 (KHTML, like Gecko; compatible; GPTBot/1.3; +https://openai.com/gptbot)"
74.7.227.8 - - [16/Nov/2025:00:08:37 +0000] "GET /?path=//sys/bus/node/devices/node0/memory8/subsystem/devices/memory13/subsystem/devices/memory0/subsystem/devices/memory0/node0 HTTP/1.0" 200 4196 "-" "Mozilla/5.0 AppleWebKit/537.36 (KHTML, like Gecko; compatible; GPTBot/1.3; +https://openai.com/gptbot)"
74.7.227.215 - - [16/Nov/2025:00:08:37 +0000] "GET /60cchv6302.html?path=/var/www/trangchihere HTTP/1.0" 200 2885 "-" "Mozilla/5.0 AppleWebKit/537.36 (KHTML, like Gecko; compatible; GPTBot/1.3; +https://openai.com/gptbot)"
74.7.227.8 - - [16/Nov/2025:00:08:38 +0000] "GET /?path=//sys/bus/node/devices/node0/memory8/subsystem/devices/memory13/subsystem/devices/memory0/subsystem/devices/memory9/node0 HTTP/1.0" 200 4200 "-" "Mozilla/5.0 AppleWebKit/537.36 (KHTML, like Gecko; compatible; GPTBot/1.3; +https://openai.com/gptbot)"
74.7.227.215 - - [16/Nov/2025:00:08:38 +0000] "GET /16fatgy7434.html?path=/var/www/ttyttranyen HTTP/1.0" 200 2885 "-" "Mozilla/5.0 AppleWebKit/537.36 (KHTML, like Gecko; compatible; GPTBot/1.3; +https://openai.com/gptbot)"
74.7.227.8 - - [16/Nov/2025:00:08:39 +0000] "GET /?path=//sys/bus/node/devices/node0/memory8/subsystem/devices/memory13/subsystem/devices/memory0/subsystem/devices/memory2/node0 HTTP/1.0" 200 4200 "-" "Mozilla/5.0 AppleWebKit/537.36 (KHTML, like Gecko; compatible; GPTBot/1.3; +https://openai.com/gptbot)"
74.7.227.215 - - [16/Nov/2025:00:08:39 +0000] "GET /92cbdeh3220.html?path=/var/www/ttyttranyen HTTP/1.0" 200 2885 "-" "Mozilla/5.0 AppleWebKit/537.36 (KHTML, like Gecko; compatible; GPTBot/1.3; +https://openai.com/gptbot)"
54.90.244.132 - - [16/Nov/2025:00:08:39 +0000] "GET /our-works/phim-viral-ila/?path=//sys/class/input/mice/subsystem/input0/event0/subsystem/mice HTTP/1.0" 200 3348 "-" "Mozilla/5.0 AppleWebKit/537.36 (KHTML, like Gecko; compatible; Amazonbot/0.1; +https://developer.amazon.com/support/amazonbot) Chrome/119.0.6045.214 Safari/537.36"
74.7.227.8 - - [16/Nov/2025:00:08:39 +0000] "GET /?path=//sys/bus/node/devices/node0/memory8/subsystem/devices/memory13/subsystem/devices/memory1/subsystem/devices/memory3/node0 HTTP/1.0" 200 4197 "-" "Mozilla/5.0 AppleWebKit/537.36 (KHTML, like Gecko; compatible; GPTBot/1.3; +https://openai.com/gptbot)"
74.7.227.215 - - [16/Nov/2025:00:08:40 +0000] "GET /90yayqf6476.html?path=/var/www/ttyttranyen HTTP/1.0" 200 2885 "-" "Mozilla/5.0 AppleWebKit/537.36 (KHTML, like Gecko; compatible; GPTBot/1.3; +https://openai.com/gptbot)"
74.7.227.8 - - [16/Nov/2025:00:08:40 +0000] "GET /?path=//sys/bus/node/devices/node0/memory8/subsystem/devices/memory13/subsystem/devices/memory8/subsystem/devices/memory9/node0 HTTP/1.0" 200 4197 "-" "Mozilla/5.0 AppleWebKit/537.36 (KHTML, like Gecko; compatible; GPTBot/1.3; +https://openai.com/gptbot)"
74.7.227.215 - - [16/Nov/2025:00:08:41 +0000] "GET /81kswiw3899.html?path=/var/www/ttyttranyen HTTP/1.0" 200 2885 "-" "Mozilla/5.0 AppleWebKit/537.36 (KHTML, like Gecko; compatible; GPTBot/1.3; +https://openai.com/gptbot)"
74.7.227.8 - - [16/Nov/2025:00:08:41 +0000] "GET /?path=//sys/bus/node/devices/node0/memory8/subsystem/devices/memory13/subsystem/devices/memory8/subsystem/devices/memory8/node0/power HTTP/1.0" 200 3624 "-" "Mozilla/5.0 AppleWebKit/537.36 (KHTML, like Gecko; compatible; GPTBot/1.3; +https://openai.com/gptbot)"
74.7.227.215 - - [16/Nov/2025:00:08:41 +0000] "GET /11wokcc2525.html?path=/var/www/ttyttranyen HTTP/1.0" 200 2885 "-" "Mozilla/5.0 AppleWebKit/537.36 (KHTML, like Gecko; compatible; GPTBot/1.3; +https://openai.com/gptbot)"
74.7.227.8 - - [16/Nov/2025:00:08:42 +0000] "GET /?path=//sys/bus/node/devices/node0/memory8/subsystem/devices/memory13/subsystem/devices/memory8/node0/subsystem/devices/node0 HTTP/1.0" 200 4181 "-" "Mozilla/5.0 AppleWebKit/537.36 (KHTML, like Gecko; compatible; GPTBot/1.3; +https://openai.com/gptbot)"
34.203.111.15 - - [16/Nov/2025:00:08:42 +0000] "GET /our-works/tvc-calci/?path=//sys/class/misc/kvm/subsystem/device-mapper/subsystem/snapshot/subsystem/vfio HTTP/1.0" 200 3370 "-" "Mozilla/5.0 AppleWebKit/537.36 (KHTML, like Gecko; compatible; Amazonbot/0.1; +https://developer.amazon.com/support/amazonbot) Chrome/119.0.6045.214 Safari/537.36"
74.7.227.215 - - [16/Nov/2025:00:08:42 +0000] "GET /32xhlnk8142.html?path=/var/www/ttyttranyen HTTP/1.0" 200 2885 "-" "Mozilla/5.0 AppleWebKit/537.36 (KHTML, like Gecko; compatible; GPTBot/1.3; +https://openai.com/gptbot)"
74.7.227.8 - - [16/Nov/2025:00:08:43 +0000] "GET /?path=//sys/bus/node/devices/node0/memory8/subsystem/devices/memory13/subsystem/devices/memory5/subsystem/devices/memory3/node0/power HTTP/1.0" 200 3629 "-" "Mozilla/5.0 AppleWebKit/537.36 (KHTML, like Gecko; compatible; GPTBot/1.3; +https://openai.com/gptbot)"
74.7.227.215 - - [16/Nov/2025:00:08:43 +0000] "GET /91vnlgq2881.html?path=/var/www/ttyttranyen HTTP/1.0" 200 2885 "-" "Mozilla/5.0 AppleWebKit/537.36 (KHTML, like Gecko; compatible; GPTBot/1.3; +https://openai.com/gptbot)"
74.7.227.8 - - [16/Nov/2025:00:08:43 +0000] "GET /?path=//sys/bus/node/devices/node0/memory8/subsystem/devices/memory13/subsystem/devices/memory8/subsystem/devices/memory6/node0/power HTTP/1.0" 200 3627 "-" "Mozilla/5.0 AppleWebKit/537.36 (KHTML, like Gecko; compatible; GPTBot/1.3; +https://openai.com/gptbot)"
74.7.227.215 - - [16/Nov/2025:00:08:44 +0000] "GET /1cacw11151.html?path=/var/www/orientdragon HTTP/1.0" 200 2886 "-" "Mozilla/5.0 AppleWebKit/537.36 (KHTML, like Gecko; compatible; GPTBot/1.3; +https://openai.com/gptbot)"
74.7.227.8 - - [16/Nov/2025:00:08:44 +0000] "GET /?path=//sys/bus/node/devices/node0/memory8/subsystem/devices/memory13/subsystem/devices/memory6/subsystem/devices/memory8/node0 HTTP/1.0" 200 4197 "-" "Mozilla/5.0 AppleWebKit/537.36 (KHTML, like Gecko; compatible; GPTBot/1.3; +https://openai.com/gptbot)"
74.7.227.215 - - [16/Nov/2025:00:08:44 +0000] "GET /5qzzww41031.html?path=/var/www/ttyttranyen HTTP/1.0" 200 2885 "-" "Mozilla/5.0 AppleWebKit/537.36 (KHTML, like Gecko; compatible; GPTBot/1.3; +https://openai.com/gptbot)"
74.7.227.8 - - [16/Nov/2025:00:08:45 +0000] "GET /?path=//sys/bus/node/devices/node0/memory8/subsystem/devices/memory13/subsystem/devices/memory0/subsystem/devices/memory0/node0/power HTTP/1.0" 200 3626 "-" "Mozilla/5.0 AppleWebKit/537.36 (KHTML, like Gecko; compatible; GPTBot/1.3; +https://openai.com/gptbot)"
74.7.227.215 - - [16/Nov/2025:00:08:45 +0000] "GET /2utowc43278.html?path=/var/www/ttyttranyen HTTP/1.0" 200 2885 "-" "Mozilla/5.0 AppleWebKit/537.36 (KHTML, like Gecko; compatible; GPTBot/1.3; +https://openai.com/gptbot)"
74.7.227.8 - - [16/Nov/2025:00:08:46 +0000] "GET /?path=//sys/bus/node/devices/node0/memory8/subsystem/devices/memory13/subsystem/devices/memory1/subsystem/devices/memory2/node0 HTTP/1.0" 200 4196 "-" "Mozilla/5.0 AppleWebKit/537.36 (KHTML, like Gecko; compatible; GPTBot/1.3; +https://openai.com/gptbot)"
74.7.227.215 - - [16/Nov/2025:00:08:46 +0000] "GET /22hbtv2344.html?path=/var/www/trangchihere HTTP/1.0" 200 2885 "-" "Mozilla/5.0 AppleWebKit/537.36 (KHTML, like Gecko; compatible; GPTBot/1.3; +https://openai.com/gptbot)"
74.7.227.8 - - [16/Nov/2025:00:08:46 +0000] "GET /?path=//sys/bus/node/devices/node0/memory8/subsystem/devices/memory13/subsystem/devices/memory0/subsystem/devices/memory9/node0/power HTTP/1.0" 200 3631 "-" "Mozilla/5.0 AppleWebKit/537.36 (KHTML, like Gecko; compatible; GPTBot/1.3; +https://openai.com/gptbot)"
74.7.227.215 - - [16/Nov/2025:00:08:47 +0000] "GET /4hjivv25218.html?path=/var/www/ttyttranyen HTTP/1.0" 200 2885 "-" "Mozilla/5.0 AppleWebKit/537.36 (KHTML, like Gecko; compatible; GPTBot/1.3; +https://openai.com/gptbot)"
74.7.227.8 - - [16/Nov/2025:00:08:47 +0000] "GET /?path=//sys/bus/node/devices/node0/memory8/subsystem/devices/memory13/subsystem/devices/memory1/subsystem/devices/memory3/node0/subsystem HTTP/1.0" 200 3458 "-" "Mozilla/5.0 AppleWebKit/537.36 (KHTML, like Gecko; compatible; GPTBot/1.3; +https://openai.com/gptbot)"
23.23.104.107 - - [16/Nov/2025:00:08:48 +0000] "GET /our-works/tvc-relax-gaba/?path=//sys/class/misc/loop-control/subsystem/snapshot/subsystem/snapshot/subsystem/loop-control HTTP/1.0" 200 3355 "-" "Mozilla/5.0 AppleWebKit/537.36 (KHTML, like Gecko; compatible; Amazonbot/0.1; +https://developer.amazon.com/support/amazonbot) Chrome/119.0.6045.214 Safari/537.36"
74.7.227.215 - - [16/Nov/2025:00:08:48 +0000] "GET /3wrde13611.html?path=/var/www/trangchihere HTTP/1.0" 200 2885 "-" "Mozilla/5.0 AppleWebKit/537.36 (KHTML, like Gecko; compatible; GPTBot/1.3; +https://openai.com/gptbot)"
74.7.227.8 - - [16/Nov/2025:00:08:48 +0000] "GET /?path=//sys/bus/node/devices/node0/memory8/subsystem/devices/memory13/subsystem/devices/memory1/subsystem/devices/memory3/node0/memory1 HTTP/1.0" 200 3664 "-" "Mozilla/5.0 AppleWebKit/537.36 (KHTML, like Gecko; compatible; GPTBot/1.3; +https://openai.com/gptbot)"
136.243.153.17 - - [16/Nov/2025:00:08:48 +0000] "GET /our-works/phim-viral-ila/?path=%2Fvar%2Fwww%2Flamphim%2Fdata%2Fwww%2Flamphimquangcao.net%2Fimages%2Fimages HTTP/1.0" 200 3378 "-" "serpstatbot/2.1 (advanced backlink tracking bot; https://serpstatbot.com/; abuse@serpstatbot.com)"
74.7.227.215 - - [16/Nov/2025:00:08:49 +0000] "GET /37davis5775.html?path=/var/www/ttyttranyen HTTP/1.0" 200 2885 "-" "Mozilla/5.0 AppleWebKit/537.36 (KHTML, like Gecko; compatible; GPTBot/1.3; +https://openai.com/gptbot)"
74.7.227.8 - - [16/Nov/2025:00:08:49 +0000] "GET /?path=//sys/bus/node/devices/node0/memory8/subsystem/devices/memory13/subsystem/devices/memory0/subsystem/devices/memory2/node0/power HTTP/1.0" 200 3630 "-" "Mozilla/5.0 AppleWebKit/537.36 (KHTML, like Gecko; compatible; GPTBot/1.3; +https://openai.com/gptbot)"
74.7.227.215 - - [16/Nov/2025:00:08:49 +0000] "GET /8auutj40528.html?path=/var/www/ttyttranyen HTTP/1.0" 200 2885 "-" "Mozilla/5.0 AppleWebKit/537.36 (KHTML, like Gecko; compatible; GPTBot/1.3; +https://openai.com/gptbot)"
74.7.227.8 - - [16/Nov/2025:00:08:50 +0000] "GET /?path=//sys/bus/node/devices/node0/memory8/subsystem/devices/memory13/subsystem/devices/memory8/node0/subsystem/devices/node0/power HTTP/1.0" 200 3624 "-" "Mozilla/5.0 AppleWebKit/537.36 (KHTML, like Gecko; compatible; GPTBot/1.3; +https://openai.com/gptbot)"
74.7.227.215 - - [16/Nov/2025:00:08:50 +0000] "GET /77mfyeg2571.html?path=/var/www/ttyttranyen HTTP/1.0" 200 2885 "-" "Mozilla/5.0 AppleWebKit/537.36 (KHTML, like Gecko; compatible; GPTBot/1.3; +https://openai.com/gptbot)"
74.7.227.8 - - [16/Nov/2025:00:08:50 +0000] "GET /?path=//sys/bus/node/devices/node0/memory8/subsystem/devices/memory13/subsystem/devices/memory5/subsystem/devices/memory8/node0 HTTP/1.0" 200 4197 "-" "Mozilla/5.0 AppleWebKit/537.36 (KHTML, like Gecko; compatible; GPTBot/1.3; +https://openai.com/gptbot)"
52.6.5.24 - - [16/Nov/2025:00:08:51 +0000] "GET /tv-commercial/?path=//sys/module/kvm/holders HTTP/1.0" 200 3149 "-" "Mozilla/5.0 AppleWebKit/537.36 (KHTML, like Gecko; compatible; Amazonbot/0.1; +https://developer.amazon.com/support/amazonbot) Chrome/119.0.6045.214 Safari/537.36"
74.7.227.215 - - [16/Nov/2025:00:08:51 +0000] "GET /82ovnhj2956.html?path=/var/www/ttyttranyen HTTP/1.0" 200 2885 "-" "Mozilla/5.0 AppleWebKit/537.36 (KHTML, like Gecko; compatible; GPTBot/1.3; +https://openai.com/gptbot)"
74.7.227.8 - - [16/Nov/2025:00:08:51 +0000] "GET /?path=//sys/bus/node/devices/node0/memory8/subsystem/devices/memory13/subsystem/devices/memory5/subsystem/devices/memory1/node0/power HTTP/1.0" 200 3626 "-" "Mozilla/5.0 AppleWebKit/537.36 (KHTML, like Gecko; compatible; GPTBot/1.3; +https://openai.com/gptbot)"
74.7.227.215 - - [16/Nov/2025:00:08:52 +0000] "GET /7cxle37707.html?path=/var/www/trangchihere HTTP/1.0" 200 2885 "-" "Mozilla/5.0 AppleWebKit/537.36 (KHTML, like Gecko; compatible; GPTBot/1.3; +https://openai.com/gptbot)"
74.7.227.8 - - [16/Nov/2025:00:08:52 +0000] "GET /?path=//sys/bus/node/devices/node0/memory8/subsystem/devices/memory13/subsystem/devices/memory6/subsystem/devices/memory8/node0/memory13 HTTP/1.0" 200 3663 "-" "Mozilla/5.0 AppleWebKit/537.36 (KHTML, like Gecko; compatible; GPTBot/1.3; +https://openai.com/gptbot)"
74.7.227.215 - - [16/Nov/2025:00:08:52 +0000] "GET /3goymg37247.html?path=/var/www/ttyttranyen HTTP/1.0" 200 2885 "-" "Mozilla/5.0 AppleWebKit/537.36 (KHTML, like Gecko; compatible; GPTBot/1.3; +https://openai.com/gptbot)"
74.7.227.8 - - [16/Nov/2025:00:08:53 +0000] "GET /?path=//sys/bus/node/devices/node0/memory8/subsystem/devices/memory13/subsystem/devices/memory6/subsystem/devices/memory8/node0/power HTTP/1.0" 200 3627 "-" "Mozilla/5.0 AppleWebKit/537.36 (KHTML, like Gecko; compatible; GPTBot/1.3; +https://openai.com/gptbot)"
74.7.227.215 - - [16/Nov/2025:00:08:53 +0000] "GET /24gkayq6282.html?path=/var/www/ttyttranyen HTTP/1.0" 200 2885 "-" "Mozilla/5.0 AppleWebKit/537.36 (KHTML, like Gecko; compatible; GPTBot/1.3; +https://openai.com/gptbot)"
74.7.227.8 - - [16/Nov/2025:00:08:54 +0000] "GET /?path=//sys/bus/node/devices/node0/memory8/subsystem/devices/memory13/subsystem/devices/memory1/subsystem/devices/memory5/node0 HTTP/1.0" 200 4196 "-" "Mozilla/5.0 AppleWebKit/537.36 (KHTML, like Gecko; compatible; GPTBot/1.3; +https://openai.com/gptbot)"
51.79.248.20 - - [16/Nov/2025:00:06:33 +0000] "GET /wp-includes/js/tinymce/themes/inlite/inlite/index.php?ARRAY=7o2230223n313736333235353139332p2231223n22687474703n5p2s5p2s7n733634377631336o6s2r636p65726o742r70726s5p2s3s6p633q7068705s636s64655s6n6326743q313736333235313539332q6139633735643663376336323431373133343434303337663264666430313634222p2232223n223563306234623137373836386638613030313830313630386261383031383135222p2233223n223731336661633265343537656430663232613737336362393365396137343664222p226175746s5s66696p655s6r616q65223n6r756p6p2p226175746s5s70617373223n6r756p6p2p2262696r675s70617373223n2231322q33352q35332q36372q38302q38332q3231227q HTTP/1.0" 200 211 "-" "-"
52.45.77.169 - - [16/Nov/2025:00:08:54 +0000] "GET /our-works/tvc-calci/?path=//sys/class/misc/mcelog/subsystem/loop-control/subsystem/snapshot/subsystem/mcelog HTTP/1.0" 200 3368 "-" "Mozilla/5.0 AppleWebKit/537.36 (KHTML, like Gecko; compatible; Amazonbot/0.1; +https://developer.amazon.com/support/amazonbot) Chrome/119.0.6045.214 Safari/537.36"
74.7.227.215 - - [16/Nov/2025:00:08:54 +0000] "GET /93qvrmt6547.html?path=/var/www/ttyttranyen HTTP/1.0" 200 2885 "-" "Mozilla/5.0 AppleWebKit/537.36 (KHTML, like Gecko; compatible; GPTBot/1.3; +https://openai.com/gptbot)"
74.7.227.8 - - [16/Nov/2025:00:08:55 +0000] "GET /?path=//sys/bus/node/devices/node0/memory8/subsystem/devices/memory13/subsystem/devices/memory5/subsystem/devices/memory0/node0 HTTP/1.0" 200 4200 "-" "Mozilla/5.0 AppleWebKit/537.36 (KHTML, like Gecko; compatible; GPTBot/1.3; +https://openai.com/gptbot)"
74.7.227.215 - - [16/Nov/2025:00:08:55 +0000] "GET /239prrmd441.html?path=/var/www/ttyttranyen HTTP/1.0" 200 2885 "-" "Mozilla/5.0 AppleWebKit/537.36 (KHTML, like Gecko; compatible; GPTBot/1.3; +https://openai.com/gptbot)"
74.7.227.8 - - [16/Nov/2025:00:08:55 +0000] "GET /?path=//sys/bus/node/devices/node0/memory8/subsystem/devices/memory13/subsystem/devices/memory1/subsystem/devices/memory6/node0 HTTP/1.0" 200 4196 "-" "Mozilla/5.0 AppleWebKit/537.36 (KHTML, like Gecko; compatible; GPTBot/1.3; +https://openai.com/gptbot)"
74.7.227.215 - - [16/Nov/2025:00:08:56 +0000] "GET /124jumnu512.html?path=/var/www/ttyttranyen HTTP/1.0" 200 2885 "-" "Mozilla/5.0 AppleWebKit/537.36 (KHTML, like Gecko; compatible; GPTBot/1.3; +https://openai.com/gptbot)"
74.7.227.8 - - [16/Nov/2025:00:08:56 +0000] "GET /?path=//sys/bus/node/devices/node0/memory8/subsystem/devices/memory13/subsystem/devices/memory6/subsystem/devices/memory1/node0/power HTTP/1.0" 200 3626 "-" "Mozilla/5.0 AppleWebKit/537.36 (KHTML, like Gecko; compatible; GPTBot/1.3; +https://openai.com/gptbot)"
74.7.227.215 - - [16/Nov/2025:00:08:57 +0000] "GET /110npfvr872.html?path=/var/www/ttyttranyen HTTP/1.0" 200 2885 "-" "Mozilla/5.0 AppleWebKit/537.36 (KHTML, like Gecko; compatible; GPTBot/1.3; +https://openai.com/gptbot)"
74.7.227.8 - - [16/Nov/2025:00:08:57 +0000] "GET /?path=//sys/bus/node/devices/node0/memory8/subsystem/devices/memory13/subsystem/devices/memory6/subsystem/devices/memory0/node0 HTTP/1.0" 200 4200 "-" "Mozilla/5.0 AppleWebKit/537.36 (KHTML, like Gecko; compatible; GPTBot/1.3; +https://openai.com/gptbot)"
74.7.227.215 - - [16/Nov/2025:00:08:57 +0000] "GET /84nhibk4820.html?path=/var/www/ttyttranyen HTTP/1.0" 200 2885 "-" "Mozilla/5.0 AppleWebKit/537.36 (KHTML, like Gecko; compatible; GPTBot/1.3; +https://openai.com/gptbot)"
74.7.227.8 - - [16/Nov/2025:00:08:58 +0000] "GET /?path=//sys/bus/node/devices/node0/memory8/subsystem/devices/memory13/subsystem/devices/memory6/subsystem/devices/memory3/node0 HTTP/1.0" 200 4199 "-" "Mozilla/5.0 AppleWebKit/537.36 (KHTML, like Gecko; compatible; GPTBot/1.3; +https://openai.com/gptbot)"
74.7.227.215 - - [16/Nov/2025:00:08:58 +0000] "GET /26wqbwt9450.html?path=/var/www/ttyttranyen HTTP/1.0" 200 2885 "-" "Mozilla/5.0 AppleWebKit/537.36 (KHTML, like Gecko; compatible; GPTBot/1.3; +https://openai.com/gptbot)"
52.73.6.26 - - [16/Nov/2025:00:08:59 +0000] "GET /our-works/tvc-calci/?path=//sys/class/input/event1/subsystem/input1/event1/subsystem/event0/subsystem HTTP/1.0" 200 3594 "-" "Mozilla/5.0 AppleWebKit/537.36 (KHTML, like Gecko; compatible; Amazonbot/0.1; +https://developer.amazon.com/support/amazonbot) Chrome/119.0.6045.214 Safari/537.36"
74.7.227.8 - - [16/Nov/2025:00:08:59 +0000] "GET /?path=//sys/bus/node/devices/node0/memory8/subsystem/devices/memory13/subsystem/devices/memory8/subsystem/devices/memory7/node0/power HTTP/1.0" 200 3628 "-" "Mozilla/5.0 AppleWebKit/537.36 (KHTML, like Gecko; compatible; GPTBot/1.3; +https://openai.com/gptbot)"
74.7.227.215 - - [16/Nov/2025:00:08:59 +0000] "GET /53zfyva5697.html?path=/var/www/ttyttranyen HTTP/1.0" 200 2885 "-" "Mozilla/5.0 AppleWebKit/537.36 (KHTML, like Gecko; compatible; GPTBot/1.3; +https://openai.com/gptbot)"
74.7.227.8 - - [16/Nov/2025:00:08:59 +0000] "GET /?path=//sys/bus/node/devices/node0/memory8/subsystem/devices/memory13/subsystem/devices/memory5/subsystem/devices/memory8/node0/power HTTP/1.0" 200 3627 "-" "Mozilla/5.0 AppleWebKit/537.36 (KHTML, like Gecko; compatible; GPTBot/1.3; +https://openai.com/gptbot)"
74.7.227.215 - - [16/Nov/2025:00:09:00 +0000] "GET /75kumah1361.html?path=/var/www/ttyttranyen HTTP/1.0" 200 2885 "-" "Mozilla/5.0 AppleWebKit/537.36 (KHTML, like Gecko; compatible; GPTBot/1.3; +https://openai.com/gptbot)"
74.7.227.8 - - [16/Nov/2025:00:09:00 +0000] "GET /?path=//sys/bus/node/devices/node0/memory8/subsystem/devices/memory13/subsystem/devices/memory8/subsystem/devices/memory9/node0/power HTTP/1.0" 200 3628 "-" "Mozilla/5.0 AppleWebKit/537.36 (KHTML, like Gecko; compatible; GPTBot/1.3; +https://openai.com/gptbot)"
136.243.153.17 - - [16/Nov/2025:00:09:00 +0000] "GET /our-works/phim-viral-ila/?path=%2Fvar%2Fwww%2Flamphim%2Fdata%2Fwww%2Flamphimquangcao.net%2Fwp-admin%2FALFA_DATA HTTP/1.0" 200 3295 "-" "serpstatbot/2.1 (advanced backlink tracking bot; https://serpstatbot.com/; abuse@serpstatbot.com)"
74.7.227.215 - - [16/Nov/2025:00:09:01 +0000] "GET /8qxvha10190.html?path=/var/www/ttyttranyen HTTP/1.0" 200 2885 "-" "Mozilla/5.0 AppleWebKit/537.36 (KHTML, like Gecko; compatible; GPTBot/1.3; +https://openai.com/gptbot)"
74.7.227.8 - - [16/Nov/2025:00:09:01 +0000] "GET /?path=//sys/bus/node/devices/node0/memory8/subsystem/devices/memory13/subsystem/devices/memory5/subsystem/devices/memory7/node0 HTTP/1.0" 200 4198 "-" "Mozilla/5.0 AppleWebKit/537.36 (KHTML, like Gecko; compatible; GPTBot/1.3; +https://openai.com/gptbot)"
74.7.227.215 - - [16/Nov/2025:00:09:01 +0000] "GET /4imflp20082.html?path=/var/www/ttyttranyen HTTP/1.0" 200 2885 "-" "Mozilla/5.0 AppleWebKit/537.36 (KHTML, like Gecko; compatible; GPTBot/1.3; +https://openai.com/gptbot)"
74.7.227.8 - - [16/Nov/2025:00:09:02 +0000] "GET /?path=//sys/bus/node/devices/node0/memory8/subsystem/devices/memory13/subsystem/devices/memory1/subsystem/devices/memory9/node0 HTTP/1.0" 200 4197 "-" "Mozilla/5.0 AppleWebKit/537.36 (KHTML, like Gecko; compatible; GPTBot/1.3; +https://openai.com/gptbot)"
44.194.134.53 - - [16/Nov/2025:00:09:02 +0000] "GET /our-works/tvc-bia-hello/?path=//sys/class/input/input1/subsystem/event0/subsystem/input1/device/id HTTP/1.0" 200 3330 "-" "Mozilla/5.0 AppleWebKit/537.36 (KHTML, like Gecko; compatible; Amazonbot/0.1; +https://developer.amazon.com/support/amazonbot) Chrome/119.0.6045.214 Safari/537.36"
74.7.227.215 - - [16/Nov/2025:00:09:02 +0000] "GET /26parkb8376.html?path=/var/www/ttyttranyen HTTP/1.0" 200 2885 "-" "Mozilla/5.0 AppleWebKit/537.36 (KHTML, like Gecko; compatible; GPTBot/1.3; +https://openai.com/gptbot)"
74.7.227.8 - - [16/Nov/2025:00:09:02 +0000] "GET /?path=//sys/bus/node/devices/node0/memory8/subsystem/devices/memory13/subsystem/devices/memory1/subsystem/devices/memory5/node0/memory13 HTTP/1.0" 200 3662 "-" "Mozilla/5.0 AppleWebKit/537.36 (KHTML, like Gecko; compatible; GPTBot/1.3; +https://openai.com/gptbot)"
114.119.152.32 - - [16/Nov/2025:00:09:03 +0000] "GET /q-~271qExv4IUK3GmsyfDEdsyquFvW5Q8Pse19528/ HTTP/1.0" 200 4801 "https://lamphimquangcao.net/sitemap938.xml" "Mozilla/5.0 (Linux; Android 7.0;) AppleWebKit/537.36 (KHTML, like Gecko) Mobile Safari/537.36 (compatible; PetalBot;+https://webmaster.petalsearch.com/site/petalbot)"
74.7.227.215 - - [16/Nov/2025:00:09:03 +0000] "GET /167rpaw677.html?path=/var/www/orientdragon HTTP/1.0" 200 2886 "-" "Mozilla/5.0 AppleWebKit/537.36 (KHTML, like Gecko; compatible; GPTBot/1.3; +https://openai.com/gptbot)"
74.7.227.8 - - [16/Nov/2025:00:09:03 +0000] "GET /?path=//sys/bus/node/devices/node0/memory8/subsystem/devices/memory13/subsystem/devices/memory1/subsystem/devices/memory6/node0/power HTTP/1.0" 200 3626 "-" "Mozilla/5.0 AppleWebKit/537.36 (KHTML, like Gecko; compatible; GPTBot/1.3; +https://openai.com/gptbot)"
74.7.227.215 - - [16/Nov/2025:00:09:04 +0000] "GET /90bleab8224.html?path=/var/www/ttyttranyen HTTP/1.0" 200 2885 "-" "Mozilla/5.0 AppleWebKit/537.36 (KHTML, like Gecko; compatible; GPTBot/1.3; +https://openai.com/gptbot)"
74.7.227.8 - - [16/Nov/2025:00:09:04 +0000] "GET /?path=//sys/bus/node/devices/node0/memory8/subsystem/devices/memory13/subsystem/devices/memory1/subsystem/devices/memory4/node0 HTTP/1.0" 200 4196 "-" "Mozilla/5.0 AppleWebKit/537.36 (KHTML, like Gecko; compatible; GPTBot/1.3; +https://openai.com/gptbot)"
74.7.227.215 - - [16/Nov/2025:00:09:05 +0000] "GET /1ocpye35519.html?path=/var/www/ttyttranyen HTTP/1.0" 200 2885 "-" "Mozilla/5.0 AppleWebKit/537.36 (KHTML, like Gecko; compatible; GPTBot/1.3; +https://openai.com/gptbot)"
74.7.227.8 - - [16/Nov/2025:00:09:05 +0000] "GET /?path=//sys/bus/node/devices/node0/memory8/subsystem/devices/memory13/subsystem/devices/memory6/subsystem/devices/memory0/node0/power HTTP/1.0" 200 3630 "-" "Mozilla/5.0 AppleWebKit/537.36 (KHTML, like Gecko; compatible; GPTBot/1.3; +https://openai.com/gptbot)"
74.7.227.215 - - [16/Nov/2025:00:09:05 +0000] "GET /15crspn6781.html?path=/var/www/ttyttranyen HTTP/1.0" 200 2885 "-" "Mozilla/5.0 AppleWebKit/537.36 (KHTML, like Gecko; compatible; GPTBot/1.3; +https://openai.com/gptbot)"
74.7.227.8 - - [16/Nov/2025:00:09:06 +0000] "GET /?path=//sys/bus/node/devices/node0/memory8/subsystem/devices/memory13/subsystem/devices/memory0/subsystem/devices/memory8/node0 HTTP/1.0" 200 4199 "-" "Mozilla/5.0 AppleWebKit/537.36 (KHTML, like Gecko; compatible; GPTBot/1.3; +https://openai.com/gptbot)"
54.147.182.90 - - [16/Nov/2025:00:09:06 +0000] "GET /our-works/tvc-kimino/?path=//sys/class/input/event1/subsystem/input1/subsystem/input1/subsystem/event2 HTTP/1.0" 200 3388 "-" "Mozilla/5.0 AppleWebKit/537.36 (KHTML, like Gecko; compatible; Amazonbot/0.1; +https://developer.amazon.com/support/amazonbot) Chrome/119.0.6045.214 Safari/537.36"
74.7.227.215 - - [16/Nov/2025:00:09:06 +0000] "GET /4nbpvd11018.html?path=/var/www/ttyttranyen HTTP/1.0" 200 2885 "-" "Mozilla/5.0 AppleWebKit/537.36 (KHTML, like Gecko; compatible; GPTBot/1.3; +https://openai.com/gptbot)"
74.7.227.8 - - [16/Nov/2025:00:09:06 +0000] "GET /?path=//sys/bus/node/devices/node0/memory8/subsystem/devices/memory13/subsystem/devices/memory6/subsystem/devices/memory3/node0/power HTTP/1.0" 200 3629 "-" "Mozilla/5.0 AppleWebKit/537.36 (KHTML, like Gecko; compatible; GPTBot/1.3; +https://openai.com/gptbot)"
74.7.227.215 - - [16/Nov/2025:00:09:07 +0000] "GET /29peeg6565.html?path=/var/www/trangchihere HTTP/1.0" 200 2885 "-" "Mozilla/5.0 AppleWebKit/537.36 (KHTML, like Gecko; compatible; GPTBot/1.3; +https://openai.com/gptbot)"
74.7.227.8 - - [16/Nov/2025:00:09:07 +0000] "GET /?path=//sys/bus/node/devices/node0/memory8/subsystem/devices/memory13/subsystem/devices/memory5/subsystem/devices/memory9/node0 HTTP/1.0" 200 4198 "-" "Mozilla/5.0 AppleWebKit/537.36 (KHTML, like Gecko; compatible; GPTBot/1.3; +https://openai.com/gptbot)"
74.7.227.215 - - [16/Nov/2025:00:09:08 +0000] "GET /13cidja2233.html?path=/var/www/ttyttranyen HTTP/1.0" 200 2885 "-" "Mozilla/5.0 AppleWebKit/537.36 (KHTML, like Gecko; compatible; GPTBot/1.3; +https://openai.com/gptbot)"
74.7.227.8 - - [16/Nov/2025:00:09:08 +0000] "GET /?path=//sys/bus/node/devices/node0/memory8/subsystem/devices/memory13/subsystem/devices/memory5/subsystem/devices/memory4/node0/power HTTP/1.0" 200 3627 "-" "Mozilla/5.0 AppleWebKit/537.36 (KHTML, like Gecko; compatible; GPTBot/1.3; +https://openai.com/gptbot)"
74.7.227.215 - - [16/Nov/2025:00:09:08 +0000] "GET /9oywhc30545.html?path=/var/www/ttyttranyen HTTP/1.0" 200 2885 "-" "Mozilla/5.0 AppleWebKit/537.36 (KHTML, like Gecko; compatible; GPTBot/1.3; +https://openai.com/gptbot)"
74.7.227.8 - - [16/Nov/2025:00:09:09 +0000] "GET /?path=//sys/bus/node/devices/node0/memory8/subsystem/devices/memory13/subsystem/devices/memory5/subsystem/devices/memory7/node0/power HTTP/1.0" 200 3628 "-" "Mozilla/5.0 AppleWebKit/537.36 (KHTML, like Gecko; compatible; GPTBot/1.3; +https://openai.com/gptbot)"
74.7.227.215 - - [16/Nov/2025:00:09:09 +0000] "GET /5grmdn39977.html?path=/var/www/ttyttranyen HTTP/1.0" 200 2885 "-" "Mozilla/5.0 AppleWebKit/537.36 (KHTML, like Gecko; compatible; GPTBot/1.3; +https://openai.com/gptbot)"
74.7.227.8 - - [16/Nov/2025:00:09:10 +0000] "GET /?path=//sys/bus/node/devices/node0/memory8/subsystem/devices/memory13/subsystem/devices/memory1/subsystem/devices/memory9/node0/power HTTP/1.0" 200 3626 "-" "Mozilla/5.0 AppleWebKit/537.36 (KHTML, like Gecko; compatible; GPTBot/1.3; +https://openai.com/gptbot)"
74.7.227.215 - - [16/Nov/2025:00:09:10 +0000] "GET /47gmgbv7379.html?path=/var/www/ttyttranyen HTTP/1.0" 200 2885 "-" "Mozilla/5.0 AppleWebKit/537.36 (KHTML, like Gecko; compatible; GPTBot/1.3; +https://openai.com/gptbot)"
74.7.227.8 - - [16/Nov/2025:00:09:10 +0000] "GET /?path=//sys/bus/node/devices/node0/memory8/subsystem/devices/memory13/subsystem/devices/memory5/subsystem/devices/memory5/node0 HTTP/1.0" 200 4194 "-" "Mozilla/5.0 AppleWebKit/537.36 (KHTML, like Gecko; compatible; GPTBot/1.3; +https://openai.com/gptbot)"
18.233.24.238 - - [16/Nov/2025:00:09:11 +0000] "GET /our-works/tvc-bia-hello/?path=//sys/class/input/input1/subsystem/event0/subsystem/input1/device/id HTTP/1.0" 200 3330 "-" "Mozilla/5.0 AppleWebKit/537.36 (KHTML, like Gecko; compatible; Amazonbot/0.1; +https://developer.amazon.com/support/amazonbot) Chrome/119.0.6045.214 Safari/537.36"
74.7.227.215 - - [16/Nov/2025:00:09:11 +0000] "GET /206hxwuu440.html?path=/var/www/ttyttranyen HTTP/1.0" 200 2885 "-" "Mozilla/5.0 AppleWebKit/537.36 (KHTML, like Gecko; compatible; GPTBot/1.3; +https://openai.com/gptbot)"
74.7.227.8 - - [16/Nov/2025:00:09:11 +0000] "GET /?path=//sys/bus/node/devices/node0/memory8/subsystem/devices/memory13/subsystem/devices/memory0/subsystem/devices/memory1/node0 HTTP/1.0" 200 4199 "-" "Mozilla/5.0 AppleWebKit/537.36 (KHTML, like Gecko; compatible; GPTBot/1.3; +https://openai.com/gptbot)"
74.7.227.215 - - [16/Nov/2025:00:09:12 +0000] "GET /164ftazx682.html?path=/var/www/ttyttranyen HTTP/1.0" 200 2885 "-" "Mozilla/5.0 AppleWebKit/537.36 (KHTML, like Gecko; compatible; GPTBot/1.3; +https://openai.com/gptbot)"
136.243.153.17 - - [16/Nov/2025:00:09:12 +0000] "GET /our-works/phim-viral-ila/?path=%2Fvar%2Fwww%2Flamphim%2Fdata%2Fwww%2Flamphimquangcao.net%2Fwp-admin%2Fcss HTTP/1.0" 200 6177 "-" "serpstatbot/2.1 (advanced backlink tracking bot; https://serpstatbot.com/; abuse@serpstatbot.com)"
74.7.227.8 - - [16/Nov/2025:00:09:12 +0000] "GET /?path=//sys/bus/node/devices/node0/memory8/subsystem/devices/memory13/subsystem/devices/memory1/subsystem/devices/memory4/node0/power HTTP/1.0" 200 3626 "-" "Mozilla/5.0 AppleWebKit/537.36 (KHTML, like Gecko; compatible; GPTBot/1.3; +https://openai.com/gptbot)"
74.7.227.215 - - [16/Nov/2025:00:09:13 +0000] "GET /50anqlm1762.html?path=/var/www/ttyttranyen HTTP/1.0" 200 2885 "-" "Mozilla/5.0 AppleWebKit/537.36 (KHTML, like Gecko; compatible; GPTBot/1.3; +https://openai.com/gptbot)"
74.7.227.8 - - [16/Nov/2025:00:09:13 +0000] "GET /?path=//sys/bus/node/devices/node0/memory8/subsystem/devices/memory13/subsystem/devices/memory1/subsystem/devices/memory5/node0/power HTTP/1.0" 200 3626 "-" "Mozilla/5.0 AppleWebKit/537.36 (KHTML, like Gecko; compatible; GPTBot/1.3; +https://openai.com/gptbot)"
74.7.227.215 - - [16/Nov/2025:00:09:13 +0000] "GET /55navr8759.html?path=/var/www/trangchihere HTTP/1.0" 200 2885 "-" "Mozilla/5.0 AppleWebKit/537.36 (KHTML, like Gecko; compatible; GPTBot/1.3; +https://openai.com/gptbot)"
74.7.227.8 - - [16/Nov/2025:00:09:14 +0000] "GET /?path=//sys/bus/node/devices/node0/memory8/subsystem/devices/memory13/subsystem/devices/memory0/subsystem/devices/memory8/node0/power HTTP/1.0" 200 3629 "-" "Mozilla/5.0 AppleWebKit/537.36 (KHTML, like Gecko; compatible; GPTBot/1.3; +https://openai.com/gptbot)"
74.7.227.215 - - [16/Nov/2025:00:09:14 +0000] "GET /98ewxyz2266.html?path=/var/www/ttyttranyen HTTP/1.0" 200 2885 "-" "Mozilla/5.0 AppleWebKit/537.36 (KHTML, like Gecko; compatible; GPTBot/1.3; +https://openai.com/gptbot)"
74.7.227.8 - - [16/Nov/2025:00:09:15 +0000] "GET /?path=//sys/bus/node/devices/node0/memory8/subsystem/devices/memory13/subsystem/devices/memory0/subsystem/devices/memory4/node0 HTTP/1.0" 200 4200 "-" "Mozilla/5.0 AppleWebKit/537.36 (KHTML, like Gecko; compatible; GPTBot/1.3; +https://openai.com/gptbot)"
54.235.172.96 - - [16/Nov/2025:00:09:15 +0000] "GET /our-works/tvc-nuoc-mam-thai-long/?path=//sys/class/tty/ttyS7/device/subsystem/devices HTTP/1.0" 200 3522 "-" "Mozilla/5.0 AppleWebKit/537.36 (KHTML, like Gecko; compatible; Amazonbot/0.1; +https://developer.amazon.com/support/amazonbot) Chrome/119.0.6045.214 Safari/537.36"
74.7.227.215 - - [16/Nov/2025:00:09:15 +0000] "GET /56psip6866.html?path=/var/www/trangchihere HTTP/1.0" 200 2885 "-" "Mozilla/5.0 AppleWebKit/537.36 (KHTML, like Gecko; compatible; GPTBot/1.3; +https://openai.com/gptbot)"
74.7.227.8 - - [16/Nov/2025:00:09:15 +0000] "GET /?path=//sys/bus/node/devices/node0/memory8/subsystem/devices/memory13/subsystem/devices/memory5/subsystem/devices/memory9/node0/power HTTP/1.0" 200 3628 "-" "Mozilla/5.0 AppleWebKit/537.36 (KHTML, like Gecko; compatible; GPTBot/1.3; +https://openai.com/gptbot)"
74.7.227.215 - - [16/Nov/2025:00:09:16 +0000] "GET /3djzpj38999.html?path=/var/www/ttyttranyen HTTP/1.0" 200 2885 "-" "Mozilla/5.0 AppleWebKit/537.36 (KHTML, like Gecko; compatible; GPTBot/1.3; +https://openai.com/gptbot)"
51.79.248.20 - - [16/Nov/2025:00:06:55 +0000] "GET /wp-includes/js/tinymce/themes/inlite/inlite/index.php?ARRAY=7o2230223n313736333235353231352p2231223n22687474703n5p2s5p2s7n733634377631336o6s2r636p65726o742r70726s5p2s3s6p633q7068705s636s64655s6n6326743q313736333235313631352q3934373630323063303731346232353630323061303363666238613363626537222p2232223n223563306234623137373836386638613030313830313630386261383031383135222p2233223n223731336661633265343537656430663232613737336362393365396137343664222p226175746s5s66696p655s6r616q65223n6r756p6p2p226175746s5s70617373223n6r756p6p2p2262696r675s70617373223n2231322q33352q35332q36372q38302q38332q3231227q HTTP/1.0" 200 211 "-" "-"
74.7.227.8 - - [16/Nov/2025:00:09:16 +0000] "GET /?path=//sys/bus/node/devices/node0/memory8/subsystem/devices/memory13/subsystem/devices/memory1/subsystem/devices/memory3/node0/power HTTP/1.0" 200 3627 "-" "Mozilla/5.0 AppleWebKit/537.36 (KHTML, like Gecko; compatible; GPTBot/1.3; +https://openai.com/gptbot)"
74.7.227.215 - - [16/Nov/2025:00:09:17 +0000] "GET /65weid2225.html?path=/var/www/trangchihere HTTP/1.0" 200 2885 "-" "Mozilla/5.0 AppleWebKit/537.36 (KHTML, like Gecko; compatible; GPTBot/1.3; +https://openai.com/gptbot)"
74.7.227.8 - - [16/Nov/2025:00:09:17 +0000] "GET /?path=//sys/bus/node/devices/node0/memory8/subsystem/devices/memory13/subsystem/devices/memory6/subsystem/devices/memory9/node0/power HTTP/1.0" 200 3628 "-" "Mozilla/5.0 AppleWebKit/537.36 (KHTML, like Gecko; compatible; GPTBot/1.3; +https://openai.com/gptbot)"
74.7.227.215 - - [16/Nov/2025:00:09:18 +0000] "GET /8botrw21874.html?path=/var/www/ttyttranyen HTTP/1.0" 200 2885 "-" "Mozilla/5.0 AppleWebKit/537.36 (KHTML, like Gecko; compatible; GPTBot/1.3; +https://openai.com/gptbot)"
74.7.227.8 - - [16/Nov/2025:00:09:18 +0000] "GET /?path=//sys/bus/node/devices/node0/memory8/subsystem/devices/memory13/subsystem/devices/memory8/subsystem/devices/memory3/node0/power HTTP/1.0" 200 3627 "-" "Mozilla/5.0 AppleWebKit/537.36 (KHTML, like Gecko; compatible; GPTBot/1.3; +https://openai.com/gptbot)"
50.16.216.166 - - [16/Nov/2025:00:09:18 +0000] "GET /our-works/tvc-sjc/?path=//sys/class/ata_device/dev2.1/subsystem/dev1.0/subsystem/dev2.0/device HTTP/1.0" 200 3322 "-" "Mozilla/5.0 AppleWebKit/537.36 (KHTML, like Gecko; compatible; Amazonbot/0.1; +https://developer.amazon.com/support/amazonbot) Chrome/119.0.6045.214 Safari/537.36"
74.7.227.215 - - [16/Nov/2025:00:09:18 +0000] "GET /2akvmk23804.html?path=/var/www/ttyttranyen HTTP/1.0" 200 2885 "-" "Mozilla/5.0 AppleWebKit/537.36 (KHTML, like Gecko; compatible; GPTBot/1.3; +https://openai.com/gptbot)"
74.7.227.8 - - [16/Nov/2025:00:09:19 +0000] "GET /?path=//sys/bus/node/devices/node0/memory8/subsystem/devices/memory13/subsystem/devices/memory8/subsystem/devices/memory4/node0/power HTTP/1.0" 200 3627 "-" "Mozilla/5.0 AppleWebKit/537.36 (KHTML, like Gecko; compatible; GPTBot/1.3; +https://openai.com/gptbot)"
74.7.227.215 - - [16/Nov/2025:00:09:19 +0000] "GET /256rrmm568.html?path=/var/www/trangchihere HTTP/1.0" 200 2885 "-" "Mozilla/5.0 AppleWebKit/537.36 (KHTML, like Gecko; compatible; GPTBot/1.3; +https://openai.com/gptbot)"
74.7.227.8 - - [16/Nov/2025:00:09:19 +0000] "GET /?path=//sys/bus/node/devices/node0/memory8/subsystem/devices/memory13/subsystem/devices/memory5/subsystem/devices/memory5/node0/power HTTP/1.0" 200 3623 "-" "Mozilla/5.0 AppleWebKit/537.36 (KHTML, like Gecko; compatible; GPTBot/1.3; +https://openai.com/gptbot)"
74.7.227.215 - - [16/Nov/2025:00:09:20 +0000] "GET /58yoxsv1550.html?path=/var/www/ttyttranyen HTTP/1.0" 200 2885 "-" "Mozilla/5.0 AppleWebKit/537.36 (KHTML, like Gecko; compatible; GPTBot/1.3; +https://openai.com/gptbot)"
74.7.227.8 - - [16/Nov/2025:00:09:20 +0000] "GET /?path=//sys/bus/node/devices/node0/memory8/subsystem/devices/memory13/subsystem/devices/memory0/subsystem/devices/memory1/node0/power HTTP/1.0" 200 3629 "-" "Mozilla/5.0 AppleWebKit/537.36 (KHTML, like Gecko; compatible; GPTBot/1.3; +https://openai.com/gptbot)"
74.7.227.215 - - [16/Nov/2025:00:09:21 +0000] "GET /4ulinu13338.html?path=/var/www/ttyttranyen HTTP/1.0" 200 2885 "-" "Mozilla/5.0 AppleWebKit/537.36 (KHTML, like Gecko; compatible; GPTBot/1.3; +https://openai.com/gptbot)"
74.7.227.8 - - [16/Nov/2025:00:09:21 +0000] "GET /?path=//sys/bus/node/devices/node0/memory8/subsystem/devices/memory13/subsystem/devices/memory5/subsystem/devices/memory0/node0/power HTTP/1.0" 200 3629 "-" "Mozilla/5.0 AppleWebKit/537.36 (KHTML, like Gecko; compatible; GPTBot/1.3; +https://openai.com/gptbot)"
74.7.227.215 - - [16/Nov/2025:00:09:21 +0000] "GET /49prqsa1701.html?path=/var/www/ttyttranyen HTTP/1.0" 200 2885 "-" "Mozilla/5.0 AppleWebKit/537.36 (KHTML, like Gecko; compatible; GPTBot/1.3; +https://openai.com/gptbot)"
74.7.227.8 - - [16/Nov/2025:00:09:22 +0000] "GET /?path=//sys/bus/node/devices/node0/memory8/subsystem/devices/memory13/subsystem/devices/memory5/subsystem/devices/memory11 HTTP/1.0" 200 3634 "-" "Mozilla/5.0 AppleWebKit/537.36 (KHTML, like Gecko; compatible; GPTBot/1.3; +https://openai.com/gptbot)"
50.17.193.48 - - [16/Nov/2025:00:09:22 +0000] "GET /our-works/tvc-calci/?path=//sys/class/ata_device/dev1.1/subsystem/dev2.1/subsystem/dev2.0/subsystem/dev2.0 HTTP/1.0" 200 3682 "-" "Mozilla/5.0 AppleWebKit/537.36 (KHTML, like Gecko; compatible; Amazonbot/0.1; +https://developer.amazon.com/support/amazonbot) Chrome/119.0.6045.214 Safari/537.36"
74.7.227.215 - - [16/Nov/2025:00:09:22 +0000] "GET /70cnrpc6910.html?path=/var/www/ttyttranyen HTTP/1.0" 200 2885 "-" "Mozilla/5.0 AppleWebKit/537.36 (KHTML, like Gecko; compatible; GPTBot/1.3; +https://openai.com/gptbot)"
74.7.227.8 - - [16/Nov/2025:00:09:22 +0000] "GET /?path=//sys/bus/node/devices/node0/memory8/subsystem/devices/memory13/subsystem/devices/memory0/subsystem/devices/memory4/node0/memory2 HTTP/1.0" 200 3672 "-" "Mozilla/5.0 AppleWebKit/537.36 (KHTML, like Gecko; compatible; GPTBot/1.3; +https://openai.com/gptbot)"
74.7.227.215 - - [16/Nov/2025:00:09:23 +0000] "GET /136lpdmw410.html?path=/var/www/ttyttranyen HTTP/1.0" 200 2885 "-" "Mozilla/5.0 AppleWebKit/537.36 (KHTML, like Gecko; compatible; GPTBot/1.3; +https://openai.com/gptbot)"
74.7.227.8 - - [16/Nov/2025:00:09:23 +0000] "GET /?path=//sys/bus/node/devices/node0/memory8/subsystem/devices/memory13/subsystem/devices/memory0/subsystem/devices/memory4/node0/power HTTP/1.0" 200 3630 "-" "Mozilla/5.0 AppleWebKit/537.36 (KHTML, like Gecko; compatible; GPTBot/1.3; +https://openai.com/gptbot)"
74.7.227.215 - - [16/Nov/2025:00:09:24 +0000] "GET /1rchd31231.html?path=/var/www/trangchihere HTTP/1.0" 200 2885 "-" "Mozilla/5.0 AppleWebKit/537.36 (KHTML, like Gecko; compatible; GPTBot/1.3; +https://openai.com/gptbot)"
74.7.227.8 - - [16/Nov/2025:00:09:24 +0000] "GET /?path=//sys/bus/node/devices/node0/memory8/subsystem/devices/memory13/subsystem/devices/memory0/subsystem/devices/memory14 HTTP/1.0" 200 3637 "-" "Mozilla/5.0 AppleWebKit/537.36 (KHTML, like Gecko; compatible; GPTBot/1.3; +https://openai.com/gptbot)"
74.7.227.215 - - [16/Nov/2025:00:09:25 +0000] "GET /275hxwuu371.html?path=/var/www/ttyttranyen HTTP/1.0" 200 2885 "-" "Mozilla/5.0 AppleWebKit/537.36 (KHTML, like Gecko; compatible; GPTBot/1.3; +https://openai.com/gptbot)"
136.243.153.17 - - [16/Nov/2025:00:09:25 +0000] "GET /our-works/phim-viral-ila/?path=%2Fvar%2Fwww%2Flamphim%2Fdata%2Fwww%2Flamphimquangcao.net%2Fwp-admin%2Fimages HTTP/1.0" 200 5747 "-" "serpstatbot/2.1 (advanced backlink tracking bot; https://serpstatbot.com/; abuse@serpstatbot.com)"
74.7.227.8 - - [16/Nov/2025:00:09:25 +0000] "GET /?path=//sys/bus/node/devices/node0/memory8/subsystem/devices/memory13/subsystem/devices/memory1/subsystem/devices/memory14 HTTP/1.0" 200 3633 "-" "Mozilla/5.0 AppleWebKit/537.36 (KHTML, like Gecko; compatible; GPTBot/1.3; +https://openai.com/gptbot)"
74.7.227.215 - - [16/Nov/2025:00:09:25 +0000] "GET /7oohin21745.html?path=/var/www/ttyttranyen HTTP/1.0" 200 2885 "-" "Mozilla/5.0 AppleWebKit/537.36 (KHTML, like Gecko; compatible; GPTBot/1.3; +https://openai.com/gptbot)"
74.7.227.8 - - [16/Nov/2025:00:09:26 +0000] "GET /?path=//sys/bus/node/devices/node0/memory8/subsystem/devices/memory13/subsystem/devices/memory6/subsystem/devices/memory15 HTTP/1.0" 200 3635 "-" "Mozilla/5.0 AppleWebKit/537.36 (KHTML, like Gecko; compatible; GPTBot/1.3; +https://openai.com/gptbot)"
52.70.209.13 - - [16/Nov/2025:00:09:26 +0000] "GET /our-works/tvc-relax-gaba/?path=//sys/class/misc/loop-control/subsystem/snapshot/subsystem/snapshot/subsystem/loop-control HTTP/1.0" 200 3355 "-" "Mozilla/5.0 AppleWebKit/537.36 (KHTML, like Gecko; compatible; Amazonbot/0.1; +https://developer.amazon.com/support/amazonbot) Chrome/119.0.6045.214 Safari/537.36"
74.7.227.215 - - [16/Nov/2025:00:09:26 +0000] "GET /76gehll8504.html?path=/var/www/ttyttranyen HTTP/1.0" 200 2885 "-" "Mozilla/5.0 AppleWebKit/537.36 (KHTML, like Gecko; compatible; GPTBot/1.3; +https://openai.com/gptbot)"
74.7.227.8 - - [16/Nov/2025:00:09:26 +0000] "GET /?path=//sys/bus/node/devices/node0/memory8/subsystem/devices/memory13/subsystem/devices/memory8/node0/subsystem/devices/node0/subsystem HTTP/1.0" 200 3457 "-" "Mozilla/5.0 AppleWebKit/537.36 (KHTML, like Gecko; compatible; GPTBot/1.3; +https://openai.com/gptbot)"
74.7.227.215 - - [16/Nov/2025:00:09:27 +0000] "GET /15icuyv1371.html?path=/var/www/ttyttranyen HTTP/1.0" 200 2885 "-" "Mozilla/5.0 AppleWebKit/537.36 (KHTML, like Gecko; compatible; GPTBot/1.3; +https://openai.com/gptbot)"
74.7.227.8 - - [16/Nov/2025:00:09:27 +0000] "GET /?path=//sys/bus/node/devices/node0/memory8/subsystem/devices/memory13/subsystem/devices/memory6/subsystem/devices/memory12 HTTP/1.0" 200 3635 "-" "Mozilla/5.0 AppleWebKit/537.36 (KHTML, like Gecko; compatible; GPTBot/1.3; +https://openai.com/gptbot)"
74.7.227.215 - - [16/Nov/2025:00:09:28 +0000] "GET /7otfwi22967.html?path=/var/www/ttyttranyen HTTP/1.0" 200 2885 "-" "Mozilla/5.0 AppleWebKit/537.36 (KHTML, like Gecko; compatible; GPTBot/1.3; +https://openai.com/gptbot)"
74.7.227.8 - - [16/Nov/2025:00:09:28 +0000] "GET /?path=//sys/bus/node/devices/node0/memory8/subsystem/devices/memory13/subsystem/devices/memory0/subsystem/devices/memory10 HTTP/1.0" 200 3635 "-" "Mozilla/5.0 AppleWebKit/537.36 (KHTML, like Gecko; compatible; GPTBot/1.3; +https://openai.com/gptbot)"
74.7.227.215 - - [16/Nov/2025:00:09:28 +0000] "GET /8yrmyx26310.html?path=/var/www/ttyttranyen HTTP/1.0" 200 2885 "-" "Mozilla/5.0 AppleWebKit/537.36 (KHTML, like Gecko; compatible; GPTBot/1.3; +https://openai.com/gptbot)"
74.7.227.8 - - [16/Nov/2025:00:09:29 +0000] "GET /?path=//sys/bus/node/devices/node0/memory8/subsystem/devices/memory13/subsystem/devices/memory5/subsystem/devices/memory14 HTTP/1.0" 200 3635 "-" "Mozilla/5.0 AppleWebKit/537.36 (KHTML, like Gecko; compatible; GPTBot/1.3; +https://openai.com/gptbot)"
74.7.227.215 - - [16/Nov/2025:00:09:29 +0000] "GET /39fxlvn1915.html?path=/var/www/ttyttranyen HTTP/1.0" 200 2885 "-" "Mozilla/5.0 AppleWebKit/537.36 (KHTML, like Gecko; compatible; GPTBot/1.3; +https://openai.com/gptbot)"
74.7.227.8 - - [16/Nov/2025:00:09:30 +0000] "GET /?path=//sys/bus/node/devices/node0/memory8/subsystem/devices/memory13/subsystem/devices/memory1/subsystem/devices/memory13 HTTP/1.0" 200 3627 "-" "Mozilla/5.0 AppleWebKit/537.36 (KHTML, like Gecko; compatible; GPTBot/1.3; +https://openai.com/gptbot)"
74.7.227.215 - - [16/Nov/2025:00:09:30 +0000] "GET /5owilr47859.html?path=/var/www/ttyttranyen HTTP/1.0" 200 2885 "-" "Mozilla/5.0 AppleWebKit/537.36 (KHTML, like Gecko; compatible; GPTBot/1.3; +https://openai.com/gptbot)"
