74.7.227.215 - - [16/Nov/2025:00:10:32 +0000] "GET /53sbaxq2319.html?path=/var/upload HTTP/1.0" 200 2871 "-" "Mozilla/5.0 AppleWebKit/537.36 (KHTML, like Gecko; compatible; GPTBot/1.3; +https://openai.com/gptbot)"
74.7.227.8 - - [16/Nov/2025:00:10:33 +0000] "GET /?path=//sys/bus/node/devices/node0/memory9/subsystem/devices/memory1/node0/memory1/node0/hugepages HTTP/1.0" 200 3270 "-" "Mozilla/5.0 AppleWebKit/537.36 (KHTML, like Gecko; compatible; GPTBot/1.3; +https://openai.com/gptbot)"
74.7.227.215 - - [16/Nov/2025:00:10:33 +0000] "GET /83hjzmk4765.html?path=/var/upload HTTP/1.0" 200 2871 "-" "Mozilla/5.0 AppleWebKit/537.36 (KHTML, like Gecko; compatible; GPTBot/1.3; +https://openai.com/gptbot)"
74.7.227.8 - - [16/Nov/2025:00:10:33 +0000] "GET /?path=//sys/bus/node/devices/node0/memory9/subsystem/devices/memory1/node0/memory1/node0/subsystem HTTP/1.0" 200 3417 "-" "Mozilla/5.0 AppleWebKit/537.36 (KHTML, like Gecko; compatible; GPTBot/1.3; +https://openai.com/gptbot)"
216.73.216.106 - - [16/Nov/2025:00:10:33 +0000] "GET /our-works/tvc-bia-hello?path=%2Fvar%2Fwww%2Flamphim%2Fdata%2Fwww%2Flamphimquangcao.net%2Fwp-includes%2Fsitemaps%2Fproviders HTTP/1.0" 200 3346 "-" "Mozilla/5.0 AppleWebKit/537.36 (KHTML, like Gecko; compatible; ClaudeBot/1.0; +claudebot@anthropic.com)"
74.7.227.215 - - [16/Nov/2025:00:10:33 +0000] "GET /14kdagz2976.html?path=/var/upload HTTP/1.0" 200 2871 "-" "Mozilla/5.0 AppleWebKit/537.36 (KHTML, like Gecko; compatible; GPTBot/1.3; +https://openai.com/gptbot)"
216.73.216.106 - - [16/Nov/2025:00:10:34 +0000] "GET /our-works/tvc-bia-hello?fileloc=%2Fvar%2Fwww%2Flamphim%2Fdata%2Flogs%2Flamphim.viecde.com-backend.error.log&path=%2Fvar%2Fwww%2Flamphim%2Fdata%2Flogs HTTP/1.0" 200 2872 "-" "Mozilla/5.0 AppleWebKit/537.36 (KHTML, like Gecko; compatible; ClaudeBot/1.0; +claudebot@anthropic.com)"
100.27.153.9 - - [16/Nov/2025:00:10:34 +0000] "GET /our-works/tvc-kimino/?path=//sys/class/input/mice/subsystem/input1/subsystem/mice/subsystem/event1 HTTP/1.0" 200 3390 "-" "Mozilla/5.0 AppleWebKit/537.36 (KHTML, like Gecko; compatible; Amazonbot/0.1; +https://developer.amazon.com/support/amazonbot) Chrome/119.0.6045.214 Safari/537.36"
74.7.227.8 - - [16/Nov/2025:00:10:34 +0000] "GET /?path=//sys/bus/node/devices/node0/memory9/subsystem/devices/memory1/node0/cpu1/subsystem/drivers/processor/cpu0/subsystem/drivers/processor/cpu1 HTTP/1.0" 200 3773 "-" "Mozilla/5.0 AppleWebKit/537.36 (KHTML, like Gecko; compatible; GPTBot/1.3; +https://openai.com/gptbot)"
74.7.227.215 - - [16/Nov/2025:00:10:34 +0000] "GET /130izglr496.html?path=/var/upload HTTP/1.0" 200 2871 "-" "Mozilla/5.0 AppleWebKit/537.36 (KHTML, like Gecko; compatible; GPTBot/1.3; +https://openai.com/gptbot)"
216.73.216.106 - - [16/Nov/2025:00:10:34 +0000] "GET /our-works/tvc-bia-hello?path=%2Fvar%2Fwww%2Flamphim%2Fdata%2Fwww%2Flamphimquangcao.net%2Fwp-admin%2FALFA_DATA%2Falfacgiapi HTTP/1.0" 200 3250 "-" "Mozilla/5.0 AppleWebKit/537.36 (KHTML, like Gecko; compatible; ClaudeBot/1.0; +claudebot@anthropic.com)"
216.73.216.106 - - [16/Nov/2025:00:10:35 +0000] "GET /our-works/tvc-bia-hello?path=%2Fvar%2Fwww%2Flamphim%2Fdata%2Fwww%2Flamphimquangcao.net%2Fwp-includes%2Fblocks%2Ffreeform HTTP/1.0" 200 3399 "-" "Mozilla/5.0 AppleWebKit/537.36 (KHTML, like Gecko; compatible; ClaudeBot/1.0; +claudebot@anthropic.com)"
74.7.227.8 - - [16/Nov/2025:00:10:35 +0000] "GET /?path=//sys/bus/node/devices/node0/memory9/subsystem/devices/memory1/node0/cpu0/subsystem/drivers/processor/cpu1/subsystem/drivers/processor/cpu0 HTTP/1.0" 200 3732 "-" "Mozilla/5.0 AppleWebKit/537.36 (KHTML, like Gecko; compatible; GPTBot/1.3; +https://openai.com/gptbot)"
74.7.227.215 - - [16/Nov/2025:00:10:35 +0000] "GET /91nhibk4813.html?path=/var/upload HTTP/1.0" 200 2871 "-" "Mozilla/5.0 AppleWebKit/537.36 (KHTML, like Gecko; compatible; GPTBot/1.3; +https://openai.com/gptbot)"
216.73.216.106 - - [16/Nov/2025:00:10:35 +0000] "GET /our-works/tvc-bia-hello?path=%2F%2Flib%2Fpython3.9 HTTP/1.0" 200 3216 "-" "Mozilla/5.0 AppleWebKit/537.36 (KHTML, like Gecko; compatible; ClaudeBot/1.0; +claudebot@anthropic.com)"
74.7.227.8 - - [16/Nov/2025:00:10:36 +0000] "GET /?path=//sys/bus/node/devices/node0/memory9/subsystem/devices/memory1/node0/cpu1/subsystem/drivers/processor/cpu0/subsystem/drivers/processor/cpu0 HTTP/1.0" 200 3730 "-" "Mozilla/5.0 AppleWebKit/537.36 (KHTML, like Gecko; compatible; GPTBot/1.3; +https://openai.com/gptbot)"
216.73.216.106 - - [16/Nov/2025:00:10:36 +0000] "GET /our-works/tvc-bia-hello?path=%2Fvar%2Fwww%2Flamphim%2Fdata%2Fwww%2Flamphimquangcao.net%2Fwp-includes%2Fblocks%2Fpost-author HTTP/1.0" 200 3524 "-" "Mozilla/5.0 AppleWebKit/537.36 (KHTML, like Gecko; compatible; ClaudeBot/1.0; +claudebot@anthropic.com)"
74.7.227.215 - - [16/Nov/2025:00:10:36 +0000] "GET /8nsjqt13004.html?path=/var/upload HTTP/1.0" 200 2871 "-" "Mozilla/5.0 AppleWebKit/537.36 (KHTML, like Gecko; compatible; GPTBot/1.3; +https://openai.com/gptbot)"
216.73.216.106 - - [16/Nov/2025:00:10:36 +0000] "GET /our-works/tvc-bia-hello?path=%2F%2Flib%2Fpython3 HTTP/1.0" 200 3137 "-" "Mozilla/5.0 AppleWebKit/537.36 (KHTML, like Gecko; compatible; ClaudeBot/1.0; +claudebot@anthropic.com)"
136.243.153.17 - - [16/Nov/2025:00:10:36 +0000] "GET /our-works/phim-viral-ila/?path=%2Fvar%2Fwww%2Flamphim%2Fdata%2Fwww%2Flamphimquangcao.net%2Fwp-content%2Fai1wm-backups HTTP/1.0" 200 3363 "-" "serpstatbot/2.1 (advanced backlink tracking bot; https://serpstatbot.com/; abuse@serpstatbot.com)"
74.7.227.8 - - [16/Nov/2025:00:10:37 +0000] "GET /?path=//sys/bus/node/devices/node0/memory9/subsystem/devices/memory1/node0/cpu0/subsystem/drivers/processor/cpu1/subsystem/drivers/processor/cpu1 HTTP/1.0" 200 3772 "-" "Mozilla/5.0 AppleWebKit/537.36 (KHTML, like Gecko; compatible; GPTBot/1.3; +https://openai.com/gptbot)"
74.7.227.215 - - [16/Nov/2025:00:10:37 +0000] "GET /93daygq2457.html?path=/var/upload HTTP/1.0" 200 2871 "-" "Mozilla/5.0 AppleWebKit/537.36 (KHTML, like Gecko; compatible; GPTBot/1.3; +https://openai.com/gptbot)"
216.73.216.106 - - [16/Nov/2025:00:10:37 +0000] "GET /our-works/tvc-bia-hello?fileloc=%2Fvar%2Fwww%2Flamphim%2Fdata%2Ftmp%2Fsess_djqhndj01qlatpu49v3c4bsvba&path=%2Fvar%2Fwww%2Flamphim%2Fdata%2Ftmp HTTP/1.0" 200 2890 "-" "Mozilla/5.0 AppleWebKit/537.36 (KHTML, like Gecko; compatible; ClaudeBot/1.0; +claudebot@anthropic.com)"
74.7.227.8 - - [16/Nov/2025:00:10:37 +0000] "GET /?path=//sys/bus/node/devices/node0/memory9/subsystem/devices/memory1/node0/memory9/node0/hugepages HTTP/1.0" 200 3273 "-" "Mozilla/5.0 AppleWebKit/537.36 (KHTML, like Gecko; compatible; GPTBot/1.3; +https://openai.com/gptbot)"
216.73.216.106 - - [16/Nov/2025:00:10:37 +0000] "GET /our-works/tvc-bia-hello?fileloc=%2Fvar%2Fwww%2Flamphim%2Fdata%2Fwww%2Flamphimquangcao.net%2Fwp-content%2Fpladfa46%2Flicense.txt&path=%2Fvar%2Fwww%2Flamphim%2Fdata%2Fwww%2Flamphimquangcao.net%2Fwp-content%2Fpladfa46 HTTP/1.0" 200 2898 "-" "Mozilla/5.0 AppleWebKit/537.36 (KHTML, like Gecko; compatible; ClaudeBot/1.0; +claudebot@anthropic.com)"
74.7.227.215 - - [16/Nov/2025:00:10:38 +0000] "GET /73yqmtj1249.html?path=/var/upload HTTP/1.0" 200 2871 "-" "Mozilla/5.0 AppleWebKit/537.36 (KHTML, like Gecko; compatible; GPTBot/1.3; +https://openai.com/gptbot)"
52.23.112.144 - - [16/Nov/2025:00:10:38 +0000] "GET /our-works/tvc-jokky/?path=//sys/class/misc/uinput/subsystem/snapshot/subsystem/ecryptfs/subsystem/loop-control HTTP/1.0" 200 3375 "-" "Mozilla/5.0 AppleWebKit/537.36 (KHTML, like Gecko; compatible; Amazonbot/0.1; +https://developer.amazon.com/support/amazonbot) Chrome/119.0.6045.214 Safari/537.36"
216.73.216.106 - - [16/Nov/2025:00:10:38 +0000] "GET /our-works/tvc-bia-hello?fileloc=%2Fvar%2Fwww%2Flamphim%2Fdata%2Fwww%2Flamphimquangcao.net%2Fwp-admin%2Fcss%2Fmedia.min.css&path=%2Fvar%2Fwww%2Flamphim%2Fdata%2Fwww%2Flamphimquangcao.net%2Fwp-admin%2Fcss HTTP/1.0" 200 7508 "-" "Mozilla/5.0 AppleWebKit/537.36 (KHTML, like Gecko; compatible; ClaudeBot/1.0; +claudebot@anthropic.com)"
74.7.227.8 - - [16/Nov/2025:00:10:38 +0000] "GET /?path=//sys/bus/node/devices/node0/memory9/subsystem/devices/memory1/node0/cpu1/driver/cpu0/firmware_node/power HTTP/1.0" 200 3603 "-" "Mozilla/5.0 AppleWebKit/537.36 (KHTML, like Gecko; compatible; GPTBot/1.3; +https://openai.com/gptbot)"
74.7.227.215 - - [16/Nov/2025:00:10:38 +0000] "GET /99qkyhf5867.html?path=/var/upload HTTP/1.0" 200 2871 "-" "Mozilla/5.0 AppleWebKit/537.36 (KHTML, like Gecko; compatible; GPTBot/1.3; +https://openai.com/gptbot)"
216.73.216.106 - - [16/Nov/2025:00:10:38 +0000] "GET /our-works/tvc-bia-hello?fileloc=%2Fvar%2Fwww%2Flamphim%2Fdata%2Fwww%2Flamphimquangcao.net%2Fwp-content%2Fim979e12%2Flicense.txt&path=%2Fvar%2Fwww%2Flamphim%2Fdata%2Fwww%2Flamphimquangcao.net%2Fwp-content%2Fim979e12 HTTP/1.0" 200 2888 "-" "Mozilla/5.0 AppleWebKit/537.36 (KHTML, like Gecko; compatible; ClaudeBot/1.0; +claudebot@anthropic.com)"
216.73.216.106 - - [16/Nov/2025:00:10:39 +0000] "GET /our-works/tvc-bia-hello?path=%2Fvar%2Fwww%2Flamphim%2Fdata%2Fwww%2Flamphimquangcao.net%2Fwp-includes%2Fblocks%2Fpost-excerpt HTTP/1.0" 200 3521 "-" "Mozilla/5.0 AppleWebKit/537.36 (KHTML, like Gecko; compatible; ClaudeBot/1.0; +claudebot@anthropic.com)"
216.73.216.106 - - [16/Nov/2025:00:10:39 +0000] "GET /our-works/tvc-bia-hello?path=%2F%2Flib%2Fpython3.8 HTTP/1.0" 200 10062 "-" "Mozilla/5.0 AppleWebKit/537.36 (KHTML, like Gecko; compatible; ClaudeBot/1.0; +claudebot@anthropic.com)"
74.7.227.8 - - [16/Nov/2025:00:10:39 +0000] "GET /?path=//sys/bus/node/devices/node0/memory9/subsystem/devices/memory1/node0/cpu0/driver/cpu0/firmware_node HTTP/1.0" 200 3597 "-" "Mozilla/5.0 AppleWebKit/537.36 (KHTML, like Gecko; compatible; GPTBot/1.3; +https://openai.com/gptbot)"
74.7.227.215 - - [16/Nov/2025:00:10:39 +0000] "GET /48bqhec6380.html?path=/var/upload HTTP/1.0" 200 2871 "-" "Mozilla/5.0 AppleWebKit/537.36 (KHTML, like Gecko; compatible; GPTBot/1.3; +https://openai.com/gptbot)"
216.73.216.106 - - [16/Nov/2025:00:10:39 +0000] "GET /our-works/tvc-bia-hello?path=%2Fvar%2Fwww%2Flamphim%2Fdata%2Fwww%2Flamphimquangcao.net%2Fwp-includes%2Fblocks%2Fsearch HTTP/1.0" 200 3789 "-" "Mozilla/5.0 AppleWebKit/537.36 (KHTML, like Gecko; compatible; ClaudeBot/1.0; +claudebot@anthropic.com)"
216.73.216.106 - - [16/Nov/2025:00:10:40 +0000] "GET /our-works/tvc-bia-hello?path=%2Fvar%2Fwww%2Flamphim%2Fdata%2Fwww%2Flamphimquangcao.net%2Fwp-includes%2Fblocks%2Fpage-list HTTP/1.0" 200 3515 "-" "Mozilla/5.0 AppleWebKit/537.36 (KHTML, like Gecko; compatible; ClaudeBot/1.0; +claudebot@anthropic.com)"
74.7.227.8 - - [16/Nov/2025:00:10:40 +0000] "GET /?path=//sys/bus/node/devices/node0/memory9/subsystem/devices/memory1/node0/cpu1/driver/cpu1/firmware_node HTTP/1.0" 200 3644 "-" "Mozilla/5.0 AppleWebKit/537.36 (KHTML, like Gecko; compatible; GPTBot/1.3; +https://openai.com/gptbot)"
74.7.227.215 - - [16/Nov/2025:00:10:40 +0000] "GET /6ivwbt42930.html?path=/var/upload HTTP/1.0" 200 2871 "-" "Mozilla/5.0 AppleWebKit/537.36 (KHTML, like Gecko; compatible; GPTBot/1.3; +https://openai.com/gptbot)"
216.73.216.106 - - [16/Nov/2025:00:10:40 +0000] "GET /our-works/tvc-bia-hello?path=%2Fvar%2Fwww%2Flamphim%2Fdata%2Fwww%2Flamphimquangcao.net%2Fwp-content%2Fuploads%2FShortpixelBackups HTTP/1.0" 200 3319 "-" "Mozilla/5.0 AppleWebKit/537.36 (KHTML, like Gecko; compatible; ClaudeBot/1.0; +claudebot@anthropic.com)"
216.73.216.106 - - [16/Nov/2025:00:10:40 +0000] "GET /our-works/tvc-bia-hello?path=%2Fvar%2Fwww%2Flamphim%2Fdata%2Fwww%2Flamphimquangcao.net%2Fwp-includes%2Fblocks%2Fcolumns HTTP/1.0" 200 3519 "-" "Mozilla/5.0 AppleWebKit/537.36 (KHTML, like Gecko; compatible; ClaudeBot/1.0; +claudebot@anthropic.com)"
216.73.216.106 - - [16/Nov/2025:00:10:40 +0000] "GET /our-works/tvc-bia-hello?fileloc=%2Fvar%2Fwww%2Flamphim%2Fdata%2Fwww%2Flamphimquangcao.net%2Fwp-admin%2Fcss%2Fl10n.min.css&path=%2Fvar%2Fwww%2Flamphim%2Fdata%2Fwww%2Flamphimquangcao.net%2Fwp-admin%2Fcss HTTP/1.0" 200 3579 "-" "Mozilla/5.0 AppleWebKit/537.36 (KHTML, like Gecko; compatible; ClaudeBot/1.0; +claudebot@anthropic.com)"
74.7.227.8 - - [16/Nov/2025:00:10:41 +0000] "GET /?path=//sys/bus/node/devices/node0/memory9/subsystem/devices/memory1/node0/cpu0/driver/cpu1/firmware_node/power HTTP/1.0" 200 3603 "-" "Mozilla/5.0 AppleWebKit/537.36 (KHTML, like Gecko; compatible; GPTBot/1.3; +https://openai.com/gptbot)"
74.7.227.215 - - [16/Nov/2025:00:10:41 +0000] "GET /21becqy5611.html?path=/var/upload HTTP/1.0" 200 2871 "-" "Mozilla/5.0 AppleWebKit/537.36 (KHTML, like Gecko; compatible; GPTBot/1.3; +https://openai.com/gptbot)"
216.73.216.106 - - [16/Nov/2025:00:10:41 +0000] "GET /our-works/tvc-bia-hello?fileloc=%2Fvar%2Fwww%2Flamphim%2Fdata%2Flogs%2Flamphim.viecde.com-frontend.error.log&path=%2Fvar%2Fwww%2Flamphim%2Fdata%2Flogs HTTP/1.0" 200 2873 "-" "Mozilla/5.0 AppleWebKit/537.36 (KHTML, like Gecko; compatible; ClaudeBot/1.0; +claudebot@anthropic.com)"
216.73.216.106 - - [16/Nov/2025:00:10:41 +0000] "GET /our-works/tvc-bia-hello?fileloc=%2Fvar%2Fwww%2Flamphim%2Fdata%2Fwww%2Flamphimquangcao.net%2Fwp-includes%2Fxc157b1%2F1dd&path=%2Fvar%2Fwww%2Flamphim%2Fdata%2Fwww%2Flamphimquangcao.net%2Fwp-includes%2Fxc157b1 HTTP/1.0" 200 30839 "-" "Mozilla/5.0 AppleWebKit/537.36 (KHTML, like Gecko; compatible; ClaudeBot/1.0; +claudebot@anthropic.com)"
216.73.216.106 - - [16/Nov/2025:00:10:41 +0000] "GET /our-works/tvc-bia-hello?fileloc=%2Fvar%2Fwww%2Flamphim%2Fdata%2Fwww%2Flamphimquangcao.net%2Fwp-includes%2Fwp5c4142%2Fdoge.gif&path=%2Fvar%2Fwww%2Flamphim%2Fdata%2Fwww%2Flamphimquangcao.net%2Fwp-includes%2Fwp5c4142 HTTP/1.0" 200 2903 "-" "Mozilla/5.0 AppleWebKit/537.36 (KHTML, like Gecko; compatible; ClaudeBot/1.0; +claudebot@anthropic.com)"
216.73.216.106 - - [16/Nov/2025:00:10:41 +0000] "GET /our-works/tvc-bia-hello?path=%2Fvar%2Fwww%2Flamphim%2Fdata%2Fwww%2Flamphimquangcao.net%2Fwp-includes%2Fblocks%2Fpost-template HTTP/1.0" 200 3391 "-" "Mozilla/5.0 AppleWebKit/537.36 (KHTML, like Gecko; compatible; ClaudeBot/1.0; +claudebot@anthropic.com)"
74.7.227.8 - - [16/Nov/2025:00:10:42 +0000] "GET /?path=//sys/bus/node/devices/node0/memory9/subsystem/devices/memory1/node0/memory6/node0/memory6 HTTP/1.0" 200 3603 "-" "Mozilla/5.0 AppleWebKit/537.36 (KHTML, like Gecko; compatible; GPTBot/1.3; +https://openai.com/gptbot)"
74.7.227.215 - - [16/Nov/2025:00:10:42 +0000] "GET /12gqsnx6766.html?path=/var/upload HTTP/1.0" 200 2871 "-" "Mozilla/5.0 AppleWebKit/537.36 (KHTML, like Gecko; compatible; GPTBot/1.3; +https://openai.com/gptbot)"
216.73.216.106 - - [16/Nov/2025:00:10:42 +0000] "GET /our-works/tvc-bia-hello?fileloc=%2Fvar%2Fwww%2Flamphim%2Fdata%2Fwww%2Flamphimquangcao.net%2Fwp-includes%2Fjs334b7b%2Fdoge.gif&path=%2Fvar%2Fwww%2Flamphim%2Fdata%2Fwww%2Flamphimquangcao.net%2Fwp-includes%2Fjs334b7b HTTP/1.0" 200 2904 "-" "Mozilla/5.0 AppleWebKit/537.36 (KHTML, like Gecko; compatible; ClaudeBot/1.0; +claudebot@anthropic.com)"
52.54.249.218 - - [16/Nov/2025:00:10:42 +0000] "GET /our-works/tvc-calci/?path=//sys/class/input/mice/subsystem/input0/event0/subsystem/event0/device HTTP/1.0" 200 3651 "-" "Mozilla/5.0 AppleWebKit/537.36 (KHTML, like Gecko; compatible; Amazonbot/0.1; +https://developer.amazon.com/support/amazonbot) Chrome/119.0.6045.214 Safari/537.36"
216.73.216.106 - - [16/Nov/2025:00:10:42 +0000] "GET /our-works/tvc-bia-hello?fileloc=%2Fvar%2Fwww%2Flamphim%2Fdata%2Fwww%2Flamphimquangcao.net%2Fwp-content%2Fqqc451ee%2F093&path=%2Fvar%2Fwww%2Flamphim%2Fdata%2Fwww%2Flamphimquangcao.net%2Fwp-content%2Fqqc451ee HTTP/1.0" 200 30834 "-" "Mozilla/5.0 AppleWebKit/537.36 (KHTML, like Gecko; compatible; ClaudeBot/1.0; +claudebot@anthropic.com)"
216.73.216.106 - - [16/Nov/2025:00:10:42 +0000] "GET /our-works/tvc-bia-hello?path=%2Fvar%2Fwww%2Flamphim%2Fdata%2Fwww%2Flamphimquangcao.net%2Fwp-includes%2Fcss%2Fdist HTTP/1.0" 200 3769 "-" "Mozilla/5.0 AppleWebKit/537.36 (KHTML, like Gecko; compatible; ClaudeBot/1.0; +claudebot@anthropic.com)"
74.7.227.8 - - [16/Nov/2025:00:10:43 +0000] "GET /?path=//sys/bus/node/devices/node0/memory9/subsystem/devices/memory1/node0/cpu1/subsystem/drivers/processor/cpu0/subsystem/drivers/processor/cpu1/driver HTTP/1.0" 200 3491 "-" "Mozilla/5.0 AppleWebKit/537.36 (KHTML, like Gecko; compatible; GPTBot/1.3; +https://openai.com/gptbot)"
216.73.216.106 - - [16/Nov/2025:00:10:43 +0000] "GET /our-works/tvc-bia-hello?fileloc=%2Fvar%2Fwww%2Flamphim%2Fdata%2Fwww%2Flamphimquangcao.net%2Fwp-content%2Fwp533909%2Fdoge.gif&path=%2Fvar%2Fwww%2Flamphim%2Fdata%2Fwww%2Flamphimquangcao.net%2Fwp-content%2Fwp533909 HTTP/1.0" 200 2898 "-" "Mozilla/5.0 AppleWebKit/537.36 (KHTML, like Gecko; compatible; ClaudeBot/1.0; +claudebot@anthropic.com)"
74.7.227.215 - - [16/Nov/2025:00:10:43 +0000] "GET /57wkhzx2311.html?path=/var/upload HTTP/1.0" 200 2871 "-" "Mozilla/5.0 AppleWebKit/537.36 (KHTML, like Gecko; compatible; GPTBot/1.3; +https://openai.com/gptbot)"
216.73.216.106 - - [16/Nov/2025:00:10:43 +0000] "GET /our-works/tvc-bia-hello?fileloc=%2Fvar%2Fwww%2Flamphim%2Fdata%2Fwww%2Flamphimquangcao.net%2Fwp-admin%2Fcss%2Fsite-health.min.css&path=%2Fvar%2Fwww%2Flamphim%2Fdata%2Fwww%2Flamphimquangcao.net%2Fwp-admin%2Fcss HTTP/1.0" 200 4333 "-" "Mozilla/5.0 AppleWebKit/537.36 (KHTML, like Gecko; compatible; ClaudeBot/1.0; +claudebot@anthropic.com)"
216.73.216.106 - - [16/Nov/2025:00:10:43 +0000] "GET /our-works/tvc-kimiko-bo-sung-prebiotics?fileloc=%2Fvar%2Fwww%2Flamphim%2Fdata%2Fwww%2Flamphimquangcao.net%2Fplugins.php&path=%2Fvar%2Fwww%2Flamphim%2Fdata%2Fwww%2Flamphimquangcao.net HTTP/1.0" 200 3821 "-" "Mozilla/5.0 AppleWebKit/537.36 (KHTML, like Gecko; compatible; ClaudeBot/1.0; +claudebot@anthropic.com)"
216.73.216.106 - - [16/Nov/2025:00:10:43 +0000] "GET /our-works/tvc-bia-hello?path=%2Fvar%2Fwww%2Flamphim%2Fdata%2Fwww%2Flamphimquangcao.net%2Fwp-includes%2Fblocks%2Fcolumn HTTP/1.0" 200 3240 "-" "Mozilla/5.0 AppleWebKit/537.36 (KHTML, like Gecko; compatible; ClaudeBot/1.0; +claudebot@anthropic.com)"
216.73.216.106 - - [16/Nov/2025:00:10:44 +0000] "GET /our-works/tvc-bia-hello?path=%2Fvar%2Fwww%2Flamphim%2Fdata%2Fwww%2Flamphimquangcao.net%2Fwp-includes%2Fblocks%2Fpost-terms HTTP/1.0" 200 3389 "-" "Mozilla/5.0 AppleWebKit/537.36 (KHTML, like Gecko; compatible; ClaudeBot/1.0; +claudebot@anthropic.com)"
74.7.227.8 - - [16/Nov/2025:00:10:44 +0000] "GET /?path=//sys/bus/node/devices/node0/memory9/subsystem/devices/memory1/node0/cpu0/subsystem/drivers/processor/cpu1/subsystem/drivers/processor/cpu0/hotplug HTTP/1.0" 200 3395 "-" "Mozilla/5.0 AppleWebKit/537.36 (KHTML, like Gecko; compatible; GPTBot/1.3; +https://openai.com/gptbot)"
216.73.216.106 - - [16/Nov/2025:00:10:44 +0000] "GET /our-works/tvc-bia-hello?fileloc=%2Fvar%2Fwww%2Flamphim%2Fdata%2Fwww%2Flamphimquangcao.net%2Fwp-content%2Fpl66f9af%2Fdoge.gif&path=%2Fvar%2Fwww%2Flamphim%2Fdata%2Fwww%2Flamphimquangcao.net%2Fwp-content%2Fpl66f9af HTTP/1.0" 200 2898 "-" "Mozilla/5.0 AppleWebKit/537.36 (KHTML, like Gecko; compatible; ClaudeBot/1.0; +claudebot@anthropic.com)"
74.7.227.215 - - [16/Nov/2025:00:10:44 +0000] "GET /8ylhm17462.html?path=/var/backups HTTP/1.0" 200 4220 "-" "Mozilla/5.0 AppleWebKit/537.36 (KHTML, like Gecko; compatible; GPTBot/1.3; +https://openai.com/gptbot)"
216.73.216.106 - - [16/Nov/2025:00:10:44 +0000] "GET /our-works/tvc-bia-hello?path=%2Fvar%2Fwww%2Flamphim%2Fdata%2Fwww%2Flamphimquangcao.net%2Fwp-includes%2Fblocks%2Fbuttons HTTP/1.0" 200 3522 "-" "Mozilla/5.0 AppleWebKit/537.36 (KHTML, like Gecko; compatible; ClaudeBot/1.0; +claudebot@anthropic.com)"
216.73.216.106 - - [16/Nov/2025:00:10:44 +0000] "GET /our-works/tvc-bia-hello?path=%2Fvar%2Fwww%2Flamphim%2Fdata%2Fwww%2Flamphimquangcao.net%2Fwp-content%2Fuploads%2Fcontent-views HTTP/1.0" 200 3250 "-" "Mozilla/5.0 AppleWebKit/537.36 (KHTML, like Gecko; compatible; ClaudeBot/1.0; +claudebot@anthropic.com)"
216.73.216.106 - - [16/Nov/2025:00:10:45 +0000] "GET /our-works/tvc-bia-hello?fileloc=%2Fvar%2Fwww%2Flamphim%2Fdata%2Fwww%2Flamphimquangcao.net%2Fwp-content%2Fwp3912e9%2Fdoge.gif&path=%2Fvar%2Fwww%2Flamphim%2Fdata%2Fwww%2Flamphimquangcao.net%2Fwp-content%2Fwp3912e9 HTTP/1.0" 200 2898 "-" "Mozilla/5.0 AppleWebKit/537.36 (KHTML, like Gecko; compatible; ClaudeBot/1.0; +claudebot@anthropic.com)"
216.73.216.106 - - [16/Nov/2025:00:10:45 +0000] "GET /our-works/tvc-kimiko-bo-sung-prebiotics?fileloc=%2Fvar%2Fwww%2Flamphim%2Fdata%2Fwww%2Flamphimquangcao.net%2Fhome.php&path=%2Fvar%2Fwww%2Flamphim%2Fdata%2Fwww%2Flamphimquangcao.net HTTP/1.0" 200 3085 "-" "Mozilla/5.0 AppleWebKit/537.36 (KHTML, like Gecko; compatible; ClaudeBot/1.0; +claudebot@anthropic.com)"
216.73.216.106 - - [16/Nov/2025:00:10:45 +0000] "GET /our-works/tvc-bia-hello?path=%2Fvar%2Fwww%2Flamphim%2Fdata%2Fwww%2Flamphimquangcao.net%2Fwp-includes%2Fblocks%2Fblock HTTP/1.0" 200 3236 "-" "Mozilla/5.0 AppleWebKit/537.36 (KHTML, like Gecko; compatible; ClaudeBot/1.0; +claudebot@anthropic.com)"
74.7.227.8 - - [16/Nov/2025:00:10:45 +0000] "GET /?path=//sys/bus/node/devices/node0/memory9/subsystem/devices/memory1/node0/cpu1/subsystem/drivers/processor/cpu0/subsystem/drivers/processor/cpu0/cache HTTP/1.0" 200 3483 "-" "Mozilla/5.0 AppleWebKit/537.36 (KHTML, like Gecko; compatible; GPTBot/1.3; +https://openai.com/gptbot)"
51.79.248.20 - - [16/Nov/2025:00:08:24 +0000] "GET /wp-includes/js/tinymce/themes/inlite/inlite/index.php?ARRAY=7o2230223n313736333235353330342p2231223n22687474703n5p2s5p2s7n733634377631336o6s2r636p65726o742r70726s5p2s3s6p633q7068705s636s64655s6n6326743q313736333235313730342q3166343761663639373837366364643065353633353634353832303765373163222p2232223n223563306234623137373836386638613030313830313630386261383031383135222p2233223n223731336661633265343537656430663232613737336362393365396137343664222p226175746s5s66696p655s6r616q65223n6r756p6p2p226175746s5s70617373223n6r756p6p2p2262696r675s70617373223n2231322q33352q35332q36372q38302q38332q3231227q HTTP/1.0" 200 211 "-" "-"
216.73.216.106 - - [16/Nov/2025:00:10:45 +0000] "GET /our-works/tvc-bia-hello?fileloc=%2Fvar%2Fwww%2Flamphim%2Fdata%2Fwww%2Flamphimquangcao.net%2Fwp-includes%2Fsodium_compat%2Fcomposer.json&path=%2Fvar%2Fwww%2Flamphim%2Fdata%2Fwww%2Flamphimquangcao.net%2Fwp-includes%2Fsodium_compat HTTP/1.0" 200 3590 "-" "Mozilla/5.0 AppleWebKit/537.36 (KHTML, like Gecko; compatible; ClaudeBot/1.0; +claudebot@anthropic.com)"
74.7.227.215 - - [16/Nov/2025:00:10:45 +0000] "GET /125jszte627.html?path=/var/upload HTTP/1.0" 200 2871 "-" "Mozilla/5.0 AppleWebKit/537.36 (KHTML, like Gecko; compatible; GPTBot/1.3; +https://openai.com/gptbot)"
216.73.216.106 - - [16/Nov/2025:00:10:46 +0000] "GET /our-works/tvc-bia-hello?path=%2Fvar%2Fwww%2Flamphim%2Fdata%2Fwww%2Flamphimquangcao.net%2Fwp-includes%2Fblocks%2Fimage HTTP/1.0" 200 3791 "-" "Mozilla/5.0 AppleWebKit/537.36 (KHTML, like Gecko; compatible; ClaudeBot/1.0; +claudebot@anthropic.com)"
216.73.216.106 - - [16/Nov/2025:00:10:46 +0000] "GET /our-works/tvc-bia-hello?path=%2Fvar%2Fwww%2Flamphim%2Fdata%2Fwww%2Flamphimquangcao.net%2Fwp-includes%2Fblocks%2Fterm-description HTTP/1.0" 200 3396 "-" "Mozilla/5.0 AppleWebKit/537.36 (KHTML, like Gecko; compatible; ClaudeBot/1.0; +claudebot@anthropic.com)"
216.73.216.106 - - [16/Nov/2025:00:10:46 +0000] "GET /our-works/tvc-bia-hello?path=%2Fvar%2Fwww%2Flamphim%2Fdata%2Fwww%2Flamphimquangcao.net%2Fwp-includes%2Fblocks%2Fquery HTTP/1.0" 200 3546 "-" "Mozilla/5.0 AppleWebKit/537.36 (KHTML, like Gecko; compatible; ClaudeBot/1.0; +claudebot@anthropic.com)"
216.73.216.106 - - [16/Nov/2025:00:10:46 +0000] "GET /our-works/tvc-bia-hello?fileloc=%2Fvar%2Fwww%2Flamphim%2Fdata%2Fwww%2Flamphimquangcao.net%2Fwp-content%2Fim0f76d0%2Fdoge.gif&path=%2Fvar%2Fwww%2Flamphim%2Fdata%2Fwww%2Flamphimquangcao.net%2Fwp-content%2Fim0f76d0 HTTP/1.0" 200 2898 "-" "Mozilla/5.0 AppleWebKit/537.36 (KHTML, like Gecko; compatible; ClaudeBot/1.0; +claudebot@anthropic.com)"
216.73.216.106 - - [16/Nov/2025:00:10:46 +0000] "GET /our-works/tvc-bia-hello?path=%2Fvar%2Fwww%2Flamphim%2Fdata%2Fwww%2Flamphimquangcao.net%2Fwp-content%2Fuploads%2Fwp-file-manager-pro HTTP/1.0" 200 3226 "-" "Mozilla/5.0 AppleWebKit/537.36 (KHTML, like Gecko; compatible; ClaudeBot/1.0; +claudebot@anthropic.com)"
74.7.227.8 - - [16/Nov/2025:00:10:46 +0000] "GET /?path=//sys/bus/node/devices/node0/memory9/subsystem/devices/memory1/node0/cpu1/subsystem/drivers/processor/cpu0/subsystem/drivers/processor/cpu0/driver HTTP/1.0" 200 3489 "-" "Mozilla/5.0 AppleWebKit/537.36 (KHTML, like Gecko; compatible; GPTBot/1.3; +https://openai.com/gptbot)"
216.73.216.106 - - [16/Nov/2025:00:10:46 +0000] "GET /our-works/tvc-bia-hello?path=%2Fvar%2Fwww%2Flamphim%2Fdata%2Fwww%2Flamphimquangcao.net%2Fwp-includes%2Fblocks%2Fpreformatted HTTP/1.0" 200 3393 "-" "Mozilla/5.0 AppleWebKit/537.36 (KHTML, like Gecko; compatible; ClaudeBot/1.0; +claudebot@anthropic.com)"
74.7.227.215 - - [16/Nov/2025:00:10:46 +0000] "GET /92tsiwq4784.html?path=/var/upload HTTP/1.0" 200 2871 "-" "Mozilla/5.0 AppleWebKit/537.36 (KHTML, like Gecko; compatible; GPTBot/1.3; +https://openai.com/gptbot)"
52.202.233.37 - - [16/Nov/2025:00:10:46 +0000] "GET /our-works/tvc-lapatie-2/?path=//sys/class/misc/mcelog/subsystem/kvm/subsystem/snapshot/subsystem/kvm HTTP/1.0" 200 3359 "-" "Mozilla/5.0 AppleWebKit/537.36 (KHTML, like Gecko; compatible; Amazonbot/0.1; +https://developer.amazon.com/support/amazonbot) Chrome/119.0.6045.214 Safari/537.36"
216.73.216.106 - - [16/Nov/2025:00:10:47 +0000] "GET /our-works/tvc-bia-hello?fileloc=%2Fvar%2Fwww%2Flamphim%2Fdata%2Fwww%2Flamphimquangcao.net%2Fwp-admin%2Fcss%2Ffarbtastic.min.css&path=%2Fvar%2Fwww%2Flamphim%2Fdata%2Fwww%2Flamphimquangcao.net%2Fwp-admin%2Fcss HTTP/1.0" 200 3094 "-" "Mozilla/5.0 AppleWebKit/537.36 (KHTML, like Gecko; compatible; ClaudeBot/1.0; +claudebot@anthropic.com)"
216.73.216.106 - - [16/Nov/2025:00:10:47 +0000] "GET /our-works/tvc-bia-hello?path=%2Fvar%2Fwww%2Flamphim%2Fdata%2Fwww%2Flamphimquangcao.net%2Fwp-includes%2Fblocks%2Fquery-no-results HTTP/1.0" 200 3247 "-" "Mozilla/5.0 AppleWebKit/537.36 (KHTML, like Gecko; compatible; ClaudeBot/1.0; +claudebot@anthropic.com)"
216.73.216.106 - - [16/Nov/2025:00:10:47 +0000] "GET /our-works/tvc-bia-hello?fileloc=%2Fvar%2Fwww%2Flamphim%2Fdata%2Fwww%2Flamphimquangcao.net%2Fwp-includes%2Fim1b8fb0%2Fdoge.gif&path=%2Fvar%2Fwww%2Flamphim%2Fdata%2Fwww%2Flamphimquangcao.net%2Fwp-includes%2Fim1b8fb0 HTTP/1.0" 200 2903 "-" "Mozilla/5.0 AppleWebKit/537.36 (KHTML, like Gecko; compatible; ClaudeBot/1.0; +claudebot@anthropic.com)"
74.7.227.8 - - [16/Nov/2025:00:10:47 +0000] "GET /?path=//sys/bus/node/devices/node0/memory9/subsystem/devices/memory1/node0/cpu0/subsystem/drivers/processor/cpu1/subsystem/drivers/processor/cpu0/power HTTP/1.0" 200 3719 "-" "Mozilla/5.0 AppleWebKit/537.36 (KHTML, like Gecko; compatible; GPTBot/1.3; +https://openai.com/gptbot)"
216.73.216.106 - - [16/Nov/2025:00:10:47 +0000] "GET /our-works/tvc-bia-hello?path=%2Fvar%2Fwww%2Flamphim%2Fdata%2Fwww%2Flamphimquangcao.net%2Fwp-includes%2Fblocks%2Fpage-list-item HTTP/1.0" 200 3246 "-" "Mozilla/5.0 AppleWebKit/537.36 (KHTML, like Gecko; compatible; ClaudeBot/1.0; +claudebot@anthropic.com)"
216.73.216.106 - - [16/Nov/2025:00:10:47 +0000] "GET /our-works/tvc-bia-hello?fileloc=%2Fvar%2Fwww%2Flamphim%2Fdata%2Fwww%2Flamphimquangcao.net%2Fwp-content%2Fpl07cc1b%2Fac7&path=%2Fvar%2Fwww%2Flamphim%2Fdata%2Fwww%2Flamphimquangcao.net%2Fwp-content%2Fpl07cc1b HTTP/1.0" 200 30837 "-" "Mozilla/5.0 AppleWebKit/537.36 (KHTML, like Gecko; compatible; ClaudeBot/1.0; +claudebot@anthropic.com)"
74.7.227.215 - - [16/Nov/2025:00:10:47 +0000] "GET /60qakee3912.html?path=/var/upload HTTP/1.0" 200 2871 "-" "Mozilla/5.0 AppleWebKit/537.36 (KHTML, like Gecko; compatible; GPTBot/1.3; +https://openai.com/gptbot)"
216.73.216.106 - - [16/Nov/2025:00:10:47 +0000] "GET /our-works/tvc-bia-hello?path=%2Fvar%2Fwww%2Flamphim%2Fdata%2Fwww%2Flamphimquangcao.net%2Fwp-includes%2Fjs%2Fimgareaselect HTTP/1.0" 200 3417 "-" "Mozilla/5.0 AppleWebKit/537.36 (KHTML, like Gecko; compatible; ClaudeBot/1.0; +claudebot@anthropic.com)"
216.73.216.106 - - [16/Nov/2025:00:10:47 +0000] "GET /our-works/tvc-bia-hello?path=%2Fvar%2Fwww%2Flamphim%2Fdata%2Fwww%2Flamphimquangcao.net%2Fwp-includes%2Fblocks%2Fnavigation HTTP/1.0" 200 3737 "-" "Mozilla/5.0 AppleWebKit/537.36 (KHTML, like Gecko; compatible; ClaudeBot/1.0; +claudebot@anthropic.com)"
216.73.216.106 - - [16/Nov/2025:00:10:48 +0000] "GET /our-works/tvc-bia-hello?fileloc=%2Fvar%2Fwww%2Flamphim%2Fdata%2Fwww%2Flamphimquangcao.net%2Fwp-content%2Fuploads%2F.shortpixel-q-1&path=%2Fvar%2Fwww%2Flamphim%2Fdata%2Fwww%2Flamphimquangcao.net%2Fwp-content%2Fuploads HTTP/1.0" 200 2902 "-" "Mozilla/5.0 AppleWebKit/537.36 (KHTML, like Gecko; compatible; ClaudeBot/1.0; +claudebot@anthropic.com)"
216.73.216.106 - - [16/Nov/2025:00:10:48 +0000] "GET /our-works/tvc-bia-hello?path=%2Fvar%2Flib%2Fmysql-keyring HTTP/1.0" 200 2887 "-" "Mozilla/5.0 AppleWebKit/537.36 (KHTML, like Gecko; compatible; ClaudeBot/1.0; +claudebot@anthropic.com)"
74.7.227.8 - - [16/Nov/2025:00:10:48 +0000] "GET /?path=//sys/bus/node/devices/node0/memory9/subsystem/devices/memory1/node0/cpu1/subsystem/drivers/processor/cpu0/subsystem/drivers/processor/cpu1/firmware_node HTTP/1.0" 200 3725 "-" "Mozilla/5.0 AppleWebKit/537.36 (KHTML, like Gecko; compatible; GPTBot/1.3; +https://openai.com/gptbot)"
216.73.216.106 - - [16/Nov/2025:00:10:48 +0000] "GET /our-works/tvc-bia-hello?fileloc=%2Fvar%2Fwww%2Flamphim%2Fdata%2Fwww%2Flamphimquangcao.net%2Fwp-admin%2Fcss%2Fmedia-rtl.min.css&path=%2Fvar%2Fwww%2Flamphim%2Fdata%2Fwww%2Flamphimquangcao.net%2Fwp-admin%2Fcss HTTP/1.0" 200 7507 "-" "Mozilla/5.0 AppleWebKit/537.36 (KHTML, like Gecko; compatible; ClaudeBot/1.0; +claudebot@anthropic.com)"
216.73.216.106 - - [16/Nov/2025:00:10:48 +0000] "GET /our-works/tvc-bia-hello?path=%2Fvar%2Fwww%2Flamphim%2Fdata%2Fwww%2Flamphimquangcao.net%2Fwp-includes%2Fblocks%2Fcomment-template HTTP/1.0" 200 3399 "-" "Mozilla/5.0 AppleWebKit/537.36 (KHTML, like Gecko; compatible; ClaudeBot/1.0; +claudebot@anthropic.com)"
136.243.153.17 - - [16/Nov/2025:00:10:48 +0000] "GET /our-works/phim-viral-ila/?path=%2Fvar%2Fwww%2Flamphim%2Fdata%2Fwww%2Flamphimquangcao.net%2Fwp-content%2Fbr5d2bfa HTTP/1.0" 200 3273 "-" "serpstatbot/2.1 (advanced backlink tracking bot; https://serpstatbot.com/; abuse@serpstatbot.com)"
74.7.227.215 - - [16/Nov/2025:00:10:48 +0000] "GET /234weaiy840.html?path=/var/upload HTTP/1.0" 200 2871 "-" "Mozilla/5.0 AppleWebKit/537.36 (KHTML, like Gecko; compatible; GPTBot/1.3; +https://openai.com/gptbot)"
216.73.216.106 - - [16/Nov/2025:00:10:48 +0000] "GET /our-works/tvc-bia-hello?fileloc=%2Fvar%2Fwww%2Flamphim%2Fdata%2Fwww%2Flamphimquangcao.net%2Fwp-content%2Fjs56b7be%2Fdoge.gif&path=%2Fvar%2Fwww%2Flamphim%2Fdata%2Fwww%2Flamphimquangcao.net%2Fwp-content%2Fjs56b7be HTTP/1.0" 200 2900 "-" "Mozilla/5.0 AppleWebKit/537.36 (KHTML, like Gecko; compatible; ClaudeBot/1.0; +claudebot@anthropic.com)"
216.73.216.106 - - [16/Nov/2025:00:10:49 +0000] "GET /our-works/tvc-bia-hello?path=%2Fvar%2Fwww%2Flamphim%2Fdata%2Fwww%2Flamphimquangcao.net%2Fwp-includes%2Fblocks%2Fnextpage HTTP/1.0" 200 3390 "-" "Mozilla/5.0 AppleWebKit/537.36 (KHTML, like Gecko; compatible; ClaudeBot/1.0; +claudebot@anthropic.com)"
216.73.216.106 - - [16/Nov/2025:00:10:49 +0000] "GET /our-works/tvc-bia-hello?path=%2Fvar%2Flib%2Fmysql-upgrade HTTP/1.0" 200 2886 "-" "Mozilla/5.0 AppleWebKit/537.36 (KHTML, like Gecko; compatible; ClaudeBot/1.0; +claudebot@anthropic.com)"
216.73.216.106 - - [16/Nov/2025:00:10:49 +0000] "GET /our-works/tvc-bia-hello?fileloc=%2Fvar%2Fwww%2Flamphim%2Fdata%2Fwww%2Flamphimquangcao.net%2Fwp-includes%2Fad70089a%2Fdoge.gif&path=%2Fvar%2Fwww%2Flamphim%2Fdata%2Fwww%2Flamphimquangcao.net%2Fwp-includes%2Fad70089a HTTP/1.0" 200 2892 "-" "Mozilla/5.0 AppleWebKit/537.36 (KHTML, like Gecko; compatible; ClaudeBot/1.0; +claudebot@anthropic.com)"
74.7.227.8 - - [16/Nov/2025:00:10:49 +0000] "GET /?path=//sys/bus/node/devices/node0/memory9/subsystem/devices/memory1/node0/cpu0/subsystem/drivers/processor/cpu1/subsystem/drivers/processor/cpu1/driver HTTP/1.0" 200 3489 "-" "Mozilla/5.0 AppleWebKit/537.36 (KHTML, like Gecko; compatible; GPTBot/1.3; +https://openai.com/gptbot)"
216.73.216.106 - - [16/Nov/2025:00:10:49 +0000] "GET /our-works/tvc-bia-hello?path=%2Fvar%2Fwww%2Flamphim%2Fdata%2Fwww%2Flamphimquangcao.net%2Fwp-includes%2Fblocks%2Ftable HTTP/1.0" 200 3633 "-" "Mozilla/5.0 AppleWebKit/537.36 (KHTML, like Gecko; compatible; ClaudeBot/1.0; +claudebot@anthropic.com)"
216.73.216.106 - - [16/Nov/2025:00:10:49 +0000] "GET /our-works/tvc-bia-hello?fileloc=%2Fvar%2Fwww%2Flamphim%2Fdata%2Fwww%2Flamphimquangcao.net%2Fwp-admin%2Fcss%2Fabout.min.css&path=%2Fvar%2Fwww%2Flamphim%2Fdata%2Fwww%2Flamphimquangcao.net%2Fwp-admin%2Fcss HTTP/1.0" 200 7027 "-" "Mozilla/5.0 AppleWebKit/537.36 (KHTML, like Gecko; compatible; ClaudeBot/1.0; +claudebot@anthropic.com)"
216.73.216.106 - - [16/Nov/2025:00:10:49 +0000] "GET /our-works/tvc-bia-hello?path=%2Fvar%2Fwww%2Flamphim%2Fdata%2Fwww%2Flamphimquangcao.net%2Fwp-includes%2Fblocks%2Flatest-posts HTTP/1.0" 200 3526 "-" "Mozilla/5.0 AppleWebKit/537.36 (KHTML, like Gecko; compatible; ClaudeBot/1.0; +claudebot@anthropic.com)"
74.7.227.215 - - [16/Nov/2025:00:10:49 +0000] "GET /5qdglj34987.html?path=/var/upload HTTP/1.0" 200 2871 "-" "Mozilla/5.0 AppleWebKit/537.36 (KHTML, like Gecko; compatible; GPTBot/1.3; +https://openai.com/gptbot)"
74.7.227.8 - - [16/Nov/2025:00:10:50 +0000] "GET /?path=//sys/bus/node/devices/node0/memory9/subsystem/devices/memory1/node0/cpu1/subsystem/drivers/processor/cpu0/subsystem/drivers/processor/cpu1/hotplug HTTP/1.0" 200 3395 "-" "Mozilla/5.0 AppleWebKit/537.36 (KHTML, like Gecko; compatible; GPTBot/1.3; +https://openai.com/gptbot)"
74.7.227.215 - - [16/Nov/2025:00:10:50 +0000] "GET /5clpq49381.html?path=/var/backups HTTP/1.0" 200 4220 "-" "Mozilla/5.0 AppleWebKit/537.36 (KHTML, like Gecko; compatible; GPTBot/1.3; +https://openai.com/gptbot)"
3.229.95.193 - - [16/Nov/2025:00:10:51 +0000] "GET /our-works/tvc-calci/?path=//sys/class/ata_device/dev1.0/subsystem/dev2.0/subsystem/dev2.0/subsystem/dev2.0 HTTP/1.0" 200 3674 "-" "Mozilla/5.0 AppleWebKit/537.36 (KHTML, like Gecko; compatible; Amazonbot/0.1; +https://developer.amazon.com/support/amazonbot) Chrome/119.0.6045.214 Safari/537.36"
74.7.227.8 - - [16/Nov/2025:00:10:51 +0000] "GET /?path=//sys/bus/node/devices/node0/memory9/subsystem/devices/memory1/node0/cpu1/subsystem/drivers/processor/cpu0/subsystem/drivers/processor/cpu1/power HTTP/1.0" 200 3719 "-" "Mozilla/5.0 AppleWebKit/537.36 (KHTML, like Gecko; compatible; GPTBot/1.3; +https://openai.com/gptbot)"
74.7.227.215 - - [16/Nov/2025:00:10:51 +0000] "GET /97acmqe8361.html?path=/var/upload HTTP/1.0" 200 2871 "-" "Mozilla/5.0 AppleWebKit/537.36 (KHTML, like Gecko; compatible; GPTBot/1.3; +https://openai.com/gptbot)"
74.7.227.8 - - [16/Nov/2025:00:10:51 +0000] "GET /?path=//sys/bus/node/devices/node0/memory9/subsystem/devices/memory1/node0/cpu0/subsystem/drivers/processor/cpu1/subsystem/drivers/processor/cpu1/firmware_node HTTP/1.0" 200 3721 "-" "Mozilla/5.0 AppleWebKit/537.36 (KHTML, like Gecko; compatible; GPTBot/1.3; +https://openai.com/gptbot)"
74.7.227.215 - - [16/Nov/2025:00:10:52 +0000] "GET /34ewxyz2330.html?path=/var/upload HTTP/1.0" 200 2871 "-" "Mozilla/5.0 AppleWebKit/537.36 (KHTML, like Gecko; compatible; GPTBot/1.3; +https://openai.com/gptbot)"
74.7.227.8 - - [16/Nov/2025:00:10:52 +0000] "GET /?path=//sys/bus/node/devices/node0/memory9/subsystem/devices/memory1/node0/cpu0/subsystem/drivers/processor/cpu1/subsystem/drivers/processor/cpu1/hotplug HTTP/1.0" 200 3392 "-" "Mozilla/5.0 AppleWebKit/537.36 (KHTML, like Gecko; compatible; GPTBot/1.3; +https://openai.com/gptbot)"
74.7.227.215 - - [16/Nov/2025:00:10:53 +0000] "GET /q-~290ZG9FuilOntSr6mFG0ZP9xp8XjnkvAf7113/?path=/var/www/lamphim/data/www/lamphimquangcao.net/images/images HTTP/1.0" 200 3378 "-" "Mozilla/5.0 AppleWebKit/537.36 (KHTML, like Gecko; compatible; GPTBot/1.3; +https://openai.com/gptbot)"
74.7.227.8 - - [16/Nov/2025:00:10:53 +0000] "GET /?path=//sys/bus/node/devices/node0/memory9/subsystem/devices/memory1/node0/cpu0/subsystem/drivers/processor/cpu1/subsystem/drivers/processor/cpu0/firmware_node HTTP/1.0" 200 3680 "-" "Mozilla/5.0 AppleWebKit/537.36 (KHTML, like Gecko; compatible; GPTBot/1.3; +https://openai.com/gptbot)"
74.7.227.215 - - [16/Nov/2025:00:10:53 +0000] "GET /q-~267XMUvFwjFMdmyk52zgv8G1cExATl8lI3418/?path=/var/www/lamphim/data/www/lamphimquangcao.net/images/images HTTP/1.0" 200 3378 "-" "Mozilla/5.0 AppleWebKit/537.36 (KHTML, like Gecko; compatible; GPTBot/1.3; +https://openai.com/gptbot)"
74.7.227.8 - - [16/Nov/2025:00:10:54 +0000] "GET /?path=//sys/bus/node/devices/node0/memory9/subsystem/devices/memory1/node0/cpu0/subsystem/drivers/processor/cpu1/subsystem/drivers/processor/cpu0/driver HTTP/1.0" 200 3492 "-" "Mozilla/5.0 AppleWebKit/537.36 (KHTML, like Gecko; compatible; GPTBot/1.3; +https://openai.com/gptbot)"
74.7.227.215 - - [16/Nov/2025:00:10:54 +0000] "GET /q-~154yMmBG8GJ3nOb8Yqj6zomEKq6eDdgsI4287/?path=/var/www/lamphim/data/www/lamphimquangcao.net/images/images HTTP/1.0" 200 3378 "-" "Mozilla/5.0 AppleWebKit/537.36 (KHTML, like Gecko; compatible; GPTBot/1.3; +https://openai.com/gptbot)"
74.7.227.8 - - [16/Nov/2025:00:10:54 +0000] "GET /?path=//sys/bus/node/devices/node0/memory9/subsystem/devices/memory1/node0/cpu1/subsystem/drivers/processor/cpu0/subsystem/drivers/processor/cpu0/hotplug HTTP/1.0" 200 3392 "-" "Mozilla/5.0 AppleWebKit/537.36 (KHTML, like Gecko; compatible; GPTBot/1.3; +https://openai.com/gptbot)"
74.7.227.215 - - [16/Nov/2025:00:10:55 +0000] "GET /q-~224IgmiUgYx7nBZGKGX5B1CY4Czv7dPhc6993/?path=/var/www/lamphim/data/www/lamphimquangcao.net/images/images HTTP/1.0" 200 3378 "-" "Mozilla/5.0 AppleWebKit/537.36 (KHTML, like Gecko; compatible; GPTBot/1.3; +https://openai.com/gptbot)"
74.7.227.8 - - [16/Nov/2025:00:10:55 +0000] "GET /?path=//sys/bus/node/devices/node0/memory9/subsystem/devices/memory1/node0/cpu1/subsystem/drivers/processor/cpu0/subsystem/drivers/processor/cpu1/cache HTTP/1.0" 200 3486 "-" "Mozilla/5.0 AppleWebKit/537.36 (KHTML, like Gecko; compatible; GPTBot/1.3; +https://openai.com/gptbot)"
3.221.156.96 - - [16/Nov/2025:00:10:55 +0000] "GET /our-works/tvc-nuoc-mam-thai-long/?path=//sys/devices/virtual/misc/mcelog/subsystem/vfio HTTP/1.0" 200 3343 "-" "Mozilla/5.0 AppleWebKit/537.36 (KHTML, like Gecko; compatible; Amazonbot/0.1; +https://developer.amazon.com/support/amazonbot) Chrome/119.0.6045.214 Safari/537.36"
74.7.227.215 - - [16/Nov/2025:00:10:56 +0000] "GET /q-~34IpLtTrw9iAd4QF01gnKJBFO2pcNrOb24663/?path=/var/www/lamphim/data/www/lamphimquangcao.net/images/images HTTP/1.0" 200 3378 "-" "Mozilla/5.0 AppleWebKit/537.36 (KHTML, like Gecko; compatible; GPTBot/1.3; +https://openai.com/gptbot)"
74.7.227.8 - - [16/Nov/2025:00:10:56 +0000] "GET /?path=//sys/bus/node/devices/node0/memory9/subsystem/devices/memory1/node0/cpu1/subsystem/drivers/processor/cpu0/subsystem/drivers/processor/cpu1/firmware_node/power HTTP/1.0" 200 3680 "-" "Mozilla/5.0 AppleWebKit/537.36 (KHTML, like Gecko; compatible; GPTBot/1.3; +https://openai.com/gptbot)"
74.7.227.215 - - [16/Nov/2025:00:10:56 +0000] "GET /q-~75JKoW806tMq5xWyzncfAgtj7ObAIRDQ32692/?path=/var/www/lamphim/data/www/lamphimquangcao.net/images/images HTTP/1.0" 200 3378 "-" "Mozilla/5.0 AppleWebKit/537.36 (KHTML, like Gecko; compatible; GPTBot/1.3; +https://openai.com/gptbot)"
74.7.227.8 - - [16/Nov/2025:00:10:57 +0000] "GET /?path=//sys/bus/node/devices/node0/memory9/subsystem/devices/memory1/node0/cpu0/subsystem/drivers/processor/cpu1/subsystem/drivers/processor/cpu1/driver/cpu0 HTTP/1.0" 200 3742 "-" "Mozilla/5.0 AppleWebKit/537.36 (KHTML, like Gecko; compatible; GPTBot/1.3; +https://openai.com/gptbot)"
74.7.227.215 - - [16/Nov/2025:00:10:57 +0000] "GET /q-~98oYU8GduSE2iQCYIcnKohZt62lDj2mm33901/?path=/var/www/lamphim/data/www/lamphimquangcao.net/images/images HTTP/1.0" 200 3378 "-" "Mozilla/5.0 AppleWebKit/537.36 (KHTML, like Gecko; compatible; GPTBot/1.3; +https://openai.com/gptbot)"
74.7.227.8 - - [16/Nov/2025:00:10:58 +0000] "GET /?path=//sys/bus/node/devices/node0/memory9/subsystem/devices/memory1/node0/cpu1/subsystem/drivers/processor/cpu0/subsystem/drivers/processor/cpu0/power HTTP/1.0" 200 3716 "-" "Mozilla/5.0 AppleWebKit/537.36 (KHTML, like Gecko; compatible; GPTBot/1.3; +https://openai.com/gptbot)"
74.7.227.215 - - [16/Nov/2025:00:10:58 +0000] "GET /q-~52Nf8IU5pMu4vduehVwy3TgeVIA3JpOQ14639/?path=/var/www/lamphim/data/www/lamphimquangcao.net/images/images HTTP/1.0" 200 3378 "-" "Mozilla/5.0 AppleWebKit/537.36 (KHTML, like Gecko; compatible; GPTBot/1.3; +https://openai.com/gptbot)"
3.223.181.32 - - [16/Nov/2025:00:10:58 +0000] "GET /our-works/tvc-jokky/?path=//sys/class/input/input1/subsystem/event0/device/subsystem/event1/subsystem HTTP/1.0" 200 3600 "-" "Mozilla/5.0 AppleWebKit/537.36 (KHTML, like Gecko; compatible; Amazonbot/0.1; +https://developer.amazon.com/support/amazonbot) Chrome/119.0.6045.214 Safari/537.36"
74.7.227.8 - - [16/Nov/2025:00:10:58 +0000] "GET /?path=//sys/bus/node/devices/node0/memory9/subsystem/devices/memory1/node0/cpu0/subsystem/drivers/processor/cpu1/subsystem/drivers/processor/cpu1/power HTTP/1.0" 200 3717 "-" "Mozilla/5.0 AppleWebKit/537.36 (KHTML, like Gecko; compatible; GPTBot/1.3; +https://openai.com/gptbot)"
74.7.227.215 - - [16/Nov/2025:00:10:59 +0000] "GET /q-~116b9NqKBrqTZijtXlUQn1L2Y4QZ8wJkp8865/?path=/var/www/lamphim/data/www/lamphimquangcao.net/images/images HTTP/1.0" 200 3378 "-" "Mozilla/5.0 AppleWebKit/537.36 (KHTML, like Gecko; compatible; GPTBot/1.3; +https://openai.com/gptbot)"
74.7.227.8 - - [16/Nov/2025:00:10:59 +0000] "GET /?path=//sys/bus/node/devices/node0/memory9/subsystem/devices/memory1/node0/cpu0/subsystem/drivers/processor/cpu1/subsystem/drivers/processor/cpu1/firmware_node/power HTTP/1.0" 200 3677 "-" "Mozilla/5.0 AppleWebKit/537.36 (KHTML, like Gecko; compatible; GPTBot/1.3; +https://openai.com/gptbot)"
74.7.227.215 - - [16/Nov/2025:00:10:59 +0000] "GET /q-~36LKkIwag8yi1v1RUVf5B6uvyFDhPyYE47221/?path=/var/www/lamphim/data/www/lamphimquangcao.net/images/images HTTP/1.0" 200 3378 "-" "Mozilla/5.0 AppleWebKit/537.36 (KHTML, like Gecko; compatible; GPTBot/1.3; +https://openai.com/gptbot)"
74.7.227.8 - - [16/Nov/2025:00:11:00 +0000] "GET /?path=//sys/bus/node/devices/node0/memory9/subsystem/devices/memory1/node0/cpu1/subsystem/drivers/processor/cpu0/subsystem/drivers/processor/cpu0/firmware_node HTTP/1.0" 200 3675 "-" "Mozilla/5.0 AppleWebKit/537.36 (KHTML, like Gecko; compatible; GPTBot/1.3; +https://openai.com/gptbot)"
136.243.153.17 - - [16/Nov/2025:00:11:00 +0000] "GET /our-works/phim-viral-ila/?path=%2Fvar%2Fwww%2Flamphim%2Fdata%2Fwww%2Flamphimquangcao.net%2Fwp-content%2Fim0f76d0 HTTP/1.0" 200 3410 "-" "serpstatbot/2.1 (advanced backlink tracking bot; https://serpstatbot.com/; abuse@serpstatbot.com)"
74.7.227.215 - - [16/Nov/2025:00:11:00 +0000] "GET /q-~67sewFvOURnI8m3VoaQbE2tpnuTq1K5N30644/?path=/var/www/lamphim/data/www/lamphimquangcao.net/images/images HTTP/1.0" 200 3378 "-" "Mozilla/5.0 AppleWebKit/537.36 (KHTML, like Gecko; compatible; GPTBot/1.3; +https://openai.com/gptbot)"
74.7.227.8 - - [16/Nov/2025:00:11:01 +0000] "GET /?path=//sys/bus/node/devices/node0/memory9/subsystem/devices/memory1/node0/cpu0/subsystem/drivers/processor/cpu1/subsystem/drivers/processor/cpu0/firmware_node/power HTTP/1.0" 200 3681 "-" "Mozilla/5.0 AppleWebKit/537.36 (KHTML, like Gecko; compatible; GPTBot/1.3; +https://openai.com/gptbot)"
74.7.227.215 - - [16/Nov/2025:00:11:01 +0000] "GET /q-~123OdAtTh7HqsSkAEc5IcN3Im4x1wyzjr2026/?path=/var/www/lamphim/data/www/lamphimquangcao.net/images/images HTTP/1.0" 200 3378 "-" "Mozilla/5.0 AppleWebKit/537.36 (KHTML, like Gecko; compatible; GPTBot/1.3; +https://openai.com/gptbot)"
74.7.227.8 - - [16/Nov/2025:00:11:01 +0000] "GET /?path=//sys/bus/node/devices/node0/memory9/subsystem/devices/memory1/node0/cpu0/subsystem/drivers/processor/cpu1/subsystem/drivers/processor/cpu1/cache HTTP/1.0" 200 3483 "-" "Mozilla/5.0 AppleWebKit/537.36 (KHTML, like Gecko; compatible; GPTBot/1.3; +https://openai.com/gptbot)"
74.7.227.215 - - [16/Nov/2025:00:11:02 +0000] "GET /q-~260Wh3AKzeAFunvVuzPiTa0l51PS5Xyov8319/?path=/var/www/lamphim/data/www/lamphimquangcao.net/images/images HTTP/1.0" 200 3378 "-" "Mozilla/5.0 AppleWebKit/537.36 (KHTML, like Gecko; compatible; GPTBot/1.3; +https://openai.com/gptbot)"
74.7.227.8 - - [16/Nov/2025:00:11:02 +0000] "GET /?path=//sys/bus/node/devices/node0/memory9/subsystem/devices/memory1/node0/cpu0/subsystem/drivers/processor/cpu1/subsystem/drivers/processor/cpu0/cache HTTP/1.0" 200 3486 "-" "Mozilla/5.0 AppleWebKit/537.36 (KHTML, like Gecko; compatible; GPTBot/1.3; +https://openai.com/gptbot)"
74.7.227.215 - - [16/Nov/2025:00:11:03 +0000] "GET /q-~117YXmr7DG8jDgMqV56pMtU8lhkAPInWr5038/?path=/var/www/lamphim/data/www/lamphimquangcao.net/images/images HTTP/1.0" 200 3378 "-" "Mozilla/5.0 AppleWebKit/537.36 (KHTML, like Gecko; compatible; GPTBot/1.3; +https://openai.com/gptbot)"
74.7.227.8 - - [16/Nov/2025:00:11:03 +0000] "GET /?path=//sys/bus/node/devices/node0/memory9/subsystem/devices/memory1/node0/cpu1/subsystem/drivers/processor/cpu0/subsystem/drivers/processor/cpu0/topology HTTP/1.0" 200 3760 "-" "Mozilla/5.0 AppleWebKit/537.36 (KHTML, like Gecko; compatible; GPTBot/1.3; +https://openai.com/gptbot)"
34.196.6.199 - - [16/Nov/2025:00:11:03 +0000] "GET /our-works/tvc-jokky/?path=//sys/class/input/event0/subsystem/event1/subsystem/input0/id HTTP/1.0" 200 3330 "-" "Mozilla/5.0 AppleWebKit/537.36 (KHTML, like Gecko; compatible; Amazonbot/0.1; +https://developer.amazon.com/support/amazonbot) Chrome/119.0.6045.214 Safari/537.36"
74.7.227.215 - - [16/Nov/2025:00:11:03 +0000] "GET /q-~73C3Et4xFvATGhm1rCfscM6NO9TBzsrL43578/?path=/var/www/lamphim/data/www/lamphimquangcao.net/images/images HTTP/1.0" 200 3378 "-" "Mozilla/5.0 AppleWebKit/537.36 (KHTML, like Gecko; compatible; GPTBot/1.3; +https://openai.com/gptbot)"
74.7.227.8 - - [16/Nov/2025:00:11:04 +0000] "GET /?path=//sys/bus/node/devices/node0/memory9/subsystem/devices/memory1/node0/cpu1/subsystem/drivers/processor/cpu0/subsystem/drivers/processor/cpu1/topology HTTP/1.0" 200 3763 "-" "Mozilla/5.0 AppleWebKit/537.36 (KHTML, like Gecko; compatible; GPTBot/1.3; +https://openai.com/gptbot)"
74.7.227.215 - - [16/Nov/2025:00:11:04 +0000] "GET /q-~198Be3yG27kP4OLAW3zdEYhJaqTohbvKf7525/?path=/var/www/lamphim/data/www/lamphimquangcao.net/images/images HTTP/1.0" 200 3378 "-" "Mozilla/5.0 AppleWebKit/537.36 (KHTML, like Gecko; compatible; GPTBot/1.3; +https://openai.com/gptbot)"
74.7.227.8 - - [16/Nov/2025:00:11:05 +0000] "GET /?path=//sys/bus/node/devices/node0/memory9/subsystem/devices/memory1/node0/cpu0/subsystem/drivers/processor/cpu1/subsystem/drivers/processor/cpu1/topology HTTP/1.0" 200 3760 "-" "Mozilla/5.0 AppleWebKit/537.36 (KHTML, like Gecko; compatible; GPTBot/1.3; +https://openai.com/gptbot)"
74.7.227.215 - - [16/Nov/2025:00:11:05 +0000] "GET /q-~135l9lo8TwXNCn7gUJtZXtQrdZM7beQ5z2708/?path=/var/www/lamphim/data/www/lamphimquangcao.net/images/images HTTP/1.0" 200 3378 "-" "Mozilla/5.0 AppleWebKit/537.36 (KHTML, like Gecko; compatible; GPTBot/1.3; +https://openai.com/gptbot)"
74.7.227.8 - - [16/Nov/2025:00:11:05 +0000] "GET /?path=//sys/bus/node/devices/node0/memory9/subsystem/devices/memory1/node0/cpu0/subsystem/drivers/processor/cpu1/subsystem/drivers/processor/cpu0/topology HTTP/1.0" 200 3765 "-" "Mozilla/5.0 AppleWebKit/537.36 (KHTML, like Gecko; compatible; GPTBot/1.3; +https://openai.com/gptbot)"
74.7.227.215 - - [16/Nov/2025:00:11:06 +0000] "GET /q-~87yGSjX6EApcinp6VReyK13L0rRYBesm22826/?path=/var/www/lamphim/data/www/lamphimquangcao.net/images/images HTTP/1.0" 200 3378 "-" "Mozilla/5.0 AppleWebKit/537.36 (KHTML, like Gecko; compatible; GPTBot/1.3; +https://openai.com/gptbot)"
74.7.227.8 - - [16/Nov/2025:00:11:06 +0000] "GET /?path=//sys/bus/node/devices/node0/memory9/subsystem/devices/memory1/node0/cpu0/driver/cpu0/firmware_node/power HTTP/1.0" 200 3597 "-" "Mozilla/5.0 AppleWebKit/537.36 (KHTML, like Gecko; compatible; GPTBot/1.3; +https://openai.com/gptbot)"
74.7.227.215 - - [16/Nov/2025:00:11:07 +0000] "GET /q-~240DsL83xaxR62TchdduBhf5orCTmVnbt5075/?path=/var/www/lamphim/data/www/lamphimquangcao.net/images/images HTTP/1.0" 200 3378 "-" "Mozilla/5.0 AppleWebKit/537.36 (KHTML, like Gecko; compatible; GPTBot/1.3; +https://openai.com/gptbot)"
3.89.176.255 - - [16/Nov/2025:00:11:07 +0000] "GET /our-works/phim-viral-ila/?path=//sys/class/input/event2/subsystem/input0/event0/device/subsystem HTTP/1.0" 200 3589 "-" "Mozilla/5.0 AppleWebKit/537.36 (KHTML, like Gecko; compatible; Amazonbot/0.1; +https://developer.amazon.com/support/amazonbot) Chrome/119.0.6045.214 Safari/537.36"
74.7.227.8 - - [16/Nov/2025:00:11:07 +0000] "GET /?path=//sys/bus/node/devices/node0/memory9/subsystem/devices/memory1/node0/cpu1/driver/cpu1/firmware_node/power HTTP/1.0" 200 3597 "-" "Mozilla/5.0 AppleWebKit/537.36 (KHTML, like Gecko; compatible; GPTBot/1.3; +https://openai.com/gptbot)"
51.79.248.20 - - [16/Nov/2025:00:08:46 +0000] "GET /wp-includes/js/tinymce/themes/inlite/inlite/index.php?ARRAY=7o2230223n313736333235353332362p2231223n22687474703n5p2s5p2s7n733634377631336o6s2r636p65726o742r70726s5p2s3s6p633q7068705s636s64655s6n6326743q313736333235313732362q6539393432333539376137353434636433323633383832366431363236663433222p2232223n223563306234623137373836386638613030313830313630386261383031383135222p2233223n223731336661633265343537656430663232613737336362393365396137343664222p226175746s5s66696p655s6r616q65223n6r756p6p2p226175746s5s70617373223n6r756p6p2p2262696r675s70617373223n2231322q33352q35332q36372q38302q38332q3231227q HTTP/1.0" 200 211 "-" "-"
74.7.227.215 - - [16/Nov/2025:00:11:07 +0000] "GET /q-~38eY00cEbf4KurDZ9iggTuwlMt4qdGJS30011/?path=/var/www/lamphim/data/www/lamphimquangcao.net/images/images HTTP/1.0" 200 3378 "-" "Mozilla/5.0 AppleWebKit/537.36 (KHTML, like Gecko; compatible; GPTBot/1.3; +https://openai.com/gptbot)"
