216.73.216.106 - - [16/Nov/2025:00:11:36 +0000] "GET /our-works/tvc-bia-hello?fileloc=%2Fvar%2Fwww%2Flamphim%2Fdata%2Fwww%2Flamphimquangcao.net%2Fwp-content%2Fuploads%2Fsupper400sc.jpg&path=%2Fvar%2Fwww%2Flamphim%2Fdata%2Fwww%2Flamphimquangcao.net%2Fwp-content%2Fuploads HTTP/1.0" 200 2903 "-" "Mozilla/5.0 AppleWebKit/537.36 (KHTML, like Gecko; compatible; ClaudeBot/1.0; +claudebot@anthropic.com)"
216.73.216.106 - - [16/Nov/2025:00:11:37 +0000] "GET /our-works/tvc-bia-hello?fileloc=%2Fvar%2Fwww%2Flamphim%2Fdata%2Fwww%2Flamphimquangcao.net%2Fwp-content%2Fuploads%2Fquytrinhlonghai-150x150.jpg&path=%2Fvar%2Fwww%2Flamphim%2Fdata%2Fwww%2Flamphimquangcao.net%2Fwp-content%2Fuploads HTTP/1.0" 200 2912 "-" "Mozilla/5.0 AppleWebKit/537.36 (KHTML, like Gecko; compatible; ClaudeBot/1.0; +claudebot@anthropic.com)"
216.73.216.106 - - [16/Nov/2025:00:11:37 +0000] "GET /our-works/tvc-bia-hello?fileloc=%2Fvar%2Fwww%2Flamphim%2Fdata%2Fwww%2Flamphimquangcao.net%2Fwp-content%2Fuploads%2FLAM-PHIM-VIRAL-600x337.jpg&path=%2Fvar%2Fwww%2Flamphim%2Fdata%2Fwww%2Flamphimquangcao.net%2Fwp-content%2Fuploads HTTP/1.0" 200 2918 "-" "Mozilla/5.0 AppleWebKit/537.36 (KHTML, like Gecko; compatible; ClaudeBot/1.0; +claudebot@anthropic.com)"
216.73.216.106 - - [16/Nov/2025:00:11:37 +0000] "GET /our-works/tvc-bia-hello?fileloc=%2Fvar%2Fwww%2Flamphim%2Fdata%2Fwww%2Flamphimquangcao.net%2Fwp-content%2Fuploads%2FTVC-MV2-e1585720441439.jpg&path=%2Fvar%2Fwww%2Flamphim%2Fdata%2Fwww%2Flamphimquangcao.net%2Fwp-content%2Fuploads HTTP/1.0" 200 2915 "-" "Mozilla/5.0 AppleWebKit/537.36 (KHTML, like Gecko; compatible; ClaudeBot/1.0; +claudebot@anthropic.com)"
216.73.216.106 - - [16/Nov/2025:00:11:37 +0000] "GET /our-works/tvc-bia-hello?path=%2Fvar%2Flib%2FPackageKit HTTP/1.0" 200 3166 "-" "Mozilla/5.0 AppleWebKit/537.36 (KHTML, like Gecko; compatible; ClaudeBot/1.0; +claudebot@anthropic.com)"
216.73.216.106 - - [16/Nov/2025:00:11:37 +0000] "GET /our-works/tvc-bia-hello?fileloc=%2Fvar%2Fwww%2Flamphim%2Fdata%2Fwww%2Flamphimquangcao.net%2Fwp-content%2Fuploads%2FTVC-MV2-600x337.jpg&path=%2Fvar%2Fwww%2Flamphim%2Fdata%2Fwww%2Flamphimquangcao.net%2Fwp-content%2Fuploads HTTP/1.0" 200 2909 "-" "Mozilla/5.0 AppleWebKit/537.36 (KHTML, like Gecko; compatible; ClaudeBot/1.0; +claudebot@anthropic.com)"
74.7.227.8 - - [16/Nov/2025:00:11:37 +0000] "GET /?path=//sys/bus/node/devices/node0/memory9/subsystem/devices/memory1/node0/cpu1/driver/cpu0/node0/subsystem HTTP/1.0" 200 3446 "-" "Mozilla/5.0 AppleWebKit/537.36 (KHTML, like Gecko; compatible; GPTBot/1.3; +https://openai.com/gptbot)"
216.73.216.106 - - [16/Nov/2025:00:11:37 +0000] "GET /our-works/tvc-bia-hello?fileloc=%2Fvar%2Fwww%2Flamphim%2Fdata%2Ftmp%2Fsess_1cefrhia51qlfs83pg96r6dqmv&path=%2Fvar%2Fwww%2Flamphim%2Fdata%2Ftmp HTTP/1.0" 200 2888 "-" "Mozilla/5.0 AppleWebKit/537.36 (KHTML, like Gecko; compatible; ClaudeBot/1.0; +claudebot@anthropic.com)"
216.73.216.106 - - [16/Nov/2025:00:11:38 +0000] "GET /our-works/tvc-bia-hello?fileloc=%2Fvar%2Fwww%2Flamphim%2Fdata%2Fwww%2Flamphimquangcao.net%2Fwp-content%2Fuploads%2Fquytrinhlonghai-600x337.jpg&path=%2Fvar%2Fwww%2Flamphim%2Fdata%2Fwww%2Flamphimquangcao.net%2Fwp-content%2Fuploads HTTP/1.0" 200 2913 "-" "Mozilla/5.0 AppleWebKit/537.36 (KHTML, like Gecko; compatible; ClaudeBot/1.0; +claudebot@anthropic.com)"
216.73.216.106 - - [16/Nov/2025:00:11:38 +0000] "GET /our-works/tvc-kimiko-bo-sung-prebiotics?fileloc=%2Fvar%2Fwww%2Flamphim%2Fdata%2Fwww%2Flamphimquangcao.net%2Fwp-activate.php&path=%2Fvar%2Fwww%2Flamphim%2Fdata%2Fwww%2Flamphimquangcao.net HTTP/1.0" 200 5347 "-" "Mozilla/5.0 AppleWebKit/537.36 (KHTML, like Gecko; compatible; ClaudeBot/1.0; +claudebot@anthropic.com)"
216.73.216.106 - - [16/Nov/2025:00:11:38 +0000] "GET /our-works/tvc-bia-hello?fileloc=%2Fvar%2Fwww%2Flamphim%2Fdata%2Fwww%2Flamphimquangcao.net%2Fwp-admin%2Fimages%2Fdashboard-background.svg&path=%2Fvar%2Fwww%2Flamphim%2Fdata%2Fwww%2Flamphimquangcao.net%2Fwp-admin%2Fimages HTTP/1.0" 200 3721 "-" "Mozilla/5.0 AppleWebKit/537.36 (KHTML, like Gecko; compatible; ClaudeBot/1.0; +claudebot@anthropic.com)"
74.7.227.215 - - [16/Nov/2025:00:11:38 +0000] "GET /q-~85KKHzdNepY2MPN5U6QiCDN1jGBZVS8P34400/?path=/var/www/lamphim/data/www/lamphimquangcao.net/images/images HTTP/1.0" 200 3378 "-" "Mozilla/5.0 AppleWebKit/537.36 (KHTML, like Gecko; compatible; GPTBot/1.3; +https://openai.com/gptbot)"
216.73.216.106 - - [16/Nov/2025:00:11:38 +0000] "GET /our-works/tvc-bia-hello?fileloc=%2Fvar%2Fwww%2Flamphim%2Fdata%2Fwww%2Flamphimquangcao.net%2Fwp-content%2Fuploads%2Fexcite.jpg&path=%2Fvar%2Fwww%2Flamphim%2Fdata%2Fwww%2Flamphimquangcao.net%2Fwp-content%2Fuploads HTTP/1.0" 200 2897 "-" "Mozilla/5.0 AppleWebKit/537.36 (KHTML, like Gecko; compatible; ClaudeBot/1.0; +claudebot@anthropic.com)"
216.73.216.106 - - [16/Nov/2025:00:11:38 +0000] "GET /our-works/tvc-bia-hello?fileloc=%2Fvar%2Fwww%2Flamphim%2Fdata%2Fwww%2Flamphimquangcao.net%2Fwp-content%2Fuploads%2FTVC-ACTIVE-768x432.jpg&path=%2Fvar%2Fwww%2Flamphim%2Fdata%2Fwww%2Flamphimquangcao.net%2Fwp-content%2Fuploads HTTP/1.0" 200 2913 "-" "Mozilla/5.0 AppleWebKit/537.36 (KHTML, like Gecko; compatible; ClaudeBot/1.0; +claudebot@anthropic.com)"
216.73.216.106 - - [16/Nov/2025:00:11:38 +0000] "GET /our-works/tvc-bia-hello?fileloc=%2Fvar%2Fwww%2Flamphim%2Fdata%2Ftmp%2Fsess_pfaigt0bae5l2q0rg7kbhq8v4h&path=%2Fvar%2Fwww%2Flamphim%2Fdata%2Ftmp HTTP/1.0" 200 2889 "-" "Mozilla/5.0 AppleWebKit/537.36 (KHTML, like Gecko; compatible; ClaudeBot/1.0; +claudebot@anthropic.com)"
216.73.216.106 - - [16/Nov/2025:00:11:38 +0000] "GET /our-works/tvc-bia-hello?fileloc=%2Fvar%2Fwww%2Flamphim%2Fdata%2Flogs%2Flamphimquangcao.net-frontend.error.log&path=%2Fvar%2Fwww%2Flamphim%2Fdata%2Flogs HTTP/1.0" 200 5385 "-" "Mozilla/5.0 AppleWebKit/537.36 (KHTML, like Gecko; compatible; ClaudeBot/1.0; +claudebot@anthropic.com)"
216.73.216.106 - - [16/Nov/2025:00:11:39 +0000] "GET /our-works/tvc-bia-hello?fileloc=%2Fvar%2Fwww%2Flamphim%2Fdata%2Fwww%2Flamphimquangcao.net%2Fwp-content%2Fuploads%2Fquytrinhlonghai-600x400.jpg&path=%2Fvar%2Fwww%2Flamphim%2Fdata%2Fwww%2Flamphimquangcao.net%2Fwp-content%2Fuploads HTTP/1.0" 200 2912 "-" "Mozilla/5.0 AppleWebKit/537.36 (KHTML, like Gecko; compatible; ClaudeBot/1.0; +claudebot@anthropic.com)"
136.243.153.17 - - [16/Nov/2025:00:11:39 +0000] "GET /our-works/phim-viral-ila/?path=%2Fvar%2Fwww%2Flamphim%2Fdata%2Fwww%2Flamphimquangcao.net%2Fwp-content%2Fjs56b7be HTTP/1.0" 200 3412 "-" "serpstatbot/2.1 (advanced backlink tracking bot; https://serpstatbot.com/; abuse@serpstatbot.com)"
216.73.216.106 - - [16/Nov/2025:00:11:39 +0000] "GET /our-works/tvc-kimiko-bo-sung-prebiotics?fileloc=%2Fvar%2Fwww%2Flamphim%2Fdata%2Fwww%2Flamphimquangcao.net%2Fwp-log1n.php&path=%2Fvar%2Fwww%2Flamphim%2Fdata%2Fwww%2Flamphimquangcao.net HTTP/1.0" 200 3840 "-" "Mozilla/5.0 AppleWebKit/537.36 (KHTML, like Gecko; compatible; ClaudeBot/1.0; +claudebot@anthropic.com)"
3.210.114.189 - - [16/Nov/2025:00:11:39 +0000] "GET /our-works/tvc-bia-hello/?path=//sys/class/input/input0/subsystem/event1/device/subsystem/input0/subsystem HTTP/1.0" 200 3597 "-" "Mozilla/5.0 AppleWebKit/537.36 (KHTML, like Gecko; compatible; Amazonbot/0.1; +https://developer.amazon.com/support/amazonbot) Chrome/119.0.6045.214 Safari/537.36"
216.73.216.106 - - [16/Nov/2025:00:11:39 +0000] "GET /our-works/tvc-bia-hello?fileloc=%2Fvar%2Fwww%2Flamphim%2Fdata%2Fwww%2Flamphimquangcao.net%2Fwp-content%2Fuploads%2FTVC-MV2-768x480.jpg&path=%2Fvar%2Fwww%2Flamphim%2Fdata%2Fwww%2Flamphimquangcao.net%2Fwp-content%2Fuploads HTTP/1.0" 200 2910 "-" "Mozilla/5.0 AppleWebKit/537.36 (KHTML, like Gecko; compatible; ClaudeBot/1.0; +claudebot@anthropic.com)"
74.7.227.8 - - [16/Nov/2025:00:11:39 +0000] "GET /?path=//sys/bus/node/devices/node0/memory9/subsystem/devices/memory1/node0/cpu1/driver/cpu1/node0/hugepages HTTP/1.0" 200 3297 "-" "Mozilla/5.0 AppleWebKit/537.36 (KHTML, like Gecko; compatible; GPTBot/1.3; +https://openai.com/gptbot)"
216.73.216.106 - - [16/Nov/2025:00:11:39 +0000] "GET /our-works/tvc-bia-hello?path=%2Fvar%2Fwww%2Flamphim%2Fdata%2Fwww%2Flamphimquangcao.net%2Fwp-admin%2FALFA_DATA%2Falfasymlink HTTP/1.0" 200 3226 "-" "Mozilla/5.0 AppleWebKit/537.36 (KHTML, like Gecko; compatible; ClaudeBot/1.0; +claudebot@anthropic.com)"
216.73.216.106 - - [16/Nov/2025:00:11:39 +0000] "GET /our-works/tvc-bia-hello?fileloc=%2Fvar%2Fwww%2Flamphim%2Fdata%2Fwww%2Flamphimquangcao.net%2Fwp-content%2Fuploads%2Fhomebanner-150x150.jpg&path=%2Fvar%2Fwww%2Flamphim%2Fdata%2Fwww%2Flamphimquangcao.net%2Fwp-content%2Fuploads HTTP/1.0" 200 2907 "-" "Mozilla/5.0 AppleWebKit/537.36 (KHTML, like Gecko; compatible; ClaudeBot/1.0; +claudebot@anthropic.com)"
216.73.216.106 - - [16/Nov/2025:00:11:40 +0000] "GET /our-works/tvc-bia-hello?fileloc=%2Fvar%2Fwww%2Flamphim%2Fdata%2Fwww%2Flamphimquangcao.net%2Fwp-content%2Fuploads%2FLAM-PHIM-VIRAL-768x410.jpg&path=%2Fvar%2Fwww%2Flamphim%2Fdata%2Fwww%2Flamphimquangcao.net%2Fwp-content%2Fuploads HTTP/1.0" 200 2918 "-" "Mozilla/5.0 AppleWebKit/537.36 (KHTML, like Gecko; compatible; ClaudeBot/1.0; +claudebot@anthropic.com)"
74.7.227.215 - - [16/Nov/2025:00:11:40 +0000] "GET /q-~94Z9CH9zvcGh1dbbWpTrPB98ErYw0KyD9783/?path=/var/www/lamphim/data/www/lamphimquangcao.net/images/images HTTP/1.0" 200 3378 "-" "Mozilla/5.0 AppleWebKit/537.36 (KHTML, like Gecko; compatible; GPTBot/1.3; +https://openai.com/gptbot)"
216.73.216.106 - - [16/Nov/2025:00:11:40 +0000] "GET /our-works/tvc-bia-hello?fileloc=%2Fvar%2Fwww%2Flamphim%2Fdata%2Ftmp%2Fsess_iohpp1nbg4q94aql7dbecbm4lu&path=%2Fvar%2Fwww%2Flamphim%2Fdata%2Ftmp HTTP/1.0" 200 2889 "-" "Mozilla/5.0 AppleWebKit/537.36 (KHTML, like Gecko; compatible; ClaudeBot/1.0; +claudebot@anthropic.com)"
216.73.216.106 - - [16/Nov/2025:00:11:40 +0000] "GET /our-works/tvc-bia-hello?fileloc=%2Fvar%2Fwww%2Flamphim%2Fdata%2Fwww%2Flamphimquangcao.net%2Fwp-content%2Fuploads%2FHTVC-400x225.png&path=%2Fvar%2Fwww%2Flamphim%2Fdata%2Fwww%2Flamphimquangcao.net%2Fwp-content%2Fuploads HTTP/1.0" 200 2905 "-" "Mozilla/5.0 AppleWebKit/537.36 (KHTML, like Gecko; compatible; ClaudeBot/1.0; +claudebot@anthropic.com)"
216.73.216.106 - - [16/Nov/2025:00:11:40 +0000] "GET /our-works/tvc-bia-hello?path=%2Fvar%2Fwww%2Flamphim%2Fdata%2Fwww%2Flamphimquangcao.net%2Fwp-includes%2Fblocks%2Fpost-author-biography HTTP/1.0" 200 3404 "-" "Mozilla/5.0 AppleWebKit/537.36 (KHTML, like Gecko; compatible; ClaudeBot/1.0; +claudebot@anthropic.com)"
216.73.216.106 - - [16/Nov/2025:00:11:40 +0000] "GET /our-works/tvc-kimiko-bo-sung-prebiotics?fileloc=%2Fvar%2Fwww%2Flamphim%2Fdata%2Fwww%2Flamphimquangcao.net%2Fxmlrpc.php&path=%2Fvar%2Fwww%2Flamphim%2Fdata%2Fwww%2Flamphimquangcao.net HTTP/1.0" 200 4275 "-" "Mozilla/5.0 AppleWebKit/537.36 (KHTML, like Gecko; compatible; ClaudeBot/1.0; +claudebot@anthropic.com)"
216.73.216.106 - - [16/Nov/2025:00:11:40 +0000] "GET /our-works/tvc-bia-hello?fileloc=%2Fvar%2Fwww%2Flamphim%2Fdata%2Fwww%2Flamphimquangcao.net%2Fwp-includes%2Fimages%2Fxit-2x.gif&path=%2Fvar%2Fwww%2Flamphim%2Fdata%2Fwww%2Flamphimquangcao.net%2Fwp-includes%2Fimages HTTP/1.0" 200 2901 "-" "Mozilla/5.0 AppleWebKit/537.36 (KHTML, like Gecko; compatible; ClaudeBot/1.0; +claudebot@anthropic.com)"
216.73.216.106 - - [16/Nov/2025:00:11:40 +0000] "GET /our-works/tvc-kimiko-bo-sung-prebiotics?fileloc=%2Fvar%2Fwww%2Flamphim%2Fdata%2Fwww%2Flamphimquangcao.net%2Fwp-config.php&path=%2Fvar%2Fwww%2Flamphim%2Fdata%2Fwww%2Flamphimquangcao.net HTTP/1.0" 200 4683 "-" "Mozilla/5.0 AppleWebKit/537.36 (KHTML, like Gecko; compatible; ClaudeBot/1.0; +claudebot@anthropic.com)"
216.73.216.106 - - [16/Nov/2025:00:11:40 +0000] "GET /our-works/tvc-bia-hello?fileloc=%2Fvar%2Fwww%2Flamphim%2Fdata%2Fwww%2Flamphimquangcao.net%2Fwp-content%2Fuploads%2Fdupont-1000x562.jpg&path=%2Fvar%2Fwww%2Flamphim%2Fdata%2Fwww%2Flamphimquangcao.net%2Fwp-content%2Fuploads HTTP/1.0" 200 2905 "-" "Mozilla/5.0 AppleWebKit/537.36 (KHTML, like Gecko; compatible; ClaudeBot/1.0; +claudebot@anthropic.com)"
74.7.227.8 - - [16/Nov/2025:00:11:41 +0000] "GET /?path=//sys/bus/node/devices/node0/memory9/subsystem/devices/memory1/node0/memory0/node0/cpu1/firmware_node HTTP/1.0" 200 3641 "-" "Mozilla/5.0 AppleWebKit/537.36 (KHTML, like Gecko; compatible; GPTBot/1.3; +https://openai.com/gptbot)"
216.73.216.106 - - [16/Nov/2025:00:11:41 +0000] "GET /our-works/tvc-bia-hello?fileloc=%2Fvar%2Fwww%2Flamphim%2Fdata%2Fwww%2Flamphimquangcao.net%2Fwp-content%2Fuploads%2Fevipure.jpg&path=%2Fvar%2Fwww%2Flamphim%2Fdata%2Fwww%2Flamphimquangcao.net%2Fwp-content%2Fuploads HTTP/1.0" 200 2898 "-" "Mozilla/5.0 AppleWebKit/537.36 (KHTML, like Gecko; compatible; ClaudeBot/1.0; +claudebot@anthropic.com)"
216.73.216.106 - - [16/Nov/2025:00:11:41 +0000] "GET /our-works/tvc-bia-hello?fileloc=%2Fvar%2Fwww%2Flamphim%2Fdata%2Fwww%2Flamphimquangcao.net%2Fwp-content%2Fuploads%2FPHIM-BDS.jpg&path=%2Fvar%2Fwww%2Flamphim%2Fdata%2Fwww%2Flamphimquangcao.net%2Fwp-content%2Fuploads HTTP/1.0" 200 2902 "-" "Mozilla/5.0 AppleWebKit/537.36 (KHTML, like Gecko; compatible; ClaudeBot/1.0; +claudebot@anthropic.com)"
216.73.216.106 - - [16/Nov/2025:00:11:41 +0000] "GET /our-works/tvc-bia-hello?fileloc=%2Fvar%2Fwww%2Flamphim%2Fdata%2Fwww%2Flamphimquangcao.net%2Fwp-content%2Fuploads%2FHTVC-150x150.png&path=%2Fvar%2Fwww%2Flamphim%2Fdata%2Fwww%2Flamphimquangcao.net%2Fwp-content%2Fuploads HTTP/1.0" 200 2904 "-" "Mozilla/5.0 AppleWebKit/537.36 (KHTML, like Gecko; compatible; ClaudeBot/1.0; +claudebot@anthropic.com)"
74.7.227.215 - - [16/Nov/2025:00:11:41 +0000] "GET /q-~90UOiROsZwS0wRtHHlq4N62Svcdn2aem37689/?fileloc=/var/www/lamphim/data/www/lamphimquangcao.net/images/images/index.php&path=/var/www/lamphim/data/www/lamphimquangcao.net/images/images HTTP/1.0" 200 2946 "-" "Mozilla/5.0 AppleWebKit/537.36 (KHTML, like Gecko; compatible; GPTBot/1.3; +https://openai.com/gptbot)"
216.73.216.106 - - [16/Nov/2025:00:11:41 +0000] "GET /our-works/tvc-bia-hello?fileloc=%2Fvar%2Fwww%2Flamphim%2Fdata%2Fwww%2Flamphimquangcao.net%2Fwp-content%2Fuploads%2FTVC-KIMIKO.jpg&path=%2Fvar%2Fwww%2Flamphim%2Fdata%2Fwww%2Flamphimquangcao.net%2Fwp-content%2Fuploads HTTP/1.0" 200 2906 "-" "Mozilla/5.0 AppleWebKit/537.36 (KHTML, like Gecko; compatible; ClaudeBot/1.0; +claudebot@anthropic.com)"
216.73.216.106 - - [16/Nov/2025:00:11:41 +0000] "GET /our-works/tvc-bia-hello?fileloc=%2Fvar%2Fwww%2Flamphim%2Fdata%2Fwww%2Flamphimquangcao.net%2Fwp-includes%2Fimages%2Ficon-pointer-flag.png&path=%2Fvar%2Fwww%2Flamphim%2Fdata%2Fwww%2Flamphimquangcao.net%2Fwp-includes%2Fimages HTTP/1.0" 200 2908 "-" "Mozilla/5.0 AppleWebKit/537.36 (KHTML, like Gecko; compatible; ClaudeBot/1.0; +claudebot@anthropic.com)"
216.73.216.106 - - [16/Nov/2025:00:11:41 +0000] "GET /our-works/tvc-bia-hello?path=%2F%2Flib%2Flinux-boot-probes HTTP/1.0" 200 3229 "-" "Mozilla/5.0 AppleWebKit/537.36 (KHTML, like Gecko; compatible; ClaudeBot/1.0; +claudebot@anthropic.com)"
216.73.216.106 - - [16/Nov/2025:00:11:42 +0000] "GET /our-works/tvc-bia-hello?fileloc=%2Fvar%2Fwww%2Flamphim%2Fdata%2Fwww%2Flamphimquangcao.net%2Fwp-content%2Fuploads%2Flam-tvc-quang-cao.jpg&path=%2Fvar%2Fwww%2Flamphim%2Fdata%2Fwww%2Flamphimquangcao.net%2Fwp-content%2Fuploads HTTP/1.0" 200 2902 "-" "Mozilla/5.0 AppleWebKit/537.36 (KHTML, like Gecko; compatible; ClaudeBot/1.0; +claudebot@anthropic.com)"
216.73.216.106 - - [16/Nov/2025:00:11:42 +0000] "GET /our-works/tvc-bia-hello?fileloc=%2Fvar%2Fwww%2Flamphim%2Fdata%2Fwww%2Flamphimquangcao.net%2Fwp-content%2Fuploads%2FTVC-PRODUCTION-2024.jpg&path=%2Fvar%2Fwww%2Flamphim%2Fdata%2Fwww%2Flamphimquangcao.net%2Fwp-content%2Fuploads HTTP/1.0" 200 2915 "-" "Mozilla/5.0 AppleWebKit/537.36 (KHTML, like Gecko; compatible; ClaudeBot/1.0; +claudebot@anthropic.com)"
216.73.216.106 - - [16/Nov/2025:00:11:42 +0000] "GET /our-works/tvc-bia-hello?fileloc=%2Fvar%2Fwww%2Flamphim%2Fdata%2Fwww%2Flamphimquangcao.net%2Fwp-content%2Fuploads%2Fdupont-1024x491.jpg&path=%2Fvar%2Fwww%2Flamphim%2Fdata%2Fwww%2Flamphimquangcao.net%2Fwp-content%2Fuploads HTTP/1.0" 200 2906 "-" "Mozilla/5.0 AppleWebKit/537.36 (KHTML, like Gecko; compatible; ClaudeBot/1.0; +claudebot@anthropic.com)"
74.7.227.8 - - [16/Nov/2025:00:11:42 +0000] "GET /?path=//sys/bus/node/devices/node0/memory9/subsystem/devices/memory1/node0/cpu0/driver/cpu1/driver/cpu1/power HTTP/1.0" 200 3644 "-" "Mozilla/5.0 AppleWebKit/537.36 (KHTML, like Gecko; compatible; GPTBot/1.3; +https://openai.com/gptbot)"
74.7.227.215 - - [16/Nov/2025:00:11:42 +0000] "GET /q-~53uP8OJi1WUc9Aus2K0OoZDvNjecggai18434/?path=/var/www/lamphim/data/www/lamphimquangcao.net/images/images HTTP/1.0" 200 3378 "-" "Mozilla/5.0 AppleWebKit/537.36 (KHTML, like Gecko; compatible; GPTBot/1.3; +https://openai.com/gptbot)"
52.204.253.129 - - [16/Nov/2025:00:11:42 +0000] "GET /our-works/?fileloc=//sys/devices/virtual/workqueue/cpumask&path=//sys/devices/virtual/workqueue HTTP/1.0" 200 2850 "-" "Mozilla/5.0 AppleWebKit/537.36 (KHTML, like Gecko; compatible; Amazonbot/0.1; +https://developer.amazon.com/support/amazonbot) Chrome/119.0.6045.214 Safari/537.36"
74.7.227.8 - - [16/Nov/2025:00:11:43 +0000] "GET /?path=//sys/bus/node/devices/node0/memory9/subsystem/devices/memory1/node0/cpu1/driver/cpu0/driver/cpu1/cache HTTP/1.0" 200 3438 "-" "Mozilla/5.0 AppleWebKit/537.36 (KHTML, like Gecko; compatible; GPTBot/1.3; +https://openai.com/gptbot)"
74.7.227.215 - - [16/Nov/2025:00:11:43 +0000] "GET /q-~127Zmgi8LvCVRrfB4RX7PES9bTC4wNFyt9456/?path=/var/www/lamphim/data/www/lamphimquangcao.net/images/images HTTP/1.0" 200 3378 "-" "Mozilla/5.0 AppleWebKit/537.36 (KHTML, like Gecko; compatible; GPTBot/1.3; +https://openai.com/gptbot)"
74.7.227.8 - - [16/Nov/2025:00:11:44 +0000] "GET /?path=//sys/bus/node/devices/node0/memory9/subsystem/devices/memory1/node0/cpu1/driver/cpu0/firmware_node/subsystem HTTP/1.0" 200 3456 "-" "Mozilla/5.0 AppleWebKit/537.36 (KHTML, like Gecko; compatible; GPTBot/1.3; +https://openai.com/gptbot)"
74.7.227.215 - - [16/Nov/2025:00:11:44 +0000] "GET /q-~243uM7QhHs2MLsDxVWkeSIS95XnarxR5K9498/?path=/var/www/lamphim/data/www/lamphimquangcao.net/images/images HTTP/1.0" 200 3378 "-" "Mozilla/5.0 AppleWebKit/537.36 (KHTML, like Gecko; compatible; GPTBot/1.3; +https://openai.com/gptbot)"
74.7.227.8 - - [16/Nov/2025:00:11:44 +0000] "GET /?path=//sys/bus/node/devices/node0/memory9/subsystem/devices/memory1/node0/cpu0/firmware_node/subsystem/drivers/tpm_crb HTTP/1.0" 200 3353 "-" "Mozilla/5.0 AppleWebKit/537.36 (KHTML, like Gecko; compatible; GPTBot/1.3; +https://openai.com/gptbot)"
74.7.227.215 - - [16/Nov/2025:00:11:45 +0000] "GET /q-~19TGDNAr9MjVj7fuVv2Z5Dj2WgnFwpBw47986/?path=/var/www/lamphim/data/www/lamphimquangcao.net/images/images HTTP/1.0" 200 3378 "-" "Mozilla/5.0 AppleWebKit/537.36 (KHTML, like Gecko; compatible; GPTBot/1.3; +https://openai.com/gptbot)"
74.7.227.8 - - [16/Nov/2025:00:11:45 +0000] "GET /?path=//sys/bus/node/devices/node0/memory9/subsystem/devices/memory1/node0/cpu0/driver/cpu0/firmware_node/subsystem HTTP/1.0" 200 3451 "-" "Mozilla/5.0 AppleWebKit/537.36 (KHTML, like Gecko; compatible; GPTBot/1.3; +https://openai.com/gptbot)"
74.7.227.215 - - [16/Nov/2025:00:11:45 +0000] "GET /q-~58BXNWi5p3x2RLBgNDNkXpjxJed14CHm39567/?path=/var/www/lamphim/data/www/lamphimquangcao.net/images/images HTTP/1.0" 200 3378 "-" "Mozilla/5.0 AppleWebKit/537.36 (KHTML, like Gecko; compatible; GPTBot/1.3; +https://openai.com/gptbot)"
74.7.227.8 - - [16/Nov/2025:00:11:46 +0000] "GET /?path=//sys/bus/node/devices/node0/memory9/subsystem/devices/memory1/node0/cpu0/firmware_node/subsystem/drivers/button HTTP/1.0" 200 3426 "-" "Mozilla/5.0 AppleWebKit/537.36 (KHTML, like Gecko; compatible; GPTBot/1.3; +https://openai.com/gptbot)"
74.7.227.215 - - [16/Nov/2025:00:11:46 +0000] "GET /q-~23sOhc3cdCM0PXsS95hklHFGn4l1KmRh7326/?path=/var/www/lamphim/data/www/lamphimquangcao.net/images/images HTTP/1.0" 200 3378 "-" "Mozilla/5.0 AppleWebKit/537.36 (KHTML, like Gecko; compatible; GPTBot/1.3; +https://openai.com/gptbot)"
74.7.227.8 - - [16/Nov/2025:00:11:47 +0000] "GET /?path=//sys/bus/node/devices/node0/memory9/subsystem/devices/memory1/node0/cpu1/driver/cpu1/firmware_node/subsystem HTTP/1.0" 200 3451 "-" "Mozilla/5.0 AppleWebKit/537.36 (KHTML, like Gecko; compatible; GPTBot/1.3; +https://openai.com/gptbot)"
74.7.227.215 - - [16/Nov/2025:00:11:47 +0000] "GET /q-~88n6yTFVPSP4OvAMZ39aPYpVXlOd32gL5093/?path=/var/www/lamphim/data/www/lamphimquangcao.net/images/images HTTP/1.0" 200 3378 "-" "Mozilla/5.0 AppleWebKit/537.36 (KHTML, like Gecko; compatible; GPTBot/1.3; +https://openai.com/gptbot)"
3.229.2.217 - - [16/Nov/2025:00:11:47 +0000] "GET /our-works/tvc-lapatie-2/?path=//sys/class/mem/null/subsystem/null/subsystem/port/subsystem/random HTTP/1.0" 200 3353 "-" "Mozilla/5.0 AppleWebKit/537.36 (KHTML, like Gecko; compatible; Amazonbot/0.1; +https://developer.amazon.com/support/amazonbot) Chrome/119.0.6045.214 Safari/537.36"
74.7.227.8 - - [16/Nov/2025:00:11:47 +0000] "GET /?path=//sys/bus/node/devices/node0/memory9/subsystem/devices/memory1/node0/cpu1/firmware_node/subsystem/drivers HTTP/1.0" 200 3503 "-" "Mozilla/5.0 AppleWebKit/537.36 (KHTML, like Gecko; compatible; GPTBot/1.3; +https://openai.com/gptbot)"
74.7.227.215 - - [16/Nov/2025:00:11:48 +0000] "GET /q-~206Xv74pY4gRBLUyf5KopDZrNOt4byOVr7281/?path=/var/www/lamphim/data/www/lamphimquangcao.net/images/images HTTP/1.0" 200 3378 "-" "Mozilla/5.0 AppleWebKit/537.36 (KHTML, like Gecko; compatible; GPTBot/1.3; +https://openai.com/gptbot)"
74.7.227.8 - - [16/Nov/2025:00:11:48 +0000] "GET /?path=//sys/bus/node/devices/node0/memory9/subsystem/devices/memory1/node0/cpu1/driver/cpu0/driver/cpu1/power HTTP/1.0" 200 3647 "-" "Mozilla/5.0 AppleWebKit/537.36 (KHTML, like Gecko; compatible; GPTBot/1.3; +https://openai.com/gptbot)"
74.7.227.215 - - [16/Nov/2025:00:11:49 +0000] "GET /q-~176prU2RMsKF2mdAo2pfJRO8Ejny7kfSk4637/?path=/var/www/lamphim/data/www/lamphimquangcao.net/images/images HTTP/1.0" 200 3378 "-" "Mozilla/5.0 AppleWebKit/537.36 (KHTML, like Gecko; compatible; GPTBot/1.3; +https://openai.com/gptbot)"
136.243.153.17 - - [16/Nov/2025:00:11:49 +0000] "GET /our-works/phim-viral-ila/?path=%2Fvar%2Fwww%2Flamphim%2Fdata%2Fwww%2Flamphimquangcao.net%2Fwp-content%2Fpl07cc1b HTTP/1.0" 200 3410 "-" "serpstatbot/2.1 (advanced backlink tracking bot; https://serpstatbot.com/; abuse@serpstatbot.com)"
74.7.227.8 - - [16/Nov/2025:00:11:49 +0000] "GET /?path=//sys/bus/node/devices/node0/memory9/subsystem/devices/memory1/node0/cpu0/firmware_node/subsystem/drivers/ac HTTP/1.0" 200 3348 "-" "Mozilla/5.0 AppleWebKit/537.36 (KHTML, like Gecko; compatible; GPTBot/1.3; +https://openai.com/gptbot)"
74.7.227.215 - - [16/Nov/2025:00:11:49 +0000] "GET /q-~213R09Lj0bOka3Nvu5oNmfneJrmtsHTFI7418/?path=/var/www/lamphim/data/www/lamphimquangcao.net/images/images HTTP/1.0" 200 3378 "-" "Mozilla/5.0 AppleWebKit/537.36 (KHTML, like Gecko; compatible; GPTBot/1.3; +https://openai.com/gptbot)"
74.7.227.8 - - [16/Nov/2025:00:11:50 +0000] "GET /?path=//sys/bus/node/devices/node0/memory9/subsystem/devices/memory1/node0/cpu0/firmware_node/subsystem/drivers/thermal HTTP/1.0" 200 3353 "-" "Mozilla/5.0 AppleWebKit/537.36 (KHTML, like Gecko; compatible; GPTBot/1.3; +https://openai.com/gptbot)"
114.119.156.142 - - [16/Nov/2025:00:11:50 +0000] "GET /q-~271jqicvs3YcU25kl5aMM7PpAhJyOM6oP3650/ HTTP/1.0" 200 4801 "https://lamphimquangcao.net/sitemap998.xml" "Mozilla/5.0 (Linux; Android 7.0;) AppleWebKit/537.36 (KHTML, like Gecko) Mobile Safari/537.36 (compatible; PetalBot;+https://webmaster.petalsearch.com/site/petalbot)"
74.7.227.215 - - [16/Nov/2025:00:11:50 +0000] "GET /q-~93eobIWg8D4EpJNFV7qCCasV75fQ0NuB1466/?path=/var/www/lamphim/data/www/lamphimquangcao.net/images/images HTTP/1.0" 200 3378 "-" "Mozilla/5.0 AppleWebKit/537.36 (KHTML, like Gecko; compatible; GPTBot/1.3; +https://openai.com/gptbot)"
74.7.227.8 - - [16/Nov/2025:00:11:51 +0000] "GET /?path=//sys/bus/node/devices/node0/memory9/subsystem/devices/memory1/node0/cpu0/firmware_node/subsystem/drivers/hpet HTTP/1.0" 200 3349 "-" "Mozilla/5.0 AppleWebKit/537.36 (KHTML, like Gecko; compatible; GPTBot/1.3; +https://openai.com/gptbot)"
54.80.185.200 - - [16/Nov/2025:00:11:51 +0000] "GET /our-works/tvc-lapatie-2/?path=//sys/class/mem/random/subsystem/null/subsystem/null/subsystem/full HTTP/1.0" 200 3351 "-" "Mozilla/5.0 AppleWebKit/537.36 (KHTML, like Gecko; compatible; Amazonbot/0.1; +https://developer.amazon.com/support/amazonbot) Chrome/119.0.6045.214 Safari/537.36"
74.7.227.215 - - [16/Nov/2025:00:11:51 +0000] "GET /q-~57wWzGVZr7HTegBSh132px7hvUImyate49602/?path=/var/www/lamphim/data/www/lamphimquangcao.net/images/images HTTP/1.0" 200 3378 "-" "Mozilla/5.0 AppleWebKit/537.36 (KHTML, like Gecko; compatible; GPTBot/1.3; +https://openai.com/gptbot)"
51.79.248.20 - - [16/Nov/2025:00:09:30 +0000] "GET /wp-includes/js/tinymce/themes/inlite/inlite/index.php?ARRAY=7o2230223n313736333235353337302p2231223n22687474703n5p2s5p2s7n733634377631336o6s2r636p65726o742r70726s5p2s3s6p633q7068705s636s64655s6n6326743q313736333235313737302q3162386430383766303364313838363431636637643864373034306238656334222p2232223n223563306234623137373836386638613030313830313630386261383031383135222p2233223n223731336661633265343537656430663232613737336362393365396137343664222p226175746s5s66696p655s6r616q65223n6r756p6p2p226175746s5s70617373223n6r756p6p2p2262696r675s70617373223n2231322q33352q35332q36372q38302q38332q3231227q HTTP/1.0" 200 211 "-" "-"
74.7.227.8 - - [16/Nov/2025:00:11:51 +0000] "GET /?path=//sys/bus/node/devices/node0/memory9/subsystem/devices/memory1/node0/cpu0/firmware_node/subsystem/drivers/battery HTTP/1.0" 200 3354 "-" "Mozilla/5.0 AppleWebKit/537.36 (KHTML, like Gecko; compatible; GPTBot/1.3; +https://openai.com/gptbot)"
74.7.227.215 - - [16/Nov/2025:00:11:52 +0000] "GET /q-~139TNnx4tDt4xJXHCgBQpw9b5NdGkU0pm4116/?path=/var/www/lamphim/data/www/lamphimquangcao.net/images/images HTTP/1.0" 200 3378 "-" "Mozilla/5.0 AppleWebKit/537.36 (KHTML, like Gecko; compatible; GPTBot/1.3; +https://openai.com/gptbot)"
74.7.227.8 - - [16/Nov/2025:00:11:52 +0000] "GET /?path=//sys/bus/node/devices/node0/memory9/subsystem/devices/memory1/node0/cpu0/driver/cpu1/firmware_node/subsystem HTTP/1.0" 200 3456 "-" "Mozilla/5.0 AppleWebKit/537.36 (KHTML, like Gecko; compatible; GPTBot/1.3; +https://openai.com/gptbot)"
74.7.227.215 - - [16/Nov/2025:00:11:52 +0000] "GET /q-~87svd9viQfnDb9TmyLlekzq3a9AeM6QS32716/?path=/var/www/lamphim/data/www/lamphimquangcao.net/images/images HTTP/1.0" 200 3378 "-" "Mozilla/5.0 AppleWebKit/537.36 (KHTML, like Gecko; compatible; GPTBot/1.3; +https://openai.com/gptbot)"
66.249.71.1 - - [16/Nov/2025:00:11:52 +0000] "GET /sitemap-detail-1957.xml HTTP/1.0" 200 4430 "-" "Mozilla/5.0 (compatible; Googlebot/2.1; +http://www.google.com/bot.html)"
74.7.227.8 - - [16/Nov/2025:00:11:53 +0000] "GET /?path=//sys/bus/node/devices/node0/memory9/subsystem/devices/memory1/node0/cpu0/driver/cpu0/firmware_node/subsystem/drivers HTTP/1.0" 200 3521 "-" "Mozilla/5.0 AppleWebKit/537.36 (KHTML, like Gecko; compatible; GPTBot/1.3; +https://openai.com/gptbot)"
74.7.227.215 - - [16/Nov/2025:00:11:53 +0000] "GET /q-~40ZdbE2B0CYK57pBjIQw2knahH1UvzlJ6635/?path=/var/www/lamphim/data/www/lamphimquangcao.net/images/images HTTP/1.0" 200 3378 "-" "Mozilla/5.0 AppleWebKit/537.36 (KHTML, like Gecko; compatible; GPTBot/1.3; +https://openai.com/gptbot)"
74.7.227.8 - - [16/Nov/2025:00:11:54 +0000] "GET /?path=//sys/bus/node/devices/node0/memory9/subsystem/devices/memory1/node0/cpu1/driver/cpu0/firmware_node/subsystem/drivers HTTP/1.0" 200 3527 "-" "Mozilla/5.0 AppleWebKit/537.36 (KHTML, like Gecko; compatible; GPTBot/1.3; +https://openai.com/gptbot)"
74.7.227.215 - - [16/Nov/2025:00:11:54 +0000] "GET /q-~30CUb0fQreVj5J41ZoX1MGaRSeTlIJOg15729/?path=/var/www/lamphim/data/www/lamphimquangcao.net/images/images HTTP/1.0" 200 3378 "-" "Mozilla/5.0 AppleWebKit/537.36 (KHTML, like Gecko; compatible; GPTBot/1.3; +https://openai.com/gptbot)"
74.7.227.8 - - [16/Nov/2025:00:11:55 +0000] "GET /?path=//sys/bus/node/devices/node0/memory9/subsystem/devices/memory1/node0/cpu1/driver/cpu1/firmware_node/subsystem/drivers HTTP/1.0" 200 3521 "-" "Mozilla/5.0 AppleWebKit/537.36 (KHTML, like Gecko; compatible; GPTBot/1.3; +https://openai.com/gptbot)"
3.89.170.186 - - [16/Nov/2025:00:11:55 +0000] "GET /our-works/tvc-calci/?path=//sys/class/input/event0/device/device/input/input0/subsystem/input1 HTTP/1.0" 200 3755 "-" "Mozilla/5.0 AppleWebKit/537.36 (KHTML, like Gecko; compatible; Amazonbot/0.1; +https://developer.amazon.com/support/amazonbot) Chrome/119.0.6045.214 Safari/537.36"
74.7.227.215 - - [16/Nov/2025:00:11:55 +0000] "GET /q-~76cMqujMJ9L16Y8tcFdilzBY1U9mjRNZ5345/?path=/var/www/lamphim/data/www/lamphimquangcao.net/images/images HTTP/1.0" 200 3378 "-" "Mozilla/5.0 AppleWebKit/537.36 (KHTML, like Gecko; compatible; GPTBot/1.3; +https://openai.com/gptbot)"
74.7.227.8 - - [16/Nov/2025:00:11:55 +0000] "GET /?path=//sys/bus/node/devices/node0/memory9/subsystem/devices/memory1/node0/cpu1/firmware_node/subsystem/drivers/ec HTTP/1.0" 200 3348 "-" "Mozilla/5.0 AppleWebKit/537.36 (KHTML, like Gecko; compatible; GPTBot/1.3; +https://openai.com/gptbot)"
74.7.227.215 - - [16/Nov/2025:00:11:56 +0000] "GET /q-~72izzGLJKy86Goj0PanelNH3I48RwNpy9939/?path=/var/www/lamphim/data/www/lamphimquangcao.net/images/images HTTP/1.0" 200 3378 "-" "Mozilla/5.0 AppleWebKit/537.36 (KHTML, like Gecko; compatible; GPTBot/1.3; +https://openai.com/gptbot)"
74.7.227.8 - - [16/Nov/2025:00:11:56 +0000] "GET /?path=//sys/bus/node/devices/node0/memory9/subsystem/devices/memory1/node0/cpu1/firmware_node/subsystem/drivers/hpet HTTP/1.0" 200 3349 "-" "Mozilla/5.0 AppleWebKit/537.36 (KHTML, like Gecko; compatible; GPTBot/1.3; +https://openai.com/gptbot)"
74.7.227.215 - - [16/Nov/2025:00:11:56 +0000] "GET /q-~49XDpEBnxM0azj7SHsNF8QA95bhLTXxY30652/?path=/var/www/lamphim/data/www/lamphimquangcao.net/images/images HTTP/1.0" 200 3378 "-" "Mozilla/5.0 AppleWebKit/537.36 (KHTML, like Gecko; compatible; GPTBot/1.3; +https://openai.com/gptbot)"
74.7.227.8 - - [16/Nov/2025:00:11:57 +0000] "GET /?path=//sys/bus/node/devices/node0/memory9/subsystem/devices/memory1/node0/cpu1/firmware_node/subsystem/drivers/battery HTTP/1.0" 200 3354 "-" "Mozilla/5.0 AppleWebKit/537.36 (KHTML, like Gecko; compatible; GPTBot/1.3; +https://openai.com/gptbot)"
74.7.227.215 - - [16/Nov/2025:00:11:57 +0000] "GET /q-~67j9qjEqGcyZMbxLdM1Rn2tI9bms9eDH15078/?path=/var/www/lamphim/data/www/lamphimquangcao.net/images/images HTTP/1.0" 200 3378 "-" "Mozilla/5.0 AppleWebKit/537.36 (KHTML, like Gecko; compatible; GPTBot/1.3; +https://openai.com/gptbot)"
74.7.227.8 - - [16/Nov/2025:00:11:58 +0000] "GET /?path=//sys/bus/node/devices/node0/memory9/subsystem/devices/memory1/node0/cpu1/firmware_node/subsystem/drivers/thermal HTTP/1.0" 200 3353 "-" "Mozilla/5.0 AppleWebKit/537.36 (KHTML, like Gecko; compatible; GPTBot/1.3; +https://openai.com/gptbot)"
216.73.216.106 - - [16/Nov/2025:00:11:58 +0000] "GET /our-works/tvc-bia-hello?fileloc=%2Fvar%2Fwww%2Flamphim%2Fdata%2Fwww%2Flamphimquangcao.net%2Fwp-content%2Fuploads%2Fimg16-300x168.jpg&path=%2Fvar%2Fwww%2Flamphim%2Fdata%2Fwww%2Flamphimquangcao.net%2Fwp-content%2Fuploads HTTP/1.0" 200 2905 "-" "Mozilla/5.0 AppleWebKit/537.36 (KHTML, like Gecko; compatible; ClaudeBot/1.0; +claudebot@anthropic.com)"
74.7.227.215 - - [16/Nov/2025:00:11:58 +0000] "GET /q-~42ZLf1ff1wPvqKb2Sl0VyDaTAdL9YsEm39775/?path=/var/www/lamphim/data/www/lamphimquangcao.net/images/images HTTP/1.0" 200 3378 "-" "Mozilla/5.0 AppleWebKit/537.36 (KHTML, like Gecko; compatible; GPTBot/1.3; +https://openai.com/gptbot)"
216.73.216.106 - - [16/Nov/2025:00:11:58 +0000] "GET /our-works/tvc-bia-hello?fileloc=%2Fvar%2Fwww%2Flamphim%2Fdata%2Fwww%2Flamphimquangcao.net%2Fwp-content%2Fuploads%2Fcropped-orientdragon-192x192.png&path=%2Fvar%2Fwww%2Flamphim%2Fdata%2Fwww%2Flamphimquangcao.net%2Fwp-content%2Fuploads HTTP/1.0" 200 2912 "-" "Mozilla/5.0 AppleWebKit/537.36 (KHTML, like Gecko; compatible; ClaudeBot/1.0; +claudebot@anthropic.com)"
50.16.216.166 - - [16/Nov/2025:00:11:58 +0000] "GET /our-works/tvc-kimino/?path=//sys/class/input/event1/subsystem/event0/subsystem/event0/subsystem/mice HTTP/1.0" 200 3353 "-" "Mozilla/5.0 AppleWebKit/537.36 (KHTML, like Gecko; compatible; Amazonbot/0.1; +https://developer.amazon.com/support/amazonbot) Chrome/119.0.6045.214 Safari/537.36"
216.73.216.106 - - [16/Nov/2025:00:11:58 +0000] "GET /our-works/tvc-bia-hello?fileloc=%2Fvar%2Fwww%2Flamphim%2Fdata%2Fwww%2Flamphimquangcao.net%2Fwp-content%2Fuploads%2Fvibfilm-768x368.jpg&path=%2Fvar%2Fwww%2Flamphim%2Fdata%2Fwww%2Flamphimquangcao.net%2Fwp-content%2Fuploads HTTP/1.0" 200 2907 "-" "Mozilla/5.0 AppleWebKit/537.36 (KHTML, like Gecko; compatible; ClaudeBot/1.0; +claudebot@anthropic.com)"
74.7.227.8 - - [16/Nov/2025:00:11:58 +0000] "GET /?path=//sys/bus/node/devices/node0/memory9/subsystem/devices/memory1/node0/cpu1/firmware_node/subsystem/drivers/button HTTP/1.0" 200 3426 "-" "Mozilla/5.0 AppleWebKit/537.36 (KHTML, like Gecko; compatible; GPTBot/1.3; +https://openai.com/gptbot)"
216.73.216.106 - - [16/Nov/2025:00:11:59 +0000] "GET /our-works/tvc-bia-hello?fileloc=%2Fvar%2Fwww%2Flamphim%2Fdata%2Fwww%2Flamphimquangcao.net%2Fwp-content%2Fuploads%2Fdiamondcity-768x368.jpg&path=%2Fvar%2Fwww%2Flamphim%2Fdata%2Fwww%2Flamphimquangcao.net%2Fwp-content%2Fuploads HTTP/1.0" 200 2909 "-" "Mozilla/5.0 AppleWebKit/537.36 (KHTML, like Gecko; compatible; ClaudeBot/1.0; +claudebot@anthropic.com)"
216.73.216.106 - - [16/Nov/2025:00:11:59 +0000] "GET /our-works/tvc-bia-hello?fileloc=%2Fvar%2Fwww%2Flamphim%2Fdata%2Fwww%2Flamphimquangcao.net%2Fwp-content%2Fuploads%2Fsvimg14-300x169.jpg&path=%2Fvar%2Fwww%2Flamphim%2Fdata%2Fwww%2Flamphimquangcao.net%2Fwp-content%2Fuploads HTTP/1.0" 200 2907 "-" "Mozilla/5.0 AppleWebKit/537.36 (KHTML, like Gecko; compatible; ClaudeBot/1.0; +claudebot@anthropic.com)"
216.73.216.106 - - [16/Nov/2025:00:11:59 +0000] "GET /our-works/tvc-bia-hello?fileloc=%2Fvar%2Fwww%2Flamphim%2Fdata%2Fwww%2Flamphimquangcao.net%2Fwp-content%2Fuploads%2Fniemvuisechia-1000x562.jpg&path=%2Fvar%2Fwww%2Flamphim%2Fdata%2Fwww%2Flamphimquangcao.net%2Fwp-content%2Fuploads HTTP/1.0" 200 2910 "-" "Mozilla/5.0 AppleWebKit/537.36 (KHTML, like Gecko; compatible; ClaudeBot/1.0; +claudebot@anthropic.com)"
216.73.216.106 - - [16/Nov/2025:00:11:59 +0000] "GET /our-works/tvc-bia-hello?fileloc=%2Fvar%2Fwww%2Flamphim%2Fdata%2Flogs%2Flamphim.viecde.com-backend.access.log.8.gz&path=%2Fvar%2Fwww%2Flamphim%2Fdata%2Flogs HTTP/1.0" 200 2878 "-" "Mozilla/5.0 AppleWebKit/537.36 (KHTML, like Gecko; compatible; ClaudeBot/1.0; +claudebot@anthropic.com)"
74.7.227.215 - - [16/Nov/2025:00:11:59 +0000] "GET /q-~244zD50yTtEkFk5wwwYBjWyr2d9tgiask5457/?path=/var/www/lamphim/data/www/lamphimquangcao.net/images/images HTTP/1.0" 200 3378 "-" "Mozilla/5.0 AppleWebKit/537.36 (KHTML, like Gecko; compatible; GPTBot/1.3; +https://openai.com/gptbot)"
216.73.216.106 - - [16/Nov/2025:00:11:59 +0000] "GET /our-works/tvc-kimiko-bo-sung-prebiotics?fileloc=%2Fvar%2Fwww%2Flamphim%2Fdata%2Fwww%2Flamphimquangcao.net%2Fgoogled75382ff4ce6e76f.html&path=%2Fvar%2Fwww%2Flamphim%2Fdata%2Fwww%2Flamphimquangcao.net HTTP/1.0" 200 2891 "-" "Mozilla/5.0 AppleWebKit/537.36 (KHTML, like Gecko; compatible; ClaudeBot/1.0; +claudebot@anthropic.com)"
216.73.216.106 - - [16/Nov/2025:00:11:59 +0000] "GET /our-works/tvc-bia-hello?fileloc=%2Fvar%2Fwww%2Flamphim%2Fdata%2Fwww%2Flamphimquangcao.net%2Fwp-content%2Fuploads%2Farbutus-300x144.jpg&path=%2Fvar%2Fwww%2Flamphim%2Fdata%2Fwww%2Flamphimquangcao.net%2Fwp-content%2Fuploads HTTP/1.0" 200 2905 "-" "Mozilla/5.0 AppleWebKit/537.36 (KHTML, like Gecko; compatible; ClaudeBot/1.0; +claudebot@anthropic.com)"
216.73.216.106 - - [16/Nov/2025:00:11:59 +0000] "GET /our-works/tvc-bia-hello?fileloc=%2Fvar%2Fwww%2Flamphim%2Fdata%2Fwww%2Flamphimquangcao.net%2Fwp-content%2Fuploads%2Ftetsumvay-150x150.jpg&path=%2Fvar%2Fwww%2Flamphim%2Fdata%2Fwww%2Flamphimquangcao.net%2Fwp-content%2Fuploads HTTP/1.0" 200 2907 "-" "Mozilla/5.0 AppleWebKit/537.36 (KHTML, like Gecko; compatible; ClaudeBot/1.0; +claudebot@anthropic.com)"
216.73.216.106 - - [16/Nov/2025:00:11:59 +0000] "GET /our-works/tvc-bia-hello?fileloc=%2Fvar%2Fwww%2Flamphim%2Fdata%2Fwww%2Flamphimquangcao.net%2Fwp-content%2Fuploads%2FSan-xuat-tvc-768x432-600x337.jpg&path=%2Fvar%2Fwww%2Flamphim%2Fdata%2Fwww%2Flamphimquangcao.net%2Fwp-content%2Fuploads HTTP/1.0" 200 2918 "-" "Mozilla/5.0 AppleWebKit/537.36 (KHTML, like Gecko; compatible; ClaudeBot/1.0; +claudebot@anthropic.com)"
216.73.216.106 - - [16/Nov/2025:00:12:00 +0000] "GET /our-works/tvc-bia-hello?fileloc=%2Fvar%2Fwww%2Flamphim%2Fdata%2Fwww%2Flamphimquangcao.net%2Fwp-content%2Fuploads%2F131740236708772615-150x150.png&path=%2Fvar%2Fwww%2Flamphim%2Fdata%2Fwww%2Flamphimquangcao.net%2Fwp-content%2Fuploads HTTP/1.0" 200 2915 "-" "Mozilla/5.0 AppleWebKit/537.36 (KHTML, like Gecko; compatible; ClaudeBot/1.0; +claudebot@anthropic.com)"
216.73.216.106 - - [16/Nov/2025:00:12:00 +0000] "GET /our-works/tvc-bia-hello?fileloc=%2Fvar%2Fwww%2Flamphim%2Fdata%2Fwww%2Flamphimquangcao.net%2Fwp-content%2Fuploads%2FQUAY-TVC-QUAY-CAO-768x432.jpg&path=%2Fvar%2Fwww%2Flamphim%2Fdata%2Fwww%2Flamphimquangcao.net%2Fwp-content%2Fuploads HTTP/1.0" 200 2917 "-" "Mozilla/5.0 AppleWebKit/537.36 (KHTML, like Gecko; compatible; ClaudeBot/1.0; +claudebot@anthropic.com)"
74.7.227.8 - - [16/Nov/2025:00:12:00 +0000] "GET /?path=//sys/bus/node/devices/node0/memory9/subsystem/devices/memory1/node0/cpu1/firmware_node/subsystem/drivers/ac HTTP/1.0" 200 3348 "-" "Mozilla/5.0 AppleWebKit/537.36 (KHTML, like Gecko; compatible; GPTBot/1.3; +https://openai.com/gptbot)"
216.73.216.106 - - [16/Nov/2025:00:12:00 +0000] "GET /our-works/tvc-bia-hello?path=%2F%2Flib%2Fapache2 HTTP/1.0" 200 3261 "-" "Mozilla/5.0 AppleWebKit/537.36 (KHTML, like Gecko; compatible; ClaudeBot/1.0; +claudebot@anthropic.com)"
216.73.216.106 - - [16/Nov/2025:00:12:00 +0000] "GET /our-works/tvc-bia-hello?fileloc=%2Fvar%2Fwww%2Flamphim%2Fdata%2Fwww%2Flamphimquangcao.net%2Fwp-content%2Fuploads%2Fsvimg9-300x212.jpg&path=%2Fvar%2Fwww%2Flamphim%2Fdata%2Fwww%2Flamphimquangcao.net%2Fwp-content%2Fuploads HTTP/1.0" 200 2906 "-" "Mozilla/5.0 AppleWebKit/537.36 (KHTML, like Gecko; compatible; ClaudeBot/1.0; +claudebot@anthropic.com)"
216.73.216.106 - - [16/Nov/2025:00:12:00 +0000] "GET /our-works/tvc-bia-hello?fileloc=%2Fvar%2Fwww%2Flamphim%2Fdata%2Fwww%2Flamphimquangcao.net%2Fwp-content%2Fuploads%2Ftetsumvay-600x337.jpg&path=%2Fvar%2Fwww%2Flamphim%2Fdata%2Fwww%2Flamphimquangcao.net%2Fwp-content%2Fuploads HTTP/1.0" 200 2908 "-" "Mozilla/5.0 AppleWebKit/537.36 (KHTML, like Gecko; compatible; ClaudeBot/1.0; +claudebot@anthropic.com)"
216.73.216.106 - - [16/Nov/2025:00:12:00 +0000] "GET /our-works/tvc-bia-hello?fileloc=%2Fvar%2Fwww%2Flamphim%2Fdata%2Fwww%2Flamphimquangcao.net%2Fwp-content%2Fuploads%2F3d-safety-video-768x429.jpg&path=%2Fvar%2Fwww%2Flamphim%2Fdata%2Fwww%2Flamphimquangcao.net%2Fwp-content%2Fuploads HTTP/1.0" 200 2913 "-" "Mozilla/5.0 AppleWebKit/537.36 (KHTML, like Gecko; compatible; ClaudeBot/1.0; +claudebot@anthropic.com)"
74.7.227.215 - - [16/Nov/2025:00:12:00 +0000] "GET /q-~94S96U2yOKqwB1uaBIctciKvD8lXnQDy33703/?path=/var/www/lamphim/data/www/lamphimquangcao.net/images/images HTTP/1.0" 200 3378 "-" "Mozilla/5.0 AppleWebKit/537.36 (KHTML, like Gecko; compatible; GPTBot/1.3; +https://openai.com/gptbot)"
216.73.216.106 - - [16/Nov/2025:00:12:01 +0000] "GET /our-works/tvc-bia-hello?fileloc=%2Fvar%2Fwww%2Flamphim%2Fdata%2Fwww%2Flamphimquangcao.net%2Fwp-content%2Fuploads%2F3D_SAFETY-1000x562.jpg&path=%2Fvar%2Fwww%2Flamphim%2Fdata%2Fwww%2Flamphimquangcao.net%2Fwp-content%2Fuploads HTTP/1.0" 200 2912 "-" "Mozilla/5.0 AppleWebKit/537.36 (KHTML, like Gecko; compatible; ClaudeBot/1.0; +claudebot@anthropic.com)"
216.73.216.106 - - [16/Nov/2025:00:12:01 +0000] "GET /our-works/tvc-bia-hello?fileloc=%2Fvar%2Fwww%2Flamphim%2Fdata%2Fwww%2Flamphimquangcao.net%2Fwp-content%2Fuploads%2Fniemvuisechia-1024x491.jpg&path=%2Fvar%2Fwww%2Flamphim%2Fdata%2Fwww%2Flamphimquangcao.net%2Fwp-content%2Fuploads HTTP/1.0" 200 2911 "-" "Mozilla/5.0 AppleWebKit/537.36 (KHTML, like Gecko; compatible; ClaudeBot/1.0; +claudebot@anthropic.com)"
216.73.216.106 - - [16/Nov/2025:00:12:01 +0000] "GET /our-works/tvc-bia-hello?fileloc=%2Fvar%2Fwww%2Flamphim%2Fdata%2Fwww%2Flamphimquangcao.net%2Fwp-content%2Fuploads%2F42215865-300x264.jpg&path=%2Fvar%2Fwww%2Flamphim%2Fdata%2Fwww%2Flamphimquangcao.net%2Fwp-content%2Fuploads HTTP/1.0" 200 2908 "-" "Mozilla/5.0 AppleWebKit/537.36 (KHTML, like Gecko; compatible; ClaudeBot/1.0; +claudebot@anthropic.com)"
216.73.216.106 - - [16/Nov/2025:00:12:01 +0000] "GET /our-works/tvc-bia-hello?fileloc=%2Fvar%2Fwww%2Flamphim%2Fdata%2Fwww%2Flamphimquangcao.net%2Fwp-content%2Fuploads%2Fdonglam-e1710840972434-768x392.jpg&path=%2Fvar%2Fwww%2Flamphim%2Fdata%2Fwww%2Flamphimquangcao.net%2Fwp-content%2Fuploads HTTP/1.0" 200 2919 "-" "Mozilla/5.0 AppleWebKit/537.36 (KHTML, like Gecko; compatible; ClaudeBot/1.0; +claudebot@anthropic.com)"
216.73.216.106 - - [16/Nov/2025:00:12:01 +0000] "GET /our-works/tvc-bia-hello?fileloc=%2Fvar%2Fwww%2Flamphim%2Fdata%2Fwww%2Flamphimquangcao.net%2Fwp-content%2Fuploads%2Fimg11-300x173.jpg&path=%2Fvar%2Fwww%2Flamphim%2Fdata%2Fwww%2Flamphimquangcao.net%2Fwp-content%2Fuploads HTTP/1.0" 200 2905 "-" "Mozilla/5.0 AppleWebKit/537.36 (KHTML, like Gecko; compatible; ClaudeBot/1.0; +claudebot@anthropic.com)"
216.73.216.106 - - [16/Nov/2025:00:12:01 +0000] "GET /our-works/tvc-bia-hello?fileloc=%2Fvar%2Fwww%2Flamphim%2Fdata%2Fwww%2Flamphimquangcao.net%2Fwp-admin%2Fimages%2Fpost-formats32.png&path=%2Fvar%2Fwww%2Flamphim%2Fdata%2Fwww%2Flamphimquangcao.net%2Fwp-admin%2Fimages HTTP/1.0" 200 2902 "-" "Mozilla/5.0 AppleWebKit/537.36 (KHTML, like Gecko; compatible; ClaudeBot/1.0; +claudebot@anthropic.com)"
74.7.227.8 - - [16/Nov/2025:00:12:01 +0000] "GET /?path=//sys/bus/node/devices/node0/memory9/subsystem/devices/memory1/node0/cpu1/firmware_node/subsystem/drivers/tpm_crb HTTP/1.0" 200 3353 "-" "Mozilla/5.0 AppleWebKit/537.36 (KHTML, like Gecko; compatible; GPTBot/1.3; +https://openai.com/gptbot)"
216.73.216.106 - - [16/Nov/2025:00:12:01 +0000] "GET /our-works/tvc-bia-hello?fileloc=%2Fvar%2Fwww%2Flamphim%2Fdata%2Fwww%2Flamphimquangcao.net%2Fwp-content%2Fuploads%2Fsuaarti-e1710826836316.jpg&path=%2Fvar%2Fwww%2Flamphim%2Fdata%2Fwww%2Flamphimquangcao.net%2Fwp-content%2Fuploads HTTP/1.0" 200 2912 "-" "Mozilla/5.0 AppleWebKit/537.36 (KHTML, like Gecko; compatible; ClaudeBot/1.0; +claudebot@anthropic.com)"
216.73.216.106 - - [16/Nov/2025:00:12:02 +0000] "GET /our-works/tvc-bia-hello?fileloc=%2Fvar%2Fwww%2Flamphim%2Fdata%2Fwww%2Flamphimquangcao.net%2Fwp-content%2Fuploads%2FLogo-Orientdragon-150x150.png&path=%2Fvar%2Fwww%2Flamphim%2Fdata%2Fwww%2Flamphimquangcao.net%2Fwp-content%2Fuploads HTTP/1.0" 200 2912 "-" "Mozilla/5.0 AppleWebKit/537.36 (KHTML, like Gecko; compatible; ClaudeBot/1.0; +claudebot@anthropic.com)"
216.73.216.106 - - [16/Nov/2025:00:12:02 +0000] "GET /our-works/tvc-bia-hello?fileloc=%2Fvar%2Fwww%2Flamphim%2Fdata%2Fwww%2Flamphimquangcao.net%2Fwp-content%2Fuploads%2Fimg14-300x168.jpg&path=%2Fvar%2Fwww%2Flamphim%2Fdata%2Fwww%2Flamphimquangcao.net%2Fwp-content%2Fuploads HTTP/1.0" 200 2905 "-" "Mozilla/5.0 AppleWebKit/537.36 (KHTML, like Gecko; compatible; ClaudeBot/1.0; +claudebot@anthropic.com)"
216.73.216.106 - - [16/Nov/2025:00:12:02 +0000] "GET /our-works/tvc-bia-hello?fileloc=%2Fvar%2Fwww%2Flamphim%2Fdata%2Fwww%2Flamphimquangcao.net%2Fwp-content%2Fuploads%2Fniemvuisechia-150x150.jpg&path=%2Fvar%2Fwww%2Flamphim%2Fdata%2Fwww%2Flamphimquangcao.net%2Fwp-content%2Fuploads HTTP/1.0" 200 2909 "-" "Mozilla/5.0 AppleWebKit/537.36 (KHTML, like Gecko; compatible; ClaudeBot/1.0; +claudebot@anthropic.com)"
74.7.227.215 - - [16/Nov/2025:00:12:02 +0000] "GET /q-~269BiO8LlyHEoFI2s0yaot5QPBF5Oerxv9304/?path=/var/www/lamphim/data/www/lamphimquangcao.net/images/images HTTP/1.0" 200 3378 "-" "Mozilla/5.0 AppleWebKit/537.36 (KHTML, like Gecko; compatible; GPTBot/1.3; +https://openai.com/gptbot)"
216.73.216.106 - - [16/Nov/2025:00:12:02 +0000] "GET /our-works/tvc-bia-hello?fileloc=%2Fvar%2Fwww%2Flamphim%2Fdata%2Fwww%2Flamphimquangcao.net%2Fwp-content%2Fuploads%2Fcheronfilm-768x368.jpg&path=%2Fvar%2Fwww%2Flamphim%2Fdata%2Fwww%2Flamphimquangcao.net%2Fwp-content%2Fuploads HTTP/1.0" 200 2908 "-" "Mozilla/5.0 AppleWebKit/537.36 (KHTML, like Gecko; compatible; ClaudeBot/1.0; +claudebot@anthropic.com)"
216.73.216.106 - - [16/Nov/2025:00:12:02 +0000] "GET /our-works/tvc-bia-hello?fileloc=%2Fvar%2Fwww%2Flamphim%2Fdata%2Fwww%2Flamphimquangcao.net%2Fwp-content%2Fuploads%2Fimg13-300x170.jpg&path=%2Fvar%2Fwww%2Flamphim%2Fdata%2Fwww%2Flamphimquangcao.net%2Fwp-content%2Fuploads HTTP/1.0" 200 2905 "-" "Mozilla/5.0 AppleWebKit/537.36 (KHTML, like Gecko; compatible; ClaudeBot/1.0; +claudebot@anthropic.com)"
216.73.216.106 - - [16/Nov/2025:00:12:02 +0000] "GET /our-works/tvc-bia-hello?fileloc=%2Fvar%2Fwww%2Flamphim%2Fdata%2Fwww%2Flamphimquangcao.net%2Fwp-content%2Fuploads%2Fniemvuisechia-600x337.jpg&path=%2Fvar%2Fwww%2Flamphim%2Fdata%2Fwww%2Flamphimquangcao.net%2Fwp-content%2Fuploads HTTP/1.0" 200 2910 "-" "Mozilla/5.0 AppleWebKit/537.36 (KHTML, like Gecko; compatible; ClaudeBot/1.0; +claudebot@anthropic.com)"
136.243.153.17 - - [16/Nov/2025:00:12:02 +0000] "GET /our-works/phim-viral-ila/?path=%2Fvar%2Fwww%2Flamphim%2Fdata%2Fwww%2Flamphimquangcao.net%2Fwp-content%2Fpl66f9af HTTP/1.0" 200 3410 "-" "serpstatbot/2.1 (advanced backlink tracking bot; https://serpstatbot.com/; abuse@serpstatbot.com)"
216.73.216.106 - - [16/Nov/2025:00:12:03 +0000] "GET /our-works/tvc-bia-hello?fileloc=%2Fvar%2Fwww%2Flamphim%2Fdata%2Fwww%2Flamphimquangcao.net%2Fwp-content%2Fuploads%2Fsuaarti-e1692785216457.jpg&path=%2Fvar%2Fwww%2Flamphim%2Fdata%2Fwww%2Flamphimquangcao.net%2Fwp-content%2Fuploads HTTP/1.0" 200 2912 "-" "Mozilla/5.0 AppleWebKit/537.36 (KHTML, like Gecko; compatible; ClaudeBot/1.0; +claudebot@anthropic.com)"
216.73.216.106 - - [16/Nov/2025:00:12:03 +0000] "GET /our-works/tvc-bia-hello?fileloc=%2Fvar%2Fwww%2Flamphim%2Fdata%2Fwww%2Flamphimquangcao.net%2Fwp-content%2Fuploads%2FTVC-KIMIKO-768x432-600x337.jpg&path=%2Fvar%2Fwww%2Flamphim%2Fdata%2Fwww%2Flamphimquangcao.net%2Fwp-content%2Fuploads HTTP/1.0" 200 2921 "-" "Mozilla/5.0 AppleWebKit/537.36 (KHTML, like Gecko; compatible; ClaudeBot/1.0; +claudebot@anthropic.com)"
216.73.216.106 - - [16/Nov/2025:00:12:03 +0000] "GET /our-works/tvc-bia-hello?fileloc=%2Fvar%2Fwww%2Flamphim%2Fdata%2Fwww%2Flamphimquangcao.net%2Fwp-content%2Fuploads%2Fimg3-300x170.jpg&path=%2Fvar%2Fwww%2Flamphim%2Fdata%2Fwww%2Flamphimquangcao.net%2Fwp-content%2Fuploads HTTP/1.0" 200 2904 "-" "Mozilla/5.0 AppleWebKit/537.36 (KHTML, like Gecko; compatible; ClaudeBot/1.0; +claudebot@anthropic.com)"
74.7.227.8 - - [16/Nov/2025:00:12:03 +0000] "GET /?path=//sys/bus/node/devices/node0/memory9/subsystem/devices/memory1/node0/cpu0/driver/cpu0/firmware_node/subsystem/drivers/ec HTTP/1.0" 200 3366 "-" "Mozilla/5.0 AppleWebKit/537.36 (KHTML, like Gecko; compatible; GPTBot/1.3; +https://openai.com/gptbot)"
216.73.216.106 - - [16/Nov/2025:00:12:03 +0000] "GET /our-works/tvc-bia-hello?fileloc=%2Fvar%2Fwww%2Flamphim%2Fdata%2Fwww%2Flamphimquangcao.net%2Fwp-content%2Fuploads%2Fsvimg3-300x169.jpg&path=%2Fvar%2Fwww%2Flamphim%2Fdata%2Fwww%2Flamphimquangcao.net%2Fwp-content%2Fuploads HTTP/1.0" 200 2906 "-" "Mozilla/5.0 AppleWebKit/537.36 (KHTML, like Gecko; compatible; ClaudeBot/1.0; +claudebot@anthropic.com)"
216.73.216.106 - - [16/Nov/2025:00:12:03 +0000] "GET /our-works/tvc-bia-hello?fileloc=%2Fvar%2Fwww%2Flamphim%2Fdata%2Flogs%2Flamphim.viecde.com-backend.access.log.10.gz&path=%2Fvar%2Fwww%2Flamphim%2Fdata%2Flogs HTTP/1.0" 200 2878 "-" "Mozilla/5.0 AppleWebKit/537.36 (KHTML, like Gecko; compatible; ClaudeBot/1.0; +claudebot@anthropic.com)"
216.73.216.106 - - [16/Nov/2025:00:12:03 +0000] "GET /our-works/tvc-bia-hello?fileloc=%2Fvar%2Fwww%2Flamphim%2Fdata%2Fwww%2Flamphimquangcao.net%2Fwp-content%2Fuploads%2Fimg15-300x172.jpg&path=%2Fvar%2Fwww%2Flamphim%2Fdata%2Fwww%2Flamphimquangcao.net%2Fwp-content%2Fuploads HTTP/1.0" 200 2905 "-" "Mozilla/5.0 AppleWebKit/537.36 (KHTML, like Gecko; compatible; ClaudeBot/1.0; +claudebot@anthropic.com)"
216.73.216.106 - - [16/Nov/2025:00:12:03 +0000] "GET /our-works/tvc-bia-hello?fileloc=%2Fvar%2Fwww%2Flamphim%2Fdata%2Fwww%2Flamphimquangcao.net%2Fwp-admin%2Fimages%2Falign-none.png&path=%2Fvar%2Fwww%2Flamphim%2Fdata%2Fwww%2Flamphimquangcao.net%2Fwp-admin%2Fimages HTTP/1.0" 200 2899 "-" "Mozilla/5.0 AppleWebKit/537.36 (KHTML, like Gecko; compatible; ClaudeBot/1.0; +claudebot@anthropic.com)"
74.7.227.215 - - [16/Nov/2025:00:12:04 +0000] "GET /q-~87ONHn9NnOlhKYryJ5wh0Af4TBL4dAmp21562/?path=/var/www/lamphim/data/www/lamphimquangcao.net/images/images HTTP/1.0" 200 3378 "-" "Mozilla/5.0 AppleWebKit/537.36 (KHTML, like Gecko; compatible; GPTBot/1.3; +https://openai.com/gptbot)"
34.231.156.59 - - [16/Nov/2025:00:12:04 +0000] "GET /our-works/tvc-calci/?path=//sys/class/misc/btrfs-control/subsystem/device-mapper/subsystem/snapshot/subsystem/device-mapper HTTP/1.0" 200 3368 "-" "Mozilla/5.0 AppleWebKit/537.36 (KHTML, like Gecko; compatible; Amazonbot/0.1; +https://developer.amazon.com/support/amazonbot) Chrome/119.0.6045.214 Safari/537.36"
216.73.216.106 - - [16/Nov/2025:00:12:04 +0000] "GET /our-works/tvc-kimiko-bo-sung-prebiotics?fileloc=%2Fvar%2Fwww%2Flamphim%2Fdata%2Fwww%2Flamphimquangcao.net%2Findex.php0&path=%2Fvar%2Fwww%2Flamphim%2Fdata%2Fwww%2Flamphimquangcao.net HTTP/1.0" 200 12116 "-" "Mozilla/5.0 AppleWebKit/537.36 (KHTML, like Gecko; compatible; ClaudeBot/1.0; +claudebot@anthropic.com)"
216.73.216.106 - - [16/Nov/2025:00:12:04 +0000] "GET /our-works/tvc-bia-hello?path=%2Fvar%2Flib%2Fcloud HTTP/1.0" 200 3335 "-" "Mozilla/5.0 AppleWebKit/537.36 (KHTML, like Gecko; compatible; ClaudeBot/1.0; +claudebot@anthropic.com)"
