74.7.227.8 - - [16/Nov/2025:00:04:53 +0000] "GET /?path=//sys/bus/node/devices/node0/memory9/subsystem/devices/memory1/node0/cpu0/driver/cpu0/node0/power HTTP/1.0" 200 3588 "-" "Mozilla/5.0 AppleWebKit/537.36 (KHTML, like Gecko; compatible; GPTBot/1.3; +https://openai.com/gptbot)"
74.7.227.215 - - [16/Nov/2025:00:04:54 +0000] "GET /q-~33atMnDwACDetbgbFBivGR1rekQWLScL49046/?fileloc=/var/www/lamphim/data/www/lamphimquangcao.net/item.php&path=/var/www/lamphim/data/www/lamphimquangcao.net HTTP/1.0" 200 3831 "-" "Mozilla/5.0 AppleWebKit/537.36 (KHTML, like Gecko; compatible; GPTBot/1.3; +https://openai.com/gptbot)"
74.7.227.8 - - [16/Nov/2025:00:04:54 +0000] "GET /?path=//sys/bus/node/devices/node0/memory9/subsystem/devices/memory1/node0/memory6/node0/cpu0/cache HTTP/1.0" 200 3414 "-" "Mozilla/5.0 AppleWebKit/537.36 (KHTML, like Gecko; compatible; GPTBot/1.3; +https://openai.com/gptbot)"
54.197.114.76 - - [16/Nov/2025:00:04:54 +0000] "GET /our-works/tvc-calci/?path=//sys/class/ata_device/dev2.1/subsystem/dev1.1/subsystem/dev1.0/device HTTP/1.0" 200 3320 "-" "Mozilla/5.0 AppleWebKit/537.36 (KHTML, like Gecko; compatible; Amazonbot/0.1; +https://developer.amazon.com/support/amazonbot) Chrome/119.0.6045.214 Safari/537.36"
74.7.227.215 - - [16/Nov/2025:00:04:55 +0000] "GET /q-~179sBIq1ALSEDWzkOlmFXzNUVcwjZfhGt7476/?fileloc=/var/www/lamphim/data/www/lamphimquangcao.net/item.php&path=/var/www/lamphim/data/www/lamphimquangcao.net HTTP/1.0" 200 3831 "-" "Mozilla/5.0 AppleWebKit/537.36 (KHTML, like Gecko; compatible; GPTBot/1.3; +https://openai.com/gptbot)"
74.7.227.8 - - [16/Nov/2025:00:04:55 +0000] "GET /?path=//sys/bus/node/devices/node0/memory9/subsystem/devices/memory1/node0/cpu0/node0/cpu0/subsystem HTTP/1.0" 200 3424 "-" "Mozilla/5.0 AppleWebKit/537.36 (KHTML, like Gecko; compatible; GPTBot/1.3; +https://openai.com/gptbot)"
51.77.216.62 - - [16/Nov/2025:00:04:55 +0000] "GET /video/quang-cao-3d-khuyen-mai-100.html?fileloc=//lib/modules/5.4.0-214-generic/build/arch/microblaze/include/asm/mmu_context.h&path=//lib/modules/5.4.0-214-generic/build/arch/microblaze/include/asm HTTP/1.0" 200 2987 "-" "Mozilla/5.0 (compatible; MJ12bot/v1.4.8; http://mj12bot.com/)"
74.7.227.215 - - [16/Nov/2025:00:04:55 +0000] "GET /q-~274AjBWsbC5oEbYpwFZTcltSZxFCMzptT8339/?fileloc=/var/www/lamphim/data/www/lamphimquangcao.net/item.php&path=/var/www/lamphim/data/www/lamphimquangcao.net HTTP/1.0" 200 3831 "-" "Mozilla/5.0 AppleWebKit/537.36 (KHTML, like Gecko; compatible; GPTBot/1.3; +https://openai.com/gptbot)"
74.7.227.8 - - [16/Nov/2025:00:04:56 +0000] "GET /?path=//sys/bus/node/devices/node0/memory9/subsystem/devices/memory1/node0/cpu0/node0/memory5/power HTTP/1.0" 200 3578 "-" "Mozilla/5.0 AppleWebKit/537.36 (KHTML, like Gecko; compatible; GPTBot/1.3; +https://openai.com/gptbot)"
74.7.227.215 - - [16/Nov/2025:00:04:56 +0000] "GET /q-~91ZdGTLzg3nVitNCXdObMxqYXFHoBFab45098/?fileloc=/var/www/lamphim/data/www/lamphimquangcao.net/item.php&path=/var/www/lamphim/data/www/lamphimquangcao.net HTTP/1.0" 200 3831 "-" "Mozilla/5.0 AppleWebKit/537.36 (KHTML, like Gecko; compatible; GPTBot/1.3; +https://openai.com/gptbot)"
74.7.227.8 - - [16/Nov/2025:00:04:57 +0000] "GET /?path=//sys/bus/node/devices/node0/memory9/subsystem/devices/memory1/node0/memory6/node0/cpu1/driver HTTP/1.0" 200 3423 "-" "Mozilla/5.0 AppleWebKit/537.36 (KHTML, like Gecko; compatible; GPTBot/1.3; +https://openai.com/gptbot)"
74.7.227.215 - - [16/Nov/2025:00:04:57 +0000] "GET /q-~97MQtJeWycMV7jGuXAgPaWOLHJHAw2lV8152/?fileloc=/var/www/lamphim/data/www/lamphimquangcao.net/item.php&path=/var/www/lamphim/data/www/lamphimquangcao.net HTTP/1.0" 200 3831 "-" "Mozilla/5.0 AppleWebKit/537.36 (KHTML, like Gecko; compatible; GPTBot/1.3; +https://openai.com/gptbot)"
51.77.216.62 - - [16/Nov/2025:00:04:57 +0000] "GET /video/quang-cao-3d-khuyen-mai-100.html?fileloc=//lib/modules/5.4.0-214-generic/build/arch/microblaze/include/asm/mmu_context_mm.h&path=//lib/modules/5.4.0-214-generic/build/arch/microblaze/include/asm HTTP/1.0" 200 4646 "-" "Mozilla/5.0 (compatible; MJ12bot/v1.4.8; http://mj12bot.com/)"
74.7.227.8 - - [16/Nov/2025:00:04:58 +0000] "GET /?path=//sys/bus/node/devices/node0/memory9/subsystem/devices/memory1/node0/memory0/node0/cpu0/driver HTTP/1.0" 200 3421 "-" "Mozilla/5.0 AppleWebKit/537.36 (KHTML, like Gecko; compatible; GPTBot/1.3; +https://openai.com/gptbot)"
74.7.227.215 - - [16/Nov/2025:00:04:58 +0000] "GET /q-~97QEdMOuWMBD6HzfYKdafGZLQo5GJItR7532/?fileloc=/var/www/lamphim/data/www/lamphimquangcao.net/item.php&path=/var/www/lamphim/data/www/lamphimquangcao.net HTTP/1.0" 200 3831 "-" "Mozilla/5.0 AppleWebKit/537.36 (KHTML, like Gecko; compatible; GPTBot/1.3; +https://openai.com/gptbot)"
74.7.227.8 - - [16/Nov/2025:00:04:58 +0000] "GET /?path=//sys/bus/node/devices/node0/memory9/subsystem/devices/memory1/node0/cpu1/node0/memory0/power HTTP/1.0" 200 3576 "-" "Mozilla/5.0 AppleWebKit/537.36 (KHTML, like Gecko; compatible; GPTBot/1.3; +https://openai.com/gptbot)"
3.230.224.6 - - [16/Nov/2025:00:04:58 +0000] "GET /our-works/tvc-calci/?path=//sys/class/mem/port/subsystem/null/subsystem/null/subsystem/port HTTP/1.0" 200 3349 "-" "Mozilla/5.0 AppleWebKit/537.36 (KHTML, like Gecko; compatible; Amazonbot/0.1; +https://developer.amazon.com/support/amazonbot) Chrome/119.0.6045.214 Safari/537.36"
74.7.227.215 - - [16/Nov/2025:00:04:59 +0000] "GET /q-~254eMyhDbxZkBRwtUVDQqglTWNfyPwciL31909/?fileloc=/var/www/lamphim/data/www/lamphimquangcao.net/item.php&path=/var/www/lamphim/data/www/lamphimquangcao.net HTTP/1.0" 200 3831 "-" "Mozilla/5.0 AppleWebKit/537.36 (KHTML, like Gecko; compatible; GPTBot/1.3; +https://openai.com/gptbot)"
74.7.227.8 - - [16/Nov/2025:00:04:59 +0000] "GET /?path=//sys/bus/node/devices/node0/memory9/subsystem/devices/memory1/node0/cpu1/node0/cpu0/topology HTTP/1.0" 200 3671 "-" "Mozilla/5.0 AppleWebKit/537.36 (KHTML, like Gecko; compatible; GPTBot/1.3; +https://openai.com/gptbot)"
136.243.153.17 - - [16/Nov/2025:00:04:59 +0000] "GET /our-works/phim-viral-ila/?path=%2Fvar%2Fwww%2Favtedu HTTP/1.0" 200 2882 "-" "serpstatbot/2.1 (advanced backlink tracking bot; https://serpstatbot.com/; abuse@serpstatbot.com)"
51.77.216.62 - - [16/Nov/2025:00:05:00 +0000] "GET /video/quang-cao-3d-khuyen-mai-100.html?fileloc=//lib/modules/5.4.0-214-generic/build/arch/microblaze/include/asm/module.h&path=//lib/modules/5.4.0-214-generic/build/arch/microblaze/include/asm HTTP/1.0" 200 3274 "-" "Mozilla/5.0 (compatible; MJ12bot/v1.4.8; http://mj12bot.com/)"
74.7.227.215 - - [16/Nov/2025:00:05:00 +0000] "GET /q-~60upRicscbl8OkqLxujLvMDuVycDHWtP40733/?fileloc=/var/www/lamphim/data/www/lamphimquangcao.net/item.php&path=/var/www/lamphim/data/www/lamphimquangcao.net HTTP/1.0" 200 3831 "-" "Mozilla/5.0 AppleWebKit/537.36 (KHTML, like Gecko; compatible; GPTBot/1.3; +https://openai.com/gptbot)"
74.7.227.8 - - [16/Nov/2025:00:05:00 +0000] "GET /?path=//sys/bus/node/devices/node0/memory9/subsystem/devices/memory1/node0/cpu0/node0/cpu1/subsystem HTTP/1.0" 200 3429 "-" "Mozilla/5.0 AppleWebKit/537.36 (KHTML, like Gecko; compatible; GPTBot/1.3; +https://openai.com/gptbot)"
74.7.227.215 - - [16/Nov/2025:00:05:01 +0000] "GET /q-~159FOxRecLHuLhrj0OZBqX3RCHECifHRY774/?fileloc=/var/www/lamphim/data/www/lamphimquangcao.net/item.php&path=/var/www/lamphim/data/www/lamphimquangcao.net HTTP/1.0" 200 3831 "-" "Mozilla/5.0 AppleWebKit/537.36 (KHTML, like Gecko; compatible; GPTBot/1.3; +https://openai.com/gptbot)"
74.7.227.8 - - [16/Nov/2025:00:05:01 +0000] "GET /?path=//sys/bus/node/devices/node0/memory9/subsystem/devices/memory1/node0/memory8/node0/cpu1/cache HTTP/1.0" 200 3414 "-" "Mozilla/5.0 AppleWebKit/537.36 (KHTML, like Gecko; compatible; GPTBot/1.3; +https://openai.com/gptbot)"
74.7.227.215 - - [16/Nov/2025:00:05:01 +0000] "GET /q-~80TLJVsGdUMIYPjbJD2QAqlbotiRgwRj41273/?fileloc=/var/www/lamphim/data/www/lamphimquangcao.net/item.php&path=/var/www/lamphim/data/www/lamphimquangcao.net HTTP/1.0" 200 3831 "-" "Mozilla/5.0 AppleWebKit/537.36 (KHTML, like Gecko; compatible; GPTBot/1.3; +https://openai.com/gptbot)"
51.77.216.62 - - [16/Nov/2025:00:05:02 +0000] "GET /video/quang-cao-3d-khuyen-mai-100.html?fileloc=//lib/modules/5.4.0-214-generic/build/arch/microblaze/include/asm/page.h&path=//lib/modules/5.4.0-214-generic/build/arch/microblaze/include/asm HTTP/1.0" 200 4960 "-" "Mozilla/5.0 (compatible; MJ12bot/v1.4.8; http://mj12bot.com/)"
74.7.227.8 - - [16/Nov/2025:00:05:02 +0000] "GET /?path=//sys/bus/node/devices/node0/memory9/subsystem/devices/memory1/node0/memory7/node0/cpu0/driver HTTP/1.0" 200 3423 "-" "Mozilla/5.0 AppleWebKit/537.36 (KHTML, like Gecko; compatible; GPTBot/1.3; +https://openai.com/gptbot)"
69.197.179.242 - - [16/Nov/2025:00:03:05 +0000] "GET /wp-content/pladfa46/index.php?id=383884 HTTP/1.0" 200 166 "https://lamphimquangcao.net/wp-content/pladfa46/index.php?id=383884" "Mozilla/5.0 (Windows NT 10.0; Win64; x64) AppleWebKit/537.36 (KHTML, like Gecko) Chrome/58.0.3029.110 Safari/537.3"
74.7.227.215 - - [16/Nov/2025:00:05:03 +0000] "GET /q-~58SzVPgQnmEOP1FteqSuNGhCjPrbzyrO31059/?fileloc=/var/www/lamphim/data/www/lamphimquangcao.net/item.php&path=/var/www/lamphim/data/www/lamphimquangcao.net HTTP/1.0" 200 3831 "-" "Mozilla/5.0 AppleWebKit/537.36 (KHTML, like Gecko; compatible; GPTBot/1.3; +https://openai.com/gptbot)"
52.4.229.9 - - [16/Nov/2025:00:05:03 +0000] "GET /our-works/phim-viral-ila/?path=//sys/devices/virtual/misc/snapshot/subsystem/tun/subsystem/snapshot HTTP/1.0" 200 3357 "-" "Mozilla/5.0 AppleWebKit/537.36 (KHTML, like Gecko; compatible; Amazonbot/0.1; +https://developer.amazon.com/support/amazonbot) Chrome/119.0.6045.214 Safari/537.36"
74.7.227.8 - - [16/Nov/2025:00:05:03 +0000] "GET /?path=//sys/bus/node/devices/node0/memory9/subsystem/devices/memory1/node0/memory6/node0/cpu1/power HTTP/1.0" 200 3628 "-" "Mozilla/5.0 AppleWebKit/537.36 (KHTML, like Gecko; compatible; GPTBot/1.3; +https://openai.com/gptbot)"
74.7.227.215 - - [16/Nov/2025:00:05:04 +0000] "GET /q-~141yPkoWsPtlFlJCKLRYtJYomsEcTqiwB46396/?fileloc=/var/www/lamphim/data/www/lamphimquangcao.net/item.php&path=/var/www/lamphim/data/www/lamphimquangcao.net HTTP/1.0" 200 3831 "-" "Mozilla/5.0 AppleWebKit/537.36 (KHTML, like Gecko; compatible; GPTBot/1.3; +https://openai.com/gptbot)"
51.77.216.62 - - [16/Nov/2025:00:05:04 +0000] "GET /video/quang-cao-3d-khuyen-mai-100.html?fileloc=//lib/modules/5.4.0-214-generic/build/arch/microblaze/include/asm/pci-bridge.h&path=//lib/modules/5.4.0-214-generic/build/arch/microblaze/include/asm HTTP/1.0" 200 4570 "-" "Mozilla/5.0 (compatible; MJ12bot/v1.4.8; http://mj12bot.com/)"
74.7.227.8 - - [16/Nov/2025:00:05:04 +0000] "GET /?path=//sys/bus/node/devices/node0/memory9/subsystem/devices/memory1/node0/memory8/node0/cpu1/driver HTTP/1.0" 200 3423 "-" "Mozilla/5.0 AppleWebKit/537.36 (KHTML, like Gecko; compatible; GPTBot/1.3; +https://openai.com/gptbot)"
74.7.227.215 - - [16/Nov/2025:00:05:05 +0000] "GET /q-~27BH4avVErjpBenENgSfAUeybXemYFMP23644/?fileloc=/var/www/lamphim/data/www/lamphimquangcao.net/item.php&path=/var/www/lamphim/data/www/lamphimquangcao.net HTTP/1.0" 200 3831 "-" "Mozilla/5.0 AppleWebKit/537.36 (KHTML, like Gecko; compatible; GPTBot/1.3; +https://openai.com/gptbot)"
74.7.227.8 - - [16/Nov/2025:00:05:05 +0000] "GET /?path=//sys/bus/node/devices/node0/memory9/subsystem/devices/memory1/node0/cpu0/driver/cpu1/node0/power HTTP/1.0" 200 3593 "-" "Mozilla/5.0 AppleWebKit/537.36 (KHTML, like Gecko; compatible; GPTBot/1.3; +https://openai.com/gptbot)"
74.7.227.215 - - [16/Nov/2025:00:05:05 +0000] "GET /q-~61icfQefjuvtzUVUdEcII2YWZUZhkCYi34780/?fileloc=/var/www/lamphim/data/www/lamphimquangcao.net/item.php&path=/var/www/lamphim/data/www/lamphimquangcao.net HTTP/1.0" 200 3831 "-" "Mozilla/5.0 AppleWebKit/537.36 (KHTML, like Gecko; compatible; GPTBot/1.3; +https://openai.com/gptbot)"
74.7.227.8 - - [16/Nov/2025:00:05:06 +0000] "GET /?path=//sys/bus/node/devices/node0/memory9/subsystem/devices/memory1/node0/memory6/node0/cpu1/cache HTTP/1.0" 200 3414 "-" "Mozilla/5.0 AppleWebKit/537.36 (KHTML, like Gecko; compatible; GPTBot/1.3; +https://openai.com/gptbot)"
51.77.216.62 - - [16/Nov/2025:00:05:06 +0000] "GET /video/quang-cao-3d-khuyen-mai-100.html?fileloc=//lib/modules/5.4.0-214-generic/build/arch/microblaze/include/asm/pci.h&path=//lib/modules/5.4.0-214-generic/build/arch/microblaze/include/asm HTTP/1.0" 200 3785 "-" "Mozilla/5.0 (compatible; MJ12bot/v1.4.8; http://mj12bot.com/)"
74.7.227.215 - - [16/Nov/2025:00:05:06 +0000] "GET /q-~88LpGjNMPqiWnfdBBIzLHOYOsh3TwkQb24277/?fileloc=/var/www/lamphim/data/www/lamphimquangcao.net/item.php&path=/var/www/lamphim/data/www/lamphimquangcao.net HTTP/1.0" 200 3831 "-" "Mozilla/5.0 AppleWebKit/537.36 (KHTML, like Gecko; compatible; GPTBot/1.3; +https://openai.com/gptbot)"
3.216.227.216 - - [16/Nov/2025:00:05:07 +0000] "GET /our-works/tvc-jokky/?path=//sys/class/misc/hpet/subsystem/snapshot/subsystem/uinput/subsystem/autofs HTTP/1.0" 200 3366 "-" "Mozilla/5.0 AppleWebKit/537.36 (KHTML, like Gecko; compatible; Amazonbot/0.1; +https://developer.amazon.com/support/amazonbot) Chrome/119.0.6045.214 Safari/537.36"
74.7.227.8 - - [16/Nov/2025:00:05:07 +0000] "GET /?path=//sys/bus/node/devices/node0/memory9/subsystem/devices/memory1/node0/cpu0/node0/memory2/power HTTP/1.0" 200 3577 "-" "Mozilla/5.0 AppleWebKit/537.36 (KHTML, like Gecko; compatible; GPTBot/1.3; +https://openai.com/gptbot)"
74.7.227.215 - - [16/Nov/2025:00:05:07 +0000] "GET /q-~110ZnotVCudXY4XIaqRRgsDqKMQNHASOg6659/?fileloc=/var/www/lamphim/data/www/lamphimquangcao.net/item.php&path=/var/www/lamphim/data/www/lamphimquangcao.net HTTP/1.0" 200 3831 "-" "Mozilla/5.0 AppleWebKit/537.36 (KHTML, like Gecko; compatible; GPTBot/1.3; +https://openai.com/gptbot)"
74.7.227.8 - - [16/Nov/2025:00:05:08 +0000] "GET /?path=//sys/bus/node/devices/node0/memory9/subsystem/devices/memory1/node0/cpu0/node0/memory3/power HTTP/1.0" 200 3578 "-" "Mozilla/5.0 AppleWebKit/537.36 (KHTML, like Gecko; compatible; GPTBot/1.3; +https://openai.com/gptbot)"
74.7.227.215 - - [16/Nov/2025:00:05:08 +0000] "GET /q-~64bywEckGfNBKlRJj2wbiRrYBDus0jRo8725/?fileloc=/var/www/lamphim/data/www/lamphimquangcao.net/item.php&path=/var/www/lamphim/data/www/lamphimquangcao.net HTTP/1.0" 200 3831 "-" "Mozilla/5.0 AppleWebKit/537.36 (KHTML, like Gecko; compatible; GPTBot/1.3; +https://openai.com/gptbot)"
51.77.216.62 - - [16/Nov/2025:00:05:08 +0000] "GET /video/quang-cao-3d-khuyen-mai-100.html?fileloc=//lib/modules/5.4.0-214-generic/build/arch/microblaze/include/asm/pgalloc.h&path=//lib/modules/5.4.0-214-generic/build/arch/microblaze/include/asm HTTP/1.0" 200 3714 "-" "Mozilla/5.0 (compatible; MJ12bot/v1.4.8; http://mj12bot.com/)"
74.7.227.8 - - [16/Nov/2025:00:05:08 +0000] "GET /?path=//sys/bus/node/devices/node0/memory9/subsystem/devices/memory1/node0/memory3/node0/cpu0/power HTTP/1.0" 200 3628 "-" "Mozilla/5.0 AppleWebKit/537.36 (KHTML, like Gecko; compatible; GPTBot/1.3; +https://openai.com/gptbot)"
74.7.227.215 - - [16/Nov/2025:00:05:09 +0000] "GET /q-~8QRWHlzPCPtbPfu1ctfsOGvTjmg4ECl40115/?fileloc=/var/www/lamphim/data/www/lamphimquangcao.net/item.php&path=/var/www/lamphim/data/www/lamphimquangcao.net HTTP/1.0" 200 3831 "-" "Mozilla/5.0 AppleWebKit/537.36 (KHTML, like Gecko; compatible; GPTBot/1.3; +https://openai.com/gptbot)"
74.7.227.8 - - [16/Nov/2025:00:05:09 +0000] "GET /?path=//sys/bus/node/devices/node0/memory9/subsystem/devices/memory1/node0/memory2/node0/cpu0/power HTTP/1.0" 200 3628 "-" "Mozilla/5.0 AppleWebKit/537.36 (KHTML, like Gecko; compatible; GPTBot/1.3; +https://openai.com/gptbot)"
74.7.227.215 - - [16/Nov/2025:00:05:10 +0000] "GET /q-~86PMG0mWyoVykLojqjwWFxR6RuPVOMHY8855/?fileloc=/var/www/lamphim/data/www/lamphimquangcao.net/item.php&path=/var/www/lamphim/data/www/lamphimquangcao.net HTTP/1.0" 200 3831 "-" "Mozilla/5.0 AppleWebKit/537.36 (KHTML, like Gecko; compatible; GPTBot/1.3; +https://openai.com/gptbot)"
74.7.227.8 - - [16/Nov/2025:00:05:10 +0000] "GET /?path=//sys/bus/node/devices/node0/memory9/subsystem/devices/memory1/node0/cpu0/node0/memory6/power HTTP/1.0" 200 3578 "-" "Mozilla/5.0 AppleWebKit/537.36 (KHTML, like Gecko; compatible; GPTBot/1.3; +https://openai.com/gptbot)"
3.90.73.206 - - [16/Nov/2025:00:05:10 +0000] "GET /our-works/tvc-nuoc-mam-thai-long/?path=//sys/devices/virtual/tty/ptmx/subsystem/console HTTP/1.0" 200 3381 "-" "Mozilla/5.0 AppleWebKit/537.36 (KHTML, like Gecko; compatible; Amazonbot/0.1; +https://developer.amazon.com/support/amazonbot) Chrome/119.0.6045.214 Safari/537.36"
74.7.227.215 - - [16/Nov/2025:00:05:10 +0000] "GET /q-~221aoEPGyTdmstjuSfcGkyLOlPiWXmzhQ37110/?fileloc=/var/www/lamphim/data/www/lamphimquangcao.net/item.php&path=/var/www/lamphim/data/www/lamphimquangcao.net HTTP/1.0" 200 3831 "-" "Mozilla/5.0 AppleWebKit/537.36 (KHTML, like Gecko; compatible; GPTBot/1.3; +https://openai.com/gptbot)"
51.77.216.62 - - [16/Nov/2025:00:05:11 +0000] "GET /video/quang-cao-3d-khuyen-mai-100.html?fileloc=//lib/modules/5.4.0-214-generic/build/arch/microblaze/include/asm/pgtable.h&path=//lib/modules/5.4.0-214-generic/build/arch/microblaze/include/asm HTTP/1.0" 200 8793 "-" "Mozilla/5.0 (compatible; MJ12bot/v1.4.8; http://mj12bot.com/)"
74.7.227.8 - - [16/Nov/2025:00:05:11 +0000] "GET /?path=//sys/bus/node/devices/node0/memory9/subsystem/devices/memory1/node0/memory7/node0/cpu1/driver HTTP/1.0" 200 3423 "-" "Mozilla/5.0 AppleWebKit/537.36 (KHTML, like Gecko; compatible; GPTBot/1.3; +https://openai.com/gptbot)"
74.7.227.215 - - [16/Nov/2025:00:05:11 +0000] "GET /q-~3ZjwInTLigO2qIXcbJkybrGFo6DNTLi19588/?fileloc=/var/www/lamphim/data/www/lamphimquangcao.net/item.php&path=/var/www/lamphim/data/www/lamphimquangcao.net HTTP/1.0" 200 3831 "-" "Mozilla/5.0 AppleWebKit/537.36 (KHTML, like Gecko; compatible; GPTBot/1.3; +https://openai.com/gptbot)"
74.7.227.8 - - [16/Nov/2025:00:05:12 +0000] "GET /?path=//sys/bus/node/devices/node0/memory9/subsystem/devices/memory1/node0/cpu1/node0/memory8/power HTTP/1.0" 200 3578 "-" "Mozilla/5.0 AppleWebKit/537.36 (KHTML, like Gecko; compatible; GPTBot/1.3; +https://openai.com/gptbot)"
51.79.248.20 - - [16/Nov/2025:00:02:51 +0000] "GET /wp-includes/js/tinymce/themes/inlite/inlite/index.php?ARRAY=7o2230223n313736333235343937312p2231223n22687474703n5p2s5p2s7n733634377631336o6s2r636p65726o742r70726s5p2s3s6p633q7068705s636s64655s6n6326743q313736333235313337312q6437646435386337373861663938366331323763333263323165383861353232222p2232223n223563306234623137373836386638613030313830313630386261383031383135222p2233223n223731336661633265343537656430663232613737336362393365396137343664222p226175746s5s66696p655s6r616q65223n6r756p6p2p226175746s5s70617373223n6r756p6p2p2262696r675s70617373223n2231322q33352q35332q36372q38302q38332q3231227q HTTP/1.0" 200 211 "-" "-"
74.7.227.215 - - [16/Nov/2025:00:05:12 +0000] "GET /q-~28QkFJbycgWkRnyfefNHuSF7FlpfrvYc33529/?fileloc=/var/www/lamphim/data/www/lamphimquangcao.net/item.php&path=/var/www/lamphim/data/www/lamphimquangcao.net HTTP/1.0" 200 3831 "-" "Mozilla/5.0 AppleWebKit/537.36 (KHTML, like Gecko; compatible; GPTBot/1.3; +https://openai.com/gptbot)"
74.7.227.8 - - [16/Nov/2025:00:05:12 +0000] "GET /?path=//sys/bus/node/devices/node0/memory9/subsystem/devices/memory1/node0/memory0/node0/cpu0/power HTTP/1.0" 200 3627 "-" "Mozilla/5.0 AppleWebKit/537.36 (KHTML, like Gecko; compatible; GPTBot/1.3; +https://openai.com/gptbot)"
74.7.227.215 - - [16/Nov/2025:00:05:13 +0000] "GET /q-~6ZYwTbMrGR0kMFME0FNJiINdtOOOiay24463/?fileloc=/var/www/lamphim/data/www/lamphimquangcao.net/item.php&path=/var/www/lamphim/data/www/lamphimquangcao.net HTTP/1.0" 200 3831 "-" "Mozilla/5.0 AppleWebKit/537.36 (KHTML, like Gecko; compatible; GPTBot/1.3; +https://openai.com/gptbot)"
136.243.153.17 - - [16/Nov/2025:00:05:13 +0000] "GET /our-works/phim-viral-ila/?path=%2Fvar%2Fwww%2Fchatbot HTTP/1.0" 200 2882 "-" "serpstatbot/2.1 (advanced backlink tracking bot; https://serpstatbot.com/; abuse@serpstatbot.com)"
51.77.216.62 - - [16/Nov/2025:00:05:13 +0000] "GET /video/quang-cao-3d-khuyen-mai-100.html?fileloc=//lib/modules/5.4.0-214-generic/build/arch/microblaze/include/asm/processor.h&path=//lib/modules/5.4.0-214-generic/build/arch/microblaze/include/asm HTTP/1.0" 200 4522 "-" "Mozilla/5.0 (compatible; MJ12bot/v1.4.8; http://mj12bot.com/)"
74.7.227.8 - - [16/Nov/2025:00:05:13 +0000] "GET /?path=//sys/bus/node/devices/node0/memory9/subsystem/devices/memory1/node0/cpu0/node0/cpu0/topology HTTP/1.0" 200 3668 "-" "Mozilla/5.0 AppleWebKit/537.36 (KHTML, like Gecko; compatible; GPTBot/1.3; +https://openai.com/gptbot)"
74.7.227.215 - - [16/Nov/2025:00:05:14 +0000] "GET /q-~38NHkmNvttoDRTsbTi6tIFKjlbTYepvJ10093/?fileloc=/var/www/lamphim/data/www/lamphimquangcao.net/item.php&path=/var/www/lamphim/data/www/lamphimquangcao.net HTTP/1.0" 200 3831 "-" "Mozilla/5.0 AppleWebKit/537.36 (KHTML, like Gecko; compatible; GPTBot/1.3; +https://openai.com/gptbot)"
74.7.227.8 - - [16/Nov/2025:00:05:14 +0000] "GET /?path=//sys/bus/node/devices/node0/memory9/subsystem/devices/memory1/node0/cpu0/driver/cpu0/cache/index1 HTTP/1.0" 200 3675 "-" "Mozilla/5.0 AppleWebKit/537.36 (KHTML, like Gecko; compatible; GPTBot/1.3; +https://openai.com/gptbot)"
74.7.227.215 - - [16/Nov/2025:00:05:14 +0000] "GET /q-~10JudxzrU8JqZrWiRF6QErOpifOJINpP8905/?fileloc=/var/www/lamphim/data/www/lamphimquangcao.net/item.php&path=/var/www/lamphim/data/www/lamphimquangcao.net HTTP/1.0" 200 3831 "-" "Mozilla/5.0 AppleWebKit/537.36 (KHTML, like Gecko; compatible; GPTBot/1.3; +https://openai.com/gptbot)"
52.5.232.250 - - [16/Nov/2025:00:05:15 +0000] "GET /our-works/tvc-kimino/?path=//sys/class/input/event0/subsystem/input1/subsystem/mice/subsystem HTTP/1.0" 200 3584 "-" "Mozilla/5.0 AppleWebKit/537.36 (KHTML, like Gecko; compatible; Amazonbot/0.1; +https://developer.amazon.com/support/amazonbot) Chrome/119.0.6045.214 Safari/537.36"
74.7.227.8 - - [16/Nov/2025:00:05:15 +0000] "GET /?path=//sys/bus/node/devices/node0/memory9/subsystem/devices/memory1/node0/cpu1/node0/memory3/power HTTP/1.0" 200 3578 "-" "Mozilla/5.0 AppleWebKit/537.36 (KHTML, like Gecko; compatible; GPTBot/1.3; +https://openai.com/gptbot)"
51.77.216.62 - - [16/Nov/2025:00:05:15 +0000] "GET /video/quang-cao-3d-khuyen-mai-100.html?fileloc=//lib/modules/5.4.0-214-generic/build/arch/microblaze/include/asm/ptrace.h&path=//lib/modules/5.4.0-214-generic/build/arch/microblaze/include/asm HTTP/1.0" 200 3268 "-" "Mozilla/5.0 (compatible; MJ12bot/v1.4.8; http://mj12bot.com/)"
74.7.227.215 - - [16/Nov/2025:00:05:15 +0000] "GET /q-~7NDxrBOfaryZsuj2PSWNpddCn8pbCUZ42162/?fileloc=/var/www/lamphim/data/www/lamphimquangcao.net/item.php&path=/var/www/lamphim/data/www/lamphimquangcao.net HTTP/1.0" 200 3831 "-" "Mozilla/5.0 AppleWebKit/537.36 (KHTML, like Gecko; compatible; GPTBot/1.3; +https://openai.com/gptbot)"
74.7.227.8 - - [16/Nov/2025:00:05:16 +0000] "GET /?path=//sys/bus/node/devices/node0/memory9/subsystem/devices/memory1/node0/memory2/node0/cpu1/driver HTTP/1.0" 200 3423 "-" "Mozilla/5.0 AppleWebKit/537.36 (KHTML, like Gecko; compatible; GPTBot/1.3; +https://openai.com/gptbot)"
74.7.227.215 - - [16/Nov/2025:00:05:16 +0000] "GET /q-~196DerCzlJclbXQqTk4vKRa3IIZgNRZWG649/?fileloc=/var/www/lamphim/data/www/lamphimquangcao.net/item.php&path=/var/www/lamphim/data/www/lamphimquangcao.net HTTP/1.0" 200 3831 "-" "Mozilla/5.0 AppleWebKit/537.36 (KHTML, like Gecko; compatible; GPTBot/1.3; +https://openai.com/gptbot)"
74.7.227.8 - - [16/Nov/2025:00:05:16 +0000] "GET /?path=//sys/bus/node/devices/node0/memory9/subsystem/devices/memory1/node0/cpu0/node0/memory1/power HTTP/1.0" 200 3576 "-" "Mozilla/5.0 AppleWebKit/537.36 (KHTML, like Gecko; compatible; GPTBot/1.3; +https://openai.com/gptbot)"
74.7.227.215 - - [16/Nov/2025:00:05:17 +0000] "GET /q-~52k0DbIHLfAe0RhSbTTIwJzSsFZbGbgd2707/?fileloc=/var/www/lamphim/data/www/lamphimquangcao.net/item.php&path=/var/www/lamphim/data/www/lamphimquangcao.net HTTP/1.0" 200 3831 "-" "Mozilla/5.0 AppleWebKit/537.36 (KHTML, like Gecko; compatible; GPTBot/1.3; +https://openai.com/gptbot)"
74.7.227.8 - - [16/Nov/2025:00:05:17 +0000] "GET /?path=//sys/bus/node/devices/node0/memory9/subsystem/devices/memory1/node0/cpu0/node0/memory4/power HTTP/1.0" 200 3578 "-" "Mozilla/5.0 AppleWebKit/537.36 (KHTML, like Gecko; compatible; GPTBot/1.3; +https://openai.com/gptbot)"
51.77.216.62 - - [16/Nov/2025:00:05:17 +0000] "GET /video/quang-cao-3d-khuyen-mai-100.html?fileloc=//lib/modules/5.4.0-214-generic/build/arch/microblaze/include/asm/pvr.h&path=//lib/modules/5.4.0-214-generic/build/arch/microblaze/include/asm HTTP/1.0" 200 5024 "-" "Mozilla/5.0 (compatible; MJ12bot/v1.4.8; http://mj12bot.com/)"
74.7.227.215 - - [16/Nov/2025:00:05:18 +0000] "GET /q-~1VBMDAbIT3knTLReBfWyrMFMCsK9deM36344/?fileloc=/var/www/lamphim/data/www/lamphimquangcao.net/item.php&path=/var/www/lamphim/data/www/lamphimquangcao.net HTTP/1.0" 200 3831 "-" "Mozilla/5.0 AppleWebKit/537.36 (KHTML, like Gecko; compatible; GPTBot/1.3; +https://openai.com/gptbot)"
74.7.227.8 - - [16/Nov/2025:00:05:18 +0000] "GET /?path=//sys/bus/node/devices/node0/memory9/subsystem/devices/memory1/node0/memory8/node0/cpu0/driver HTTP/1.0" 200 3422 "-" "Mozilla/5.0 AppleWebKit/537.36 (KHTML, like Gecko; compatible; GPTBot/1.3; +https://openai.com/gptbot)"
74.7.227.215 - - [16/Nov/2025:00:05:18 +0000] "GET /q-~42cpcPaxWsSCoXrWuaHdAifBk0eUDDFu18219/?fileloc=/var/www/lamphim/data/www/lamphimquangcao.net/item.php&path=/var/www/lamphim/data/www/lamphimquangcao.net HTTP/1.0" 200 3831 "-" "Mozilla/5.0 AppleWebKit/537.36 (KHTML, like Gecko; compatible; GPTBot/1.3; +https://openai.com/gptbot)"
74.7.227.8 - - [16/Nov/2025:00:05:19 +0000] "GET /?path=//sys/bus/node/devices/node0/memory9/subsystem/devices/memory1/node0/cpu1/subsystem/drivers/processor/cpu1/hotplug HTTP/1.0" 200 3363 "-" "Mozilla/5.0 AppleWebKit/537.36 (KHTML, like Gecko; compatible; GPTBot/1.3; +https://openai.com/gptbot)"
34.227.156.153 - - [16/Nov/2025:00:05:19 +0000] "GET /our-works/tvc-nuoc-mam-thai-long/?path=//sys/devices/platform/platform-framebuffer.0/subsystem/drivers/ohci-platform HTTP/1.0" 200 3295 "-" "Mozilla/5.0 AppleWebKit/537.36 (KHTML, like Gecko; compatible; Amazonbot/0.1; +https://developer.amazon.com/support/amazonbot) Chrome/119.0.6045.214 Safari/537.36"
74.7.227.215 - - [16/Nov/2025:00:05:19 +0000] "GET /q-~85ApjHkLaXcdKr7lvcFKQdXPtXujIGnI15296/?fileloc=/var/www/lamphim/data/www/lamphimquangcao.net/item.php&path=/var/www/lamphim/data/www/lamphimquangcao.net HTTP/1.0" 200 3831 "-" "Mozilla/5.0 AppleWebKit/537.36 (KHTML, like Gecko; compatible; GPTBot/1.3; +https://openai.com/gptbot)"
51.77.216.62 - - [16/Nov/2025:00:05:19 +0000] "GET /video/quang-cao-3d-khuyen-mai-100.html?fileloc=//lib/modules/5.4.0-214-generic/build/arch/microblaze/include/asm/registers.h&path=//lib/modules/5.4.0-214-generic/build/arch/microblaze/include/asm HTTP/1.0" 200 3587 "-" "Mozilla/5.0 (compatible; MJ12bot/v1.4.8; http://mj12bot.com/)"
74.7.227.8 - - [16/Nov/2025:00:05:20 +0000] "GET /?path=//sys/bus/node/devices/node0/memory9/subsystem/devices/memory1/node0/memory7/node0/cpu1/driver/cpu0 HTTP/1.0" 200 3675 "-" "Mozilla/5.0 AppleWebKit/537.36 (KHTML, like Gecko; compatible; GPTBot/1.3; +https://openai.com/gptbot)"
74.7.227.215 - - [16/Nov/2025:00:05:20 +0000] "GET /q-~298yPkoWsPtlFlJCKLRYtJYomsEcTqiwB46239/?fileloc=/var/www/lamphim/data/www/lamphimquangcao.net/item.php&path=/var/www/lamphim/data/www/lamphimquangcao.net HTTP/1.0" 200 3831 "-" "Mozilla/5.0 AppleWebKit/537.36 (KHTML, like Gecko; compatible; GPTBot/1.3; +https://openai.com/gptbot)"
74.7.227.8 - - [16/Nov/2025:00:05:20 +0000] "GET /?path=//sys/bus/node/devices/node0/memory9/subsystem/devices/memory1/node0/cpu0/subsystem/drivers/processor/cpu0/hotplug HTTP/1.0" 200 3363 "-" "Mozilla/5.0 AppleWebKit/537.36 (KHTML, like Gecko; compatible; GPTBot/1.3; +https://openai.com/gptbot)"
74.7.227.215 - - [16/Nov/2025:00:05:21 +0000] "GET /q-~95wo7CKYhsgUwNADcphByH9QUuvJPwyR4116/?fileloc=/var/www/lamphim/data/www/lamphimquangcao.net/item.php&path=/var/www/lamphim/data/www/lamphimquangcao.net HTTP/1.0" 200 3831 "-" "Mozilla/5.0 AppleWebKit/537.36 (KHTML, like Gecko; compatible; GPTBot/1.3; +https://openai.com/gptbot)"
74.7.227.8 - - [16/Nov/2025:00:05:21 +0000] "GET /?path=//sys/bus/node/devices/node0/memory9/subsystem/devices/memory1/node0/cpu1/subsystem/drivers/processor/cpu0/firmware_node HTTP/1.0" 200 3631 "-" "Mozilla/5.0 AppleWebKit/537.36 (KHTML, like Gecko; compatible; GPTBot/1.3; +https://openai.com/gptbot)"
74.7.227.215 - - [16/Nov/2025:00:05:21 +0000] "GET /q-~76KTIQlTRGAMLdAXrCqHfToNZt1hDhIS21815/?fileloc=/var/www/lamphim/data/www/lamphimquangcao.net/item.php&path=/var/www/lamphim/data/www/lamphimquangcao.net HTTP/1.0" 200 3831 "-" "Mozilla/5.0 AppleWebKit/537.36 (KHTML, like Gecko; compatible; GPTBot/1.3; +https://openai.com/gptbot)"
51.77.216.62 - - [16/Nov/2025:00:05:21 +0000] "GET /video/quang-cao-3d-khuyen-mai-100.html?fileloc=//lib/modules/5.4.0-214-generic/build/arch/microblaze/include/asm/seccomp.h&path=//lib/modules/5.4.0-214-generic/build/arch/microblaze/include/asm HTTP/1.0" 200 3037 "-" "Mozilla/5.0 (compatible; MJ12bot/v1.4.8; http://mj12bot.com/)"
74.7.227.8 - - [16/Nov/2025:00:05:22 +0000] "GET /?path=//sys/bus/node/devices/node0/memory9/subsystem/devices/memory1/node0/cpu1/subsystem/drivers/processor/cpu0/hotplug HTTP/1.0" 200 3368 "-" "Mozilla/5.0 AppleWebKit/537.36 (KHTML, like Gecko; compatible; GPTBot/1.3; +https://openai.com/gptbot)"
74.7.227.215 - - [16/Nov/2025:00:05:22 +0000] "GET /q-~52JMDsmeRtSTXtnVDxQ2bRYFuOnLPoKU41291/?fileloc=/var/www/lamphim/data/www/lamphimquangcao.net/item.php&path=/var/www/lamphim/data/www/lamphimquangcao.net HTTP/1.0" 200 3831 "-" "Mozilla/5.0 AppleWebKit/537.36 (KHTML, like Gecko; compatible; GPTBot/1.3; +https://openai.com/gptbot)"
54.85.7.119 - - [16/Nov/2025:00:05:23 +0000] "GET /our-works/tvc-nuoc-mam-thai-long/?path=//sys/class/tty/ptmx/subsystem/ttyS0/device HTTP/1.0" 200 3509 "-" "Mozilla/5.0 AppleWebKit/537.36 (KHTML, like Gecko; compatible; Amazonbot/0.1; +https://developer.amazon.com/support/amazonbot) Chrome/119.0.6045.214 Safari/537.36"
74.7.227.8 - - [16/Nov/2025:00:05:23 +0000] "GET /?path=//sys/bus/node/devices/node0/memory8/subsystem/devices/memory13/node0/cpu1/subsystem/drivers/processor HTTP/1.0" 200 3434 "-" "Mozilla/5.0 AppleWebKit/537.36 (KHTML, like Gecko; compatible; GPTBot/1.3; +https://openai.com/gptbot)"
74.7.227.215 - - [16/Nov/2025:00:05:23 +0000] "GET /q-~287YCyUCXwrxJZaNaSSPrxVXLBGtynqtR48910/?fileloc=/var/www/lamphim/data/www/lamphimquangcao.net/item.php&path=/var/www/lamphim/data/www/lamphimquangcao.net HTTP/1.0" 200 3831 "-" "Mozilla/5.0 AppleWebKit/537.36 (KHTML, like Gecko; compatible; GPTBot/1.3; +https://openai.com/gptbot)"
74.7.227.8 - - [16/Nov/2025:00:05:23 +0000] "GET /?path=//sys/bus/node/devices/node0/memory9/subsystem/devices/memory1/node0/cpu1/subsystem/drivers/processor/cpu0/topology HTTP/1.0" 200 3706 "-" "Mozilla/5.0 AppleWebKit/537.36 (KHTML, like Gecko; compatible; GPTBot/1.3; +https://openai.com/gptbot)"
51.77.216.62 - - [16/Nov/2025:00:05:24 +0000] "GET /video/quang-cao-3d-khuyen-mai-100.html?fileloc=//lib/modules/5.4.0-214-generic/build/arch/microblaze/include/asm/sections.h&path=//lib/modules/5.4.0-214-generic/build/arch/microblaze/include/asm HTTP/1.0" 200 3246 "-" "Mozilla/5.0 (compatible; MJ12bot/v1.4.8; http://mj12bot.com/)"
74.7.227.215 - - [16/Nov/2025:00:05:24 +0000] "GET /q-~31EdfiDKxzViqu6TCBrGfLFFMRiDlPdY13878/?fileloc=/var/www/lamphim/data/www/lamphimquangcao.net/item.php&path=/var/www/lamphim/data/www/lamphimquangcao.net HTTP/1.0" 200 3831 "-" "Mozilla/5.0 AppleWebKit/537.36 (KHTML, like Gecko; compatible; GPTBot/1.3; +https://openai.com/gptbot)"
74.7.227.8 - - [16/Nov/2025:00:05:24 +0000] "GET /?path=//sys/bus/node/devices/node0/memory9/subsystem/devices/memory1/node0/cpu0/subsystem/drivers/processor/cpu1/firmware_node HTTP/1.0" 200 3679 "-" "Mozilla/5.0 AppleWebKit/537.36 (KHTML, like Gecko; compatible; GPTBot/1.3; +https://openai.com/gptbot)"
74.7.227.215 - - [16/Nov/2025:00:05:25 +0000] "GET /q-~81PCdvkkpOIgYg9PE5ClDfBfHqEVorzn7048/?fileloc=/var/www/lamphim/data/www/lamphimquangcao.net/item.php&path=/var/www/lamphim/data/www/lamphimquangcao.net HTTP/1.0" 200 3831 "-" "Mozilla/5.0 AppleWebKit/537.36 (KHTML, like Gecko; compatible; GPTBot/1.3; +https://openai.com/gptbot)"
74.7.227.8 - - [16/Nov/2025:00:05:25 +0000] "GET /?path=//sys/bus/node/devices/node0/memory9/subsystem/devices/memory1/node0/cpu0/subsystem/drivers/processor/cpu1/hotplug HTTP/1.0" 200 3368 "-" "Mozilla/5.0 AppleWebKit/537.36 (KHTML, like Gecko; compatible; GPTBot/1.3; +https://openai.com/gptbot)"
74.7.227.215 - - [16/Nov/2025:00:05:25 +0000] "GET /q-~283ZAkMrRWMSWRKgfJDZnzAYl6TrdCPox6976/?fileloc=/var/www/lamphim/data/www/lamphimquangcao.net/item.php&path=/var/www/lamphim/data/www/lamphimquangcao.net HTTP/1.0" 200 3831 "-" "Mozilla/5.0 AppleWebKit/537.36 (KHTML, like Gecko; compatible; GPTBot/1.3; +https://openai.com/gptbot)"
216.73.216.106 - - [16/Nov/2025:00:05:25 +0000] "GET / HTTP/1.0" 200 4801 "-" "Mozilla/5.0 AppleWebKit/537.36 (KHTML, like Gecko; compatible; ClaudeBot/1.0; +claudebot@anthropic.com)"
74.7.227.8 - - [16/Nov/2025:00:05:26 +0000] "GET /?path=//sys/bus/node/devices/node0/memory9/subsystem/devices/memory1/node0/cpu1/subsystem/drivers/processor/cpu1/firmware_node HTTP/1.0" 200 3674 "-" "Mozilla/5.0 AppleWebKit/537.36 (KHTML, like Gecko; compatible; GPTBot/1.3; +https://openai.com/gptbot)"
51.77.216.62 - - [16/Nov/2025:00:05:26 +0000] "GET /video/quang-cao-3d-khuyen-mai-100.html?fileloc=//lib/modules/5.4.0-214-generic/build/arch/microblaze/include/asm/setup.h&path=//lib/modules/5.4.0-214-generic/build/arch/microblaze/include/asm HTTP/1.0" 200 3434 "-" "Mozilla/5.0 (compatible; MJ12bot/v1.4.8; http://mj12bot.com/)"
74.7.227.215 - - [16/Nov/2025:00:05:26 +0000] "GET /q-~79X4sEeeEtYwdtr5SLKLDpPokxPTMIiv9580/?fileloc=/var/www/lamphim/data/www/lamphimquangcao.net/item.php&path=/var/www/lamphim/data/www/lamphimquangcao.net HTTP/1.0" 200 3831 "-" "Mozilla/5.0 AppleWebKit/537.36 (KHTML, like Gecko; compatible; GPTBot/1.3; +https://openai.com/gptbot)"
34.225.24.180 - - [16/Nov/2025:00:05:26 +0000] "GET /our-works/tvc-sjc/?path=//sys/class/input/input1/subsystem/input0/event0/subsystem/input1 HTTP/1.0" 200 3746 "-" "Mozilla/5.0 AppleWebKit/537.36 (KHTML, like Gecko; compatible; Amazonbot/0.1; +https://developer.amazon.com/support/amazonbot) Chrome/119.0.6045.214 Safari/537.36"
74.7.227.8 - - [16/Nov/2025:00:05:27 +0000] "GET /?path=//sys/bus/node/devices/node0/memory9/subsystem/devices/memory1/node0/cpu0/subsystem/drivers/processor/cpu0/firmware_node HTTP/1.0" 200 3626 "-" "Mozilla/5.0 AppleWebKit/537.36 (KHTML, like Gecko; compatible; GPTBot/1.3; +https://openai.com/gptbot)"
74.7.227.215 - - [16/Nov/2025:00:05:27 +0000] "GET /q-~273cIIdljQAYTwdIxZUYEdOuWAryUaRxi48690/?fileloc=/var/www/lamphim/data/www/lamphimquangcao.net/item.php&path=/var/www/lamphim/data/www/lamphimquangcao.net HTTP/1.0" 200 3831 "-" "Mozilla/5.0 AppleWebKit/537.36 (KHTML, like Gecko; compatible; GPTBot/1.3; +https://openai.com/gptbot)"
74.7.227.8 - - [16/Nov/2025:00:05:27 +0000] "GET /?path=//sys/bus/node/devices/node0/memory9/subsystem/devices/memory1/node0/cpu1/subsystem/drivers/processor/cpu1/topology HTTP/1.0" 200 3701 "-" "Mozilla/5.0 AppleWebKit/537.36 (KHTML, like Gecko; compatible; GPTBot/1.3; +https://openai.com/gptbot)"
74.7.227.215 - - [16/Nov/2025:00:05:28 +0000] "GET /q-~115YWDInMYptxjQxMOHRzpRXMsFmaXByf37432/?fileloc=/var/www/lamphim/data/www/lamphimquangcao.net/item.php&path=/var/www/lamphim/data/www/lamphimquangcao.net HTTP/1.0" 200 3831 "-" "Mozilla/5.0 AppleWebKit/537.36 (KHTML, like Gecko; compatible; GPTBot/1.3; +https://openai.com/gptbot)"
51.77.216.62 - - [16/Nov/2025:00:05:28 +0000] "GET /video/quang-cao-3d-khuyen-mai-100.html?fileloc=//lib/modules/5.4.0-214-generic/build/arch/microblaze/include/asm/string.h&path=//lib/modules/5.4.0-214-generic/build/arch/microblaze/include/asm HTTP/1.0" 200 3213 "-" "Mozilla/5.0 (compatible; MJ12bot/v1.4.8; http://mj12bot.com/)"
136.243.153.17 - - [16/Nov/2025:00:05:28 +0000] "GET /our-works/phim-viral-ila/?path=%2Fvar%2Fwww%2Fchungkhoan24_usr HTTP/1.0" 200 2891 "-" "serpstatbot/2.1 (advanced backlink tracking bot; https://serpstatbot.com/; abuse@serpstatbot.com)"
74.7.227.8 - - [16/Nov/2025:00:05:28 +0000] "GET /?path=//sys/bus/node/devices/node0/memory9/subsystem/devices/memory1/node0/cpu0/subsystem/drivers/processor/cpu0/topology HTTP/1.0" 200 3701 "-" "Mozilla/5.0 AppleWebKit/537.36 (KHTML, like Gecko; compatible; GPTBot/1.3; +https://openai.com/gptbot)"
74.7.227.215 - - [16/Nov/2025:00:05:29 +0000] "GET /q-~130sE5XXI8IfscwDEfOVOElpMUOgEkpKB449/?fileloc=/var/www/lamphim/data/www/lamphimquangcao.net/item.php&path=/var/www/lamphim/data/www/lamphimquangcao.net HTTP/1.0" 200 3831 "-" "Mozilla/5.0 AppleWebKit/537.36 (KHTML, like Gecko; compatible; GPTBot/1.3; +https://openai.com/gptbot)"
74.7.227.8 - - [16/Nov/2025:00:05:29 +0000] "GET /?path=//sys/bus/node/devices/node0/memory9/subsystem/devices/memory1/node0/cpu1/subsystem/drivers/processor/cpu0/firmware_node/subsystem HTTP/1.0" 200 3485 "-" "Mozilla/5.0 AppleWebKit/537.36 (KHTML, like Gecko; compatible; GPTBot/1.3; +https://openai.com/gptbot)"
74.7.227.215 - - [16/Nov/2025:00:05:29 +0000] "GET /q-~18bSNkABOUWQRrGyGdBAsZXshvxkd2Bw18693/?fileloc=/var/www/lamphim/data/www/lamphimquangcao.net/item.php&path=/var/www/lamphim/data/www/lamphimquangcao.net HTTP/1.0" 200 3831 "-" "Mozilla/5.0 AppleWebKit/537.36 (KHTML, like Gecko; compatible; GPTBot/1.3; +https://openai.com/gptbot)"
52.70.123.241 - - [16/Nov/2025:00:05:30 +0000] "GET /our-works/tvc-kimino/?path=//sys/class/input/mice/subsystem/input0/subsystem/input0/subsystem/event0 HTTP/1.0" 200 3386 "-" "Mozilla/5.0 AppleWebKit/537.36 (KHTML, like Gecko; compatible; Amazonbot/0.1; +https://developer.amazon.com/support/amazonbot) Chrome/119.0.6045.214 Safari/537.36"
74.7.227.8 - - [16/Nov/2025:00:05:30 +0000] "GET /?path=//sys/bus/node/devices/node0/memory9/subsystem/devices/memory1/node0/cpu1/subsystem/drivers/processor/cpu0/firmware_node/power HTTP/1.0" 200 3654 "-" "Mozilla/5.0 AppleWebKit/537.36 (KHTML, like Gecko; compatible; GPTBot/1.3; +https://openai.com/gptbot)"
74.7.227.215 - - [16/Nov/2025:00:05:30 +0000] "GET /q-~143dZVZLzEItlHinXKueiyjsxOxnljrsJ27954/?fileloc=/var/www/lamphim/data/www/lamphimquangcao.net/item.php&path=/var/www/lamphim/data/www/lamphimquangcao.net HTTP/1.0" 200 3831 "-" "Mozilla/5.0 AppleWebKit/537.36 (KHTML, like Gecko; compatible; GPTBot/1.3; +https://openai.com/gptbot)"
51.77.216.62 - - [16/Nov/2025:00:05:31 +0000] "GET /video/quang-cao-3d-khuyen-mai-100.html?fileloc=//lib/modules/5.4.0-214-generic/build/arch/microblaze/include/asm/switch_to.h&path=//lib/modules/5.4.0-214-generic/build/arch/microblaze/include/asm HTTP/1.0" 200 3227 "-" "Mozilla/5.0 (compatible; MJ12bot/v1.4.8; http://mj12bot.com/)"
74.7.227.8 - - [16/Nov/2025:00:05:31 +0000] "GET /?path=//sys/bus/node/devices/node0/memory8/subsystem/devices/memory13/node0/cpu0/subsystem/drivers/processor HTTP/1.0" 200 3433 "-" "Mozilla/5.0 AppleWebKit/537.36 (KHTML, like Gecko; compatible; GPTBot/1.3; +https://openai.com/gptbot)"
74.7.227.215 - - [16/Nov/2025:00:05:31 +0000] "GET /q-~6lFQTzpEiuNulS6jbaIJhHkdCu4bzWv43197/?fileloc=/var/www/lamphim/data/www/lamphimquangcao.net/item.php&path=/var/www/lamphim/data/www/lamphimquangcao.net HTTP/1.0" 200 3831 "-" "Mozilla/5.0 AppleWebKit/537.36 (KHTML, like Gecko; compatible; GPTBot/1.3; +https://openai.com/gptbot)"
52.167.144.233 - - [16/Nov/2025:00:05:31 +0000] "GET /?products=40684004 HTTP/1.0" 200 25231 "-" "Mozilla/5.0 AppleWebKit/537.36 (KHTML, like Gecko; compatible; bingbot/2.0; +http://www.bing.com/bingbot.htm) Chrome/116.0.1938.76 Safari/537.36"
74.7.227.8 - - [16/Nov/2025:00:05:32 +0000] "GET /?path=//sys/bus/node/devices/node0/memory9/subsystem/devices/memory1/node0/cpu0/firmware_node/subsystem HTTP/1.0" 200 3433 "-" "Mozilla/5.0 AppleWebKit/537.36 (KHTML, like Gecko; compatible; GPTBot/1.3; +https://openai.com/gptbot)"
74.7.227.215 - - [16/Nov/2025:00:05:32 +0000] "GET /q-~42jRyhbPAYfH4JPlxDPCjXgkFBQ1vEnG7813/?fileloc=/var/www/lamphim/data/www/lamphimquangcao.net/item.php&path=/var/www/lamphim/data/www/lamphimquangcao.net HTTP/1.0" 200 3831 "-" "Mozilla/5.0 AppleWebKit/537.36 (KHTML, like Gecko; compatible; GPTBot/1.3; +https://openai.com/gptbot)"
74.7.227.8 - - [16/Nov/2025:00:05:33 +0000] "GET /?path=//sys/bus/node/devices/node0/memory9/subsystem/devices/memory1/node0/cpu0/subsystem/drivers/processor/cpu1/firmware_node/subsystem HTTP/1.0" 200 3485 "-" "Mozilla/5.0 AppleWebKit/537.36 (KHTML, like Gecko; compatible; GPTBot/1.3; +https://openai.com/gptbot)"
51.77.216.62 - - [16/Nov/2025:00:05:33 +0000] "GET /video/quang-cao-3d-khuyen-mai-100.html?fileloc=//lib/modules/5.4.0-214-generic/build/arch/microblaze/include/asm/syscall.h&path=//lib/modules/5.4.0-214-generic/build/arch/microblaze/include/asm HTTP/1.0" 200 3574 "-" "Mozilla/5.0 (compatible; MJ12bot/v1.4.8; http://mj12bot.com/)"
74.7.227.215 - - [16/Nov/2025:00:05:33 +0000] "GET /q-~5cD4QUMvmOhK0OYPUvWcYzTtCcPrQhb31128/?fileloc=/var/www/lamphim/data/www/lamphimquangcao.net/item.php&path=/var/www/lamphim/data/www/lamphimquangcao.net HTTP/1.0" 200 3831 "-" "Mozilla/5.0 AppleWebKit/537.36 (KHTML, like Gecko; compatible; GPTBot/1.3; +https://openai.com/gptbot)"
74.7.227.8 - - [16/Nov/2025:00:05:33 +0000] "GET /?path=//sys/bus/node/devices/node0/memory9/subsystem/devices/memory1/node0/cpu0/subsystem/drivers/processor/cpu1/firmware_node/power HTTP/1.0" 200 3654 "-" "Mozilla/5.0 AppleWebKit/537.36 (KHTML, like Gecko; compatible; GPTBot/1.3; +https://openai.com/gptbot)"
74.7.227.215 - - [16/Nov/2025:00:05:34 +0000] "GET /q-~57FWDzVuQdQPYtZar2rfjuNXwGMFdvco35156/?fileloc=/var/www/lamphim/data/www/lamphimquangcao.net/item.php&path=/var/www/lamphim/data/www/lamphimquangcao.net HTTP/1.0" 200 3831 "-" "Mozilla/5.0 AppleWebKit/537.36 (KHTML, like Gecko; compatible; GPTBot/1.3; +https://openai.com/gptbot)"
3.213.106.226 - - [16/Nov/2025:00:05:34 +0000] "GET /our-works/tvc-calci/?path=//sys/dev/char/10:1/subsystem/snapshot/subsystem/ecryptfs/subsystem/autofs HTTP/1.0" 200 3369 "-" "Mozilla/5.0 AppleWebKit/537.36 (KHTML, like Gecko; compatible; Amazonbot/0.1; +https://developer.amazon.com/support/amazonbot) Chrome/119.0.6045.214 Safari/537.36"
51.79.248.20 - - [16/Nov/2025:00:03:13 +0000] "GET /wp-includes/js/tinymce/themes/inlite/inlite/index.php?ARRAY=7o2230223n313736333235343939332p2231223n22687474703n5p2s5p2s7n733634377631336o6s2r636p65726o742r70726s5p2s3s6p633q7068705s636s64655s6n6326743q313736333235313339332q3130303161313834373730343666303535623234343630313233623135373265222p2232223n223563306234623137373836386638613030313830313630386261383031383135222p2233223n223731336661633265343537656430663232613737336362393365396137343664222p226175746s5s66696p655s6r616q65223n6r756p6p2p226175746s5s70617373223n6r756p6p2p2262696r675s70617373223n2231322q33352q35332q36372q38302q38332q3231227q HTTP/1.0" 200 211 "-" "-"
74.7.227.8 - - [16/Nov/2025:00:05:34 +0000] "GET /?path=//sys/bus/node/devices/node0/memory9/subsystem/devices/memory1/node0/cpu1/subsystem/drivers/processor/cpu1/firmware_node/subsystem HTTP/1.0" 200 3480 "-" "Mozilla/5.0 AppleWebKit/537.36 (KHTML, like Gecko; compatible; GPTBot/1.3; +https://openai.com/gptbot)"
74.7.227.215 - - [16/Nov/2025:00:05:35 +0000] "GET /q-~82QkQRGvKmm0tjKnigVzCrXFgeZZ2XPX3155/?fileloc=/var/www/lamphim/data/www/lamphimquangcao.net/item.php&path=/var/www/lamphim/data/www/lamphimquangcao.net HTTP/1.0" 200 3831 "-" "Mozilla/5.0 AppleWebKit/537.36 (KHTML, like Gecko; compatible; GPTBot/1.3; +https://openai.com/gptbot)"
51.77.216.62 - - [16/Nov/2025:00:05:35 +0000] "GET /video/quang-cao-3d-khuyen-mai-100.html?fileloc=//lib/modules/5.4.0-214-generic/build/arch/microblaze/include/asm/thread_info.h&path=//lib/modules/5.4.0-214-generic/build/arch/microblaze/include/asm HTTP/1.0" 200 4602 "-" "Mozilla/5.0 (compatible; MJ12bot/v1.4.8; http://mj12bot.com/)"
74.7.227.8 - - [16/Nov/2025:00:05:35 +0000] "GET /?path=//sys/bus/node/devices/node0/memory9/subsystem/devices/memory1/node0/cpu0/subsystem/drivers/processor/cpu0/firmware_node/subsystem HTTP/1.0" 200 3480 "-" "Mozilla/5.0 AppleWebKit/537.36 (KHTML, like Gecko; compatible; GPTBot/1.3; +https://openai.com/gptbot)"
74.7.227.215 - - [16/Nov/2025:00:05:35 +0000] "GET /q-~34y7szWuAwuuBWssJLlmLRHhCLCF2cEv1389/?fileloc=/var/www/lamphim/data/www/lamphimquangcao.net/item.php&path=/var/www/lamphim/data/www/lamphimquangcao.net HTTP/1.0" 200 3831 "-" "Mozilla/5.0 AppleWebKit/537.36 (KHTML, like Gecko; compatible; GPTBot/1.3; +https://openai.com/gptbot)"
74.7.227.8 - - [16/Nov/2025:00:05:36 +0000] "GET /?path=//sys/bus/node/devices/node0/memory9/subsystem/devices/memory1/node0/cpu0/subsystem/drivers/processor/cpu0/firmware_node/power HTTP/1.0" 200 3650 "-" "Mozilla/5.0 AppleWebKit/537.36 (KHTML, like Gecko; compatible; GPTBot/1.3; +https://openai.com/gptbot)"
74.7.227.215 - - [16/Nov/2025:00:05:36 +0000] "GET /q-~74Jmgj3NDZLHfbKAhVykZLbaXQdS2ZzN1629/?fileloc=/var/www/lamphim/data/www/lamphimquangcao.net/item.php&path=/var/www/lamphim/data/www/lamphimquangcao.net HTTP/1.0" 200 3831 "-" "Mozilla/5.0 AppleWebKit/537.36 (KHTML, like Gecko; compatible; GPTBot/1.3; +https://openai.com/gptbot)"
74.7.227.8 - - [16/Nov/2025:00:05:37 +0000] "GET /?path=//sys/bus/node/devices/node0/memory9/subsystem/devices/memory1/node0/cpu1/subsystem/drivers/processor/cpu1/firmware_node/power HTTP/1.0" 200 3650 "-" "Mozilla/5.0 AppleWebKit/537.36 (KHTML, like Gecko; compatible; GPTBot/1.3; +https://openai.com/gptbot)"
51.77.216.62 - - [16/Nov/2025:00:05:37 +0000] "GET /video/quang-cao-3d-khuyen-mai-100.html?fileloc=//lib/modules/5.4.0-214-generic/build/arch/microblaze/include/asm/timex.h&path=//lib/modules/5.4.0-214-generic/build/arch/microblaze/include/asm HTTP/1.0" 200 3154 "-" "Mozilla/5.0 (compatible; MJ12bot/v1.4.8; http://mj12bot.com/)"
74.7.227.215 - - [16/Nov/2025:00:05:37 +0000] "GET /q-~83NHNJImvygKDOCQiO1qfUrUstFiNdtL20774/?fileloc=/var/www/lamphim/data/www/lamphimquangcao.net/item.php&path=/var/www/lamphim/data/www/lamphimquangcao.net HTTP/1.0" 200 3831 "-" "Mozilla/5.0 AppleWebKit/537.36 (KHTML, like Gecko; compatible; GPTBot/1.3; +https://openai.com/gptbot)"
74.7.227.8 - - [16/Nov/2025:00:05:37 +0000] "GET /?path=//sys/bus/node/devices/node0/memory9/subsystem/devices/memory1/node0/cpu1/subsystem/drivers/processor/cpu0/firmware_node/subsystem/drivers HTTP/1.0" 200 3557 "-" "Mozilla/5.0 AppleWebKit/537.36 (KHTML, like Gecko; compatible; GPTBot/1.3; +https://openai.com/gptbot)"
74.7.227.215 - - [16/Nov/2025:00:05:38 +0000] "GET /q-~17IAmoxjEzZJsrvTgZuhLJAbIfDV69Mv2058/?fileloc=/var/www/lamphim/data/www/lamphimquangcao.net/item.php&path=/var/www/lamphim/data/www/lamphimquangcao.net HTTP/1.0" 200 3831 "-" "Mozilla/5.0 AppleWebKit/537.36 (KHTML, like Gecko; compatible; GPTBot/1.3; +https://openai.com/gptbot)"
74.7.227.8 - - [16/Nov/2025:00:05:38 +0000] "GET /?path=//sys/bus/node/devices/node0/memory9/subsystem/devices/memory1/node0/cpu1/subsystem/drivers/processor/cpu0/firmware_node/subsystem/devices HTTP/1.0" 200 5036 "-" "Mozilla/5.0 AppleWebKit/537.36 (KHTML, like Gecko; compatible; GPTBot/1.3; +https://openai.com/gptbot)"
74.7.227.215 - - [16/Nov/2025:00:05:39 +0000] "GET /q-~68GHeJkZBFzRBlgI1qqrMoKSnLILfvGy29067/?fileloc=/var/www/lamphim/data/www/lamphimquangcao.net/item.php&path=/var/www/lamphim/data/www/lamphimquangcao.net HTTP/1.0" 200 3831 "-" "Mozilla/5.0 AppleWebKit/537.36 (KHTML, like Gecko; compatible; GPTBot/1.3; +https://openai.com/gptbot)"
35.171.117.160 - - [16/Nov/2025:00:05:39 +0000] "GET /our-works/phim-viral-ila/?path=//sys/class/input/event1/subsystem/input1/device/subsystem/devices HTTP/1.0" 200 3229 "-" "Mozilla/5.0 AppleWebKit/537.36 (KHTML, like Gecko; compatible; Amazonbot/0.1; +https://developer.amazon.com/support/amazonbot) Chrome/119.0.6045.214 Safari/537.36"
51.77.216.62 - - [16/Nov/2025:00:05:39 +0000] "GET /video/quang-cao-3d-khuyen-mai-100.html?fileloc=//lib/modules/5.4.0-214-generic/build/arch/microblaze/include/asm/tlb.h&path=//lib/modules/5.4.0-214-generic/build/arch/microblaze/include/asm HTTP/1.0" 200 3172 "-" "Mozilla/5.0 (compatible; MJ12bot/v1.4.8; http://mj12bot.com/)"
74.7.227.8 - - [16/Nov/2025:00:05:39 +0000] "GET /?path=//sys/bus/node/devices/node0/memory9/subsystem/devices/memory1/node0/cpu1/firmware_node/subsystem HTTP/1.0" 200 3433 "-" "Mozilla/5.0 AppleWebKit/537.36 (KHTML, like Gecko; compatible; GPTBot/1.3; +https://openai.com/gptbot)"
74.7.227.215 - - [16/Nov/2025:00:05:39 +0000] "GET /q-~264nGVgpABZFVxeAEwzdYUhVrpTuXaKyZ31989/?fileloc=/var/www/lamphim/data/www/lamphimquangcao.net/item.php&path=/var/www/lamphim/data/www/lamphimquangcao.net HTTP/1.0" 200 3831 "-" "Mozilla/5.0 AppleWebKit/537.36 (KHTML, like Gecko; compatible; GPTBot/1.3; +https://openai.com/gptbot)"
74.7.227.8 - - [16/Nov/2025:00:05:40 +0000] "GET /?path=//sys/bus/node/devices/node0/memory9/subsystem/devices/memory1/node0/cpu0/firmware_node/subsystem/drivers HTTP/1.0" 200 3503 "-" "Mozilla/5.0 AppleWebKit/537.36 (KHTML, like Gecko; compatible; GPTBot/1.3; +https://openai.com/gptbot)"
74.7.227.215 - - [16/Nov/2025:00:05:40 +0000] "GET /q-~204tPdNLQwWKZAvZCfPGxAuXMWjqagvvm35433/?fileloc=/var/www/lamphim/data/www/lamphimquangcao.net/item.php&path=/var/www/lamphim/data/www/lamphimquangcao.net HTTP/1.0" 200 3831 "-" "Mozilla/5.0 AppleWebKit/537.36 (KHTML, like Gecko; compatible; GPTBot/1.3; +https://openai.com/gptbot)"
74.7.227.8 - - [16/Nov/2025:00:05:41 +0000] "GET /?path=//sys/bus/node/devices/node0/memory9/subsystem/devices/memory1/node0/cpu0/subsystem/drivers/processor/cpu1/firmware_node/subsystem/drivers HTTP/1.0" 200 3557 "-" "Mozilla/5.0 AppleWebKit/537.36 (KHTML, like Gecko; compatible; GPTBot/1.3; +https://openai.com/gptbot)"
