44.206.93.215 - - [16/Nov/2025:00:03:46 +0000] "GET /our-works/tvc-sjc/?path=//sys/bus/platform/drivers/reg-dummy/reg-dummy/subsystem/devices/eisa.0 HTTP/1.0" 200 3418 "-" "Mozilla/5.0 AppleWebKit/537.36 (KHTML, like Gecko; compatible; Amazonbot/0.1; +https://developer.amazon.com/support/amazonbot) Chrome/119.0.6045.214 Safari/537.36"
74.7.227.8 - - [16/Nov/2025:00:03:46 +0000] "GET /?path=//sys/bus/node/devices/node0/memory9/subsystem/devices/memory1/node0/cpu0/driver/cpu0/cache/index3 HTTP/1.0" 200 3675 "-" "Mozilla/5.0 AppleWebKit/537.36 (KHTML, like Gecko; compatible; GPTBot/1.3; +https://openai.com/gptbot)"
74.7.227.215 - - [16/Nov/2025:00:03:47 +0000] "GET /q-~79dkAZxIfoWtHxKXQwsNyilNnaeE8DNS42998/?fileloc=/var/www/lamphim/data/www/lamphimquangcao.net/item.php&path=/var/www/lamphim/data/www/lamphimquangcao.net HTTP/1.0" 200 3831 "-" "Mozilla/5.0 AppleWebKit/537.36 (KHTML, like Gecko; compatible; GPTBot/1.3; +https://openai.com/gptbot)"
51.77.216.62 - - [16/Nov/2025:00:03:47 +0000] "GET /video/quang-cao-3d-khuyen-mai-100.html?fileloc=//lib/modules/5.4.0-214-generic/build/arch/microblaze/include/asm/asm-offsets.h&path=//lib/modules/5.4.0-214-generic/build/arch/microblaze/include/asm HTTP/1.0" 200 2918 "-" "Mozilla/5.0 (compatible; MJ12bot/v1.4.8; http://mj12bot.com/)"
74.7.227.8 - - [16/Nov/2025:00:03:47 +0000] "GET /?path=//sys/bus/node/devices/node0/memory9/subsystem/devices/memory1/node0/memory2/node0/cpu1/power HTTP/1.0" 200 3628 "-" "Mozilla/5.0 AppleWebKit/537.36 (KHTML, like Gecko; compatible; GPTBot/1.3; +https://openai.com/gptbot)"
74.7.227.215 - - [16/Nov/2025:00:03:47 +0000] "GET /q-~73ugeC0OTvzltxrs8NJHdMVAiMTrHWnB3022/?fileloc=/var/www/lamphim/data/www/lamphimquangcao.net/item.php&path=/var/www/lamphim/data/www/lamphimquangcao.net HTTP/1.0" 200 3831 "-" "Mozilla/5.0 AppleWebKit/537.36 (KHTML, like Gecko; compatible; GPTBot/1.3; +https://openai.com/gptbot)"
74.7.227.8 - - [16/Nov/2025:00:03:48 +0000] "GET /?path=//sys/bus/node/devices/node0/memory9/subsystem/devices/memory1/node0/cpu1/subsystem/drivers/processor/cpu0/cache/index1 HTTP/1.0" 200 3710 "-" "Mozilla/5.0 AppleWebKit/537.36 (KHTML, like Gecko; compatible; GPTBot/1.3; +https://openai.com/gptbot)"
74.7.227.215 - - [16/Nov/2025:00:03:48 +0000] "GET /q-~153KekvDupmVYgvJQqgBK5ZLkYEUhSMpS3980/?fileloc=/var/www/lamphim/data/www/lamphimquangcao.net/item.php&path=/var/www/lamphim/data/www/lamphimquangcao.net HTTP/1.0" 200 3831 "-" "Mozilla/5.0 AppleWebKit/537.36 (KHTML, like Gecko; compatible; GPTBot/1.3; +https://openai.com/gptbot)"
74.7.227.8 - - [16/Nov/2025:00:03:49 +0000] "GET /?path=//sys/bus/node/devices/node0/memory9/subsystem/devices/memory1/node0/memory8/node0/cpu0/cache HTTP/1.0" 200 3414 "-" "Mozilla/5.0 AppleWebKit/537.36 (KHTML, like Gecko; compatible; GPTBot/1.3; +https://openai.com/gptbot)"
51.77.216.62 - - [16/Nov/2025:00:03:49 +0000] "GET /video/quang-cao-3d-khuyen-mai-100.html?fileloc=//lib/modules/5.4.0-214-generic/build/arch/microblaze/include/asm/atomic.h&path=//lib/modules/5.4.0-214-generic/build/arch/microblaze/include/asm HTTP/1.0" 200 3222 "-" "Mozilla/5.0 (compatible; MJ12bot/v1.4.8; http://mj12bot.com/)"
216.73.216.106 - - [16/Nov/2025:00:03:48 +0000] "GET /search.php HTTP/1.0" 200 62485 "-" "Mozilla/5.0 AppleWebKit/537.36 (KHTML, like Gecko; compatible; ClaudeBot/1.0; +claudebot@anthropic.com)"
74.7.227.215 - - [16/Nov/2025:00:03:50 +0000] "GET /q-~90vveBdvwuxWTJErDhFbVXqfaGYh4jeF33167/?fileloc=/var/www/lamphim/data/www/lamphimquangcao.net/item.php&path=/var/www/lamphim/data/www/lamphimquangcao.net HTTP/1.0" 200 3831 "-" "Mozilla/5.0 AppleWebKit/537.36 (KHTML, like Gecko; compatible; GPTBot/1.3; +https://openai.com/gptbot)"
74.7.227.8 - - [16/Nov/2025:00:03:50 +0000] "GET /?path=//sys/bus/node/devices/node0/memory9/subsystem/devices/memory1/node0/cpu1/node0/cpu1/topology HTTP/1.0" 200 3668 "-" "Mozilla/5.0 AppleWebKit/537.36 (KHTML, like Gecko; compatible; GPTBot/1.3; +https://openai.com/gptbot)"
52.3.104.214 - - [16/Nov/2025:00:03:50 +0000] "GET /our-works/tvc-kimino/?path=//sys/bus/platform/devices/reg-dummy/driver/reg-dummy/subsystem/drivers/uart-sccnxp HTTP/1.0" 200 3313 "-" "Mozilla/5.0 AppleWebKit/537.36 (KHTML, like Gecko; compatible; Amazonbot/0.1; +https://developer.amazon.com/support/amazonbot) Chrome/119.0.6045.214 Safari/537.36"
74.7.227.215 - - [16/Nov/2025:00:03:51 +0000] "GET /q-~63BdNBHQURSlofEju5kpkWXOQrqGxpuG47188/?fileloc=/var/www/lamphim/data/www/lamphimquangcao.net/item.php&path=/var/www/lamphim/data/www/lamphimquangcao.net HTTP/1.0" 200 3831 "-" "Mozilla/5.0 AppleWebKit/537.36 (KHTML, like Gecko; compatible; GPTBot/1.3; +https://openai.com/gptbot)"
74.7.227.8 - - [16/Nov/2025:00:03:51 +0000] "GET /?path=//sys/bus/node/devices/node0/memory9/subsystem/devices/memory1/node0/memory5/node0/cpu0/power HTTP/1.0" 200 3628 "-" "Mozilla/5.0 AppleWebKit/537.36 (KHTML, like Gecko; compatible; GPTBot/1.3; +https://openai.com/gptbot)"
51.77.216.62 - - [16/Nov/2025:00:03:52 +0000] "GET /video/quang-cao-3d-khuyen-mai-100.html?fileloc=//lib/modules/5.4.0-214-generic/build/arch/microblaze/include/asm/cache.h&path=//lib/modules/5.4.0-214-generic/build/arch/microblaze/include/asm HTTP/1.0" 200 3242 "-" "Mozilla/5.0 (compatible; MJ12bot/v1.4.8; http://mj12bot.com/)"
74.7.227.215 - - [16/Nov/2025:00:03:52 +0000] "GET /q-~52cKZkWYj7iecLUehcBCzoOCSuuXvOgp49781/?fileloc=/var/www/lamphim/data/www/lamphimquangcao.net/item.php&path=/var/www/lamphim/data/www/lamphimquangcao.net HTTP/1.0" 200 3831 "-" "Mozilla/5.0 AppleWebKit/537.36 (KHTML, like Gecko; compatible; GPTBot/1.3; +https://openai.com/gptbot)"
136.243.153.17 - - [16/Nov/2025:00:03:52 +0000] "GET /our-works/phim-viral-ila/?path=%2Fvar%2Frun HTTP/1.0" 200 4911 "-" "serpstatbot/2.1 (advanced backlink tracking bot; https://serpstatbot.com/; abuse@serpstatbot.com)"
74.7.227.8 - - [16/Nov/2025:00:03:53 +0000] "GET /?path=//sys/bus/node/devices/node0/memory9/subsystem/devices/memory1/node0/cpu0/node0/memory7/power HTTP/1.0" 200 3578 "-" "Mozilla/5.0 AppleWebKit/537.36 (KHTML, like Gecko; compatible; GPTBot/1.3; +https://openai.com/gptbot)"
74.7.227.215 - - [16/Nov/2025:00:03:53 +0000] "GET /q-~4JRmD5HJrmfoJpLdJ6LkfYPXkTDOxRS35515/?fileloc=/var/www/lamphim/data/www/lamphimquangcao.net/item.php&path=/var/www/lamphim/data/www/lamphimquangcao.net HTTP/1.0" 200 3831 "-" "Mozilla/5.0 AppleWebKit/537.36 (KHTML, like Gecko; compatible; GPTBot/1.3; +https://openai.com/gptbot)"
74.7.227.8 - - [16/Nov/2025:00:03:53 +0000] "GET /?path=//sys/bus/node/devices/node0/memory9/subsystem/devices/memory1/node0/memory0/node0/cpu1/hotplug HTTP/1.0" 200 3339 "-" "Mozilla/5.0 AppleWebKit/537.36 (KHTML, like Gecko; compatible; GPTBot/1.3; +https://openai.com/gptbot)"
74.7.227.215 - - [16/Nov/2025:00:03:54 +0000] "GET /q-~216fUhhrQzYZelIMfglAuRPEcbazDiZyd31595/?fileloc=/var/www/lamphim/data/www/lamphimquangcao.net/item.php&path=/var/www/lamphim/data/www/lamphimquangcao.net HTTP/1.0" 200 3831 "-" "Mozilla/5.0 AppleWebKit/537.36 (KHTML, like Gecko; compatible; GPTBot/1.3; +https://openai.com/gptbot)"
3.212.205.90 - - [16/Nov/2025:00:03:54 +0000] "GET /our-works/tvc-calci/?path=//sys/class/misc/device-mapper/subsystem/snapshot/subsystem/uinput/subsystem/snapshot HTTP/1.0" 200 3363 "-" "Mozilla/5.0 AppleWebKit/537.36 (KHTML, like Gecko; compatible; Amazonbot/0.1; +https://developer.amazon.com/support/amazonbot) Chrome/119.0.6045.214 Safari/537.36"
51.77.216.62 - - [16/Nov/2025:00:03:54 +0000] "GET /video/quang-cao-3d-khuyen-mai-100.html?fileloc=//lib/modules/5.4.0-214-generic/build/arch/microblaze/include/asm/cacheflush.h&path=//lib/modules/5.4.0-214-generic/build/arch/microblaze/include/asm HTTP/1.0" 200 4372 "-" "Mozilla/5.0 (compatible; MJ12bot/v1.4.8; http://mj12bot.com/)"
74.7.227.8 - - [16/Nov/2025:00:03:54 +0000] "GET /?fileloc=//sys/bus/node/devices/node0/memory9/subsystem/devices/memory1/node0/cpu0/driver/cpu0/cache/index3/physical_line_partition&path=//sys/bus/node/devices/node0/memory9/subsystem/devices/memory1/node0/cpu0/driver/cpu0/cache/index3 HTTP/1.0" 200 2954 "-" "Mozilla/5.0 AppleWebKit/537.36 (KHTML, like Gecko; compatible; GPTBot/1.3; +https://openai.com/gptbot)"
74.7.227.215 - - [16/Nov/2025:00:03:55 +0000] "GET /q-~74T9SbyAvXWKAqcI5TuqERemmPVUbVOy5517/?fileloc=/var/www/lamphim/data/www/lamphimquangcao.net/item.php&path=/var/www/lamphim/data/www/lamphimquangcao.net HTTP/1.0" 200 3831 "-" "Mozilla/5.0 AppleWebKit/537.36 (KHTML, like Gecko; compatible; GPTBot/1.3; +https://openai.com/gptbot)"
74.7.227.8 - - [16/Nov/2025:00:03:55 +0000] "GET /?path=//sys/bus/node/devices/node0/memory9/subsystem/devices/memory1/node0/cpu0/node0/memory8/power HTTP/1.0" 200 3578 "-" "Mozilla/5.0 AppleWebKit/537.36 (KHTML, like Gecko; compatible; GPTBot/1.3; +https://openai.com/gptbot)"
74.7.227.215 - - [16/Nov/2025:00:03:55 +0000] "GET /q-~159QlkvxJAQalKBSSeLOLNLycRGAgvzia20458/?fileloc=/var/www/lamphim/data/www/lamphimquangcao.net/item.php&path=/var/www/lamphim/data/www/lamphimquangcao.net HTTP/1.0" 200 3831 "-" "Mozilla/5.0 AppleWebKit/537.36 (KHTML, like Gecko; compatible; GPTBot/1.3; +https://openai.com/gptbot)"
74.7.227.8 - - [16/Nov/2025:00:03:56 +0000] "GET /?path=//sys/bus/node/devices/node0/memory8/subsystem/devices/memory13/node0/cpu1/driver/cpu0/driver HTTP/1.0" 200 3425 "-" "Mozilla/5.0 AppleWebKit/537.36 (KHTML, like Gecko; compatible; GPTBot/1.3; +https://openai.com/gptbot)"
74.7.227.215 - - [16/Nov/2025:00:03:56 +0000] "GET /q-~277jlNx9BsTfiIw2RFhCtHkNPzyaJBSFK704/?fileloc=/var/www/lamphim/data/www/lamphimquangcao.net/item.php&path=/var/www/lamphim/data/www/lamphimquangcao.net HTTP/1.0" 200 3831 "-" "Mozilla/5.0 AppleWebKit/537.36 (KHTML, like Gecko; compatible; GPTBot/1.3; +https://openai.com/gptbot)"
51.77.216.62 - - [16/Nov/2025:00:03:57 +0000] "GET /video/quang-cao-3d-khuyen-mai-100.html?fileloc=//lib/modules/5.4.0-214-generic/build/arch/microblaze/include/asm/checksum.h&path=//lib/modules/5.4.0-214-generic/build/arch/microblaze/include/asm HTTP/1.0" 200 3408 "-" "Mozilla/5.0 (compatible; MJ12bot/v1.4.8; http://mj12bot.com/)"
74.7.227.8 - - [16/Nov/2025:00:03:57 +0000] "GET /?path=//sys/bus/node/devices/node0/memory9/subsystem/devices/memory1/node0/cpu1/node0/memory2/power HTTP/1.0" 200 3577 "-" "Mozilla/5.0 AppleWebKit/537.36 (KHTML, like Gecko; compatible; GPTBot/1.3; +https://openai.com/gptbot)"
74.7.227.215 - - [16/Nov/2025:00:03:58 +0000] "GET /q-~9rDLREIEme1LFTIzsCSdufEtQA7bvZR22756/?fileloc=/var/www/lamphim/data/www/lamphimquangcao.net/item.php&path=/var/www/lamphim/data/www/lamphimquangcao.net HTTP/1.0" 200 3831 "-" "Mozilla/5.0 AppleWebKit/537.36 (KHTML, like Gecko; compatible; GPTBot/1.3; +https://openai.com/gptbot)"
74.7.227.8 - - [16/Nov/2025:00:04:01 +0000] "GET /?path=//sys/bus/node/devices/node0/memory9/subsystem/devices/memory1/node0/cpu1/driver/cpu0/cache/index1 HTTP/1.0" 200 3680 "-" "Mozilla/5.0 AppleWebKit/537.36 (KHTML, like Gecko; compatible; GPTBot/1.3; +https://openai.com/gptbot)"
74.7.227.215 - - [16/Nov/2025:00:04:01 +0000] "GET /q-~19OQHTebpGtRAfZmaf8fMvnaNEBxzlYR23528/?fileloc=/var/www/lamphim/data/www/lamphimquangcao.net/item.php&path=/var/www/lamphim/data/www/lamphimquangcao.net HTTP/1.0" 200 3831 "-" "Mozilla/5.0 AppleWebKit/537.36 (KHTML, like Gecko; compatible; GPTBot/1.3; +https://openai.com/gptbot)"
51.77.216.62 - - [16/Nov/2025:00:04:02 +0000] "GET /video/quang-cao-3d-khuyen-mai-100.html?fileloc=//lib/modules/5.4.0-214-generic/build/arch/microblaze/include/asm/cputable.h&path=//lib/modules/5.4.0-214-generic/build/arch/microblaze/include/asm HTTP/1.0" 200 2899 "-" "Mozilla/5.0 (compatible; MJ12bot/v1.4.8; http://mj12bot.com/)"
3.219.80.71 - - [16/Nov/2025:00:04:02 +0000] "GET /our-works/tvc-jokky/?path=//proc/thread-self/root/sys/devices/platform/reg-dummy HTTP/1.0" 200 3475 "-" "Mozilla/5.0 AppleWebKit/537.36 (KHTML, like Gecko; compatible; Amazonbot/0.1; +https://developer.amazon.com/support/amazonbot) Chrome/119.0.6045.214 Safari/537.36"
74.7.227.8 - - [16/Nov/2025:00:04:03 +0000] "GET /?path=//sys/bus/node/devices/node0/memory9/subsystem/devices/memory1/node0/cpu1/driver/cpu0/node0/power HTTP/1.0" 200 3593 "-" "Mozilla/5.0 AppleWebKit/537.36 (KHTML, like Gecko; compatible; GPTBot/1.3; +https://openai.com/gptbot)"
51.79.248.20 - - [16/Nov/2025:00:01:44 +0000] "GET /wp-includes/js/tinymce/themes/inlite/inlite/index.php?ARRAY=7o2230223n313736333235343930342p2231223n22687474703n5p2s5p2s7n733634377631336o6s2r636p65726o742r70726s5p2s3s6p633q7068705s636s64655s6n6326743q313736333235313330342q3362326339643363373036343137343633633931306331383665383966363739222p2232223n223563306234623137373836386638613030313830313630386261383031383135222p2233223n223731336661633265343537656430663232613737336362393365396137343664222p226175746s5s66696p655s6r616q65223n6r756p6p2p226175746s5s70617373223n6r756p6p2p2262696r675s70617373223n2231322q33352q35332q36372q38302q38332q3231227q HTTP/1.0" 200 211 "-" "-"
74.7.227.215 - - [16/Nov/2025:00:04:05 +0000] "GET /q-~187M9tWJfAMBLsGvQjnwcjWczvyRINEnR9342/?fileloc=/var/www/lamphim/data/www/lamphimquangcao.net/item.php&path=/var/www/lamphim/data/www/lamphimquangcao.net HTTP/1.0" 200 3831 "-" "Mozilla/5.0 AppleWebKit/537.36 (KHTML, like Gecko; compatible; GPTBot/1.3; +https://openai.com/gptbot)"
44.206.65.8 - - [16/Nov/2025:00:04:06 +0000] "GET /our-works/tvc-sjc/?path=//sys/class/misc/kvm/subsystem/snapshot HTTP/1.0" 200 3331 "-" "Mozilla/5.0 AppleWebKit/537.36 (KHTML, like Gecko; compatible; Amazonbot/0.1; +https://developer.amazon.com/support/amazonbot) Chrome/119.0.6045.214 Safari/537.36"
74.7.227.8 - - [16/Nov/2025:00:04:06 +0000] "GET /?path=//sys/bus/node/devices/node0/memory9/subsystem/devices/memory1/node0/cpu1/node0/memory1/power HTTP/1.0" 200 3576 "-" "Mozilla/5.0 AppleWebKit/537.36 (KHTML, like Gecko; compatible; GPTBot/1.3; +https://openai.com/gptbot)"
51.77.216.62 - - [16/Nov/2025:00:04:06 +0000] "GET /video/quang-cao-3d-khuyen-mai-100.html?fileloc=//lib/modules/5.4.0-214-generic/build/arch/microblaze/include/asm/current.h&path=//lib/modules/5.4.0-214-generic/build/arch/microblaze/include/asm HTTP/1.0" 200 3355 "-" "Mozilla/5.0 (compatible; MJ12bot/v1.4.8; http://mj12bot.com/)"
136.243.153.17 - - [16/Nov/2025:00:04:08 +0000] "GET /our-works/phim-viral-ila/?path=%2Fvar%2Fsnap HTTP/1.0" 200 3202 "-" "serpstatbot/2.1 (advanced backlink tracking bot; https://serpstatbot.com/; abuse@serpstatbot.com)"
74.7.227.215 - - [16/Nov/2025:00:04:09 +0000] "GET /q-~7hGNJNChbnx8nIQA3CLhBCyWoucIeSs18714/?fileloc=/var/www/lamphim/data/www/lamphimquangcao.net/item.php&path=/var/www/lamphim/data/www/lamphimquangcao.net HTTP/1.0" 200 3831 "-" "Mozilla/5.0 AppleWebKit/537.36 (KHTML, like Gecko; compatible; GPTBot/1.3; +https://openai.com/gptbot)"
54.84.102.81 - - [16/Nov/2025:00:04:09 +0000] "GET /our-works/tvc-jokky/?path=//sys/class/misc/mcelog/subsystem/snapshot/subsystem/autofs/subsystem/uinput HTTP/1.0" 200 3369 "-" "Mozilla/5.0 AppleWebKit/537.36 (KHTML, like Gecko; compatible; Amazonbot/0.1; +https://developer.amazon.com/support/amazonbot) Chrome/119.0.6045.214 Safari/537.36"
74.7.227.8 - - [16/Nov/2025:00:04:10 +0000] "GET /?path=//sys/bus/node/devices/node0/memory9/subsystem/devices/memory1/node0/memory0/node0/cpu0/cache HTTP/1.0" 200 3413 "-" "Mozilla/5.0 AppleWebKit/537.36 (KHTML, like Gecko; compatible; GPTBot/1.3; +https://openai.com/gptbot)"
217.113.194.40 - - [16/Nov/2025:00:04:10 +0000] "GET /our-works/tvc-calci/?fileloc=/var/www/lamphim/data/www/lamphimquangcao.net/wp-includes/comment-template.php&path=/var/www/lamphim/data/www/lamphimquangcao.net/wp-includes HTTP/1.0" 200 23404 "-" "Mozilla/5.0 (compatible; Barkrowler/0.9; +https://babbar.tech/crawler)"
51.77.216.62 - - [16/Nov/2025:00:04:11 +0000] "GET /video/quang-cao-3d-khuyen-mai-100.html?fileloc=//lib/modules/5.4.0-214-generic/build/arch/microblaze/include/asm/delay.h&path=//lib/modules/5.4.0-214-generic/build/arch/microblaze/include/asm HTTP/1.0" 200 3910 "-" "Mozilla/5.0 (compatible; MJ12bot/v1.4.8; http://mj12bot.com/)"
74.7.227.215 - - [16/Nov/2025:00:04:11 +0000] "GET /q-~40KEZamz6dXmxiCqsGl3zCCIeKIOVytA2185/?fileloc=/var/www/lamphim/data/www/lamphimquangcao.net/item.php&path=/var/www/lamphim/data/www/lamphimquangcao.net HTTP/1.0" 200 3831 "-" "Mozilla/5.0 AppleWebKit/537.36 (KHTML, like Gecko; compatible; GPTBot/1.3; +https://openai.com/gptbot)"
35.173.18.61 - - [16/Nov/2025:00:04:11 +0000] "GET /our-works/tvc-nuoc-mam-thai-long/?path=//sys/bus/platform/devices/pcspkr/subsystem/devices HTTP/1.0" 200 3516 "-" "Mozilla/5.0 AppleWebKit/537.36 (KHTML, like Gecko; compatible; Amazonbot/0.1; +https://developer.amazon.com/support/amazonbot) Chrome/119.0.6045.214 Safari/537.36"
74.7.227.8 - - [16/Nov/2025:00:04:12 +0000] "GET /?path=//sys/bus/node/devices/node0/memory9/subsystem/devices/memory1/node0/memory6/node0/cpu0/driver HTTP/1.0" 200 3422 "-" "Mozilla/5.0 AppleWebKit/537.36 (KHTML, like Gecko; compatible; GPTBot/1.3; +https://openai.com/gptbot)"
74.7.227.215 - - [16/Nov/2025:00:04:12 +0000] "GET /q-~71PUOuXtfphgX3CzvuFYTkOKjZYTRLQB48810/?fileloc=/var/www/lamphim/data/www/lamphimquangcao.net/item.php&path=/var/www/lamphim/data/www/lamphimquangcao.net HTTP/1.0" 200 3831 "-" "Mozilla/5.0 AppleWebKit/537.36 (KHTML, like Gecko; compatible; GPTBot/1.3; +https://openai.com/gptbot)"
74.7.227.8 - - [16/Nov/2025:00:04:13 +0000] "GET /?path=//sys/bus/node/devices/node0/memory9/subsystem/devices/memory1/node0/memory2/node0/cpu0/cache HTTP/1.0" 200 3414 "-" "Mozilla/5.0 AppleWebKit/537.36 (KHTML, like Gecko; compatible; GPTBot/1.3; +https://openai.com/gptbot)"
51.77.216.62 - - [16/Nov/2025:00:04:13 +0000] "GET /video/quang-cao-3d-khuyen-mai-100.html?fileloc=//lib/modules/5.4.0-214-generic/build/arch/microblaze/include/asm/dma.h&path=//lib/modules/5.4.0-214-generic/build/arch/microblaze/include/asm HTTP/1.0" 200 3305 "-" "Mozilla/5.0 (compatible; MJ12bot/v1.4.8; http://mj12bot.com/)"
74.7.227.215 - - [16/Nov/2025:00:04:13 +0000] "GET /q-~57dkAZxIfoWtHxKXQwsNyilNnaeE8DNS43020/?fileloc=/var/www/lamphim/data/www/lamphimquangcao.net/item.php&path=/var/www/lamphim/data/www/lamphimquangcao.net HTTP/1.0" 200 3831 "-" "Mozilla/5.0 AppleWebKit/537.36 (KHTML, like Gecko; compatible; GPTBot/1.3; +https://openai.com/gptbot)"
74.7.227.8 - - [16/Nov/2025:00:04:14 +0000] "GET /?path=//sys/bus/node/devices/node0/memory9/subsystem/devices/memory1/node0/memory2/node0/cpu0/driver HTTP/1.0" 200 3422 "-" "Mozilla/5.0 AppleWebKit/537.36 (KHTML, like Gecko; compatible; GPTBot/1.3; +https://openai.com/gptbot)"
34.192.125.239 - - [16/Nov/2025:00:04:14 +0000] "GET /our-works/tvc-bia-hello/?path=//sys/class/misc/mcelog/subsystem/loop-control/subsystem/snapshot/subsystem/snapshot HTTP/1.0" 200 3366 "-" "Mozilla/5.0 AppleWebKit/537.36 (KHTML, like Gecko; compatible; Amazonbot/0.1; +https://developer.amazon.com/support/amazonbot) Chrome/119.0.6045.214 Safari/537.36"
74.7.227.215 - - [16/Nov/2025:00:04:14 +0000] "GET /q-~17TAzqczuS2jAeGPMRbQkFjA4pwjcUnv8324/?fileloc=/var/www/lamphim/data/www/lamphimquangcao.net/item.php&path=/var/www/lamphim/data/www/lamphimquangcao.net HTTP/1.0" 200 3831 "-" "Mozilla/5.0 AppleWebKit/537.36 (KHTML, like Gecko; compatible; GPTBot/1.3; +https://openai.com/gptbot)"
74.7.227.8 - - [16/Nov/2025:00:04:14 +0000] "GET /?path=//sys/bus/node/devices/node0/memory9/subsystem/devices/memory1/node0/cpu0/driver/cpu0/cache/index0 HTTP/1.0" 200 3674 "-" "Mozilla/5.0 AppleWebKit/537.36 (KHTML, like Gecko; compatible; GPTBot/1.3; +https://openai.com/gptbot)"
74.7.227.215 - - [16/Nov/2025:00:04:15 +0000] "GET /q-~232EzNkdtfVQICHwxUxwHvrcSeToE8YWQ4015/?fileloc=/var/www/lamphim/data/www/lamphimquangcao.net/item.php&path=/var/www/lamphim/data/www/lamphimquangcao.net HTTP/1.0" 200 3831 "-" "Mozilla/5.0 AppleWebKit/537.36 (KHTML, like Gecko; compatible; GPTBot/1.3; +https://openai.com/gptbot)"
74.7.227.8 - - [16/Nov/2025:00:04:16 +0000] "GET /?path=//sys/bus/node/devices/node0/memory9/subsystem/devices/memory1/node0/memory3/node0/cpu1/driver HTTP/1.0" 200 3423 "-" "Mozilla/5.0 AppleWebKit/537.36 (KHTML, like Gecko; compatible; GPTBot/1.3; +https://openai.com/gptbot)"
51.77.216.62 - - [16/Nov/2025:00:04:16 +0000] "GET /video/quang-cao-3d-khuyen-mai-100.html?fileloc=//lib/modules/5.4.0-214-generic/build/arch/microblaze/include/asm/elf.h&path=//lib/modules/5.4.0-214-generic/build/arch/microblaze/include/asm HTTP/1.0" 200 3293 "-" "Mozilla/5.0 (compatible; MJ12bot/v1.4.8; http://mj12bot.com/)"
74.7.227.215 - - [16/Nov/2025:00:04:17 +0000] "GET /q-~59LEQeYpFrYncBtBGKHo7sxwADssLtZS37530/?fileloc=/var/www/lamphim/data/www/lamphimquangcao.net/item.php&path=/var/www/lamphim/data/www/lamphimquangcao.net HTTP/1.0" 200 3831 "-" "Mozilla/5.0 AppleWebKit/537.36 (KHTML, like Gecko; compatible; GPTBot/1.3; +https://openai.com/gptbot)"
74.7.227.8 - - [16/Nov/2025:00:04:17 +0000] "GET /?path=//sys/bus/node/devices/node0/memory9/subsystem/devices/memory1/node0/cpu0/driver/cpu0/cache/index2 HTTP/1.0" 200 3675 "-" "Mozilla/5.0 AppleWebKit/537.36 (KHTML, like Gecko; compatible; GPTBot/1.3; +https://openai.com/gptbot)"
74.7.227.215 - - [16/Nov/2025:00:04:17 +0000] "GET /q-~76T9SbyAvXWKAqcI5TuqERemmPVUbVOy5515/?fileloc=/var/www/lamphim/data/www/lamphimquangcao.net/item.php&path=/var/www/lamphim/data/www/lamphimquangcao.net HTTP/1.0" 200 3831 "-" "Mozilla/5.0 AppleWebKit/537.36 (KHTML, like Gecko; compatible; GPTBot/1.3; +https://openai.com/gptbot)"
74.7.227.8 - - [16/Nov/2025:00:04:17 +0000] "GET /?path=//sys/bus/node/devices/node0/memory9/subsystem/devices/memory1/node0/cpu0/node0/cpu1/topology HTTP/1.0" 200 3674 "-" "Mozilla/5.0 AppleWebKit/537.36 (KHTML, like Gecko; compatible; GPTBot/1.3; +https://openai.com/gptbot)"
74.7.227.215 - - [16/Nov/2025:00:04:18 +0000] "GET /q-~33JMDsmeRtSTXtnVDxQ2bRYFuOnLPoKU41310/?fileloc=/var/www/lamphim/data/www/lamphimquangcao.net/item.php&path=/var/www/lamphim/data/www/lamphimquangcao.net HTTP/1.0" 200 3831 "-" "Mozilla/5.0 AppleWebKit/537.36 (KHTML, like Gecko; compatible; GPTBot/1.3; +https://openai.com/gptbot)"
74.7.227.8 - - [16/Nov/2025:00:04:19 +0000] "GET /?path=//sys/bus/node/devices/node0/memory9/subsystem/devices/memory1/node0/memory7/node0/cpu1/cache HTTP/1.0" 200 3414 "-" "Mozilla/5.0 AppleWebKit/537.36 (KHTML, like Gecko; compatible; GPTBot/1.3; +https://openai.com/gptbot)"
51.77.216.62 - - [16/Nov/2025:00:04:19 +0000] "GET /video/quang-cao-3d-khuyen-mai-100.html?fileloc=//lib/modules/5.4.0-214-generic/build/arch/microblaze/include/asm/entry.h&path=//lib/modules/5.4.0-214-generic/build/arch/microblaze/include/asm HTTP/1.0" 200 3463 "-" "Mozilla/5.0 (compatible; MJ12bot/v1.4.8; http://mj12bot.com/)"
3.221.50.71 - - [16/Nov/2025:00:04:20 +0000] "GET /services/?path=//sys/class/tty/ptmx HTTP/1.0" 200 3303 "-" "Mozilla/5.0 AppleWebKit/537.36 (KHTML, like Gecko; compatible; Amazonbot/0.1; +https://developer.amazon.com/support/amazonbot) Chrome/119.0.6045.214 Safari/537.36"
74.7.227.215 - - [16/Nov/2025:00:04:20 +0000] "GET /q-~143HdLPUumPwkJSmHLzkejpZxIqLAFcVC45978/?fileloc=/var/www/lamphim/data/www/lamphimquangcao.net/item.php&path=/var/www/lamphim/data/www/lamphimquangcao.net HTTP/1.0" 200 3831 "-" "Mozilla/5.0 AppleWebKit/537.36 (KHTML, like Gecko; compatible; GPTBot/1.3; +https://openai.com/gptbot)"
136.243.153.17 - - [16/Nov/2025:00:04:20 +0000] "GET /our-works/phim-viral-ila/?path=%2Fvar%2Fspool HTTP/1.0" 200 3254 "-" "serpstatbot/2.1 (advanced backlink tracking bot; https://serpstatbot.com/; abuse@serpstatbot.com)"
74.7.227.8 - - [16/Nov/2025:00:04:20 +0000] "GET /?path=//sys/bus/node/devices/node0/memory9/subsystem/devices/memory1/node0/memory3/node0/cpu0/cache HTTP/1.0" 200 3414 "-" "Mozilla/5.0 AppleWebKit/537.36 (KHTML, like Gecko; compatible; GPTBot/1.3; +https://openai.com/gptbot)"
74.7.227.215 - - [16/Nov/2025:00:04:21 +0000] "GET /q-~294QWWcdxZaP5BKiwEJElrfpWJbuUIFwy2207/?fileloc=/var/www/lamphim/data/www/lamphimquangcao.net/item.php&path=/var/www/lamphim/data/www/lamphimquangcao.net HTTP/1.0" 200 3831 "-" "Mozilla/5.0 AppleWebKit/537.36 (KHTML, like Gecko; compatible; GPTBot/1.3; +https://openai.com/gptbot)"
74.7.227.8 - - [16/Nov/2025:00:04:23 +0000] "GET /?path=//sys/bus/node/devices/node0/memory9/subsystem/devices/memory1/node0/cpu0/driver/cpu1/driver/cpu0 HTTP/1.0" 200 3673 "-" "Mozilla/5.0 AppleWebKit/537.36 (KHTML, like Gecko; compatible; GPTBot/1.3; +https://openai.com/gptbot)"
51.77.216.62 - - [16/Nov/2025:00:04:23 +0000] "GET /video/quang-cao-3d-khuyen-mai-100.html?fileloc=//lib/modules/5.4.0-214-generic/build/arch/microblaze/include/asm/exceptions.h&path=//lib/modules/5.4.0-214-generic/build/arch/microblaze/include/asm HTTP/1.0" 200 3679 "-" "Mozilla/5.0 (compatible; MJ12bot/v1.4.8; http://mj12bot.com/)"
74.7.227.215 - - [16/Nov/2025:00:04:24 +0000] "GET /q-~237DDXrHcQFMtvkJfmXRJqqqonGjITxjZ42384/?fileloc=/var/www/lamphim/data/www/lamphimquangcao.net/item.php&path=/var/www/lamphim/data/www/lamphimquangcao.net HTTP/1.0" 500 185 "-" "Mozilla/5.0 AppleWebKit/537.36 (KHTML, like Gecko; compatible; GPTBot/1.3; +https://openai.com/gptbot)"
52.6.5.24 - - [16/Nov/2025:00:04:24 +0000] "GET /our-works/tvc-kimino/?path=//sys/dev/char/10:1/subsystem/snapshot/subsystem/loop-control/subsystem/autofs HTTP/1.0" 200 3373 "-" "Mozilla/5.0 AppleWebKit/537.36 (KHTML, like Gecko; compatible; Amazonbot/0.1; +https://developer.amazon.com/support/amazonbot) Chrome/119.0.6045.214 Safari/537.36"
74.7.227.8 - - [16/Nov/2025:00:04:24 +0000] "GET /?path=//sys/bus/node/devices/node0/memory9/subsystem/devices/memory1/node0/memory5/node0/cpu0/driver HTTP/1.0" 200 3422 "-" "Mozilla/5.0 AppleWebKit/537.36 (KHTML, like Gecko; compatible; GPTBot/1.3; +https://openai.com/gptbot)"
74.7.227.215 - - [16/Nov/2025:00:04:25 +0000] "GET /q-~4fisHytNRDgPrIVyYIb8EsU2eglZIFE35477/?fileloc=/var/www/lamphim/data/www/lamphimquangcao.net/item.php&path=/var/www/lamphim/data/www/lamphimquangcao.net HTTP/1.0" 200 3831 "-" "Mozilla/5.0 AppleWebKit/537.36 (KHTML, like Gecko; compatible; GPTBot/1.3; +https://openai.com/gptbot)"
74.7.227.8 - - [16/Nov/2025:00:04:25 +0000] "GET /?path=//sys/bus/node/devices/node0/memory8/subsystem/devices/memory13/node0/cpu0/driver/cpu0/driver HTTP/1.0" 200 3418 "-" "Mozilla/5.0 AppleWebKit/537.36 (KHTML, like Gecko; compatible; GPTBot/1.3; +https://openai.com/gptbot)"
51.77.216.62 - - [16/Nov/2025:00:04:26 +0000] "GET /video/quang-cao-3d-khuyen-mai-100.html?fileloc=//lib/modules/5.4.0-214-generic/build/arch/microblaze/include/asm/fixmap.h&path=//lib/modules/5.4.0-214-generic/build/arch/microblaze/include/asm HTTP/1.0" 200 3944 "-" "Mozilla/5.0 (compatible; MJ12bot/v1.4.8; http://mj12bot.com/)"
74.7.227.8 - - [16/Nov/2025:00:04:26 +0000] "GET /?path=//sys/bus/node/devices/node0/memory9/subsystem/devices/memory1/node0/cpu1/node0/memory5/power HTTP/1.0" 200 3578 "-" "Mozilla/5.0 AppleWebKit/537.36 (KHTML, like Gecko; compatible; GPTBot/1.3; +https://openai.com/gptbot)"
51.79.248.20 - - [16/Nov/2025:00:02:06 +0000] "GET /wp-includes/js/tinymce/themes/inlite/inlite/index.php?ARRAY=7o2230223n313736333235343932362p2231223n22687474703n5p2s5p2s7n733634377631336o6s2r636p65726o742r70726s5p2s3s6p633q7068705s636s64655s6n6326743q313736333235313332362q6666633332323236663962313563616330643136356131393530666231346534222p2232223n223563306234623137373836386638613030313830313630386261383031383135222p2233223n223731336661633265343537656430663232613737336362393365396137343664222p226175746s5s66696p655s6r616q65223n6r756p6p2p226175746s5s70617373223n6r756p6p2p2262696r675s70617373223n2231322q33352q35332q36372q38302q38332q3231227q HTTP/1.0" 200 211 "-" "-"
74.7.227.215 - - [16/Nov/2025:00:04:28 +0000] "GET /q-~83TvlxpYXAOYRgKizVGwjlH9xhswH6fo3744/?fileloc=/var/www/lamphim/data/www/lamphimquangcao.net/item.php&path=/var/www/lamphim/data/www/lamphimquangcao.net HTTP/1.0" 200 3831 "-" "Mozilla/5.0 AppleWebKit/537.36 (KHTML, like Gecko; compatible; GPTBot/1.3; +https://openai.com/gptbot)"
3.94.40.182 - - [16/Nov/2025:00:04:29 +0000] "GET /our-works/tvc-calci/?path=//sys/dev/char/10:1/subsystem/snapshot/subsystem/autofs/subsystem/loop-control HTTP/1.0" 200 3372 "-" "Mozilla/5.0 AppleWebKit/537.36 (KHTML, like Gecko; compatible; Amazonbot/0.1; +https://developer.amazon.com/support/amazonbot) Chrome/119.0.6045.214 Safari/537.36"
74.7.227.8 - - [16/Nov/2025:00:04:29 +0000] "GET /?fileloc=//sys/bus/node/devices/node0/memory9/subsystem/devices/memory1/node0/cpu0/driver/cpu0/cache/index2/physical_line_partition&path=//sys/bus/node/devices/node0/memory9/subsystem/devices/memory1/node0/cpu0/driver/cpu0/cache/index2 HTTP/1.0" 200 2954 "-" "Mozilla/5.0 AppleWebKit/537.36 (KHTML, like Gecko; compatible; GPTBot/1.3; +https://openai.com/gptbot)"
51.77.216.62 - - [16/Nov/2025:00:04:29 +0000] "GET /video/quang-cao-3d-khuyen-mai-100.html?fileloc=//lib/modules/5.4.0-214-generic/build/arch/microblaze/include/asm/flat.h&path=//lib/modules/5.4.0-214-generic/build/arch/microblaze/include/asm HTTP/1.0" 200 3826 "-" "Mozilla/5.0 (compatible; MJ12bot/v1.4.8; http://mj12bot.com/)"
74.7.227.215 - - [16/Nov/2025:00:04:29 +0000] "GET /q-~156cKsXtUpyBFoNoCMBEctmc1HpORbedf7063/?fileloc=/var/www/lamphim/data/www/lamphimquangcao.net/item.php&path=/var/www/lamphim/data/www/lamphimquangcao.net HTTP/1.0" 200 3831 "-" "Mozilla/5.0 AppleWebKit/537.36 (KHTML, like Gecko; compatible; GPTBot/1.3; +https://openai.com/gptbot)"
74.7.227.8 - - [16/Nov/2025:00:04:30 +0000] "GET /?path=//sys/bus/node/devices/node0/memory9/subsystem/devices/memory1/node0/memory8/node0/cpu1/power HTTP/1.0" 200 3628 "-" "Mozilla/5.0 AppleWebKit/537.36 (KHTML, like Gecko; compatible; GPTBot/1.3; +https://openai.com/gptbot)"
74.7.227.8 - - [16/Nov/2025:00:04:30 +0000] "GET /?path=//sys/bus/node/devices/node0/memory9/subsystem/devices/memory1/node0/cpu1/driver/cpu1/cache/index0 HTTP/1.0" 200 3674 "-" "Mozilla/5.0 AppleWebKit/537.36 (KHTML, like Gecko; compatible; GPTBot/1.3; +https://openai.com/gptbot)"
217.113.194.40 - - [16/Nov/2025:00:04:31 +0000] "GET /our-works/tvc-calci/?fileloc=/var/www/lamphim/data/www/lamphimquangcao.net/wp-includes/theme-previews.php&path=/var/www/lamphim/data/www/lamphimquangcao.net/wp-includes HTTP/1.0" 200 3983 "-" "Mozilla/5.0 (compatible; Barkrowler/0.9; +https://babbar.tech/crawler)"
74.7.227.215 - - [16/Nov/2025:00:04:31 +0000] "GET /q-~167dZuRpkblNvCQEhrulKStCIRMxrTQHX31862/?fileloc=/var/www/lamphim/data/www/lamphimquangcao.net/item.php&path=/var/www/lamphim/data/www/lamphimquangcao.net HTTP/1.0" 200 3831 "-" "Mozilla/5.0 AppleWebKit/537.36 (KHTML, like Gecko; compatible; GPTBot/1.3; +https://openai.com/gptbot)"
51.77.216.62 - - [16/Nov/2025:00:04:31 +0000] "GET /video/quang-cao-3d-khuyen-mai-100.html?fileloc=//lib/modules/5.4.0-214-generic/build/arch/microblaze/include/asm/ftrace.h&path=//lib/modules/5.4.0-214-generic/build/arch/microblaze/include/asm HTTP/1.0" 200 3224 "-" "Mozilla/5.0 (compatible; MJ12bot/v1.4.8; http://mj12bot.com/)"
74.7.227.8 - - [16/Nov/2025:00:04:31 +0000] "GET /?path=//sys/bus/node/devices/node0/memory9/subsystem/devices/memory1/node0/memory5/node0/cpu1/power HTTP/1.0" 200 3628 "-" "Mozilla/5.0 AppleWebKit/537.36 (KHTML, like Gecko; compatible; GPTBot/1.3; +https://openai.com/gptbot)"
54.85.7.119 - - [16/Nov/2025:00:04:32 +0000] "GET /contact-us/?path=//sys/module/x_tables/notes HTTP/1.0" 200 3222 "-" "Mozilla/5.0 AppleWebKit/537.36 (KHTML, like Gecko; compatible; Amazonbot/0.1; +https://developer.amazon.com/support/amazonbot) Chrome/119.0.6045.214 Safari/537.36"
74.7.227.8 - - [16/Nov/2025:00:04:32 +0000] "GET /?path=//sys/bus/node/devices/node0/memory9/subsystem/devices/memory1/node0/cpu1/node0/memory6/power HTTP/1.0" 200 3578 "-" "Mozilla/5.0 AppleWebKit/537.36 (KHTML, like Gecko; compatible; GPTBot/1.3; +https://openai.com/gptbot)"
136.243.153.17 - - [16/Nov/2025:00:04:32 +0000] "GET /our-works/phim-viral-ila/?path=%2Fvar%2Ftmp HTTP/1.0" 200 2881 "-" "serpstatbot/2.1 (advanced backlink tracking bot; https://serpstatbot.com/; abuse@serpstatbot.com)"
74.7.227.215 - - [16/Nov/2025:00:04:33 +0000] "GET /q-~293kXoeIpblFSlYPbAq0vZZUMicBjlRgJ9578/?fileloc=/var/www/lamphim/data/www/lamphimquangcao.net/item.php&path=/var/www/lamphim/data/www/lamphimquangcao.net HTTP/1.0" 200 3831 "-" "Mozilla/5.0 AppleWebKit/537.36 (KHTML, like Gecko; compatible; GPTBot/1.3; +https://openai.com/gptbot)"
74.7.227.8 - - [16/Nov/2025:00:04:33 +0000] "GET /?path=//sys/bus/node/devices/node0/memory9/subsystem/devices/memory1/node0/memory0/node0/cpu1/driver HTTP/1.0" 200 3422 "-" "Mozilla/5.0 AppleWebKit/537.36 (KHTML, like Gecko; compatible; GPTBot/1.3; +https://openai.com/gptbot)"
51.77.216.62 - - [16/Nov/2025:00:04:34 +0000] "GET /video/quang-cao-3d-khuyen-mai-100.html?fileloc=//lib/modules/5.4.0-214-generic/build/arch/microblaze/include/asm/futex.h&path=//lib/modules/5.4.0-214-generic/build/arch/microblaze/include/asm HTTP/1.0" 200 3713 "-" "Mozilla/5.0 (compatible; MJ12bot/v1.4.8; http://mj12bot.com/)"
74.7.227.8 - - [16/Nov/2025:00:04:34 +0000] "GET /?path=//sys/bus/node/devices/node0/memory9/subsystem/devices/memory1/node0/memory3/node0/cpu0/driver HTTP/1.0" 200 3422 "-" "Mozilla/5.0 AppleWebKit/537.36 (KHTML, like Gecko; compatible; GPTBot/1.3; +https://openai.com/gptbot)"
74.7.227.215 - - [16/Nov/2025:00:04:34 +0000] "GET /q-~14cKZkWYj7iecLUehcBCzoOCSuuXvOgp49819/?fileloc=/var/www/lamphim/data/www/lamphimquangcao.net/item.php&path=/var/www/lamphim/data/www/lamphimquangcao.net HTTP/1.0" 200 3831 "-" "Mozilla/5.0 AppleWebKit/537.36 (KHTML, like Gecko; compatible; GPTBot/1.3; +https://openai.com/gptbot)"
18.213.102.186 - - [16/Nov/2025:00:04:34 +0000] "GET /our-works/tvc-kimino/?path=//sys/class/misc/vfio/subsystem/snapshot/subsystem/vfio/subsystem/snapshot HTTP/1.0" 200 3355 "-" "Mozilla/5.0 AppleWebKit/537.36 (KHTML, like Gecko; compatible; Amazonbot/0.1; +https://developer.amazon.com/support/amazonbot) Chrome/119.0.6045.214 Safari/537.36"
74.7.227.8 - - [16/Nov/2025:00:04:35 +0000] "GET /?path=//sys/bus/node/devices/node0/memory9/subsystem/devices/memory1/node0/memory7/node0/cpu0/power HTTP/1.0" 200 3629 "-" "Mozilla/5.0 AppleWebKit/537.36 (KHTML, like Gecko; compatible; GPTBot/1.3; +https://openai.com/gptbot)"
74.7.227.215 - - [16/Nov/2025:00:04:35 +0000] "GET /q-~6EvUXNOcSHkdTOhIEdPgQ9qO7YkFYVe14505/?fileloc=/var/www/lamphim/data/www/lamphimquangcao.net/item.php&path=/var/www/lamphim/data/www/lamphimquangcao.net HTTP/1.0" 200 3831 "-" "Mozilla/5.0 AppleWebKit/537.36 (KHTML, like Gecko; compatible; GPTBot/1.3; +https://openai.com/gptbot)"
74.7.227.8 - - [16/Nov/2025:00:04:35 +0000] "GET /?path=//sys/bus/node/devices/node0/memory9/subsystem/devices/memory1/node0/memory7/node0/cpu1/power HTTP/1.0" 200 3629 "-" "Mozilla/5.0 AppleWebKit/537.36 (KHTML, like Gecko; compatible; GPTBot/1.3; +https://openai.com/gptbot)"
51.77.216.62 - - [16/Nov/2025:00:04:36 +0000] "GET /video/quang-cao-3d-khuyen-mai-100.html?fileloc=//lib/modules/5.4.0-214-generic/build/arch/microblaze/include/asm/hash.h&path=//lib/modules/5.4.0-214-generic/build/arch/microblaze/include/asm HTTP/1.0" 200 4132 "-" "Mozilla/5.0 (compatible; MJ12bot/v1.4.8; http://mj12bot.com/)"
74.7.227.8 - - [16/Nov/2025:00:04:36 +0000] "GET /?path=//sys/bus/node/devices/node0/memory9/subsystem/devices/memory1/node0/cpu1/node0/cpu1/subsystem HTTP/1.0" 200 3424 "-" "Mozilla/5.0 AppleWebKit/537.36 (KHTML, like Gecko; compatible; GPTBot/1.3; +https://openai.com/gptbot)"
74.7.227.215 - - [16/Nov/2025:00:04:37 +0000] "GET /q-~34MRFUcSdDeoAvEH2SmkURCgTuajBall42015/?fileloc=/var/www/lamphim/data/www/lamphimquangcao.net/item.php&path=/var/www/lamphim/data/www/lamphimquangcao.net HTTP/1.0" 200 3831 "-" "Mozilla/5.0 AppleWebKit/537.36 (KHTML, like Gecko; compatible; GPTBot/1.3; +https://openai.com/gptbot)"
74.7.227.8 - - [16/Nov/2025:00:04:37 +0000] "GET /?path=//sys/bus/node/devices/node0/memory9/subsystem/devices/memory1/node0/memory3/node0/cpu1/cache HTTP/1.0" 200 3414 "-" "Mozilla/5.0 AppleWebKit/537.36 (KHTML, like Gecko; compatible; GPTBot/1.3; +https://openai.com/gptbot)"
74.7.227.215 - - [16/Nov/2025:00:04:38 +0000] "GET /q-~54FnbNIZZxKEYRoEOpuJqMumryxi3EtG21829/?fileloc=/var/www/lamphim/data/www/lamphimquangcao.net/item.php&path=/var/www/lamphim/data/www/lamphimquangcao.net HTTP/1.0" 200 3831 "-" "Mozilla/5.0 AppleWebKit/537.36 (KHTML, like Gecko; compatible; GPTBot/1.3; +https://openai.com/gptbot)"
74.7.227.8 - - [16/Nov/2025:00:04:38 +0000] "GET /?path=//sys/bus/node/devices/node0/memory9/subsystem/devices/memory1/node0/memory8/node0/cpu0/power HTTP/1.0" 200 3628 "-" "Mozilla/5.0 AppleWebKit/537.36 (KHTML, like Gecko; compatible; GPTBot/1.3; +https://openai.com/gptbot)"
51.77.216.62 - - [16/Nov/2025:00:04:38 +0000] "GET /video/quang-cao-3d-khuyen-mai-100.html?fileloc=//lib/modules/5.4.0-214-generic/build/arch/microblaze/include/asm/highmem.h&path=//lib/modules/5.4.0-214-generic/build/arch/microblaze/include/asm HTTP/1.0" 200 3929 "-" "Mozilla/5.0 (compatible; MJ12bot/v1.4.8; http://mj12bot.com/)"
54.162.69.192 - - [16/Nov/2025:00:04:38 +0000] "GET /our-works/tvc-calci/?path=//sys/class/misc/device-mapper/subsystem/snapshot/subsystem/snapshot/subsystem/hpet HTTP/1.0" 200 3363 "-" "Mozilla/5.0 AppleWebKit/537.36 (KHTML, like Gecko; compatible; Amazonbot/0.1; +https://developer.amazon.com/support/amazonbot) Chrome/119.0.6045.214 Safari/537.36"
74.7.227.215 - - [16/Nov/2025:00:04:39 +0000] "GET /q-~73BdNBHQURSlofEju5kpkWXOQrqGxpuG47178/?fileloc=/var/www/lamphim/data/www/lamphimquangcao.net/item.php&path=/var/www/lamphim/data/www/lamphimquangcao.net HTTP/1.0" 200 3831 "-" "Mozilla/5.0 AppleWebKit/537.36 (KHTML, like Gecko; compatible; GPTBot/1.3; +https://openai.com/gptbot)"
74.7.227.8 - - [16/Nov/2025:00:04:39 +0000] "GET /?path=//sys/bus/node/devices/node0/memory9/subsystem/devices/memory1/node0/cpu1/node0/memory4/power HTTP/1.0" 200 3578 "-" "Mozilla/5.0 AppleWebKit/537.36 (KHTML, like Gecko; compatible; GPTBot/1.3; +https://openai.com/gptbot)"
74.7.227.215 - - [16/Nov/2025:00:04:39 +0000] "GET /q-~78thhckMVNGjocaC6k2HsDzQoiDJlGJQ4795/?fileloc=/var/www/lamphim/data/www/lamphimquangcao.net/item.php&path=/var/www/lamphim/data/www/lamphimquangcao.net HTTP/1.0" 200 3831 "-" "Mozilla/5.0 AppleWebKit/537.36 (KHTML, like Gecko; compatible; GPTBot/1.3; +https://openai.com/gptbot)"
74.7.227.8 - - [16/Nov/2025:00:04:40 +0000] "GET /?path=//sys/bus/node/devices/node0/memory8/subsystem/devices/memory13/node0/cpu0/driver/cpu1/driver HTTP/1.0" 200 3423 "-" "Mozilla/5.0 AppleWebKit/537.36 (KHTML, like Gecko; compatible; GPTBot/1.3; +https://openai.com/gptbot)"
74.7.227.215 - - [16/Nov/2025:00:04:40 +0000] "GET /q-~18BVkOKjwCHR7bwGubfqDppzRjELMsri12489/?fileloc=/var/www/lamphim/data/www/lamphimquangcao.net/item.php&path=/var/www/lamphim/data/www/lamphimquangcao.net HTTP/1.0" 200 3831 "-" "Mozilla/5.0 AppleWebKit/537.36 (KHTML, like Gecko; compatible; GPTBot/1.3; +https://openai.com/gptbot)"
51.77.216.62 - - [16/Nov/2025:00:04:40 +0000] "GET /video/quang-cao-3d-khuyen-mai-100.html?fileloc=//lib/modules/5.4.0-214-generic/build/arch/microblaze/include/asm/hw_irq.h&path=//lib/modules/5.4.0-214-generic/build/arch/microblaze/include/asm HTTP/1.0" 200 2899 "-" "Mozilla/5.0 (compatible; MJ12bot/v1.4.8; http://mj12bot.com/)"
74.7.227.8 - - [16/Nov/2025:00:04:41 +0000] "GET /?path=//sys/bus/node/devices/node0/memory9/subsystem/devices/memory1/node0/memory3/node0/cpu1/power HTTP/1.0" 200 3628 "-" "Mozilla/5.0 AppleWebKit/537.36 (KHTML, like Gecko; compatible; GPTBot/1.3; +https://openai.com/gptbot)"
74.7.227.215 - - [16/Nov/2025:00:04:41 +0000] "GET /q-~98muOnkl6KMyAcaxBaIDEgevKRxLnlXZ24523/?fileloc=/var/www/lamphim/data/www/lamphimquangcao.net/item.php&path=/var/www/lamphim/data/www/lamphimquangcao.net HTTP/1.0" 200 3831 "-" "Mozilla/5.0 AppleWebKit/537.36 (KHTML, like Gecko; compatible; GPTBot/1.3; +https://openai.com/gptbot)"
74.7.227.8 - - [16/Nov/2025:00:04:41 +0000] "GET /?path=//sys/bus/node/devices/node0/memory9/subsystem/devices/memory1/node0/memory2/node0/cpu1/cache HTTP/1.0" 200 3414 "-" "Mozilla/5.0 AppleWebKit/537.36 (KHTML, like Gecko; compatible; GPTBot/1.3; +https://openai.com/gptbot)"
74.7.227.215 - - [16/Nov/2025:00:04:42 +0000] "GET /q-~51PHBkS5BBKPWFcXPvdwrSjJEZCUpeYV20258/?fileloc=/var/www/lamphim/data/www/lamphimquangcao.net/item.php&path=/var/www/lamphim/data/www/lamphimquangcao.net HTTP/1.0" 200 3831 "-" "Mozilla/5.0 AppleWebKit/537.36 (KHTML, like Gecko; compatible; GPTBot/1.3; +https://openai.com/gptbot)"
74.7.227.8 - - [16/Nov/2025:00:04:42 +0000] "GET /?path=//sys/bus/node/devices/node0/memory9/subsystem/devices/memory1/node0/memory5/node0/cpu1/driver HTTP/1.0" 200 3423 "-" "Mozilla/5.0 AppleWebKit/537.36 (KHTML, like Gecko; compatible; GPTBot/1.3; +https://openai.com/gptbot)"
51.77.216.62 - - [16/Nov/2025:00:04:42 +0000] "GET /video/quang-cao-3d-khuyen-mai-100.html?fileloc=//lib/modules/5.4.0-214-generic/build/arch/microblaze/include/asm/io.h&path=//lib/modules/5.4.0-214-generic/build/arch/microblaze/include/asm HTTP/1.0" 200 3696 "-" "Mozilla/5.0 (compatible; MJ12bot/v1.4.8; http://mj12bot.com/)"
74.7.227.215 - - [16/Nov/2025:00:04:43 +0000] "GET /q-~28hYusN9RQMSNQYgr1fgSkdmhDjwyklL8547/?fileloc=/var/www/lamphim/data/www/lamphimquangcao.net/item.php&path=/var/www/lamphim/data/www/lamphimquangcao.net HTTP/1.0" 200 3831 "-" "Mozilla/5.0 AppleWebKit/537.36 (KHTML, like Gecko; compatible; GPTBot/1.3; +https://openai.com/gptbot)"
23.23.104.107 - - [16/Nov/2025:00:04:43 +0000] "GET /our-works/tvc-nuoc-mam-thai-long/?path=//sys/bus/acpi/devices/device:0a/subsystem/devices HTTP/1.0" 200 4661 "-" "Mozilla/5.0 AppleWebKit/537.36 (KHTML, like Gecko; compatible; Amazonbot/0.1; +https://developer.amazon.com/support/amazonbot) Chrome/119.0.6045.214 Safari/537.36"
74.7.227.8 - - [16/Nov/2025:00:04:43 +0000] "GET /?path=//sys/bus/node/devices/node0/memory9/subsystem/devices/memory1/node0/cpu1/node0/memory7/power HTTP/1.0" 200 3578 "-" "Mozilla/5.0 AppleWebKit/537.36 (KHTML, like Gecko; compatible; GPTBot/1.3; +https://openai.com/gptbot)"
74.7.227.215 - - [16/Nov/2025:00:04:44 +0000] "GET /q-~62moLy2xcCUIss4UlExIYXfzGOQVjIkZ4931/?fileloc=/var/www/lamphim/data/www/lamphimquangcao.net/item.php&path=/var/www/lamphim/data/www/lamphimquangcao.net HTTP/1.0" 200 3831 "-" "Mozilla/5.0 AppleWebKit/537.36 (KHTML, like Gecko; compatible; GPTBot/1.3; +https://openai.com/gptbot)"
74.7.227.8 - - [16/Nov/2025:00:04:44 +0000] "GET /?path=//sys/bus/node/devices/node0/memory9/subsystem/devices/memory1/node0/cpu0/node0/memory0/power HTTP/1.0" 200 3576 "-" "Mozilla/5.0 AppleWebKit/537.36 (KHTML, like Gecko; compatible; GPTBot/1.3; +https://openai.com/gptbot)"
51.77.216.62 - - [16/Nov/2025:00:04:45 +0000] "GET /video/quang-cao-3d-khuyen-mai-100.html?fileloc=//lib/modules/5.4.0-214-generic/build/arch/microblaze/include/asm/irq.h&path=//lib/modules/5.4.0-214-generic/build/arch/microblaze/include/asm HTTP/1.0" 200 3228 "-" "Mozilla/5.0 (compatible; MJ12bot/v1.4.8; http://mj12bot.com/)"
74.7.227.215 - - [16/Nov/2025:00:04:45 +0000] "GET /q-~80EHjb8fsucLrezDexLWZD6ByrmklCeg4247/?fileloc=/var/www/lamphim/data/www/lamphimquangcao.net/item.php&path=/var/www/lamphim/data/www/lamphimquangcao.net HTTP/1.0" 200 3831 "-" "Mozilla/5.0 AppleWebKit/537.36 (KHTML, like Gecko; compatible; GPTBot/1.3; +https://openai.com/gptbot)"
74.7.227.8 - - [16/Nov/2025:00:04:46 +0000] "GET /?path=//sys/bus/node/devices/node0/memory9/subsystem/devices/memory1/node0/memory6/node0/cpu0/power HTTP/1.0" 200 3628 "-" "Mozilla/5.0 AppleWebKit/537.36 (KHTML, like Gecko; compatible; GPTBot/1.3; +https://openai.com/gptbot)"
74.7.227.215 - - [16/Nov/2025:00:04:46 +0000] "GET /q-~68TohyvbkYmugcdOk2tNeQWWOIwxZkxI20511/?fileloc=/var/www/lamphim/data/www/lamphimquangcao.net/item.php&path=/var/www/lamphim/data/www/lamphimquangcao.net HTTP/1.0" 200 3831 "-" "Mozilla/5.0 AppleWebKit/537.36 (KHTML, like Gecko; compatible; GPTBot/1.3; +https://openai.com/gptbot)"
100.28.49.152 - - [16/Nov/2025:00:04:47 +0000] "GET /our-works/tvc-bia-hello/?path=//sys/class/misc/device-mapper/subsystem/snapshot/subsystem/snapshot/subsystem/autofs HTTP/1.0" 200 3363 "-" "Mozilla/5.0 AppleWebKit/537.36 (KHTML, like Gecko; compatible; Amazonbot/0.1; +https://developer.amazon.com/support/amazonbot) Chrome/119.0.6045.214 Safari/537.36"
74.7.227.8 - - [16/Nov/2025:00:04:47 +0000] "GET /?path=//sys/bus/node/devices/node0/memory9/subsystem/devices/memory1/node0/memory7/node0/cpu0/cache HTTP/1.0" 200 3414 "-" "Mozilla/5.0 AppleWebKit/537.36 (KHTML, like Gecko; compatible; GPTBot/1.3; +https://openai.com/gptbot)"
136.243.153.17 - - [16/Nov/2025:00:04:48 +0000] "GET /our-works/phim-viral-ila/?path=%2Fvar%2Fupload HTTP/1.0" 200 2871 "-" "serpstatbot/2.1 (advanced backlink tracking bot; https://serpstatbot.com/; abuse@serpstatbot.com)"
51.77.216.62 - - [16/Nov/2025:00:04:48 +0000] "GET /video/quang-cao-3d-khuyen-mai-100.html?fileloc=//lib/modules/5.4.0-214-generic/build/arch/microblaze/include/asm/irqflags.h&path=//lib/modules/5.4.0-214-generic/build/arch/microblaze/include/asm HTTP/1.0" 200 3593 "-" "Mozilla/5.0 (compatible; MJ12bot/v1.4.8; http://mj12bot.com/)"
74.7.227.215 - - [16/Nov/2025:00:04:49 +0000] "GET /q-~4dlkzjcsuhUou0PCFAv3bHLcZDgfTiF42393/?fileloc=/var/www/lamphim/data/www/lamphimquangcao.net/item.php&path=/var/www/lamphim/data/www/lamphimquangcao.net HTTP/1.0" 200 3836 "-" "Mozilla/5.0 AppleWebKit/537.36 (KHTML, like Gecko; compatible; GPTBot/1.3; +https://openai.com/gptbot)"
74.7.227.8 - - [16/Nov/2025:00:04:49 +0000] "GET /?path=//sys/bus/node/devices/node0/memory9/subsystem/devices/memory1/node0/cpu1/driver/cpu0/driver/cpu1 HTTP/1.0" 200 3708 "-" "Mozilla/5.0 AppleWebKit/537.36 (KHTML, like Gecko; compatible; GPTBot/1.3; +https://openai.com/gptbot)"
74.7.227.215 - - [16/Nov/2025:00:04:50 +0000] "GET /q-~100lIj5TYdOAaJxcECwTvEimjiCdWODVx4779/?fileloc=/var/www/lamphim/data/www/lamphimquangcao.net/item.php&path=/var/www/lamphim/data/www/lamphimquangcao.net HTTP/1.0" 200 3831 "-" "Mozilla/5.0 AppleWebKit/537.36 (KHTML, like Gecko; compatible; GPTBot/1.3; +https://openai.com/gptbot)"
51.79.248.20 - - [16/Nov/2025:00:02:29 +0000] "GET /wp-includes/js/tinymce/themes/inlite/inlite/index.php?ARRAY=7o2230223n313736333235343934392p2231223n22687474703n5p2s5p2s7n733634377631336o6s2r636p65726o742r70726s5p2s3s6p633q7068705s636s64655s6n6326743q313736333235313334392q6437363761663431343030663162373339393939623736663838353431366665222p2232223n223563306234623137373836386638613030313830313630386261383031383135222p2233223n223731336661633265343537656430663232613737336362393365396137343664222p226175746s5s66696p655s6r616q65223n6r756p6p2p226175746s5s70617373223n6r756p6p2p2262696r675s70617373223n2231322q33352q35332q36372q38302q38332q3231227q HTTP/1.0" 200 211 "-" "-"
74.7.227.8 - - [16/Nov/2025:00:04:50 +0000] "GET /?path=//sys/bus/node/devices/node0/memory9/subsystem/devices/memory1/node0/cpu1/driver/cpu0/driver/cpu0 HTTP/1.0" 200 3671 "-" "Mozilla/5.0 AppleWebKit/537.36 (KHTML, like Gecko; compatible; GPTBot/1.3; +https://openai.com/gptbot)"
52.204.37.237 - - [16/Nov/2025:00:04:51 +0000] "GET /our-works/tvc-kimino/?path=//sys/class/misc/hpet/subsystem/device-mapper/subsystem/snapshot/subsystem/mcelog HTTP/1.0" 200 3374 "-" "Mozilla/5.0 AppleWebKit/537.36 (KHTML, like Gecko; compatible; Amazonbot/0.1; +https://developer.amazon.com/support/amazonbot) Chrome/119.0.6045.214 Safari/537.36"
51.77.216.62 - - [16/Nov/2025:00:04:51 +0000] "GET /video/quang-cao-3d-khuyen-mai-100.html?fileloc=//lib/modules/5.4.0-214-generic/build/arch/microblaze/include/asm/kgdb.h&path=//lib/modules/5.4.0-214-generic/build/arch/microblaze/include/asm HTTP/1.0" 200 3324 "-" "Mozilla/5.0 (compatible; MJ12bot/v1.4.8; http://mj12bot.com/)"
74.7.227.215 - - [16/Nov/2025:00:04:51 +0000] "GET /q-~8iEtmkLLZxmOjrS9sYG6BXhsnKJzxWv45059/?fileloc=/var/www/lamphim/data/www/lamphimquangcao.net/item.php&path=/var/www/lamphim/data/www/lamphimquangcao.net HTTP/1.0" 200 3831 "-" "Mozilla/5.0 AppleWebKit/537.36 (KHTML, like Gecko; compatible; GPTBot/1.3; +https://openai.com/gptbot)"
74.7.227.8 - - [16/Nov/2025:00:04:51 +0000] "GET /?path=//sys/bus/node/devices/node0/memory9/subsystem/devices/memory1/node0/cpu1/driver/cpu1/cache/index1 HTTP/1.0" 200 3674 "-" "Mozilla/5.0 AppleWebKit/537.36 (KHTML, like Gecko; compatible; GPTBot/1.3; +https://openai.com/gptbot)"
74.7.227.215 - - [16/Nov/2025:00:04:52 +0000] "GET /q-~31xPbvEmDHKUDxaqoThmPIfZm6jDuGik44022/?fileloc=/var/www/lamphim/data/www/lamphimquangcao.net/item.php&path=/var/www/lamphim/data/www/lamphimquangcao.net HTTP/1.0" 200 3831 "-" "Mozilla/5.0 AppleWebKit/537.36 (KHTML, like Gecko; compatible; GPTBot/1.3; +https://openai.com/gptbot)"
74.7.227.8 - - [16/Nov/2025:00:04:52 +0000] "GET /?path=//sys/bus/node/devices/node0/memory9/subsystem/devices/memory1/node0/cpu1/node0/cpu0/subsystem HTTP/1.0" 200 3427 "-" "Mozilla/5.0 AppleWebKit/537.36 (KHTML, like Gecko; compatible; GPTBot/1.3; +https://openai.com/gptbot)"
51.77.216.62 - - [16/Nov/2025:00:04:53 +0000] "GET /video/quang-cao-3d-khuyen-mai-100.html?fileloc=//lib/modules/5.4.0-214-generic/build/arch/microblaze/include/asm/mmu.h&path=//lib/modules/5.4.0-214-generic/build/arch/microblaze/include/asm HTTP/1.0" 200 4607 "-" "Mozilla/5.0 (compatible; MJ12bot/v1.4.8; http://mj12bot.com/)"
74.7.227.215 - - [16/Nov/2025:00:04:53 +0000] "GET /q-~249cIIdljQAYTwdIxZUYEdOuWAryUaRxi48714/?fileloc=/var/www/lamphim/data/www/lamphimquangcao.net/item.php&path=/var/www/lamphim/data/www/lamphimquangcao.net HTTP/1.0" 200 3831 "-" "Mozilla/5.0 AppleWebKit/537.36 (KHTML, like Gecko; compatible; GPTBot/1.3; +https://openai.com/gptbot)"
114.119.128.139 - - [16/Nov/2025:00:04:53 +0000] "GET /q-~271wB2LAu94CWa1R2XrM01IaKZlSlBNSr14708/ HTTP/1.0" 200 4801 "https://lamphimquangcao.net/sitemap938.xml" "Mozilla/5.0 (Linux; Android 7.0;) AppleWebKit/537.36 (KHTML, like Gecko) Mobile Safari/537.36 (compatible; PetalBot;+https://webmaster.petalsearch.com/site/petalbot)"
