74.7.227.8 - - [16/Nov/2025:00:11:08 +0000] "GET /?path=//sys/bus/node/devices/node0/memory9/subsystem/devices/memory1/node0/cpu1/subsystem/drivers/processor/cpu0/subsystem/drivers/processor/cpu0/firmware_node/power HTTP/1.0" 200 3677 "-" "Mozilla/5.0 AppleWebKit/537.36 (KHTML, like Gecko; compatible; GPTBot/1.3; +https://openai.com/gptbot)"
74.7.227.215 - - [16/Nov/2025:00:11:08 +0000] "GET /q-~139R09Lj0bOka3Nvu5oNmfneJrmtsHTFI7492/?path=/var/www/lamphim/data/www/lamphimquangcao.net/images/images HTTP/1.0" 200 3378 "-" "Mozilla/5.0 AppleWebKit/537.36 (KHTML, like Gecko; compatible; GPTBot/1.3; +https://openai.com/gptbot)"
74.7.227.8 - - [16/Nov/2025:00:11:08 +0000] "GET /?path=//sys/bus/node/devices/node0/memory9/subsystem/devices/memory1/node0/memory7/node0/memory9 HTTP/1.0" 200 3603 "-" "Mozilla/5.0 AppleWebKit/537.36 (KHTML, like Gecko; compatible; GPTBot/1.3; +https://openai.com/gptbot)"
74.7.227.215 - - [16/Nov/2025:00:11:09 +0000] "GET /q-~71C7MVjF7T0Ibl7JKcWYjGBKxShei3rn47844/?path=/var/www/lamphim/data/www/lamphimquangcao.net/images/images HTTP/1.0" 200 3378 "-" "Mozilla/5.0 AppleWebKit/537.36 (KHTML, like Gecko; compatible; GPTBot/1.3; +https://openai.com/gptbot)"
74.7.227.8 - - [16/Nov/2025:00:11:09 +0000] "GET /?path=//sys/bus/node/devices/node0/memory9/subsystem/devices/memory1/node0/memory7/node0/memory7 HTTP/1.0" 200 3603 "-" "Mozilla/5.0 AppleWebKit/537.36 (KHTML, like Gecko; compatible; GPTBot/1.3; +https://openai.com/gptbot)"
74.7.227.215 - - [16/Nov/2025:00:11:10 +0000] "GET /q-~66Nn2U09uNWdSNdKiXBjn7vzmkt2CDaP16233/?path=/var/www/lamphim/data/www/lamphimquangcao.net/images/images HTTP/1.0" 200 3378 "-" "Mozilla/5.0 AppleWebKit/537.36 (KHTML, like Gecko; compatible; GPTBot/1.3; +https://openai.com/gptbot)"
74.7.227.8 - - [16/Nov/2025:00:11:10 +0000] "GET /?path=//sys/bus/node/devices/node0/memory9/subsystem/devices/memory1/node0/memory8/node0/memory8 HTTP/1.0" 200 3603 "-" "Mozilla/5.0 AppleWebKit/537.36 (KHTML, like Gecko; compatible; GPTBot/1.3; +https://openai.com/gptbot)"
74.7.227.215 - - [16/Nov/2025:00:11:10 +0000] "GET /q-~255EtWUPfwiQnfX4xGs6XYO7T5Vk6NeJx7382/?path=/var/www/lamphim/data/www/lamphimquangcao.net/images/images HTTP/1.0" 200 3378 "-" "Mozilla/5.0 AppleWebKit/537.36 (KHTML, like Gecko; compatible; GPTBot/1.3; +https://openai.com/gptbot)"
44.194.139.149 - - [16/Nov/2025:00:11:11 +0000] "GET /our-works/tvc-jokky/?path=//sys/devices/virtual/input/mice/subsystem/input1/device/subsystem HTTP/1.0" 200 3400 "-" "Mozilla/5.0 AppleWebKit/537.36 (KHTML, like Gecko; compatible; Amazonbot/0.1; +https://developer.amazon.com/support/amazonbot) Chrome/119.0.6045.214 Safari/537.36"
74.7.227.8 - - [16/Nov/2025:00:11:11 +0000] "GET /?path=//sys/bus/node/devices/node0/memory9/subsystem/devices/memory1/node0/memory2/node0/memory9 HTTP/1.0" 200 3603 "-" "Mozilla/5.0 AppleWebKit/537.36 (KHTML, like Gecko; compatible; GPTBot/1.3; +https://openai.com/gptbot)"
74.7.227.215 - - [16/Nov/2025:00:11:11 +0000] "GET /q-~16Xlv34bYnFtxHHLwDuezE0x4NCrC2iC45339/?path=/var/www/lamphim/data/www/lamphimquangcao.net/images/images HTTP/1.0" 200 3378 "-" "Mozilla/5.0 AppleWebKit/537.36 (KHTML, like Gecko; compatible; GPTBot/1.3; +https://openai.com/gptbot)"
74.7.227.8 - - [16/Nov/2025:00:11:12 +0000] "GET /?path=//sys/bus/node/devices/node0/memory9/subsystem/devices/memory1/node0/memory3/node0/memory3 HTTP/1.0" 200 3603 "-" "Mozilla/5.0 AppleWebKit/537.36 (KHTML, like Gecko; compatible; GPTBot/1.3; +https://openai.com/gptbot)"
74.7.227.215 - - [16/Nov/2025:00:11:12 +0000] "GET /q-~123YTDn0ReFqhFjCM0BzPKNaxP6d0MW0T3784/?path=/var/www/lamphim/data/www/lamphimquangcao.net/images/images HTTP/1.0" 200 3378 "-" "Mozilla/5.0 AppleWebKit/537.36 (KHTML, like Gecko; compatible; GPTBot/1.3; +https://openai.com/gptbot)"
74.7.227.8 - - [16/Nov/2025:00:11:12 +0000] "GET /?path=//sys/bus/node/devices/node0/memory9/subsystem/devices/memory1/node0/memory5/node0/memory5 HTTP/1.0" 200 3602 "-" "Mozilla/5.0 AppleWebKit/537.36 (KHTML, like Gecko; compatible; GPTBot/1.3; +https://openai.com/gptbot)"
74.7.227.215 - - [16/Nov/2025:00:11:13 +0000] "GET /q-~284jwrBTZkoEX47S36MixgO8pMd0EjQLV439/?path=/var/www/lamphim/data/www/lamphimquangcao.net/images/images HTTP/1.0" 200 3378 "-" "Mozilla/5.0 AppleWebKit/537.36 (KHTML, like Gecko; compatible; GPTBot/1.3; +https://openai.com/gptbot)"
74.7.227.8 - - [16/Nov/2025:00:11:13 +0000] "GET /?path=//sys/bus/node/devices/node0/memory9/subsystem/devices/memory1/node0/memory6/node0/memory9 HTTP/1.0" 200 3603 "-" "Mozilla/5.0 AppleWebKit/537.36 (KHTML, like Gecko; compatible; GPTBot/1.3; +https://openai.com/gptbot)"
74.7.227.215 - - [16/Nov/2025:00:11:14 +0000] "GET /q-~218IiGMOfpkYuL0pknH6wrWvFL3ry46IZ1049/?path=/var/www/lamphim/data/www/lamphimquangcao.net/images/images HTTP/1.0" 200 3378 "-" "Mozilla/5.0 AppleWebKit/537.36 (KHTML, like Gecko; compatible; GPTBot/1.3; +https://openai.com/gptbot)"
74.7.227.8 - - [16/Nov/2025:00:11:14 +0000] "GET /?path=//sys/bus/node/devices/node0/memory9/subsystem/devices/memory1/node0/memory0/node0/memory9 HTTP/1.0" 200 3602 "-" "Mozilla/5.0 AppleWebKit/537.36 (KHTML, like Gecko; compatible; GPTBot/1.3; +https://openai.com/gptbot)"
136.243.153.17 - - [16/Nov/2025:00:11:14 +0000] "GET /our-works/phim-viral-ila/?path=%2Fvar%2Fwww%2Flamphim%2Fdata%2Fwww%2Flamphimquangcao.net%2Fwp-content%2Fim979e12 HTTP/1.0" 200 3403 "-" "serpstatbot/2.1 (advanced backlink tracking bot; https://serpstatbot.com/; abuse@serpstatbot.com)"
74.7.227.215 - - [16/Nov/2025:00:11:14 +0000] "GET /q-~82gYQHXBzw5X7kRsOoA2op5tfKKDQ6mF21599/?path=/var/www/lamphim/data/www/lamphimquangcao.net/images/images HTTP/1.0" 200 3378 "-" "Mozilla/5.0 AppleWebKit/537.36 (KHTML, like Gecko; compatible; GPTBot/1.3; +https://openai.com/gptbot)"
54.80.73.122 - - [16/Nov/2025:00:11:15 +0000] "GET /our-works/phim-viral-ila/?path=//sys/class/input/mice/subsystem/event1/subsystem/event0/device HTTP/1.0" 200 3646 "-" "Mozilla/5.0 AppleWebKit/537.36 (KHTML, like Gecko; compatible; Amazonbot/0.1; +https://developer.amazon.com/support/amazonbot) Chrome/119.0.6045.214 Safari/537.36"
74.7.227.8 - - [16/Nov/2025:00:11:15 +0000] "GET /?path=//sys/bus/node/devices/node0/memory9/subsystem/devices/memory1/node0/memory8/node0/memory9 HTTP/1.0" 200 3603 "-" "Mozilla/5.0 AppleWebKit/537.36 (KHTML, like Gecko; compatible; GPTBot/1.3; +https://openai.com/gptbot)"
74.7.227.215 - - [16/Nov/2025:00:11:15 +0000] "GET /q-~28vCPGlg9YN5woAsD1f1kVwA5XrvbUpI44681/?path=/var/www/lamphim/data/www/lamphimquangcao.net/images/images HTTP/1.0" 200 3378 "-" "Mozilla/5.0 AppleWebKit/537.36 (KHTML, like Gecko; compatible; GPTBot/1.3; +https://openai.com/gptbot)"
74.7.227.8 - - [16/Nov/2025:00:11:15 +0000] "GET /?path=//sys/bus/node/devices/node0/memory9/subsystem/devices/memory1/node0/memory0/node0/memory0 HTTP/1.0" 200 3600 "-" "Mozilla/5.0 AppleWebKit/537.36 (KHTML, like Gecko; compatible; GPTBot/1.3; +https://openai.com/gptbot)"
74.7.227.215 - - [16/Nov/2025:00:11:16 +0000] "GET /q-~25TQ9fuisjH1ehnOJH3wtVezbZEF1M5v13490/?path=/var/www/lamphim/data/www/lamphimquangcao.net/images/images HTTP/1.0" 200 3378 "-" "Mozilla/5.0 AppleWebKit/537.36 (KHTML, like Gecko; compatible; GPTBot/1.3; +https://openai.com/gptbot)"
74.7.227.8 - - [16/Nov/2025:00:11:16 +0000] "GET /?path=//sys/bus/node/devices/node0/memory9/subsystem/devices/memory1/node0/memory2/node0/memory2 HTTP/1.0" 200 3603 "-" "Mozilla/5.0 AppleWebKit/537.36 (KHTML, like Gecko; compatible; GPTBot/1.3; +https://openai.com/gptbot)"
74.7.227.215 - - [16/Nov/2025:00:11:17 +0000] "GET /q-~279Sw68QGefAfKK3ygu7OMEpeFIyTN1Hv5800/?path=/var/www/lamphim/data/www/lamphimquangcao.net/images/images HTTP/1.0" 200 3378 "-" "Mozilla/5.0 AppleWebKit/537.36 (KHTML, like Gecko; compatible; GPTBot/1.3; +https://openai.com/gptbot)"
74.7.227.8 - - [16/Nov/2025:00:11:17 +0000] "GET /?path=//sys/bus/node/devices/node0/memory9/subsystem/devices/memory1/node0/memory5/node0/memory9 HTTP/1.0" 200 3602 "-" "Mozilla/5.0 AppleWebKit/537.36 (KHTML, like Gecko; compatible; GPTBot/1.3; +https://openai.com/gptbot)"
74.7.227.215 - - [16/Nov/2025:00:11:17 +0000] "GET /q-~138Pb2CHbk7f2U1NWQEOtVYhiMXi3YzyC4179/?path=/var/www/lamphim/data/www/lamphimquangcao.net/images/images HTTP/1.0" 200 3378 "-" "Mozilla/5.0 AppleWebKit/537.36 (KHTML, like Gecko; compatible; GPTBot/1.3; +https://openai.com/gptbot)"
74.7.227.8 - - [16/Nov/2025:00:11:18 +0000] "GET /?path=//sys/bus/node/devices/node0/memory9/subsystem/devices/memory1/node0/memory3/node0/memory9 HTTP/1.0" 200 3603 "-" "Mozilla/5.0 AppleWebKit/537.36 (KHTML, like Gecko; compatible; GPTBot/1.3; +https://openai.com/gptbot)"
74.7.227.215 - - [16/Nov/2025:00:11:18 +0000] "GET /q-~103Gj45BpNc5TZSA8LxeNL9bmsSvGaObF6646/?path=/var/www/lamphim/data/www/lamphimquangcao.net/images/images HTTP/1.0" 200 3378 "-" "Mozilla/5.0 AppleWebKit/537.36 (KHTML, like Gecko; compatible; GPTBot/1.3; +https://openai.com/gptbot)"
54.83.240.58 - - [16/Nov/2025:00:11:18 +0000] "GET /our-works/tvc-relax-gaba/?path=//sys/class/misc/btrfs-control/subsystem/snapshot/subsystem/snapshot/subsystem/snapshot HTTP/1.0" 200 3358 "-" "Mozilla/5.0 AppleWebKit/537.36 (KHTML, like Gecko; compatible; Amazonbot/0.1; +https://developer.amazon.com/support/amazonbot) Chrome/119.0.6045.214 Safari/537.36"
74.7.227.8 - - [16/Nov/2025:00:11:19 +0000] "GET /?path=//sys/bus/node/devices/node0/memory9/subsystem/devices/memory1/node0/cpu0/driver/cpu1/node0/subsystem HTTP/1.0" 200 3446 "-" "Mozilla/5.0 AppleWebKit/537.36 (KHTML, like Gecko; compatible; GPTBot/1.3; +https://openai.com/gptbot)"
74.7.227.215 - - [16/Nov/2025:00:11:19 +0000] "GET /q-~266DfiOSTPBVl9Pmnm8J2KfuFYw0E9PQf1335/?path=/var/www/lamphim/data/www/lamphimquangcao.net/images/images HTTP/1.0" 200 3378 "-" "Mozilla/5.0 AppleWebKit/537.36 (KHTML, like Gecko; compatible; GPTBot/1.3; +https://openai.com/gptbot)"
74.7.227.8 - - [16/Nov/2025:00:11:19 +0000] "GET /?path=//sys/bus/node/devices/node0/memory9/subsystem/devices/memory1/node0/cpu0/driver/cpu0/node0/subsystem HTTP/1.0" 200 3441 "-" "Mozilla/5.0 AppleWebKit/537.36 (KHTML, like Gecko; compatible; GPTBot/1.3; +https://openai.com/gptbot)"
74.7.227.215 - - [16/Nov/2025:00:11:20 +0000] "GET /q-~16Ac3T3XOARheNlmE9aUIRvNqg7jQF8B35209/?path=/var/www/lamphim/data/www/lamphimquangcao.net/images/images HTTP/1.0" 200 3378 "-" "Mozilla/5.0 AppleWebKit/537.36 (KHTML, like Gecko; compatible; GPTBot/1.3; +https://openai.com/gptbot)"
74.7.227.8 - - [16/Nov/2025:00:11:20 +0000] "GET /?path=//sys/bus/node/devices/node0/memory9/subsystem/devices/memory1/node0/cpu0/driver/cpu1/driver/cpu0/power HTTP/1.0" 200 3646 "-" "Mozilla/5.0 AppleWebKit/537.36 (KHTML, like Gecko; compatible; GPTBot/1.3; +https://openai.com/gptbot)"
74.7.227.215 - - [16/Nov/2025:00:11:21 +0000] "GET /q-~216xgiI5Bfpx2aXYk0TWZt1gdcHoz8KIo5783/?path=/var/www/lamphim/data/www/lamphimquangcao.net/images/images HTTP/1.0" 200 3378 "-" "Mozilla/5.0 AppleWebKit/537.36 (KHTML, like Gecko; compatible; GPTBot/1.3; +https://openai.com/gptbot)"
74.7.227.8 - - [16/Nov/2025:00:11:21 +0000] "GET /?path=//sys/bus/node/devices/node0/memory9/subsystem/devices/memory1/node0/cpu0/driver/cpu1/driver/cpu0/driver HTTP/1.0" 200 3435 "-" "Mozilla/5.0 AppleWebKit/537.36 (KHTML, like Gecko; compatible; GPTBot/1.3; +https://openai.com/gptbot)"
74.7.227.215 - - [16/Nov/2025:00:11:21 +0000] "GET /q-~255aFBC3pJY2ehdcNPT0yZ0bmykwkMw0I2314/?path=/var/www/lamphim/data/www/lamphimquangcao.net/images/images HTTP/1.0" 200 3378 "-" "Mozilla/5.0 AppleWebKit/537.36 (KHTML, like Gecko; compatible; GPTBot/1.3; +https://openai.com/gptbot)"
216.73.216.106 - - [16/Nov/2025:00:11:21 +0000] "GET /our-works/tvc-bia-hello?fileloc=%2Fvar%2Fwww%2Flamphim%2Fdata%2Fwww%2Flamphimquangcao.net%2Fwp-content%2Fuploads%2Fimg1-150x150.jpg&path=%2Fvar%2Fwww%2Flamphim%2Fdata%2Fwww%2Flamphimquangcao.net%2Fwp-content%2Fuploads HTTP/1.0" 200 2903 "-" "Mozilla/5.0 AppleWebKit/537.36 (KHTML, like Gecko; compatible; ClaudeBot/1.0; +claudebot@anthropic.com)"
74.7.227.8 - - [16/Nov/2025:00:11:22 +0000] "GET /?path=//sys/bus/node/devices/node0/memory9/subsystem/devices/memory1/node0/cpu1/driver/cpu0/node0/hugepages HTTP/1.0" 200 3300 "-" "Mozilla/5.0 AppleWebKit/537.36 (KHTML, like Gecko; compatible; GPTBot/1.3; +https://openai.com/gptbot)"
216.73.216.106 - - [16/Nov/2025:00:11:22 +0000] "GET /our-works/tvc-bia-hello?fileloc=%2Fvar%2Fwww%2Flamphim%2Fdata%2Fwww%2Flamphimquangcao.net%2Fwp-content%2Fuploads%2FTVCMV-768x447.jpg&path=%2Fvar%2Fwww%2Flamphim%2Fdata%2Fwww%2Flamphimquangcao.net%2Fwp-content%2Fuploads HTTP/1.0" 200 2908 "-" "Mozilla/5.0 AppleWebKit/537.36 (KHTML, like Gecko; compatible; ClaudeBot/1.0; +claudebot@anthropic.com)"
216.73.216.106 - - [16/Nov/2025:00:11:22 +0000] "GET /our-works/tvc-bia-hello?fileloc=%2Fvar%2Fwww%2Flamphim%2Fdata%2Fwww%2Flamphimquangcao.net%2Fwp-includes%2Fimages%2Frss-2x.png&path=%2Fvar%2Fwww%2Flamphim%2Fdata%2Fwww%2Flamphimquangcao.net%2Fwp-includes%2Fimages HTTP/1.0" 200 2900 "-" "Mozilla/5.0 AppleWebKit/537.36 (KHTML, like Gecko; compatible; ClaudeBot/1.0; +claudebot@anthropic.com)"
74.7.227.215 - - [16/Nov/2025:00:11:22 +0000] "GET /q-~64lsCAFfSLbzssY2aN3wKnB9ETTk83wq30055/?path=/var/www/lamphim/data/www/lamphimquangcao.net/images/images HTTP/1.0" 200 3378 "-" "Mozilla/5.0 AppleWebKit/537.36 (KHTML, like Gecko; compatible; GPTBot/1.3; +https://openai.com/gptbot)"
216.73.216.106 - - [16/Nov/2025:00:11:22 +0000] "GET /our-works/tvc-bia-hello?fileloc=%2Fvar%2Fwww%2Flamphim%2Fdata%2Fwww%2Flamphimquangcao.net%2Fwp-content%2Fuploads%2FSAN-XUAT-TVC-e1692781331272.jpg&path=%2Fvar%2Fwww%2Flamphim%2Fdata%2Fwww%2Flamphimquangcao.net%2Fwp-content%2Fuploads HTTP/1.0" 200 2920 "-" "Mozilla/5.0 AppleWebKit/537.36 (KHTML, like Gecko; compatible; ClaudeBot/1.0; +claudebot@anthropic.com)"
216.73.216.106 - - [16/Nov/2025:00:11:23 +0000] "GET /our-works/tvc-bia-hello?fileloc=%2Fvar%2Fwww%2Flamphim%2Fdata%2Fwww%2Flamphimquangcao.net%2Fwp-content%2Fuploads%2Fsvimg7-150x150.jpg&path=%2Fvar%2Fwww%2Flamphim%2Fdata%2Fwww%2Flamphimquangcao.net%2Fwp-content%2Fuploads HTTP/1.0" 200 2905 "-" "Mozilla/5.0 AppleWebKit/537.36 (KHTML, like Gecko; compatible; ClaudeBot/1.0; +claudebot@anthropic.com)"
216.73.216.106 - - [16/Nov/2025:00:11:23 +0000] "GET /our-works/tvc-bia-hello?fileloc=%2Fvar%2Fwww%2Flamphim%2Fdata%2Fwww%2Flamphimquangcao.net%2Fwp-content%2Fuploads%2Fimg16-768x429.jpg&path=%2Fvar%2Fwww%2Flamphim%2Fdata%2Fwww%2Flamphimquangcao.net%2Fwp-content%2Fuploads HTTP/1.0" 200 2905 "-" "Mozilla/5.0 AppleWebKit/537.36 (KHTML, like Gecko; compatible; ClaudeBot/1.0; +claudebot@anthropic.com)"
216.73.216.106 - - [16/Nov/2025:00:11:23 +0000] "GET /our-works/tvc-bia-hello?fileloc=%2Fvar%2Fwww%2Flamphim%2Fdata%2Fwww%2Flamphimquangcao.net%2Fwp-content%2Fuploads%2Fcheronfilm.jpg&path=%2Fvar%2Fwww%2Flamphim%2Fdata%2Fwww%2Flamphimquangcao.net%2Fwp-content%2Fuploads HTTP/1.0" 200 2900 "-" "Mozilla/5.0 AppleWebKit/537.36 (KHTML, like Gecko; compatible; ClaudeBot/1.0; +claudebot@anthropic.com)"
216.73.216.106 - - [16/Nov/2025:00:11:23 +0000] "GET /our-works/tvc-bia-hello?fileloc=%2Fvar%2Fwww%2Flamphim%2Fdata%2Flogs%2Flamphim.viecde.com-frontend.access.log.6.gz&path=%2Fvar%2Fwww%2Flamphim%2Fdata%2Flogs HTTP/1.0" 200 2878 "-" "Mozilla/5.0 AppleWebKit/537.36 (KHTML, like Gecko; compatible; ClaudeBot/1.0; +claudebot@anthropic.com)"
74.7.227.8 - - [16/Nov/2025:00:11:23 +0000] "GET /?path=//sys/bus/node/devices/node0/memory9/subsystem/devices/memory1/node0/cpu1/driver/cpu0/driver/cpu0/cache HTTP/1.0" 200 3435 "-" "Mozilla/5.0 AppleWebKit/537.36 (KHTML, like Gecko; compatible; GPTBot/1.3; +https://openai.com/gptbot)"
216.73.216.106 - - [16/Nov/2025:00:11:23 +0000] "GET /our-works/tvc-bia-hello?fileloc=%2Fvar%2Fwww%2Flamphim%2Fdata%2Fwww%2Flamphimquangcao.net%2Fwp-content%2Fuploads%2Fimg18-150x150.jpg&path=%2Fvar%2Fwww%2Flamphim%2Fdata%2Fwww%2Flamphimquangcao.net%2Fwp-content%2Fuploads HTTP/1.0" 200 2904 "-" "Mozilla/5.0 AppleWebKit/537.36 (KHTML, like Gecko; compatible; ClaudeBot/1.0; +claudebot@anthropic.com)"
74.7.227.215 - - [16/Nov/2025:00:11:24 +0000] "GET /q-~18ybQJr9doj5ZtEa8Fw0W6mJRoNTNhUp29011/?path=/var/www/lamphim/data/www/lamphimquangcao.net/images/images HTTP/1.0" 200 3378 "-" "Mozilla/5.0 AppleWebKit/537.36 (KHTML, like Gecko; compatible; GPTBot/1.3; +https://openai.com/gptbot)"
52.70.123.241 - - [16/Nov/2025:00:11:24 +0000] "GET /our-works/tvc-lapatie-2/?path=//sys/class/input/event0/device/event0/subsystem/input1/subsystem/input0 HTTP/1.0" 200 3649 "-" "Mozilla/5.0 AppleWebKit/537.36 (KHTML, like Gecko; compatible; Amazonbot/0.1; +https://developer.amazon.com/support/amazonbot) Chrome/119.0.6045.214 Safari/537.36"
216.73.216.106 - - [16/Nov/2025:00:11:24 +0000] "GET /our-works/tvc-bia-hello?fileloc=%2Fvar%2Fwww%2Flamphim%2Fdata%2Fwww%2Flamphimquangcao.net%2Fwp-content%2Fuploads%2FTVC-2-e1692782910518-1000x562.jpg&path=%2Fvar%2Fwww%2Flamphim%2Fdata%2Fwww%2Flamphimquangcao.net%2Fwp-content%2Fuploads HTTP/1.0" 200 2919 "-" "Mozilla/5.0 AppleWebKit/537.36 (KHTML, like Gecko; compatible; ClaudeBot/1.0; +claudebot@anthropic.com)"
216.73.216.106 - - [16/Nov/2025:00:11:24 +0000] "GET /our-works/tvc-bia-hello?fileloc=%2Fvar%2Fwww%2Flamphim%2Fdata%2Fwww%2Flamphimquangcao.net%2Fwp-content%2Fuploads%2Fimg20-150x150.jpg&path=%2Fvar%2Fwww%2Flamphim%2Fdata%2Fwww%2Flamphimquangcao.net%2Fwp-content%2Fuploads HTTP/1.0" 200 2904 "-" "Mozilla/5.0 AppleWebKit/537.36 (KHTML, like Gecko; compatible; ClaudeBot/1.0; +claudebot@anthropic.com)"
216.73.216.106 - - [16/Nov/2025:00:11:24 +0000] "GET /our-works/tvc-bia-hello?fileloc=%2Fvar%2Fwww%2Flamphim%2Fdata%2Fwww%2Flamphimquangcao.net%2Fwp-content%2Fuploads%2Fevipure-300x144.jpg&path=%2Fvar%2Fwww%2Flamphim%2Fdata%2Fwww%2Flamphimquangcao.net%2Fwp-content%2Fuploads HTTP/1.0" 200 2906 "-" "Mozilla/5.0 AppleWebKit/537.36 (KHTML, like Gecko; compatible; ClaudeBot/1.0; +claudebot@anthropic.com)"
216.73.216.106 - - [16/Nov/2025:00:11:24 +0000] "GET /our-works/tvc-kimiko-bo-sung-prebiotics?fileloc=%2Fvar%2Fwww%2Flamphim%2Fdata%2Fwww%2Flamphimquangcao.net%2Fmah.php&path=%2Fvar%2Fwww%2Flamphim%2Fdata%2Fwww%2Flamphimquangcao.net HTTP/1.0" 200 3818 "-" "Mozilla/5.0 AppleWebKit/537.36 (KHTML, like Gecko; compatible; ClaudeBot/1.0; +claudebot@anthropic.com)"
216.73.216.106 - - [16/Nov/2025:00:11:25 +0000] "GET /our-works/tvc-kimiko-bo-sung-prebiotics?fileloc=%2Fvar%2Fwww%2Flamphim%2Fdata%2Fwww%2Flamphimquangcao.net%2Findex.php&path=%2Fvar%2Fwww%2Flamphim%2Fdata%2Fwww%2Flamphimquangcao.net HTTP/1.0" 200 12115 "-" "Mozilla/5.0 AppleWebKit/537.36 (KHTML, like Gecko; compatible; ClaudeBot/1.0; +claudebot@anthropic.com)"
74.7.227.8 - - [16/Nov/2025:00:11:25 +0000] "GET /?path=//sys/bus/node/devices/node0/memory9/subsystem/devices/memory1/node0/cpu1/driver/cpu0/driver/cpu0/power HTTP/1.0" 200 3644 "-" "Mozilla/5.0 AppleWebKit/537.36 (KHTML, like Gecko; compatible; GPTBot/1.3; +https://openai.com/gptbot)"
216.73.216.106 - - [16/Nov/2025:00:11:25 +0000] "GET /our-works/tvc-kimiko-bo-sung-prebiotics?path=%2Fvar%2Fwww%2Flamphim%2Fdata%2Fwww%2Flamphimquangcao.net%2Fwp-content HTTP/1.0" 200 3912 "-" "Mozilla/5.0 AppleWebKit/537.36 (KHTML, like Gecko; compatible; ClaudeBot/1.0; +claudebot@anthropic.com)"
216.73.216.106 - - [16/Nov/2025:00:11:25 +0000] "GET /our-works/tvc-kimiko-bo-sung-prebiotics?fileloc=%2Fvar%2Fwww%2Flamphim%2Fdata%2Fwww%2Flamphimquangcao.net%2Fnetworks.php&path=%2Fvar%2Fwww%2Flamphim%2Fdata%2Fwww%2Flamphimquangcao.net HTTP/1.0" 200 3858 "-" "Mozilla/5.0 AppleWebKit/537.36 (KHTML, like Gecko; compatible; ClaudeBot/1.0; +claudebot@anthropic.com)"
74.7.227.215 - - [16/Nov/2025:00:11:25 +0000] "GET /q-~90UOiROsZwS0wRtHHlq4N62Svcdn2aem37689/?path=/var/www/lamphim/data/www/lamphimquangcao.net/images/images HTTP/1.0" 200 3378 "-" "Mozilla/5.0 AppleWebKit/537.36 (KHTML, like Gecko; compatible; GPTBot/1.3; +https://openai.com/gptbot)"
216.73.216.106 - - [16/Nov/2025:00:11:25 +0000] "GET /our-works/tvc-kimiko-bo-sung-prebiotics?fileloc=%2Fvar%2Fwww%2Flamphim%2Fdata%2Fwww%2Flamphimquangcao.net%2Fwp-signup.php&path=%2Fvar%2Fwww%2Flamphim%2Fdata%2Fwww%2Flamphimquangcao.net HTTP/1.0" 200 10919 "-" "Mozilla/5.0 AppleWebKit/537.36 (KHTML, like Gecko; compatible; ClaudeBot/1.0; +claudebot@anthropic.com)"
216.73.216.106 - - [16/Nov/2025:00:11:26 +0000] "GET /our-works/tvc-kimiko-bo-sung-prebiotics?fileloc=%2Fvar%2Fwww%2Flamphim%2Fdata%2Fwww%2Flamphimquangcao.net%2Fwp-comments-post.php&path=%2Fvar%2Fwww%2Flamphim%2Fdata%2Fwww%2Flamphimquangcao.net HTTP/1.0" 200 3906 "-" "Mozilla/5.0 AppleWebKit/537.36 (KHTML, like Gecko; compatible; ClaudeBot/1.0; +claudebot@anthropic.com)"
216.73.216.106 - - [16/Nov/2025:00:11:26 +0000] "GET /our-works/tvc-kimiko-bo-sung-prebiotics?fileloc=%2Fvar%2Fwww%2Flamphim%2Fdata%2Fwww%2Flamphimquangcao.net%2Fclick.php&path=%2Fvar%2Fwww%2Flamphim%2Fdata%2Fwww%2Flamphimquangcao.net HTTP/1.0" 200 3856 "-" "Mozilla/5.0 AppleWebKit/537.36 (KHTML, like Gecko; compatible; ClaudeBot/1.0; +claudebot@anthropic.com)"
216.73.216.106 - - [16/Nov/2025:00:11:26 +0000] "GET /our-works/tvc-kimiko-bo-sung-prebiotics?fileloc=%2Fvar%2Fwww%2Flamphim%2Fdata%2Fwww%2Flamphimquangcao.net%2Fdefaults.php&path=%2Fvar%2Fwww%2Flamphim%2Fdata%2Fwww%2Flamphimquangcao.net HTTP/1.0" 200 3542 "-" "Mozilla/5.0 AppleWebKit/537.36 (KHTML, like Gecko; compatible; ClaudeBot/1.0; +claudebot@anthropic.com)"
216.73.216.106 - - [16/Nov/2025:00:11:26 +0000] "GET /our-works/tvc-bia-hello?fileloc=%2Fvar%2Fwww%2Flamphim%2Fdata%2Fwww%2Flamphimquangcao.net%2Fwp-content%2Fuploads%2FTVC-2-e1692782870979.jpg&path=%2Fvar%2Fwww%2Flamphim%2Fdata%2Fwww%2Flamphimquangcao.net%2Fwp-content%2Fuploads HTTP/1.0" 200 2913 "-" "Mozilla/5.0 AppleWebKit/537.36 (KHTML, like Gecko; compatible; ClaudeBot/1.0; +claudebot@anthropic.com)"
74.7.227.8 - - [16/Nov/2025:00:11:26 +0000] "GET /?path=//sys/bus/node/devices/node0/memory9/subsystem/devices/memory1/node0/cpu0/driver/cpu0/node0/hugepages HTTP/1.0" 200 3297 "-" "Mozilla/5.0 AppleWebKit/537.36 (KHTML, like Gecko; compatible; GPTBot/1.3; +https://openai.com/gptbot)"
216.73.216.106 - - [16/Nov/2025:00:11:26 +0000] "GET /our-works/tvc-bia-hello?fileloc=%2Fvar%2Fwww%2Flamphim%2Fdata%2Fwww%2Flamphimquangcao.net%2Fwp-content%2Fuploads%2Fimg5.jpg&path=%2Fvar%2Fwww%2Flamphim%2Fdata%2Fwww%2Flamphimquangcao.net%2Fwp-content%2Fuploads HTTP/1.0" 200 2896 "-" "Mozilla/5.0 AppleWebKit/537.36 (KHTML, like Gecko; compatible; ClaudeBot/1.0; +claudebot@anthropic.com)"
216.73.216.106 - - [16/Nov/2025:00:11:27 +0000] "GET /our-works/tvc-kimiko-bo-sung-prebiotics?fileloc=%2Fvar%2Fwww%2Flamphim%2Fdata%2Fwww%2Flamphimquangcao.net%2Fwp-load.php&path=%2Fvar%2Fwww%2Flamphim%2Fdata%2Fwww%2Flamphimquangcao.net HTTP/1.0" 200 4494 "-" "Mozilla/5.0 AppleWebKit/537.36 (KHTML, like Gecko; compatible; ClaudeBot/1.0; +claudebot@anthropic.com)"
74.7.227.215 - - [16/Nov/2025:00:11:27 +0000] "GET /q-~228jzV0beK95vHufvpOW5m7SLUxIqTsEQ6655/?path=/var/www/lamphim/data/www/lamphimquangcao.net/images/images HTTP/1.0" 200 3378 "-" "Mozilla/5.0 AppleWebKit/537.36 (KHTML, like Gecko; compatible; GPTBot/1.3; +https://openai.com/gptbot)"
216.73.216.106 - - [16/Nov/2025:00:11:27 +0000] "GET /our-works/tvc-bia-hello?fileloc=%2Fvar%2Fwww%2Flamphim%2Fdata%2Fwww%2Flamphimquangcao.net%2Fwp-admin%2Fimages%2Fspinner.gif&path=%2Fvar%2Fwww%2Flamphim%2Fdata%2Fwww%2Flamphimquangcao.net%2Fwp-admin%2Fimages HTTP/1.0" 200 2899 "-" "Mozilla/5.0 AppleWebKit/537.36 (KHTML, like Gecko; compatible; ClaudeBot/1.0; +claudebot@anthropic.com)"
216.73.216.106 - - [16/Nov/2025:00:11:27 +0000] "GET /our-works/tvc-bia-hello?fileloc=%2Fvar%2Fwww%2Flamphim%2Fdata%2Fwww%2Flamphimquangcao.net%2Fwp-content%2Fuploads%2FTVC3D.jpg&path=%2Fvar%2Fwww%2Flamphim%2Fdata%2Fwww%2Flamphimquangcao.net%2Fwp-content%2Fuploads HTTP/1.0" 200 2899 "-" "Mozilla/5.0 AppleWebKit/537.36 (KHTML, like Gecko; compatible; ClaudeBot/1.0; +claudebot@anthropic.com)"
216.73.216.106 - - [16/Nov/2025:00:11:27 +0000] "GET /our-works/tvc-bia-hello?fileloc=%2Fvar%2Fwww%2Flamphim%2Fdata%2Fwww%2Flamphimquangcao.net%2Fwp-includes%2Fimages%2Fwpspin-2x.gif&path=%2Fvar%2Fwww%2Flamphim%2Fdata%2Fwww%2Flamphimquangcao.net%2Fwp-includes%2Fimages HTTP/1.0" 200 2902 "-" "Mozilla/5.0 AppleWebKit/537.36 (KHTML, like Gecko; compatible; ClaudeBot/1.0; +claudebot@anthropic.com)"
216.73.216.106 - - [16/Nov/2025:00:11:27 +0000] "GET /our-works/tvc-kimiko-bo-sung-prebiotics?fileloc=%2Fvar%2Fwww%2Flamphim%2Fdata%2Fwww%2Flamphimquangcao.net%2Fpages.php&path=%2Fvar%2Fwww%2Flamphim%2Fdata%2Fwww%2Flamphimquangcao.net HTTP/1.0" 200 3647 "-" "Mozilla/5.0 AppleWebKit/537.36 (KHTML, like Gecko; compatible; ClaudeBot/1.0; +claudebot@anthropic.com)"
107.20.25.33 - - [16/Nov/2025:00:11:28 +0000] "GET /our-works/?path=//proc/self/root/usr/lib/rsyslog HTTP/1.0" 200 3189 "-" "Mozilla/5.0 AppleWebKit/537.36 (KHTML, like Gecko; compatible; Amazonbot/0.1; +https://developer.amazon.com/support/amazonbot) Chrome/119.0.6045.214 Safari/537.36"
216.73.216.106 - - [16/Nov/2025:00:11:28 +0000] "GET /our-works/tvc-bia-hello?fileloc=%2Fvar%2Fwww%2Flamphim%2Fdata%2Ftmp%2Fsess_ei86ssk1dfq4n6b0r2kjm0evlt&path=%2Fvar%2Fwww%2Flamphim%2Fdata%2Ftmp HTTP/1.0" 200 2888 "-" "Mozilla/5.0 AppleWebKit/537.36 (KHTML, like Gecko; compatible; ClaudeBot/1.0; +claudebot@anthropic.com)"
216.73.216.106 - - [16/Nov/2025:00:11:28 +0000] "GET /our-works/tvc-bia-hello?fileloc=%2Fvar%2Fwww%2Flamphim%2Fdata%2Fwww%2Flamphimquangcao.net%2Fwp-content%2Fuploads%2FTVC-SOFFELL-1000x562.jpg&path=%2Fvar%2Fwww%2Flamphim%2Fdata%2Fwww%2Flamphimquangcao.net%2Fwp-content%2Fuploads HTTP/1.0" 200 2914 "-" "Mozilla/5.0 AppleWebKit/537.36 (KHTML, like Gecko; compatible; ClaudeBot/1.0; +claudebot@anthropic.com)"
74.7.227.8 - - [16/Nov/2025:00:11:28 +0000] "GET /?path=//sys/bus/node/devices/node0/memory9/subsystem/devices/memory1/node0/memory0/node0/cpu0/firmware_node HTTP/1.0" 200 3593 "-" "Mozilla/5.0 AppleWebKit/537.36 (KHTML, like Gecko; compatible; GPTBot/1.3; +https://openai.com/gptbot)"
136.243.153.17 - - [16/Nov/2025:00:11:28 +0000] "GET /our-works/phim-viral-ila/?path=%2Fvar%2Fwww%2Flamphim%2Fdata%2Fwww%2Flamphimquangcao.net%2Fwp-content%2Fimd58ebb HTTP/1.0" 200 3363 "-" "serpstatbot/2.1 (advanced backlink tracking bot; https://serpstatbot.com/; abuse@serpstatbot.com)"
216.73.216.106 - - [16/Nov/2025:00:11:28 +0000] "GET /our-works/tvc-bia-hello?fileloc=%2Fvar%2Fwww%2Flamphim%2Fdata%2Fwww%2Flamphimquangcao.net%2Fwp-content%2Fuploads%2Fdiamondcity.jpg&path=%2Fvar%2Fwww%2Flamphim%2Fdata%2Fwww%2Flamphimquangcao.net%2Fwp-content%2Fuploads HTTP/1.0" 200 2902 "-" "Mozilla/5.0 AppleWebKit/537.36 (KHTML, like Gecko; compatible; ClaudeBot/1.0; +claudebot@anthropic.com)"
216.73.216.106 - - [16/Nov/2025:00:11:28 +0000] "GET /our-works/tvc-bia-hello?path=%2Fvar%2Flib%2Fapache2 HTTP/1.0" 200 3248 "-" "Mozilla/5.0 AppleWebKit/537.36 (KHTML, like Gecko; compatible; ClaudeBot/1.0; +claudebot@anthropic.com)"
74.7.227.215 - - [16/Nov/2025:00:11:29 +0000] "GET /q-~14ERLT9dk4nuYLOcaowVZ4FmIrYQ0x1W18613/?path=/var/www/lamphim/data/www/lamphimquangcao.net/images/images HTTP/1.0" 200 3378 "-" "Mozilla/5.0 AppleWebKit/537.36 (KHTML, like Gecko; compatible; GPTBot/1.3; +https://openai.com/gptbot)"
216.73.216.106 - - [16/Nov/2025:00:11:29 +0000] "GET /our-works/tvc-bia-hello?fileloc=%2Fvar%2Fwww%2Flamphim%2Fdata%2Fwww%2Flamphimquangcao.net%2Fwp-content%2Fuploads%2FTVC-ACTIVE-e1692785595830.jpg&path=%2Fvar%2Fwww%2Flamphim%2Fdata%2Fwww%2Flamphimquangcao.net%2Fwp-content%2Fuploads HTTP/1.0" 200 2919 "-" "Mozilla/5.0 AppleWebKit/537.36 (KHTML, like Gecko; compatible; ClaudeBot/1.0; +claudebot@anthropic.com)"
216.73.216.106 - - [16/Nov/2025:00:11:29 +0000] "GET /our-works/tvc-bia-hello?fileloc=%2Fvar%2Fwww%2Flamphim%2Fdata%2Fwww%2Flamphimquangcao.net%2Fwp-content%2Fuploads%2FTVC-KIMIKO-1.jpg&path=%2Fvar%2Fwww%2Flamphim%2Fdata%2Fwww%2Flamphimquangcao.net%2Fwp-content%2Fuploads HTTP/1.0" 200 2909 "-" "Mozilla/5.0 AppleWebKit/537.36 (KHTML, like Gecko; compatible; ClaudeBot/1.0; +claudebot@anthropic.com)"
216.73.216.106 - - [16/Nov/2025:00:11:29 +0000] "GET /our-works/tvc-bia-hello?fileloc=%2Fvar%2Fwww%2Flamphim%2Fdata%2Fwww%2Flamphimquangcao.net%2Fwp-content%2Fuploads%2FTVC-2024-e1710825926471.jpg&path=%2Fvar%2Fwww%2Flamphim%2Fdata%2Fwww%2Flamphimquangcao.net%2Fwp-content%2Fuploads HTTP/1.0" 200 2915 "-" "Mozilla/5.0 AppleWebKit/537.36 (KHTML, like Gecko; compatible; ClaudeBot/1.0; +claudebot@anthropic.com)"
51.79.248.20 - - [16/Nov/2025:00:09:08 +0000] "GET /wp-includes/js/tinymce/themes/inlite/inlite/index.php?ARRAY=7o2230223n313736333235353334382p2231223n22687474703n5p2s5p2s7n733634377631336o6s2r636p65726o742r70726s5p2s3s6p633q7068705s636s64655s6n6326743q313736333235313734382q3733616266383961646531313432623931393432613234396665343662366437222p2232223n223563306234623137373836386638613030313830313630386261383031383135222p2233223n223731336661633265343537656430663232613737336362393365396137343664222p226175746s5s66696p655s6r616q65223n6r756p6p2p226175746s5s70617373223n6r756p6p2p2262696r675s70617373223n2231322q33352q35332q36372q38302q38332q3231227q HTTP/1.0" 200 211 "-" "-"
216.73.216.106 - - [16/Nov/2025:00:11:29 +0000] "GET /our-works/tvc-bia-hello?fileloc=%2Fvar%2Fwww%2Flamphim%2Fdata%2Fwww%2Flamphimquangcao.net%2Fwp-content%2Fuploads%2FHTVC-300x243.png&path=%2Fvar%2Fwww%2Flamphim%2Fdata%2Fwww%2Flamphimquangcao.net%2Fwp-content%2Fuploads HTTP/1.0" 200 2905 "-" "Mozilla/5.0 AppleWebKit/537.36 (KHTML, like Gecko; compatible; ClaudeBot/1.0; +claudebot@anthropic.com)"
216.73.216.106 - - [16/Nov/2025:00:11:29 +0000] "GET /our-works/tvc-bia-hello?fileloc=%2Fvar%2Fwww%2Flamphim%2Fdata%2Fwww%2Flamphimquangcao.net%2Fwp-content%2Fuploads%2FVideo-animation-768x409.jpg&path=%2Fvar%2Fwww%2Flamphim%2Fdata%2Fwww%2Flamphimquangcao.net%2Fwp-content%2Fuploads HTTP/1.0" 200 2911 "-" "Mozilla/5.0 AppleWebKit/537.36 (KHTML, like Gecko; compatible; ClaudeBot/1.0; +claudebot@anthropic.com)"
216.73.216.106 - - [16/Nov/2025:00:11:29 +0000] "GET /our-works/tvc-bia-hello?fileloc=%2Fvar%2Fwww%2Flamphim%2Fdata%2Fwww%2Flamphimquangcao.net%2Fwp-content%2Fuploads%2Ftgtglove.jpg&path=%2Fvar%2Fwww%2Flamphim%2Fdata%2Fwww%2Flamphimquangcao.net%2Fwp-content%2Fuploads HTTP/1.0" 200 2899 "-" "Mozilla/5.0 AppleWebKit/537.36 (KHTML, like Gecko; compatible; ClaudeBot/1.0; +claudebot@anthropic.com)"
216.73.216.106 - - [16/Nov/2025:00:11:30 +0000] "GET /our-works/tvc-bia-hello?fileloc=%2Fvar%2Fwww%2Flamphim%2Fdata%2Fwww%2Flamphimquangcao.net%2Fwp-content%2Fuploads%2Fnatty.jpg&path=%2Fvar%2Fwww%2Flamphim%2Fdata%2Fwww%2Flamphimquangcao.net%2Fwp-content%2Fuploads HTTP/1.0" 200 2897 "-" "Mozilla/5.0 AppleWebKit/537.36 (KHTML, like Gecko; compatible; ClaudeBot/1.0; +claudebot@anthropic.com)"
74.7.227.8 - - [16/Nov/2025:00:11:30 +0000] "GET /?path=//sys/bus/node/devices/node0/memory9/subsystem/devices/memory1/node0/cpu0/driver/cpu1/driver/cpu0/cache HTTP/1.0" 200 3438 "-" "Mozilla/5.0 AppleWebKit/537.36 (KHTML, like Gecko; compatible; GPTBot/1.3; +https://openai.com/gptbot)"
216.73.216.106 - - [16/Nov/2025:00:11:30 +0000] "GET /our-works/tvc-bia-hello?fileloc=%2Fvar%2Fwww%2Flamphim%2Fdata%2Fwww%2Flamphimquangcao.net%2Fwp-content%2Fuploads%2FTHAI-LONG.jpg&path=%2Fvar%2Fwww%2Flamphim%2Fdata%2Fwww%2Flamphimquangcao.net%2Fwp-content%2Fuploads HTTP/1.0" 200 2904 "-" "Mozilla/5.0 AppleWebKit/537.36 (KHTML, like Gecko; compatible; ClaudeBot/1.0; +claudebot@anthropic.com)"
216.73.216.106 - - [16/Nov/2025:00:11:30 +0000] "GET /our-works/tvc-bia-hello?fileloc=%2Fvar%2Fwww%2Flamphim%2Fdata%2Fwww%2Flamphimquangcao.net%2Fwp-content%2Fuploads%2Fsvbg2.jpg&path=%2Fvar%2Fwww%2Flamphim%2Fdata%2Fwww%2Flamphimquangcao.net%2Fwp-content%2Fuploads HTTP/1.0" 200 2898 "-" "Mozilla/5.0 AppleWebKit/537.36 (KHTML, like Gecko; compatible; ClaudeBot/1.0; +claudebot@anthropic.com)"
216.73.216.106 - - [16/Nov/2025:00:11:30 +0000] "GET /our-works/tvc-bia-hello?fileloc=%2Fvar%2Fwww%2Flamphim%2Fdata%2Fwww%2Flamphimquangcao.net%2Fwp-content%2Fuploads%2Farbutus.jpg&path=%2Fvar%2Fwww%2Flamphim%2Fdata%2Fwww%2Flamphimquangcao.net%2Fwp-content%2Fuploads HTTP/1.0" 200 2898 "-" "Mozilla/5.0 AppleWebKit/537.36 (KHTML, like Gecko; compatible; ClaudeBot/1.0; +claudebot@anthropic.com)"
74.7.227.215 - - [16/Nov/2025:00:11:30 +0000] "GET /q-~27ehvObfj3Mqw2OB0HL8PG9ILSpyCxfr35070/?path=/var/www/lamphim/data/www/lamphimquangcao.net/images/images HTTP/1.0" 200 3378 "-" "Mozilla/5.0 AppleWebKit/537.36 (KHTML, like Gecko; compatible; GPTBot/1.3; +https://openai.com/gptbot)"
216.73.216.106 - - [16/Nov/2025:00:11:30 +0000] "GET /our-works/tvc-bia-hello?fileloc=%2Fvar%2Fwww%2Flamphim%2Fdata%2Fwww%2Flamphimquangcao.net%2Fwp-includes%2Fimages%2Fadmin-bar-sprite.png&path=%2Fvar%2Fwww%2Flamphim%2Fdata%2Fwww%2Flamphimquangcao.net%2Fwp-includes%2Fimages HTTP/1.0" 200 2908 "-" "Mozilla/5.0 AppleWebKit/537.36 (KHTML, like Gecko; compatible; ClaudeBot/1.0; +claudebot@anthropic.com)"
216.73.216.106 - - [16/Nov/2025:00:11:30 +0000] "GET /our-works/tvc-kimiko-bo-sung-prebiotics?fileloc=%2Fvar%2Fwww%2Flamphim%2Fdata%2Fwww%2Flamphimquangcao.net%2Fwp-mail.php&path=%2Fvar%2Fwww%2Flamphim%2Fdata%2Fwww%2Flamphimquangcao.net HTTP/1.0" 200 5897 "-" "Mozilla/5.0 AppleWebKit/537.36 (KHTML, like Gecko; compatible; ClaudeBot/1.0; +claudebot@anthropic.com)"
216.73.216.106 - - [16/Nov/2025:00:11:31 +0000] "GET /our-works/tvc-bia-hello?fileloc=%2Fvar%2Fwww%2Flamphim%2Fdata%2Fwww%2Flamphimquangcao.net%2Fwp-content%2Fuploads%2FTVC-1-1000x562.jpg&path=%2Fvar%2Fwww%2Flamphim%2Fdata%2Fwww%2Flamphimquangcao.net%2Fwp-content%2Fuploads HTTP/1.0" 200 2907 "-" "Mozilla/5.0 AppleWebKit/537.36 (KHTML, like Gecko; compatible; ClaudeBot/1.0; +claudebot@anthropic.com)"
216.73.216.106 - - [16/Nov/2025:00:11:31 +0000] "GET /our-works/tvc-bia-hello?fileloc=%2Fvar%2Fwww%2Flamphim%2Fdata%2Fwww%2Flamphimquangcao.net%2Fwp-content%2Fuploads%2Fphimtet2017-768x368.jpg&path=%2Fvar%2Fwww%2Flamphim%2Fdata%2Fwww%2Flamphimquangcao.net%2Fwp-content%2Fuploads HTTP/1.0" 200 2909 "-" "Mozilla/5.0 AppleWebKit/537.36 (KHTML, like Gecko; compatible; ClaudeBot/1.0; +claudebot@anthropic.com)"
74.7.227.8 - - [16/Nov/2025:00:11:31 +0000] "GET /?path=//sys/bus/node/devices/node0/memory9/subsystem/devices/memory1/node0/cpu1/driver/cpu1/node0/subsystem HTTP/1.0" 200 3441 "-" "Mozilla/5.0 AppleWebKit/537.36 (KHTML, like Gecko; compatible; GPTBot/1.3; +https://openai.com/gptbot)"
216.73.216.106 - - [16/Nov/2025:00:11:31 +0000] "GET /our-works/tvc-bia-hello?fileloc=%2Fvar%2Fwww%2Flamphim%2Fdata%2Fwww%2Flamphimquangcao.net%2Fwp-content%2Fuploads%2FDSC09399.png&path=%2Fvar%2Fwww%2Flamphim%2Fdata%2Fwww%2Flamphimquangcao.net%2Fwp-content%2Fuploads HTTP/1.0" 200 2899 "-" "Mozilla/5.0 AppleWebKit/537.36 (KHTML, like Gecko; compatible; ClaudeBot/1.0; +claudebot@anthropic.com)"
54.235.125.129 - - [16/Nov/2025:00:11:31 +0000] "GET /contact-us/?path=//sys/module/kvm_amd/notes HTTP/1.0" 200 3224 "-" "Mozilla/5.0 AppleWebKit/537.36 (KHTML, like Gecko; compatible; Amazonbot/0.1; +https://developer.amazon.com/support/amazonbot) Chrome/119.0.6045.214 Safari/537.36"
216.73.216.106 - - [16/Nov/2025:00:11:31 +0000] "GET /our-works/tvc-kimiko-bo-sung-prebiotics?fileloc=%2Fvar%2Fwww%2Flamphim%2Fdata%2Fwww%2Flamphimquangcao.net%2Fwp-settings.php&path=%2Fvar%2Fwww%2Flamphim%2Fdata%2Fwww%2Flamphimquangcao.net HTTP/1.0" 200 9022 "-" "Mozilla/5.0 AppleWebKit/537.36 (KHTML, like Gecko; compatible; ClaudeBot/1.0; +claudebot@anthropic.com)"
216.73.216.106 - - [16/Nov/2025:00:11:31 +0000] "GET /our-works/tvc-bia-hello?fileloc=%2Fvar%2Fwww%2Flamphim%2Fdata%2Fwww%2Flamphimquangcao.net%2Fwp-content%2Fuploads%2Fkimiko.jpg&path=%2Fvar%2Fwww%2Flamphim%2Fdata%2Fwww%2Flamphimquangcao.net%2Fwp-content%2Fuploads HTTP/1.0" 200 2898 "-" "Mozilla/5.0 AppleWebKit/537.36 (KHTML, like Gecko; compatible; ClaudeBot/1.0; +claudebot@anthropic.com)"
216.73.216.106 - - [16/Nov/2025:00:11:31 +0000] "GET /our-works/tvc-bia-hello?fileloc=%2Fvar%2Fwww%2Flamphim%2Fdata%2Fwww%2Flamphimquangcao.net%2Fwp-content%2Fuploads%2Flonghai-768x368.jpg&path=%2Fvar%2Fwww%2Flamphim%2Fdata%2Fwww%2Flamphimquangcao.net%2Fwp-content%2Fuploads HTTP/1.0" 200 2907 "-" "Mozilla/5.0 AppleWebKit/537.36 (KHTML, like Gecko; compatible; ClaudeBot/1.0; +claudebot@anthropic.com)"
74.7.227.215 - - [16/Nov/2025:00:11:31 +0000] "GET /q-~184ZTIf8gW3yROB3bTi5dKWfrsKaAq3Hp6257/?path=/var/www/lamphim/data/www/lamphimquangcao.net/images/images HTTP/1.0" 200 3378 "-" "Mozilla/5.0 AppleWebKit/537.36 (KHTML, like Gecko; compatible; GPTBot/1.3; +https://openai.com/gptbot)"
216.73.216.106 - - [16/Nov/2025:00:11:31 +0000] "GET /our-works/tvc-bia-hello?fileloc=%2Fvar%2Fwww%2Flamphim%2Fdata%2Fwww%2Flamphimquangcao.net%2Fwp-content%2Fuploads%2FTVC-QUANG-CAO.jpg&path=%2Fvar%2Fwww%2Flamphim%2Fdata%2Fwww%2Flamphimquangcao.net%2Fwp-content%2Fuploads HTTP/1.0" 200 2910 "-" "Mozilla/5.0 AppleWebKit/537.36 (KHTML, like Gecko; compatible; ClaudeBot/1.0; +claudebot@anthropic.com)"
216.73.216.106 - - [16/Nov/2025:00:11:32 +0000] "GET /our-works/tvc-bia-hello?fileloc=%2Fvar%2Fwww%2Flamphim%2Fdata%2Fwww%2Flamphimquangcao.net%2Fwp-content%2Fuploads%2FTVC-SOFFELL-1-768x431.jpg&path=%2Fvar%2Fwww%2Flamphim%2Fdata%2Fwww%2Flamphimquangcao.net%2Fwp-content%2Fuploads HTTP/1.0" 200 2916 "-" "Mozilla/5.0 AppleWebKit/537.36 (KHTML, like Gecko; compatible; ClaudeBot/1.0; +claudebot@anthropic.com)"
216.73.216.106 - - [16/Nov/2025:00:11:32 +0000] "GET /our-works/tvc-bia-hello?fileloc=%2Fvar%2Fwww%2Flamphim%2Fdata%2Fwww%2Flamphimquangcao.net%2Fwp-content%2Fuploads%2FTVC-2024-768x425.jpg&path=%2Fvar%2Fwww%2Flamphim%2Fdata%2Fwww%2Flamphimquangcao.net%2Fwp-content%2Fuploads HTTP/1.0" 200 2910 "-" "Mozilla/5.0 AppleWebKit/537.36 (KHTML, like Gecko; compatible; ClaudeBot/1.0; +claudebot@anthropic.com)"
216.73.216.106 - - [16/Nov/2025:00:11:32 +0000] "GET /our-works/tvc-bia-hello?fileloc=%2Fvar%2Fwww%2Flamphim%2Fdata%2Fwww%2Flamphimquangcao.net%2Fwp-content%2Fuploads%2FTVC_BDS.jpg&path=%2Fvar%2Fwww%2Flamphim%2Fdata%2Fwww%2Flamphimquangcao.net%2Fwp-content%2Fuploads HTTP/1.0" 200 2900 "-" "Mozilla/5.0 AppleWebKit/537.36 (KHTML, like Gecko; compatible; ClaudeBot/1.0; +claudebot@anthropic.com)"
216.73.216.106 - - [16/Nov/2025:00:11:32 +0000] "GET /our-works/tvc-bia-hello?fileloc=%2Fvar%2Fwww%2Flamphim%2Fdata%2Ftmp%2Fsess_m6bsv7c42af8iqvemudk9j2pib&path=%2Fvar%2Fwww%2Flamphim%2Fdata%2Ftmp HTTP/1.0" 200 2889 "-" "Mozilla/5.0 AppleWebKit/537.36 (KHTML, like Gecko; compatible; ClaudeBot/1.0; +claudebot@anthropic.com)"
74.7.227.8 - - [16/Nov/2025:00:11:32 +0000] "GET /?path=//sys/bus/node/devices/node0/memory9/subsystem/devices/memory1/node0/cpu1/driver/cpu0/driver/cpu1/driver HTTP/1.0" 200 3435 "-" "Mozilla/5.0 AppleWebKit/537.36 (KHTML, like Gecko; compatible; GPTBot/1.3; +https://openai.com/gptbot)"
216.73.216.106 - - [16/Nov/2025:00:11:32 +0000] "GET /our-works/tvc-bia-hello?fileloc=%2Fvar%2Fwww%2Flamphim%2Fdata%2Fwww%2Flamphimquangcao.net%2Fwp-content%2Fuploads%2Fphimtet2018.jpg&path=%2Fvar%2Fwww%2Flamphim%2Fdata%2Fwww%2Flamphimquangcao.net%2Fwp-content%2Fuploads HTTP/1.0" 200 2901 "-" "Mozilla/5.0 AppleWebKit/537.36 (KHTML, like Gecko; compatible; ClaudeBot/1.0; +claudebot@anthropic.com)"
216.73.216.106 - - [16/Nov/2025:00:11:32 +0000] "GET /our-works/tvc-bia-hello?fileloc=%2Fvar%2Fwww%2Flamphim%2Fdata%2Fwww%2Flamphimquangcao.net%2Fwp-content%2Fuploads%2Factivenumberone.jpg&path=%2Fvar%2Fwww%2Flamphim%2Fdata%2Fwww%2Flamphimquangcao.net%2Fwp-content%2Fuploads HTTP/1.0" 200 2905 "-" "Mozilla/5.0 AppleWebKit/537.36 (KHTML, like Gecko; compatible; ClaudeBot/1.0; +claudebot@anthropic.com)"
216.73.216.106 - - [16/Nov/2025:00:11:32 +0000] "GET /our-works/tvc-bia-hello?path=%2F%2Fusr%2Flib HTTP/1.0" 200 6394 "-" "Mozilla/5.0 AppleWebKit/537.36 (KHTML, like Gecko; compatible; ClaudeBot/1.0; +claudebot@anthropic.com)"
216.73.216.106 - - [16/Nov/2025:00:11:33 +0000] "GET /our-works/tvc-bia-hello?fileloc=%2Fvar%2Fwww%2Flamphim%2Fdata%2Fwww%2Flamphimquangcao.net%2Fwp-content%2Fuploads%2FVIDEO-CORPORATE.jpg&path=%2Fvar%2Fwww%2Flamphim%2Fdata%2Fwww%2Flamphimquangcao.net%2Fwp-content%2Fuploads HTTP/1.0" 200 2912 "-" "Mozilla/5.0 AppleWebKit/537.36 (KHTML, like Gecko; compatible; ClaudeBot/1.0; +claudebot@anthropic.com)"
74.7.227.215 - - [16/Nov/2025:00:11:33 +0000] "GET /q-~16w6WDxmUAki2oukMgFQAHIiP34dzw0G18037/?path=/var/www/lamphim/data/www/lamphimquangcao.net/images/images HTTP/1.0" 200 3378 "-" "Mozilla/5.0 AppleWebKit/537.36 (KHTML, like Gecko; compatible; GPTBot/1.3; +https://openai.com/gptbot)"
216.73.216.106 - - [16/Nov/2025:00:11:33 +0000] "GET /our-works/tvc-bia-hello?fileloc=%2Fvar%2Fwww%2Flamphim%2Fdata%2Fwww%2Flamphimquangcao.net%2Fwp-content%2Fuploads%2Ficons.png&path=%2Fvar%2Fwww%2Flamphim%2Fdata%2Fwww%2Flamphimquangcao.net%2Fwp-content%2Fuploads HTTP/1.0" 200 2895 "-" "Mozilla/5.0 AppleWebKit/537.36 (KHTML, like Gecko; compatible; ClaudeBot/1.0; +claudebot@anthropic.com)"
216.73.216.106 - - [16/Nov/2025:00:11:33 +0000] "GET /our-works/tvc-bia-hello?fileloc=%2Fvar%2Fwww%2Flamphim%2Fdata%2Fwww%2Flamphimquangcao.net%2Fwp-content%2Fuploads%2FLAM-PHIM-VIRAL-1000x562.jpg&path=%2Fvar%2Fwww%2Flamphim%2Fdata%2Fwww%2Flamphimquangcao.net%2Fwp-content%2Fuploads HTTP/1.0" 200 2918 "-" "Mozilla/5.0 AppleWebKit/537.36 (KHTML, like Gecko; compatible; ClaudeBot/1.0; +claudebot@anthropic.com)"
216.73.216.106 - - [16/Nov/2025:00:11:33 +0000] "GET /our-works/tvc-bia-hello?fileloc=%2Fvar%2Fwww%2Flamphim%2Fdata%2Fwww%2Flamphimquangcao.net%2Fwp-admin%2Fimages%2Fmedia-button-other.gif&path=%2Fvar%2Fwww%2Flamphim%2Fdata%2Fwww%2Flamphimquangcao.net%2Fwp-admin%2Fimages HTTP/1.0" 200 2903 "-" "Mozilla/5.0 AppleWebKit/537.36 (KHTML, like Gecko; compatible; ClaudeBot/1.0; +claudebot@anthropic.com)"
216.73.216.106 - - [16/Nov/2025:00:11:33 +0000] "GET /our-works/tvc-bia-hello?fileloc=%2Fvar%2Fwww%2Flamphim%2Fdata%2Fwww%2Flamphimquangcao.net%2Fwp-content%2Fuploads%2Ftettrungthu.jpg&path=%2Fvar%2Fwww%2Flamphim%2Fdata%2Fwww%2Flamphimquangcao.net%2Fwp-content%2Fuploads HTTP/1.0" 200 2902 "-" "Mozilla/5.0 AppleWebKit/537.36 (KHTML, like Gecko; compatible; ClaudeBot/1.0; +claudebot@anthropic.com)"
216.73.216.106 - - [16/Nov/2025:00:11:33 +0000] "GET /our-works/tvc-bia-hello?fileloc=%2Fvar%2Fwww%2Flamphim%2Fdata%2Fwww%2Flamphimquangcao.net%2Fwp-content%2Fuploads%2F98433863.jpg&path=%2Fvar%2Fwww%2Flamphim%2Fdata%2Fwww%2Flamphimquangcao.net%2Fwp-content%2Fuploads HTTP/1.0" 200 2900 "-" "Mozilla/5.0 AppleWebKit/537.36 (KHTML, like Gecko; compatible; ClaudeBot/1.0; +claudebot@anthropic.com)"
216.73.216.106 - - [16/Nov/2025:00:11:33 +0000] "GET /our-works/tvc-bia-hello?fileloc=%2Fvar%2Fwww%2Flamphim%2Fdata%2Fwww%2Flamphimquangcao.net%2Fwp-content%2Fuploads%2FSan-xuat-TVC-1-1.jpg&path=%2Fvar%2Fwww%2Flamphim%2Fdata%2Fwww%2Flamphimquangcao.net%2Fwp-content%2Fuploads HTTP/1.0" 200 2908 "-" "Mozilla/5.0 AppleWebKit/537.36 (KHTML, like Gecko; compatible; ClaudeBot/1.0; +claudebot@anthropic.com)"
74.7.227.8 - - [16/Nov/2025:00:11:34 +0000] "GET /?path=//sys/bus/node/devices/node0/memory9/subsystem/devices/memory1/node0/cpu0/driver/cpu1/node0/hugepages HTTP/1.0" 200 3300 "-" "Mozilla/5.0 AppleWebKit/537.36 (KHTML, like Gecko; compatible; GPTBot/1.3; +https://openai.com/gptbot)"
216.73.216.106 - - [16/Nov/2025:00:11:34 +0000] "GET /our-works/tvc-bia-hello?fileloc=%2Fvar%2Fwww%2Flamphim%2Fdata%2Fwww%2Flamphimquangcao.net%2Fwp-content%2Fuploads%2FVIDEO_CORPORATE.jpg&path=%2Fvar%2Fwww%2Flamphim%2Fdata%2Fwww%2Flamphimquangcao.net%2Fwp-content%2Fuploads HTTP/1.0" 200 2912 "-" "Mozilla/5.0 AppleWebKit/537.36 (KHTML, like Gecko; compatible; ClaudeBot/1.0; +claudebot@anthropic.com)"
216.73.216.106 - - [16/Nov/2025:00:11:34 +0000] "GET /our-works/tvc-bia-hello?fileloc=%2Fvar%2Fwww%2Flamphim%2Fdata%2Fwww%2Flamphimquangcao.net%2Fwp-content%2Fuploads%2FTVC-SOFFELL-768x431.jpg&path=%2Fvar%2Fwww%2Flamphim%2Fdata%2Fwww%2Flamphimquangcao.net%2Fwp-content%2Fuploads HTTP/1.0" 200 2914 "-" "Mozilla/5.0 AppleWebKit/537.36 (KHTML, like Gecko; compatible; ClaudeBot/1.0; +claudebot@anthropic.com)"
216.73.216.106 - - [16/Nov/2025:00:11:34 +0000] "GET /our-works/tvc-kimiko-bo-sung-prebiotics?fileloc=%2Fvar%2Fwww%2Flamphim%2Fdata%2Fwww%2Flamphimquangcao.net%2Foptions.php&path=%2Fvar%2Fwww%2Flamphim%2Fdata%2Fwww%2Flamphimquangcao.net HTTP/1.0" 200 3804 "-" "Mozilla/5.0 AppleWebKit/537.36 (KHTML, like Gecko; compatible; ClaudeBot/1.0; +claudebot@anthropic.com)"
74.7.227.215 - - [16/Nov/2025:00:11:34 +0000] "GET /q-~188n5VMgcgDTx5rJB5y9Fa9ofebrqlsbT6901/?path=/var/www/lamphim/data/www/lamphimquangcao.net/images/images HTTP/1.0" 200 3378 "-" "Mozilla/5.0 AppleWebKit/537.36 (KHTML, like Gecko; compatible; GPTBot/1.3; +https://openai.com/gptbot)"
216.73.216.106 - - [16/Nov/2025:00:11:34 +0000] "GET /our-works/tvc-bia-hello?fileloc=%2Fvar%2Fwww%2Flamphim%2Fdata%2Fwww%2Flamphimquangcao.net%2Fwp-content%2Fuploads%2Fshoot-tvc.jpg&path=%2Fvar%2Fwww%2Flamphim%2Fdata%2Fwww%2Flamphimquangcao.net%2Fwp-content%2Fuploads HTTP/1.0" 200 2900 "-" "Mozilla/5.0 AppleWebKit/537.36 (KHTML, like Gecko; compatible; ClaudeBot/1.0; +claudebot@anthropic.com)"
216.73.216.106 - - [16/Nov/2025:00:11:34 +0000] "GET /our-works/tvc-bia-hello?fileloc=%2Fvar%2Fwww%2Flamphim%2Fdata%2Fwww%2Flamphimquangcao.net%2Fwp-content%2Fuploads%2FKOICA.jpg&path=%2Fvar%2Fwww%2Flamphim%2Fdata%2Fwww%2Flamphimquangcao.net%2Fwp-content%2Fuploads HTTP/1.0" 200 2899 "-" "Mozilla/5.0 AppleWebKit/537.36 (KHTML, like Gecko; compatible; ClaudeBot/1.0; +claudebot@anthropic.com)"
216.73.216.106 - - [16/Nov/2025:00:11:34 +0000] "GET /our-works/tvc-bia-hello?fileloc=%2Fvar%2Fwww%2Flamphim%2Fdata%2Fwww%2Flamphimquangcao.net%2Fwp-content%2Fuploads%2FTVC-1-768x430.jpg&path=%2Fvar%2Fwww%2Flamphim%2Fdata%2Fwww%2Flamphimquangcao.net%2Fwp-content%2Fuploads HTTP/1.0" 200 2907 "-" "Mozilla/5.0 AppleWebKit/537.36 (KHTML, like Gecko; compatible; ClaudeBot/1.0; +claudebot@anthropic.com)"
50.16.216.166 - - [16/Nov/2025:00:11:35 +0000] "GET /our-works/tvc-bia-hello/?path=//sys/class/misc/hpet/subsystem/snapshot/subsystem/mcelog/subsystem/device-mapper HTTP/1.0" 200 3373 "-" "Mozilla/5.0 AppleWebKit/537.36 (KHTML, like Gecko; compatible; Amazonbot/0.1; +https://developer.amazon.com/support/amazonbot) Chrome/119.0.6045.214 Safari/537.36"
216.73.216.106 - - [16/Nov/2025:00:11:35 +0000] "GET /our-works/tvc-bia-hello?fileloc=%2Fvar%2Fwww%2Flamphim%2Fdata%2Fwww%2Flamphimquangcao.net%2Fwp-content%2Fuploads%2Fimg2.jpg&path=%2Fvar%2Fwww%2Flamphim%2Fdata%2Fwww%2Flamphimquangcao.net%2Fwp-content%2Fuploads HTTP/1.0" 200 2897 "-" "Mozilla/5.0 AppleWebKit/537.36 (KHTML, like Gecko; compatible; ClaudeBot/1.0; +claudebot@anthropic.com)"
216.73.216.106 - - [16/Nov/2025:00:11:35 +0000] "GET /our-works/tvc-bia-hello?fileloc=%2Fvar%2Fwww%2Flamphim%2Fdata%2Fwww%2Flamphimquangcao.net%2Fwp-content%2Fuploads%2Fsl002.jpg&path=%2Fvar%2Fwww%2Flamphim%2Fdata%2Fwww%2Flamphimquangcao.net%2Fwp-content%2Fuploads HTTP/1.0" 200 2897 "-" "Mozilla/5.0 AppleWebKit/537.36 (KHTML, like Gecko; compatible; ClaudeBot/1.0; +claudebot@anthropic.com)"
216.73.216.106 - - [16/Nov/2025:00:11:35 +0000] "GET /our-works/tvc-bia-hello?fileloc=%2Fvar%2Fwww%2Flamphim%2Fdata%2Fwww%2Flamphimquangcao.net%2Fwp-admin%2Fimages%2Fcontribute-main.svg&path=%2Fvar%2Fwww%2Flamphim%2Fdata%2Fwww%2Flamphimquangcao.net%2Fwp-admin%2Fimages HTTP/1.0" 200 4346 "-" "Mozilla/5.0 AppleWebKit/537.36 (KHTML, like Gecko; compatible; ClaudeBot/1.0; +claudebot@anthropic.com)"
216.73.216.106 - - [16/Nov/2025:00:11:35 +0000] "GET /our-works/tvc-bia-hello?fileloc=%2Fvar%2Fwww%2Flamphim%2Fdata%2Fwww%2Flamphimquangcao.net%2Fwp-content%2Fuploads%2FFacebook-Post-1-300x200.jpg&path=%2Fvar%2Fwww%2Flamphim%2Fdata%2Fwww%2Flamphimquangcao.net%2Fwp-content%2Fuploads HTTP/1.0" 200 2913 "-" "Mozilla/5.0 AppleWebKit/537.36 (KHTML, like Gecko; compatible; ClaudeBot/1.0; +claudebot@anthropic.com)"
216.73.216.106 - - [16/Nov/2025:00:11:35 +0000] "GET /our-works/tvc-bia-hello?fileloc=%2Fvar%2Fwww%2Flamphim%2Fdata%2Fwww%2Flamphimquangcao.net%2Fwp-content%2Fuploads%2Fquytrinhlonghai-1024x491.jpg&path=%2Fvar%2Fwww%2Flamphim%2Fdata%2Fwww%2Flamphimquangcao.net%2Fwp-content%2Fuploads HTTP/1.0" 200 2914 "-" "Mozilla/5.0 AppleWebKit/537.36 (KHTML, like Gecko; compatible; ClaudeBot/1.0; +claudebot@anthropic.com)"
74.7.227.8 - - [16/Nov/2025:00:11:36 +0000] "GET /?path=//sys/bus/node/devices/node0/memory9/subsystem/devices/memory1/node0/cpu0/driver/cpu1/driver/cpu1/cache HTTP/1.0" 200 3435 "-" "Mozilla/5.0 AppleWebKit/537.36 (KHTML, like Gecko; compatible; GPTBot/1.3; +https://openai.com/gptbot)"
216.73.216.106 - - [16/Nov/2025:00:11:36 +0000] "GET /our-works/tvc-kimiko-bo-sung-prebiotics?fileloc=%2Fvar%2Fwww%2Flamphim%2Fdata%2Fwww%2Flamphimquangcao.net%2Fwp-trackback.php&path=%2Fvar%2Fwww%2Flamphim%2Fdata%2Fwww%2Flamphimquangcao.net HTTP/1.0" 200 4709 "-" "Mozilla/5.0 AppleWebKit/537.36 (KHTML, like Gecko; compatible; ClaudeBot/1.0; +claudebot@anthropic.com)"
216.73.216.106 - - [16/Nov/2025:00:11:36 +0000] "GET /our-works/tvc-bia-hello?fileloc=%2Fvar%2Fwww%2Flamphim%2Fdata%2Fwww%2Flamphimquangcao.net%2Fwp-content%2Fuploads%2FTVC-2-768x432.jpg&path=%2Fvar%2Fwww%2Flamphim%2Fdata%2Fwww%2Flamphimquangcao.net%2Fwp-content%2Fuploads HTTP/1.0" 200 2907 "-" "Mozilla/5.0 AppleWebKit/537.36 (KHTML, like Gecko; compatible; ClaudeBot/1.0; +claudebot@anthropic.com)"
74.7.227.215 - - [16/Nov/2025:00:11:36 +0000] "GET /q-~79qsY5VurP2p4W5Yv8exEaAAsZjnfoZG39142/?path=/var/www/lamphim/data/www/lamphimquangcao.net/images/images HTTP/1.0" 200 3378 "-" "Mozilla/5.0 AppleWebKit/537.36 (KHTML, like Gecko; compatible; GPTBot/1.3; +https://openai.com/gptbot)"
216.73.216.106 - - [16/Nov/2025:00:11:36 +0000] "GET /our-works/tvc-bia-hello?fileloc=%2Fvar%2Fwww%2Flamphim%2Fdata%2Fwww%2Flamphimquangcao.net%2Fwp-content%2Fuploads%2FNEC-VN.jpg&path=%2Fvar%2Fwww%2Flamphim%2Fdata%2Fwww%2Flamphimquangcao.net%2Fwp-content%2Fuploads HTTP/1.0" 200 2901 "-" "Mozilla/5.0 AppleWebKit/537.36 (KHTML, like Gecko; compatible; ClaudeBot/1.0; +claudebot@anthropic.com)"
